[INFO] cloning repository https://github.com/Dorimu-Nya/dorimu-bot-sdk
[INFO] running `Command { std: "git" "-c" "credential.helper=" "-c" "credential.helper=/workspace/cargo-home/bin/git-credential-null" "clone" "--bare" "https://github.com/Dorimu-Nya/dorimu-bot-sdk" "/workspace/cache/git-repos/https%3A%2F%2Fgithub.com%2FDorimu-Nya%2Fdorimu-bot-sdk", kill_on_drop: false }`
[INFO] [stderr] Cloning into bare repository '/workspace/cache/git-repos/https%3A%2F%2Fgithub.com%2FDorimu-Nya%2Fdorimu-bot-sdk'...
[INFO] running `Command { std: "git" "rev-parse" "HEAD", kill_on_drop: false }`
[INFO] [stdout] 82691122a1c9d072137069d4063af815908d149e
[INFO] testing Dorimu-Nya/dorimu-bot-sdk against 1.100.0-beta.1 for beta-1.100-2
[INFO] running `Command { std: "git" "clone" "/workspace/cache/git-repos/https%3A%2F%2Fgithub.com%2FDorimu-Nya%2Fdorimu-bot-sdk" "/workspace/builds/worker-0-tc2/source", kill_on_drop: false }`
[INFO] [stderr] Cloning into '/workspace/builds/worker-0-tc2/source'...
[INFO] [stderr] done.
[INFO] started tweaking git repo https://github.com/Dorimu-Nya/dorimu-bot-sdk
[INFO] finished tweaking git repo https://github.com/Dorimu-Nya/dorimu-bot-sdk
[INFO] tweaked toml for git repo https://github.com/Dorimu-Nya/dorimu-bot-sdk written to /workspace/builds/worker-0-tc2/source/Cargo.toml
[INFO] validating manifest of git repo https://github.com/Dorimu-Nya/dorimu-bot-sdk on toolchain 1.100.0-beta.1
[INFO] running `Command { std: CARGO_HOME="/workspace/cargo-home" RUSTUP_HOME="/workspace/rustup-home" "/workspace/cargo-home/bin/cargo" "+1.100.0-beta.1" "metadata" "--manifest-path" "Cargo.toml" "--no-deps", kill_on_drop: false }`
[INFO] crate git repo https://github.com/Dorimu-Nya/dorimu-bot-sdk already has a lockfile, it will not be regenerated
[INFO] running `Command { std: CARGO_HOME="/workspace/cargo-home" RUSTUP_HOME="/workspace/rustup-home" "/workspace/cargo-home/bin/cargo" "+1.100.0-beta.1" "fetch" "--manifest-path" "Cargo.toml", kill_on_drop: false }`
[INFO] [stderr] warning: unused workspace dependency `base64`
[INFO] [stderr]  --> Cargo.toml:6:1
[INFO] [stderr]   |
[INFO] [stderr] 6 | base64 = "0.22"
[INFO] [stderr]   | ^^^^^^
[INFO] [stderr]   |
[INFO] [stderr]   = note: `cargo::unused_workspace_dependencies` is set to `warn` by default
[INFO] [stderr] help: consider removing the workspace dependency `base64`
[INFO] [stderr] warning: workspace (manifest) generated 1 warning
[INFO] running `Command { std: "docker" "create" "-v" "/var/lib/crater-agent-workspace/builds/worker-0-tc2/source:/opt/rustwide/workdir:ro,Z" "-v" "/var/lib/crater-agent-workspace/builds/worker-0-tc2/target:/opt/rustwide/target:rw,Z" "-v" "/var/lib/crater-agent-workspace/cargo-home:/opt/rustwide/cargo-home:ro,Z" "-v" "/var/lib/crater-agent-workspace/rustup-home:/opt/rustwide/rustup-home:ro,Z" "-m" "1610612736" "--network" "none" "ghcr.io/rust-lang/crates-build-env/linux@sha256:3111399a4047eeb3a02b7a90e478d715f38a8c6669b5c4b49d30a17385265909" "sleep" "infinity", kill_on_drop: false }`
[INFO] [stdout] 82601d8393578312944db97e1911fd763bc321664397b0eef023c2040e204f1e
[INFO] running `Command { std: "docker" "start" "82601d8393578312944db97e1911fd763bc321664397b0eef023c2040e204f1e", kill_on_drop: false }`
[INFO] running `Command { std: "docker" "inspect" "82601d8393578312944db97e1911fd763bc321664397b0eef023c2040e204f1e", kill_on_drop: false }`
[INFO] running `Command { std: "docker" "exec" "-e" "SOURCE_DIR=/opt/rustwide/workdir" "-e" "CARGO_HOME=/opt/rustwide/cargo-home" "-e" "RUSTUP_HOME=/opt/rustwide/rustup-home" "-e" "CARGO_TARGET_DIR=/opt/rustwide/target" "-w" "/opt/rustwide/workdir" "--user" "0:0" "82601d8393578312944db97e1911fd763bc321664397b0eef023c2040e204f1e" "/opt/rustwide/cargo-home/bin/cargo" "+1.100.0-beta.1" "metadata" "--no-deps" "--format-version=1", kill_on_drop: false }`
[INFO] running `Command { std: "docker" "inspect" "82601d8393578312944db97e1911fd763bc321664397b0eef023c2040e204f1e", kill_on_drop: false }`
[INFO] running `Command { std: "docker" "exec" "-e" "SOURCE_DIR=/opt/rustwide/workdir" "-e" "CARGO_HOME=/opt/rustwide/cargo-home" "-e" "RUSTUP_HOME=/opt/rustwide/rustup-home" "-e" "CARGO_TARGET_DIR=/opt/rustwide/target" "-e" "CARGO_INCREMENTAL=0" "-e" "RUST_BACKTRACE=full" "-e" "RUSTFLAGS=--cap-lints=warn" "-e" "RUSTDOCFLAGS=--cap-lints=warn" "-w" "/opt/rustwide/workdir" "--user" "0:0" "82601d8393578312944db97e1911fd763bc321664397b0eef023c2040e204f1e" "/opt/rustwide/cargo-home/bin/cargo" "+1.100.0-beta.1" "build" "--frozen" "--message-format=json", kill_on_drop: false }`
[INFO] [stderr] warning: unused workspace dependency `base64`
[INFO] [stderr]  --> Cargo.toml:6:1
[INFO] [stderr]   |
[INFO] [stderr] 6 | base64 = "0.22"
[INFO] [stderr]   | ^^^^^^
[INFO] [stderr]   |
[INFO] [stderr]   = note: `cargo::unused_workspace_dependencies` is set to `warn` by default
[INFO] [stderr] help: consider removing the workspace dependency `base64`
[INFO] [stderr] warning: workspace (manifest) generated 1 warning
[INFO] [stderr]    Compiling proc-macro2 v1.0.107
[INFO] [stderr]    Compiling quote v1.0.47
[INFO] [stderr]    Compiling libc v0.2.189
[INFO] [stderr]    Compiling shlex v2.0.1
[INFO] [stderr]    Compiling bytes v1.12.1
[INFO] [stderr]    Compiling log v0.4.33
[INFO] [stderr]    Compiling futures-core v0.3.33
[INFO] [stderr]    Compiling smallvec v1.15.2
[INFO] [stderr]    Compiling tracing-core v0.1.36
[INFO] [stderr]    Compiling hashbrown v0.17.1
[INFO] [stderr]    Compiling pkg-config v0.3.33
[INFO] [stderr]    Compiling writeable v0.6.3
[INFO] [stderr]    Compiling zeroize v1.9.0
[INFO] [stderr]    Compiling litemap v0.8.2
[INFO] [stderr]    Compiling serde_core v1.0.229
[INFO] [stderr]    Compiling futures-sink v0.3.33
[INFO] [stderr]    Compiling cc v1.4.0
[INFO] [stderr]    Compiling futures-task v0.3.33
[INFO] [stderr]    Compiling icu_normalizer_data v2.2.0
[INFO] [stderr]    Compiling icu_properties_data v2.2.0
[INFO] [stderr]    Compiling futures-util v0.3.33
[INFO] [stderr]    Compiling rustls-pki-types v1.15.1
[INFO] [stderr]    Compiling futures-channel v0.3.33
[INFO] [stderr]    Compiling typenum v1.20.1
[INFO] [stderr]    Compiling memchr v2.8.3
[INFO] [stderr]    Compiling subtle v2.6.1
[INFO] [stderr]    Compiling openssl v0.10.81
[INFO] [stderr]    Compiling bitflags v2.13.1
[INFO] [stderr]    Compiling sync_wrapper v1.0.2
[INFO] [stderr]    Compiling ipnet v2.12.1
[INFO] [stderr]    Compiling zmij v1.0.23
[INFO] [stderr]    Compiling serde v1.0.229
[INFO] [stderr]    Compiling http v1.5.0
[INFO] [stderr]    Compiling rustls v0.23.43
[INFO] [stderr]    Compiling serde_json v1.0.151
[INFO] [stderr]    Compiling semver v1.0.28
[INFO] [stderr]    Compiling indexmap v2.14.0
[INFO] [stderr]    Compiling webpki-roots v1.0.9
[INFO] [stderr]    Compiling anyhow v1.0.104
[INFO] [stderr]    Compiling rustc_version v0.4.1
[INFO] [stderr]    Compiling thiserror v2.0.19
[INFO] [stderr]    Compiling signature v3.0.0
[INFO] [stderr]    Compiling ed25519 v3.0.0
[INFO] [stderr]    Compiling syn v2.0.119
[INFO] [stderr]    Compiling syn v3.0.4
[INFO] [stderr]    Compiling hybrid-array v0.4.14
[INFO] [stderr]    Compiling curve25519-dalek v5.0.0
[INFO] [stderr]    Compiling winnow v1.0.4
[INFO] [stderr]    Compiling toml_datetime v1.1.1+spec-1.1.0
[INFO] [stderr]    Compiling aho-corasick v1.1.5
[INFO] [stderr]    Compiling regex-syntax v0.8.11
[INFO] [stderr]    Compiling tracing-log v0.2.0
[INFO] [stderr]    Compiling thread_local v1.1.10
[INFO] [stderr]    Compiling nu-ansi-term v0.50.3
[INFO] [stderr]    Compiling inventory v0.3.24
[INFO] [stderr]    Compiling http-body v1.1.0
[INFO] [stderr]    Compiling block-buffer v0.12.1
[INFO] [stderr]    Compiling crypto-common v0.2.2
[INFO] [stderr]    Compiling http-body-util v0.1.4
[INFO] [stderr]    Compiling tracing-subscriber v0.3.23
[INFO] [stderr]    Compiling openssl-sys v0.9.117
[INFO] [stderr]    Compiling ring v0.17.14
[INFO] [stderr]    Compiling errno v0.3.14
[INFO] [stderr]    Compiling socket2 v0.6.5
[INFO] [stderr]    Compiling mio v1.2.2
[INFO] [stderr]    Compiling getrandom v0.2.17
[INFO] [stderr]    Compiling signal-hook-registry v1.4.8
[INFO] [stderr]    Compiling native-tls v0.2.18
[INFO] [stderr]    Compiling digest v0.11.3
[INFO] [stderr]    Compiling sha2 v0.11.0
[INFO] [stderr]    Compiling toml_parser v1.1.3+spec-1.1.0
[INFO] [stderr]    Compiling toml_edit v0.25.13+spec-1.1.0
[INFO] [stderr]    Compiling regex-automata v0.4.18
[INFO] [stderr]    Compiling serde_path_to_error v0.1.20
[INFO] [stderr]    Compiling proc-macro-crate v3.5.0
[INFO] [stderr]    Compiling tokio-macros v2.7.2
[INFO] [stderr]    Compiling displaydoc v0.2.7
[INFO] [stderr]    Compiling serde_derive v1.0.229
[INFO] [stderr]    Compiling async-trait v0.1.91
[INFO] [stderr]    Compiling thiserror-impl v2.0.19
[INFO] [stderr]    Compiling serde_repr v0.1.21
[INFO] [stderr]    Compiling dorimubot-commands-macros v0.0.5 (/opt/rustwide/workdir/dorimubot-commands-macros)
[INFO] [stderr]    Compiling tokio v1.53.1
[INFO] [stderr]    Compiling synstructure v0.13.2
[INFO] [stderr]    Compiling zerovec-derive v0.11.3
[INFO] [stderr]    Compiling tracing-attributes v0.1.31
[INFO] [stderr]    Compiling openssl-macros v0.1.1
[INFO] [stderr]    Compiling curve25519-dalek-derive v0.1.1
[INFO] [stderr]    Compiling thiserror-impl v1.0.69
[INFO] [stderr]    Compiling strum_macros v0.28.0
[INFO] [stderr]    Compiling axum-macros v0.5.1
[INFO] [stderr]    Compiling zerofrom-derive v0.1.7
[INFO] [stderr]    Compiling yoke-derive v0.8.2
[INFO] [stderr]    Compiling rustls-webpki v0.103.13
[INFO] [stderr]    Compiling regex v1.13.1
[INFO] [stderr]    Compiling zerofrom v0.1.8
[INFO] [stderr]    Compiling yoke v0.8.3
[INFO] [stderr]    Compiling zerovec v0.11.6
[INFO] [stderr]    Compiling zerotrie v0.2.4
[INFO] [stderr]    Compiling thiserror v1.0.69
[INFO] [stderr]    Compiling tracing v0.1.44
[INFO] [stderr]    Compiling ed25519-dalek v3.0.0
[INFO] [stderr]    Compiling axum-core v0.5.6
[INFO] [stderr]    Compiling strum v0.28.0
[INFO] [stderr]    Compiling tinystr v0.8.3
[INFO] [stderr]    Compiling potential_utf v0.1.5
[INFO] [stderr]    Compiling icu_collections v2.2.0
[INFO] [stderr]    Compiling serde_urlencoded v0.7.1
[INFO] [stderr]    Compiling icu_locale_core v2.2.0
[INFO] [stderr]    Compiling icu_provider v2.2.0
[INFO] [stderr]    Compiling tokio-util v0.7.19
[INFO] [stderr]    Compiling tower v0.5.3
[INFO] [stderr]    Compiling icu_normalizer v2.2.0
[INFO] [stderr]    Compiling icu_properties v2.2.0
[INFO] [stderr]    Compiling h2 v0.4.15
[INFO] [stderr]    Compiling tokio-native-tls v0.3.1
[INFO] [stderr]    Compiling idna_adapter v1.2.2
[INFO] [stderr]    Compiling tokio-rustls v0.26.4
[INFO] [stderr]    Compiling idna v1.1.0
[INFO] [stderr]    Compiling url v2.5.8
[INFO] [stderr]    Compiling tower-http v0.6.11
[INFO] [stderr]    Compiling hyper v1.11.0
[INFO] [stderr]    Compiling hyper-util v0.1.20
[INFO] [stderr]    Compiling hyper-rustls v0.27.9
[INFO] [stderr]    Compiling hyper-tls v0.6.0
[INFO] [stderr]    Compiling axum v0.8.9
[INFO] [stderr]    Compiling reqwest v0.12.28
[INFO] [stderr]    Compiling reqwest-middleware v0.4.2
[INFO] [stderr]    Compiling qqbot-rust-sdk v0.0.10
[INFO] [stderr]    Compiling dorimubot-framework-core v0.0.8 (/opt/rustwide/workdir/dorimubot-framework-core)
[INFO] [stderr]    Compiling dorimubot-commands v0.0.8 (/opt/rustwide/workdir/dorimubot-commands)
[INFO] [stderr]    Compiling dorimubot-axum v0.0.8 (/opt/rustwide/workdir/dorimubot-axum)
[INFO] [stderr]    Compiling dorimubot-framework v0.0.8 (/opt/rustwide/workdir/dorimubot-framework)
[INFO] [stderr]    Compiling dorimubot-framework-facade-only-test v0.0.0 (/opt/rustwide/workdir/dorimubot-framework/tests/facade-only)
[INFO] [stderr]     Finished `dev` profile [unoptimized + debuginfo] target(s) in 1m 27s
[INFO] running `Command { std: "docker" "inspect" "82601d8393578312944db97e1911fd763bc321664397b0eef023c2040e204f1e", kill_on_drop: false }`
[INFO] running `Command { std: "docker" "exec" "-e" "SOURCE_DIR=/opt/rustwide/workdir" "-e" "CARGO_HOME=/opt/rustwide/cargo-home" "-e" "RUSTUP_HOME=/opt/rustwide/rustup-home" "-e" "CARGO_TARGET_DIR=/opt/rustwide/target" "-e" "CARGO_INCREMENTAL=0" "-e" "RUST_BACKTRACE=full" "-e" "RUSTFLAGS=--cap-lints=warn" "-e" "RUSTDOCFLAGS=--cap-lints=warn" "-w" "/opt/rustwide/workdir" "--user" "0:0" "82601d8393578312944db97e1911fd763bc321664397b0eef023c2040e204f1e" "/opt/rustwide/cargo-home/bin/cargo" "+1.100.0-beta.1" "test" "--frozen" "--no-run" "--message-format=json", kill_on_drop: false }`
[INFO] [stderr] warning: unused workspace dependency `base64`
[INFO] [stderr]  --> Cargo.toml:6:1
[INFO] [stderr]   |
[INFO] [stderr] 6 | base64 = "0.22"
[INFO] [stderr]   | ^^^^^^
[INFO] [stderr]   |
[INFO] [stderr]   = note: `cargo::unused_workspace_dependencies` is set to `warn` by default
[INFO] [stderr] help: consider removing the workspace dependency `base64`
[INFO] [stderr] warning: workspace (manifest) generated 1 warning
[INFO] [stderr]    Compiling winnow v1.0.4
[INFO] [stderr]    Compiling target-triple v1.0.1
[INFO] [stderr]    Compiling toml_datetime v1.1.1+spec-1.1.0
[INFO] [stderr]    Compiling serde_spanned v1.1.1
[INFO] [stderr]    Compiling toml_writer v1.1.2+spec-1.1.0
[INFO] [stderr]    Compiling glob v0.3.4
[INFO] [stderr]    Compiling dorimubot-axum v0.0.8 (/opt/rustwide/workdir/dorimubot-axum)
[INFO] [stderr]    Compiling toml_parser v1.1.3+spec-1.1.0
[INFO] [stderr]    Compiling toml_edit v0.25.13+spec-1.1.0
[INFO] [stderr]    Compiling toml v1.1.4+spec-1.1.0
[INFO] [stderr]    Compiling proc-macro-crate v3.5.0
[INFO] [stderr]    Compiling trybuild v1.0.120
[INFO] [stderr]    Compiling dorimubot-commands-macros v0.0.5 (/opt/rustwide/workdir/dorimubot-commands-macros)
[INFO] [stderr]    Compiling dorimubot-commands v0.0.8 (/opt/rustwide/workdir/dorimubot-commands)
[INFO] [stderr]    Compiling dorimubot-framework v0.0.8 (/opt/rustwide/workdir/dorimubot-framework)
[INFO] [stderr]    Compiling dorimubot-framework-facade-only-test v0.0.0 (/opt/rustwide/workdir/dorimubot-framework/tests/facade-only)
[INFO] [stderr]    Compiling dorimubot-framework-core v0.0.8 (/opt/rustwide/workdir/dorimubot-framework-core)
[INFO] [stderr]     Finished `test` profile [unoptimized + debuginfo] target(s) in 21.94s
[INFO] running `Command { std: "docker" "inspect" "82601d8393578312944db97e1911fd763bc321664397b0eef023c2040e204f1e", kill_on_drop: false }`
[INFO] running `Command { std: "docker" "exec" "-e" "SOURCE_DIR=/opt/rustwide/workdir" "-e" "CARGO_HOME=/opt/rustwide/cargo-home" "-e" "RUSTUP_HOME=/opt/rustwide/rustup-home" "-e" "CARGO_TARGET_DIR=/opt/rustwide/target" "-e" "CARGO_INCREMENTAL=0" "-e" "RUST_BACKTRACE=full" "-e" "RUSTFLAGS=--cap-lints=warn" "-e" "RUSTDOCFLAGS=--cap-lints=warn" "-w" "/opt/rustwide/workdir" "--user" "0:0" "82601d8393578312944db97e1911fd763bc321664397b0eef023c2040e204f1e" "/opt/rustwide/cargo-home/bin/cargo" "+1.100.0-beta.1" "test" "--frozen", kill_on_drop: false }`
[INFO] [stderr] warning: unused workspace dependency `base64`
[INFO] [stderr]  --> Cargo.toml:6:1
[INFO] [stderr]   |
[INFO] [stderr] 6 | base64 = "0.22"
[INFO] [stderr]   | ^^^^^^
[INFO] [stderr]   |
[INFO] [stderr]   = note: `cargo::unused_workspace_dependencies` is set to `warn` by default
[INFO] [stderr] help: consider removing the workspace dependency `base64`
[INFO] [stderr] warning: workspace (manifest) generated 1 warning
[INFO] [stderr]     Finished `test` profile [unoptimized + debuginfo] target(s) in 0.36s
[INFO] [stderr]      Running unittests src/lib.rs (/opt/rustwide/target/debug/build/dorimubot-axum/6f1b5b9c1eb609ae/out/dorimubot_axum-6f1b5b9c1eb609ae)
[INFO] [stderr]      Running unittests src/lib.rs (/opt/rustwide/target/debug/build/dorimubot-commands/8025c821b5c32f5a/out/dorimubot_commands-8025c821b5c32f5a)
[INFO] [stdout] 
[INFO] [stdout] running 0 tests
[INFO] [stdout] 
[INFO] [stdout] test result: ok. 0 passed; 0 failed; 0 ignored; 0 measured; 0 filtered out; finished in 0.00s
[INFO] [stdout] 
[INFO] [stdout] 
[INFO] [stderr]      Running tests/command_registration.rs (/opt/rustwide/target/debug/build/dorimubot-commands/55d9a988d8808bd8/out/command_registration-55d9a988d8808bd8)
[INFO] [stdout] running 0 tests
[INFO] [stdout] 
[INFO] [stdout] test result: ok. 0 passed; 0 failed; 0 ignored; 0 measured; 0 filtered out; finished in 0.00s
[INFO] [stdout] 
[INFO] [stdout] 
[INFO] [stdout] running 10 tests
[INFO] [stdout] test with_command_accepts_a_mutable_method_handler ... ok
[INFO] [stdout] test stateful_closure_handler_is_registered_and_runs ... ok
[INFO] [stdout] test async_command_struct_can_mutate_itself_across_awaits ... ok
[INFO] [stdout] test with_command_accepts_command_structs ... ok
[INFO] [stdout] test async_command_struct_can_borrow_common_message ... ok
[INFO] [stdout] test command_struct_is_registered_with_multiple_arguments ... ok
[INFO] [stdout] test command_struct_is_registered_without_arguments ... ok
[INFO] [stdout] test command_struct_supports_eight_arguments ... ok
[INFO] [stdout] test function_handler_is_registered_and_runs ... ok
[INFO] [stdout] test mutable_method_handler_is_registered_and_runs_repeatedly ... ok
[INFO] [stdout] 
[INFO] [stdout] test result: ok. 10 passed; 0 failed; 0 ignored; 0 measured; 0 filtered out; finished in 0.00s
[INFO] [stdout] 
[INFO] [stderr]      Running unittests src/lib.rs (/opt/rustwide/target/debug/build/dorimubot-commands-macros/330d4f0ede368057/out/dorimubot_commands_macros-330d4f0ede368057)
[INFO] [stdout] 
[INFO] [stdout] running 0 tests
[INFO] [stdout] 
[INFO] [stdout] test result: ok. 0 passed; 0 failed; 0 ignored; 0 measured; 0 filtered out; finished in 0.00s
[INFO] [stdout] 
[INFO] [stderr]      Running unittests src/lib.rs (/opt/rustwide/target/debug/build/dorimubot-framework/3fd224d134514e60/out/dorimubot_framework-3fd224d134514e60)
[INFO] [stdout] 
[INFO] [stdout] running 0 tests
[INFO] [stdout] 
[INFO] [stdout] test result: ok. 0 passed; 0 failed; 0 ignored; 0 measured; 0 filtered out; finished in 0.00s
[INFO] [stdout] 
[INFO] [stderr]      Running tests/command_registration.rs (/opt/rustwide/target/debug/build/dorimubot-framework/cd3e52cf96b3f838/out/command_registration-cd3e52cf96b3f838)
[INFO] [stdout] 
[INFO] [stdout] running 2 tests
[INFO] [stdout] test command_macro_registers_command_definition ... ok
[INFO] [stdout] test command_without_macro_can_be_registered ... ok
[INFO] [stdout] 
[INFO] [stdout] test result: ok. 2 passed; 0 failed; 0 ignored; 0 measured; 0 filtered out; finished in 0.00s
[INFO] [stdout] 
[INFO] [stderr]      Running tests/event_handler_registration.rs (/opt/rustwide/target/debug/build/dorimubot-framework/a18390b953b7151d/out/event_handler_registration-a18390b953b7151d)
[INFO] [stdout] 
[INFO] [stdout] running 2 tests
[INFO] [stdout] test function_event_handler_can_be_registered ... ok
[INFO] [stdout] test closure_event_handler_can_be_registered ... ok
[INFO] [stdout] 
[INFO] [stdout] test result: ok. 2 passed; 0 failed; 0 ignored; 0 measured; 0 filtered out; finished in 0.00s
[INFO] [stdout] 
[INFO] [stderr]      Running unittests src/lib.rs (/opt/rustwide/target/debug/build/dorimubot-framework-core/1eb5d3672d3d8eed/out/dorimubot_framework_core-1eb5d3672d3d8eed)
[INFO] [stderr]      Running tests/app_test.rs (/opt/rustwide/target/debug/build/dorimubot-framework-core/4ee9c65613b3e826/out/app_test-4ee9c65613b3e826)
[INFO] [stdout] 
[INFO] [stdout] running 0 tests
[INFO] [stdout] 
[INFO] [stdout] test result: ok. 0 passed; 0 failed; 0 ignored; 0 measured; 0 filtered out; finished in 0.00s
[INFO] [stdout] 
[INFO] [stdout] 
[INFO] [stdout] running 2 tests
[INFO] [stdout] test owned_handlers_receive_zero_one_two_and_async_arguments ... ok
[INFO] [stdout] test eight_owned_arguments_are_supported ... ok
[INFO] [stdout] 
[INFO] [stdout] test result: ok. 2 passed; 0 failed; 0 ignored; 0 measured; 0 filtered out; finished in 0.00s
[INFO] [stdout] 
[INFO] [stderr]      Running tests/event_handler_compile_fail.rs (/opt/rustwide/target/debug/build/dorimubot-framework-core/6f86132c4b91e3d0/out/event_handler_compile_fail-6f86132c4b91e3d0)
[INFO] [stdout] 
[INFO] [stdout] running 1 test
[INFO] [stderr] warning: unused workspace dependency `base64`
[INFO] [stderr]   --> Cargo.toml:63:25
[INFO] [stderr]    |
[INFO] [stderr] 63 | [workspace.dependencies.base64]
[INFO] [stderr]    |                         ^^^^^^
[INFO] [stderr]    |
[INFO] [stderr]    = note: `cargo::unused_workspace_dependencies` is set to `warn` by default
[INFO] [stderr] help: consider removing the workspace dependency `base64`
[INFO] [stderr] warning: unused workspace dependency `dorimubot-axum`
[INFO] [stderr]   --> Cargo.toml:67:25
[INFO] [stderr]    |
[INFO] [stderr] 67 | [workspace.dependencies.dorimubot-axum]
[INFO] [stderr]    |                         ^^^^^^^^^^^^^^
[INFO] [stderr]    |
[INFO] [stderr] help: consider removing the workspace dependency `dorimubot-axum`
[INFO] [stderr] warning: unused workspace dependency `dorimubot-commands`
[INFO] [stderr]   --> Cargo.toml:71:25
[INFO] [stderr]    |
[INFO] [stderr] 71 | [workspace.dependencies.dorimubot-commands]
[INFO] [stderr]    |                         ^^^^^^^^^^^^^^^^^^
[INFO] [stderr]    |
[INFO] [stderr] help: consider removing the workspace dependency `dorimubot-commands`
[INFO] [stderr] warning: unused workspace dependency `dorimubot-commands-macros`
[INFO] [stderr]   --> Cargo.toml:75:25
[INFO] [stderr]    |
[INFO] [stderr] 75 | [workspace.dependencies.dorimubot-commands-macros]
[INFO] [stderr]    |                         ^^^^^^^^^^^^^^^^^^^^^^^^^
[INFO] [stderr]    |
[INFO] [stderr] help: consider removing the workspace dependency `dorimubot-commands-macros`
[INFO] [stderr] warning: unused workspace dependency `dorimubot-framework-core`
[INFO] [stderr]   --> Cargo.toml:79:25
[INFO] [stderr]    |
[INFO] [stderr] 79 | [workspace.dependencies.dorimubot-framework-core]
[INFO] [stderr]    |                         ^^^^^^^^^^^^^^^^^^^^^^^^
[INFO] [stderr]    |
[INFO] [stderr] help: consider removing the workspace dependency `dorimubot-framework-core`
[INFO] [stderr] warning: unused workspace dependency `inventory`
[INFO] [stderr]   --> Cargo.toml:83:25
[INFO] [stderr]    |
[INFO] [stderr] 83 | [workspace.dependencies.inventory]
[INFO] [stderr]    |                         ^^^^^^^^^
[INFO] [stderr]    |
[INFO] [stderr] help: consider removing the workspace dependency `inventory`
[INFO] [stderr] warning: unused workspace dependency `tracing-subscriber`
[INFO] [stderr]    --> Cargo.toml:106:25
[INFO] [stderr]     |
[INFO] [stderr] 106 | [workspace.dependencies.tracing-subscriber]
[INFO] [stderr]     |                         ^^^^^^^^^^^^^^^^^^
[INFO] [stderr]     |
[INFO] [stderr] help: consider removing the workspace dependency `tracing-subscriber`
[INFO] [stderr] warning: workspace (manifest) generated 7 warnings
[INFO] [stderr]    Compiling proc-macro2 v1.0.107
[INFO] [stderr]    Compiling quote v1.0.47
[INFO] [stderr]    Compiling unicode-ident v1.0.24
[INFO] [stderr]    Compiling libc v0.2.189
[INFO] [stderr]    Compiling find-msvc-tools v0.1.9
[INFO] [stderr]    Compiling shlex v2.0.1
[INFO] [stderr]     Checking cfg-if v1.0.4
[INFO] [stderr]     Checking bytes v1.12.1
[INFO] [stderr]     Checking pin-project-lite v0.2.17
[INFO] [stderr]     Checking stable_deref_trait v1.2.1
[INFO] [stderr]     Checking futures-core v0.3.33
[INFO] [stderr]     Checking itoa v1.0.18
[INFO] [stderr]     Checking once_cell v1.21.4
[INFO] [stderr]     Checking smallvec v1.15.2
[INFO] [stderr]    Compiling pkg-config v0.3.33
[INFO] [stderr]    Compiling vcpkg v0.2.15
[INFO] [stderr]     Checking litemap v0.8.2
[INFO] [stderr]     Checking writeable v0.6.3
[INFO] [stderr]     Checking zeroize v1.9.0
[INFO] [stderr]     Checking slab v0.4.12
[INFO] [stderr]    Compiling icu_normalizer_data v2.2.0
[INFO] [stderr]     Checking utf8_iter v1.0.4
[INFO] [stderr]     Checking percent-encoding v2.3.2
[INFO] [stderr]    Compiling icu_properties_data v2.2.0
[INFO] [stderr]     Checking tracing-core v0.1.36
[INFO] [stderr]     Checking futures-task v0.3.33
[INFO] [stderr]    Compiling httparse v1.10.1
[INFO] [stderr]     Checking equivalent v1.0.2
[INFO] [stderr]     Checking futures-sink v0.3.33
[INFO] [stderr]     Checking hashbrown v0.17.1
[INFO] [stderr]    Compiling cc v1.4.0
[INFO] [stderr]     Checking futures-util v0.3.33
[INFO] [stderr]     Checking rustls-pki-types v1.15.1
[INFO] [stderr]     Checking fnv v1.0.7
[INFO] [stderr]     Checking bitflags v2.13.1
[INFO] [stderr]     Checking try-lock v0.2.5
[INFO] [stderr]    Compiling serde_core v1.0.229
[INFO] [stderr]     Checking tower-service v0.3.3
[INFO] [stderr]     Checking foreign-types-shared v0.1.1
[INFO] [stderr]     Checking subtle v2.6.1
[INFO] [stderr]    Compiling openssl v0.10.81
[INFO] [stderr]     Checking untrusted v0.9.0
[INFO] [stderr]     Checking typenum v1.20.1
[INFO] [stderr]     Checking atomic-waker v1.1.2
[INFO] [stderr]     Checking foreign-types v0.3.2
[INFO] [stderr]     Checking http v1.5.0
[INFO] [stderr]     Checking want v0.3.1
[INFO] [stderr]     Checking futures-channel v0.3.33
[INFO] [stderr]    Compiling rustls v0.23.43
[INFO] [stderr]    Compiling native-tls v0.2.18
[INFO] [stderr]     Checking form_urlencoded v1.2.2
[INFO] [stderr]     Checking base64 v0.22.1
[INFO] [stderr]    Compiling zmij v1.0.23
[INFO] [stderr]     Checking openssl-probe v0.2.1
[INFO] [stderr]     Checking ipnet v2.12.1
[INFO] [stderr]    Compiling serde v1.0.229
[INFO] [stderr]     Checking indexmap v2.14.0
[INFO] [stderr]     Checking log v0.4.33
[INFO] [stderr]    Compiling semver v1.0.28
[INFO] [stderr]     Checking sync_wrapper v1.0.2
[INFO] [stderr]     Checking tower-layer v0.3.3
[INFO] [stderr]    Compiling serde_json v1.0.151
[INFO] [stderr]     Checking webpki-roots v1.0.9
[INFO] [stderr]    Compiling anyhow v1.0.104
[INFO] [stderr]     Checking memchr v2.8.3
[INFO] [stderr]    Compiling syn v2.0.119
[INFO] [stderr]    Compiling syn v3.0.4
[INFO] [stderr]     Checking http-body v1.1.0
[INFO] [stderr]    Compiling rustc_version v0.4.1
[INFO] [stderr]     Checking http-body-util v0.1.4
[INFO] [stderr]     Checking ryu v1.0.23
[INFO] [stderr]     Checking cpufeatures v0.3.0
[INFO] [stderr]     Checking hybrid-array v0.4.14
[INFO] [stderr]    Compiling thiserror v1.0.69
[INFO] [stderr]     Checking encoding_rs v0.8.35
[INFO] [stderr]     Checking mime v0.3.17
[INFO] [stderr]    Compiling heck v0.5.0
[INFO] [stderr]    Compiling thiserror v2.0.19
[INFO] [stderr]     Checking signature v3.0.0
[INFO] [stderr]    Compiling paste v1.0.15
[INFO] [stderr]     Checking ed25519 v3.0.0
[INFO] [stderr]     Checking hex v0.4.3
[INFO] [stderr]    Compiling curve25519-dalek v5.0.0
[INFO] [stderr]     Checking block-buffer v0.12.1
[INFO] [stderr]     Checking crypto-common v0.2.2
[INFO] [stderr]    Compiling openssl-sys v0.9.117
[INFO] [stderr]    Compiling ring v0.17.14
[INFO] [stderr]     Checking errno v0.3.14
[INFO] [stderr]     Checking socket2 v0.6.5
[INFO] [stderr]     Checking mio v1.2.2
[INFO] [stderr]     Checking getrandom v0.2.17
[INFO] [stderr]     Checking signal-hook-registry v1.4.8
[INFO] [stderr]     Checking digest v0.11.3
[INFO] [stderr]     Checking sha2 v0.11.0
[INFO] [stderr]    Compiling displaydoc v0.2.7
[INFO] [stderr]    Compiling tokio-macros v2.7.2
[INFO] [stderr]    Compiling serde_derive v1.0.229
[INFO] [stderr]    Compiling async-trait v0.1.91
[INFO] [stderr]    Compiling thiserror-impl v2.0.19
[INFO] [stderr]    Compiling serde_repr v0.1.21
[INFO] [stderr]     Checking tokio v1.53.1
[INFO] [stderr]    Compiling synstructure v0.13.2
[INFO] [stderr]     Checking rustls-webpki v0.103.13
[INFO] [stderr]    Compiling zerofrom-derive v0.1.7
[INFO] [stderr]    Compiling yoke-derive v0.8.2
[INFO] [stderr]    Compiling zerovec-derive v0.11.3
[INFO] [stderr]    Compiling tracing-attributes v0.1.31
[INFO] [stderr]    Compiling openssl-macros v0.1.1
[INFO] [stderr]    Compiling curve25519-dalek-derive v0.1.1
[INFO] [stderr]    Compiling thiserror-impl v1.0.69
[INFO] [stderr]    Compiling strum_macros v0.28.0
[INFO] [stderr]     Checking zerofrom v0.1.8
[INFO] [stderr]     Checking yoke v0.8.3
[INFO] [stderr]     Checking zerotrie v0.2.4
[INFO] [stderr]     Checking ed25519-dalek v3.0.0
[INFO] [stderr]     Checking tokio-util v0.7.19
[INFO] [stderr]     Checking tower v0.5.3
[INFO] [stderr]     Checking zerovec v0.11.6
[INFO] [stderr]     Checking tracing v0.1.44
[INFO] [stderr]     Checking serde_urlencoded v0.7.1
[INFO] [stderr]     Checking tinystr v0.8.3
[INFO] [stderr]     Checking potential_utf v0.1.5
[INFO] [stderr]     Checking strum v0.28.0
[INFO] [stderr]     Checking h2 v0.4.15
[INFO] [stderr]     Checking icu_collections v2.2.0
[INFO] [stderr]     Checking icu_locale_core v2.2.0
[INFO] [stderr]     Checking icu_provider v2.2.0
[INFO] [stderr]     Checking icu_normalizer v2.2.0
[INFO] [stderr]     Checking icu_properties v2.2.0
[INFO] [stderr]     Checking tokio-native-tls v0.3.1
[INFO] [stderr]     Checking tokio-rustls v0.26.4
[INFO] [stderr]     Checking idna_adapter v1.2.2
[INFO] [stderr]     Checking idna v1.1.0
[INFO] [stderr]     Checking hyper v1.11.0
[INFO] [stderr]     Checking url v2.5.8
[INFO] [stderr]     Checking tower-http v0.6.11
[INFO] [stderr]     Checking hyper-util v0.1.20
[INFO] [stderr]     Checking hyper-tls v0.6.0
[INFO] [stderr]     Checking hyper-rustls v0.27.9
[INFO] [stderr]     Checking reqwest v0.12.28
[INFO] [stderr]     Checking reqwest-middleware v0.4.2
[INFO] [stderr]     Checking qqbot-rust-sdk v0.0.10
[INFO] [stderr]     Checking dorimubot-framework-core v0.0.8 (/opt/rustwide/workdir/dorimubot-framework-core)
[INFO] [stderr]     Checking dorimubot-framework-core-tests v0.0.0 (/opt/rustwide/target/tests/trybuild/dorimubot-framework-core)
[INFO] [stderr]     Finished `dev` profile [unoptimized + debuginfo] target(s) in 59.12s
[INFO] [stderr] 
[INFO] [stderr] 
[INFO] [stdout] test event_handlers_reject_payloads_not_produced_by_the_marker has been running for over 60 seconds
[INFO] [stderr] test tests/ui/event_handler/c2c_message_rejects_borrowed_payload.rs ... mismatch
[INFO] [stderr] 
[INFO] [stderr] EXPECTED:
[INFO] [stderr] ┈┈┈┈┈┈┈┈┈┈┈┈┈┈┈┈┈┈┈┈┈┈┈┈┈┈┈┈┈┈┈┈┈┈┈┈┈┈┈┈┈┈┈┈┈┈┈┈┈┈┈┈┈┈┈┈┈┈┈┈
[INFO] [stderr] error[E0277]: the trait bound `{closure@$DIR/tests/ui/event_handler/c2c_message_rejects_borrowed_payload.rs:6:55: 6:78}: EventHandler<dorimubot_framework_core::events::c2c::C2cMessageCreate, _, _>` is not satisfied
[INFO] [stderr]  --> tests/ui/event_handler/c2c_message_rejects_borrowed_payload.rs:6:55
[INFO] [stderr]   |
[INFO] [stderr] 6 |     app.register_event_handler(c2c::C2cMessageCreate, |_message: &C2cMessage| {});
[INFO] [stderr]   |         ----------------------                        ^^^^^^^^^^^^^^^^^^^^^^^^^^ unsatisfied trait bound
[INFO] [stderr]   |         |
[INFO] [stderr]   |         required by a bound introduced by this call
[INFO] [stderr]   |
[INFO] [stderr]   = help: the trait `dorimubot_framework_core::event_handler::EventHandlerAdapter<dorimubot_framework_core::events::c2c::C2cMessageCreate, _, _>` is not implemented for closure `{closure@$DIR/tests/ui/event_handler/c2c_message_rejects_borrowed_payload.rs:6:55: 6:78}`
[INFO] [stderr]   = note: required for `{closure@$DIR/tests/ui/event_handler/c2c_message_rejects_borrowed_payload.rs:6:55: 6:78}` to implement `EventHandler<dorimubot_framework_core::events::c2c::C2cMessageCreate, _, _>`
[INFO] [stderr] note: required by a bound in `dorimubot_framework_core::registering::<impl QQBot>::register_event_handler`
[INFO] [stderr]  --> src/registering.rs
[INFO] [stderr]   |
[INFO] [stderr]   |     pub fn register_event_handler<E, H, Args, Mode>(&self, event: E, handler: H)
[INFO] [stderr]   |            ---------------------- required by a bound in this associated function
[INFO] [stderr] ...
[INFO] [stderr]   |         H: EventHandler<E, Args, Mode>,
[INFO] [stderr]   |            ^^^^^^^^^^^^^^^^^^^^^^^^^^^ required by this bound in `dorimubot_framework_core::registering::<impl QQBot>::register_event_handler`
[INFO] [stderr] ┈┈┈┈┈┈┈┈┈┈┈┈┈┈┈┈┈┈┈┈┈┈┈┈┈┈┈┈┈┈┈┈┈┈┈┈┈┈┈┈┈┈┈┈┈┈┈┈┈┈┈┈┈┈┈┈┈┈┈┈
[INFO] [stderr] 
[INFO] [stderr] ACTUAL OUTPUT:
[INFO] [stderr] ┈┈┈┈┈┈┈┈┈┈┈┈┈┈┈┈┈┈┈┈┈┈┈┈┈┈┈┈┈┈┈┈┈┈┈┈┈┈┈┈┈┈┈┈┈┈┈┈┈┈┈┈┈┈┈┈┈┈┈┈
[INFO] [stderr] error[E0277]: the trait bound `{closure@$DIR/tests/ui/event_handler/c2c_message_rejects_borrowed_payload.rs:6:55: 6:78}: EventHandler<dorimubot_framework_core::events::c2c::C2cMessageCreate, _, _>` is not satisfied
[INFO] [stderr]  --> tests/ui/event_handler/c2c_message_rejects_borrowed_payload.rs:6:55
[INFO] [stderr]   |
[INFO] [stderr] 6 |     app.register_event_handler(c2c::C2cMessageCreate, |_message: &C2cMessage| {});
[INFO] [stderr]   |         ----------------------                        ^^^^^^^^^^^^^^^^^^^^^^^^^^ unsatisfied trait bound
[INFO] [stderr]   |         |
[INFO] [stderr]   |         required by a bound introduced by this call
[INFO] [stderr]   |
[INFO] [stderr]   = help: the trait `dorimubot_framework_core::event_handler::EventHandlerAdapter<dorimubot_framework_core::events::c2c::C2cMessageCreate, _, _>` is not implemented for closure `{closure@$DIR/tests/ui/event_handler/c2c_message_rejects_borrowed_payload.rs:6:55: 6:78}`
[INFO] [stderr]   = note: required for `{closure@$DIR/tests/ui/event_handler/c2c_message_rejects_borrowed_payload.rs:6:55: 6:78}` to implement `EventHandler<dorimubot_framework_core::events::c2c::C2cMessageCreate, _, _>`
[INFO] [stderr] note: required by a bound in `dorimubot_framework_core::registering::<impl QQBot>::register_event_handler`
[INFO] [stderr]  --> src/registering.rs
[INFO] [stderr]   |
[INFO] [stderr]   | impl QQBot {
[INFO] [stderr] ...
[INFO] [stderr]   |     pub fn register_event_handler<E, H, Args, Mode>(&self, event: E, handler: H)
[INFO] [stderr] ...
[INFO] [stderr]   |         H: EventHandler<E, Args, Mode>,
[INFO] [stderr]   |            ^^^^^^^^^^^^^^^^^^^^^^^^^^^ required by this bound in `dorimubot_framework_core::registering::<impl QQBot>::register_event_handler`
[INFO] [stderr] ┈┈┈┈┈┈┈┈┈┈┈┈┈┈┈┈┈┈┈┈┈┈┈┈┈┈┈┈┈┈┈┈┈┈┈┈┈┈┈┈┈┈┈┈┈┈┈┈┈┈┈┈┈┈┈┈┈┈┈┈
[INFO] [stderr] note: If the actual output is the correct output you can bless it by rerunning
[INFO] [stderr]       your test with the environment variable TRYBUILD=overwrite
[INFO] [stderr] 
[INFO] [stderr] test tests/ui/event_handler/c2c_message_rejects_dispatch_payload.rs ... mismatch
[INFO] [stderr] 
[INFO] [stderr] EXPECTED:
[INFO] [stderr] ┈┈┈┈┈┈┈┈┈┈┈┈┈┈┈┈┈┈┈┈┈┈┈┈┈┈┈┈┈┈┈┈┈┈┈┈┈┈┈┈┈┈┈┈┈┈┈┈┈┈┈┈┈┈┈┈┈┈┈┈
[INFO] [stderr] error[E0277]: the trait bound `{closure@$DIR/tests/ui/event_handler/c2c_message_rejects_dispatch_payload.rs:6:55: 6:82}: EventHandler<dorimubot_framework_core::events::c2c::C2cMessageCreate, _, _>` is not satisfied
[INFO] [stderr]  --> tests/ui/event_handler/c2c_message_rejects_dispatch_payload.rs:6:55
[INFO] [stderr]   |
[INFO] [stderr] 6 |     app.register_event_handler(c2c::C2cMessageCreate, |_payload: DispatchPayload| {});
[INFO] [stderr]   |         ----------------------                        ^^^^^^^^^^^^^^^^^^^^^^^^^^^^^^ unsatisfied trait bound
[INFO] [stderr]   |         |
[INFO] [stderr]   |         required by a bound introduced by this call
[INFO] [stderr]   |
[INFO] [stderr]   = help: the trait `dorimubot_framework_core::event_handler::EventHandlerAdapter<dorimubot_framework_core::events::c2c::C2cMessageCreate, _, _>` is not implemented for closure `{closure@$DIR/tests/ui/event_handler/c2c_message_rejects_dispatch_payload.rs:6:55: 6:82}`
[INFO] [stderr]   = note: required for `{closure@$DIR/tests/ui/event_handler/c2c_message_rejects_dispatch_payload.rs:6:55: 6:82}` to implement `EventHandler<dorimubot_framework_core::events::c2c::C2cMessageCreate, _, _>`
[INFO] [stderr] note: required by a bound in `dorimubot_framework_core::registering::<impl QQBot>::register_event_handler`
[INFO] [stderr]  --> src/registering.rs
[INFO] [stderr]   |
[INFO] [stderr]   |     pub fn register_event_handler<E, H, Args, Mode>(&self, event: E, handler: H)
[INFO] [stderr]   |            ---------------------- required by a bound in this associated function
[INFO] [stderr] ...
[INFO] [stderr]   |         H: EventHandler<E, Args, Mode>,
[INFO] [stderr]   |            ^^^^^^^^^^^^^^^^^^^^^^^^^^^ required by this bound in `dorimubot_framework_core::registering::<impl QQBot>::register_event_handler`
[INFO] [stderr] ┈┈┈┈┈┈┈┈┈┈┈┈┈┈┈┈┈┈┈┈┈┈┈┈┈┈┈┈┈┈┈┈┈┈┈┈┈┈┈┈┈┈┈┈┈┈┈┈┈┈┈┈┈┈┈┈┈┈┈┈
[INFO] [stderr] 
[INFO] [stderr] ACTUAL OUTPUT:
[INFO] [stderr] ┈┈┈┈┈┈┈┈┈┈┈┈┈┈┈┈┈┈┈┈┈┈┈┈┈┈┈┈┈┈┈┈┈┈┈┈┈┈┈┈┈┈┈┈┈┈┈┈┈┈┈┈┈┈┈┈┈┈┈┈
[INFO] [stderr] error[E0277]: the trait bound `{closure@$DIR/tests/ui/event_handler/c2c_message_rejects_dispatch_payload.rs:6:55: 6:82}: EventHandler<dorimubot_framework_core::events::c2c::C2cMessageCreate, _, _>` is not satisfied
[INFO] [stderr]  --> tests/ui/event_handler/c2c_message_rejects_dispatch_payload.rs:6:55
[INFO] [stderr]   |
[INFO] [stderr] 6 |     app.register_event_handler(c2c::C2cMessageCreate, |_payload: DispatchPayload| {});
[INFO] [stderr]   |         ----------------------                        ^^^^^^^^^^^^^^^^^^^^^^^^^^^^^^ unsatisfied trait bound
[INFO] [stderr]   |         |
[INFO] [stderr]   |         required by a bound introduced by this call
[INFO] [stderr]   |
[INFO] [stderr]   = help: the trait `dorimubot_framework_core::event_handler::EventHandlerAdapter<dorimubot_framework_core::events::c2c::C2cMessageCreate, _, _>` is not implemented for closure `{closure@$DIR/tests/ui/event_handler/c2c_message_rejects_dispatch_payload.rs:6:55: 6:82}`
[INFO] [stderr]   = note: required for `{closure@$DIR/tests/ui/event_handler/c2c_message_rejects_dispatch_payload.rs:6:55: 6:82}` to implement `EventHandler<dorimubot_framework_core::events::c2c::C2cMessageCreate, _, _>`
[INFO] [stderr] note: required by a bound in `dorimubot_framework_core::registering::<impl QQBot>::register_event_handler`
[INFO] [stderr]  --> src/registering.rs
[INFO] [stderr]   |
[INFO] [stderr]   | impl QQBot {
[INFO] [stderr] ...
[INFO] [stderr]   |     pub fn register_event_handler<E, H, Args, Mode>(&self, event: E, handler: H)
[INFO] [stderr] ...
[INFO] [stderr]   |         H: EventHandler<E, Args, Mode>,
[INFO] [stderr]   |            ^^^^^^^^^^^^^^^^^^^^^^^^^^^ required by this bound in `dorimubot_framework_core::registering::<impl QQBot>::register_event_handler`
[INFO] [stderr] ┈┈┈┈┈┈┈┈┈┈┈┈┈┈┈┈┈┈┈┈┈┈┈┈┈┈┈┈┈┈┈┈┈┈┈┈┈┈┈┈┈┈┈┈┈┈┈┈┈┈┈┈┈┈┈┈┈┈┈┈
[INFO] [stderr] note: If the actual output is the correct output you can bless it by rerunning
[INFO] [stderr]       your test with the environment variable TRYBUILD=overwrite
[INFO] [stderr] 
[INFO] [stderr] test tests/ui/event_handler/c2c_message_rejects_friend_add.rs ... mismatch
[INFO] [stderr] 
[INFO] [stderr] EXPECTED:
[INFO] [stderr] ┈┈┈┈┈┈┈┈┈┈┈┈┈┈┈┈┈┈┈┈┈┈┈┈┈┈┈┈┈┈┈┈┈┈┈┈┈┈┈┈┈┈┈┈┈┈┈┈┈┈┈┈┈┈┈┈┈┈┈┈
[INFO] [stderr] error[E0277]: the trait bound `{closure@$DIR/tests/ui/event_handler/c2c_message_rejects_friend_add.rs:6:55: 6:79}: EventHandler<dorimubot_framework_core::events::c2c::C2cMessageCreate, _, _>` is not satisfied
[INFO] [stderr]  --> tests/ui/event_handler/c2c_message_rejects_friend_add.rs:6:55
[INFO] [stderr]   |
[INFO] [stderr] 6 |     app.register_event_handler(c2c::C2cMessageCreate, |_event: FriendAddEvent| {});
[INFO] [stderr]   |         ----------------------                        ^^^^^^^^^^^^^^^^^^^^^^^^^^^ unsatisfied trait bound
[INFO] [stderr]   |         |
[INFO] [stderr]   |         required by a bound introduced by this call
[INFO] [stderr]   |
[INFO] [stderr]   = help: the trait `dorimubot_framework_core::event_handler::EventHandlerAdapter<dorimubot_framework_core::events::c2c::C2cMessageCreate, _, _>` is not implemented for closure `{closure@$DIR/tests/ui/event_handler/c2c_message_rejects_friend_add.rs:6:55: 6:79}`
[INFO] [stderr]   = note: required for `{closure@$DIR/tests/ui/event_handler/c2c_message_rejects_friend_add.rs:6:55: 6:79}` to implement `EventHandler<dorimubot_framework_core::events::c2c::C2cMessageCreate, _, _>`
[INFO] [stderr] note: required by a bound in `dorimubot_framework_core::registering::<impl QQBot>::register_event_handler`
[INFO] [stderr]  --> src/registering.rs
[INFO] [stderr]   |
[INFO] [stderr]   |     pub fn register_event_handler<E, H, Args, Mode>(&self, event: E, handler: H)
[INFO] [stderr]   |            ---------------------- required by a bound in this associated function
[INFO] [stderr] ...
[INFO] [stderr]   |         H: EventHandler<E, Args, Mode>,
[INFO] [stderr]   |            ^^^^^^^^^^^^^^^^^^^^^^^^^^^ required by this bound in `dorimubot_framework_core::registering::<impl QQBot>::register_event_handler`
[INFO] [stderr] ┈┈┈┈┈┈┈┈┈┈┈┈┈┈┈┈┈┈┈┈┈┈┈┈┈┈┈┈┈┈┈┈┈┈┈┈┈┈┈┈┈┈┈┈┈┈┈┈┈┈┈┈┈┈┈┈┈┈┈┈
[INFO] [stderr] 
[INFO] [stderr] ACTUAL OUTPUT:
[INFO] [stderr] ┈┈┈┈┈┈┈┈┈┈┈┈┈┈┈┈┈┈┈┈┈┈┈┈┈┈┈┈┈┈┈┈┈┈┈┈┈┈┈┈┈┈┈┈┈┈┈┈┈┈┈┈┈┈┈┈┈┈┈┈
[INFO] [stderr] error[E0277]: the trait bound `{closure@$DIR/tests/ui/event_handler/c2c_message_rejects_friend_add.rs:6:55: 6:79}: EventHandler<dorimubot_framework_core::events::c2c::C2cMessageCreate, _, _>` is not satisfied
[INFO] [stderr]  --> tests/ui/event_handler/c2c_message_rejects_friend_add.rs:6:55
[INFO] [stderr]   |
[INFO] [stderr] 6 |     app.register_event_handler(c2c::C2cMessageCreate, |_event: FriendAddEvent| {});
[INFO] [stderr]   |         ----------------------                        ^^^^^^^^^^^^^^^^^^^^^^^^^^^ unsatisfied trait bound
[INFO] [stderr]   |         |
[INFO] [stderr]   |         required by a bound introduced by this call
[INFO] [stderr]   |
[INFO] [stderr]   = help: the trait `dorimubot_framework_core::event_handler::EventHandlerAdapter<dorimubot_framework_core::events::c2c::C2cMessageCreate, _, _>` is not implemented for closure `{closure@$DIR/tests/ui/event_handler/c2c_message_rejects_friend_add.rs:6:55: 6:79}`
[INFO] [stderr]   = note: required for `{closure@$DIR/tests/ui/event_handler/c2c_message_rejects_friend_add.rs:6:55: 6:79}` to implement `EventHandler<dorimubot_framework_core::events::c2c::C2cMessageCreate, _, _>`
[INFO] [stderr] note: required by a bound in `dorimubot_framework_core::registering::<impl QQBot>::register_event_handler`
[INFO] [stderr]  --> src/registering.rs
[INFO] [stderr]   |
[INFO] [stderr]   | impl QQBot {
[INFO] [stderr] ...
[INFO] [stderr]   |     pub fn register_event_handler<E, H, Args, Mode>(&self, event: E, handler: H)
[INFO] [stderr] ...
[INFO] [stderr]   |         H: EventHandler<E, Args, Mode>,
[INFO] [stderr]   |            ^^^^^^^^^^^^^^^^^^^^^^^^^^^ required by this bound in `dorimubot_framework_core::registering::<impl QQBot>::register_event_handler`
[INFO] [stderr] ┈┈┈┈┈┈┈┈┈┈┈┈┈┈┈┈┈┈┈┈┈┈┈┈┈┈┈┈┈┈┈┈┈┈┈┈┈┈┈┈┈┈┈┈┈┈┈┈┈┈┈┈┈┈┈┈┈┈┈┈
[INFO] [stderr] note: If the actual output is the correct output you can bless it by rerunning
[INFO] [stderr]       your test with the environment variable TRYBUILD=overwrite
[INFO] [stderr] 
[INFO] [stderr] test tests/ui/event_handler/c2c_message_rejects_group_message.rs ... mismatch
[INFO] [stderr] 
[INFO] [stderr] EXPECTED:
[INFO] [stderr] ┈┈┈┈┈┈┈┈┈┈┈┈┈┈┈┈┈┈┈┈┈┈┈┈┈┈┈┈┈┈┈┈┈┈┈┈┈┈┈┈┈┈┈┈┈┈┈┈┈┈┈┈┈┈┈┈┈┈┈┈
[INFO] [stderr] error[E0277]: the trait bound `{closure@$DIR/tests/ui/event_handler/c2c_message_rejects_group_message.rs:6:55: 6:79}: EventHandler<dorimubot_framework_core::events::c2c::C2cMessageCreate, _, _>` is not satisfied
[INFO] [stderr]  --> tests/ui/event_handler/c2c_message_rejects_group_message.rs:6:55
[INFO] [stderr]   |
[INFO] [stderr] 6 |     app.register_event_handler(c2c::C2cMessageCreate, |_message: GroupMessage| {});
[INFO] [stderr]   |         ----------------------                        ^^^^^^^^^^^^^^^^^^^^^^^^^^^ unsatisfied trait bound
[INFO] [stderr]   |         |
[INFO] [stderr]   |         required by a bound introduced by this call
[INFO] [stderr]   |
[INFO] [stderr]   = help: the trait `dorimubot_framework_core::event_handler::EventHandlerAdapter<dorimubot_framework_core::events::c2c::C2cMessageCreate, _, _>` is not implemented for closure `{closure@$DIR/tests/ui/event_handler/c2c_message_rejects_group_message.rs:6:55: 6:79}`
[INFO] [stderr]   = note: required for `{closure@$DIR/tests/ui/event_handler/c2c_message_rejects_group_message.rs:6:55: 6:79}` to implement `EventHandler<dorimubot_framework_core::events::c2c::C2cMessageCreate, _, _>`
[INFO] [stderr] note: required by a bound in `dorimubot_framework_core::registering::<impl QQBot>::register_event_handler`
[INFO] [stderr]  --> src/registering.rs
[INFO] [stderr]   |
[INFO] [stderr]   |     pub fn register_event_handler<E, H, Args, Mode>(&self, event: E, handler: H)
[INFO] [stderr]   |            ---------------------- required by a bound in this associated function
[INFO] [stderr] ...
[INFO] [stderr]   |         H: EventHandler<E, Args, Mode>,
[INFO] [stderr]   |            ^^^^^^^^^^^^^^^^^^^^^^^^^^^ required by this bound in `dorimubot_framework_core::registering::<impl QQBot>::register_event_handler`
[INFO] [stderr] ┈┈┈┈┈┈┈┈┈┈┈┈┈┈┈┈┈┈┈┈┈┈┈┈┈┈┈┈┈┈┈┈┈┈┈┈┈┈┈┈┈┈┈┈┈┈┈┈┈┈┈┈┈┈┈┈┈┈┈┈
[INFO] [stderr] 
[INFO] [stderr] ACTUAL OUTPUT:
[INFO] [stderr] ┈┈┈┈┈┈┈┈┈┈┈┈┈┈┈┈┈┈┈┈┈┈┈┈┈┈┈┈┈┈┈┈┈┈┈┈┈┈┈┈┈┈┈┈┈┈┈┈┈┈┈┈┈┈┈┈┈┈┈┈
[INFO] [stderr] error[E0277]: the trait bound `{closure@$DIR/tests/ui/event_handler/c2c_message_rejects_group_message.rs:6:55: 6:79}: EventHandler<dorimubot_framework_core::events::c2c::C2cMessageCreate, _, _>` is not satisfied
[INFO] [stderr]  --> tests/ui/event_handler/c2c_message_rejects_group_message.rs:6:55
[INFO] [stderr]   |
[INFO] [stderr] 6 |     app.register_event_handler(c2c::C2cMessageCreate, |_message: GroupMessage| {});
[INFO] [stderr]   |         ----------------------                        ^^^^^^^^^^^^^^^^^^^^^^^^^^^ unsatisfied trait bound
[INFO] [stderr]   |         |
[INFO] [stderr]   |         required by a bound introduced by this call
[INFO] [stderr]   |
[INFO] [stderr]   = help: the trait `dorimubot_framework_core::event_handler::EventHandlerAdapter<dorimubot_framework_core::events::c2c::C2cMessageCreate, _, _>` is not implemented for closure `{closure@$DIR/tests/ui/event_handler/c2c_message_rejects_group_message.rs:6:55: 6:79}`
[INFO] [stderr]   = note: required for `{closure@$DIR/tests/ui/event_handler/c2c_message_rejects_group_message.rs:6:55: 6:79}` to implement `EventHandler<dorimubot_framework_core::events::c2c::C2cMessageCreate, _, _>`
[INFO] [stderr] note: required by a bound in `dorimubot_framework_core::registering::<impl QQBot>::register_event_handler`
[INFO] [stderr]  --> src/registering.rs
[INFO] [stderr]   |
[INFO] [stderr]   | impl QQBot {
[INFO] [stderr] ...
[INFO] [stderr]   |     pub fn register_event_handler<E, H, Args, Mode>(&self, event: E, handler: H)
[INFO] [stderr] ...
[INFO] [stderr]   |         H: EventHandler<E, Args, Mode>,
[INFO] [stderr]   |            ^^^^^^^^^^^^^^^^^^^^^^^^^^^ required by this bound in `dorimubot_framework_core::registering::<impl QQBot>::register_event_handler`
[INFO] [stderr] ┈┈┈┈┈┈┈┈┈┈┈┈┈┈┈┈┈┈┈┈┈┈┈┈┈┈┈┈┈┈┈┈┈┈┈┈┈┈┈┈┈┈┈┈┈┈┈┈┈┈┈┈┈┈┈┈┈┈┈┈
[INFO] [stderr] note: If the actual output is the correct output you can bless it by rerunning
[INFO] [stderr]       your test with the environment variable TRYBUILD=overwrite
[INFO] [stderr] 
[INFO] [stderr] test tests/ui/event_handler/c2c_message_rejects_nine_arguments.rs ... mismatch
[INFO] [stderr] 
[INFO] [stderr] EXPECTED:
[INFO] [stderr] ┈┈┈┈┈┈┈┈┈┈┈┈┈┈┈┈┈┈┈┈┈┈┈┈┈┈┈┈┈┈┈┈┈┈┈┈┈┈┈┈┈┈┈┈┈┈┈┈┈┈┈┈┈┈┈┈┈┈┈┈
[INFO] [stderr] error[E0277]: the trait bound `{closure@$DIR/tests/ui/event_handler/c2c_message_rejects_nine_arguments.rs:8:9: 16:26}: EventHandler<dorimubot_framework_core::events::c2c::C2cMessageCreate, _, _>` is not satisfied
[INFO] [stderr]   --> tests/ui/event_handler/c2c_message_rejects_nine_arguments.rs:8:9
[INFO] [stderr]    |
[INFO] [stderr]  6 |       app.register_event_handler(
[INFO] [stderr]    |           ---------------------- required by a bound introduced by this call
[INFO] [stderr]  7 |           c2c::C2cMessageCreate,
[INFO] [stderr]  8 | /         |_a1: C2cMessage,
[INFO] [stderr]  9 | |          _a2: C2cMessage,
[INFO] [stderr] 10 | |          _a3: C2cMessage,
[INFO] [stderr] 11 | |          _a4: C2cMessage,
[INFO] [stderr] ...  |
[INFO] [stderr] 15 | |          _a8: C2cMessage,
[INFO] [stderr] 16 | |          _a9: C2cMessage| {},
[INFO] [stderr]    | |____________________________^ unsatisfied trait bound
[INFO] [stderr]    |
[INFO] [stderr]    = help: the trait `dorimubot_framework_core::event_handler::EventHandlerAdapter<dorimubot_framework_core::events::c2c::C2cMessageCreate, _, _>` is not implemented for closure `{closure@$DIR/tests/ui/event_handler/c2c_message_rejects_nine_arguments.rs:8:9: 16:26}`
[INFO] [stderr]    = note: required for `{closure@$DIR/tests/ui/event_handler/c2c_message_rejects_nine_arguments.rs:8:9: 16:26}` to implement `EventHandler<dorimubot_framework_core::events::c2c::C2cMessageCreate, _, _>`
[INFO] [stderr] note: required by a bound in `dorimubot_framework_core::registering::<impl QQBot>::register_event_handler`
[INFO] [stderr]   --> src/registering.rs
[INFO] [stderr]    |
[INFO] [stderr]    |     pub fn register_event_handler<E, H, Args, Mode>(&self, event: E, handler: H)
[INFO] [stderr]    |            ---------------------- required by a bound in this associated function
[INFO] [stderr] ...
[INFO] [stderr]    |         H: EventHandler<E, Args, Mode>,
[INFO] [stderr]    |            ^^^^^^^^^^^^^^^^^^^^^^^^^^^ required by this bound in `dorimubot_framework_core::registering::<impl QQBot>::register_event_handler`
[INFO] [stderr] ┈┈┈┈┈┈┈┈┈┈┈┈┈┈┈┈┈┈┈┈┈┈┈┈┈┈┈┈┈┈┈┈┈┈┈┈┈┈┈┈┈┈┈┈┈┈┈┈┈┈┈┈┈┈┈┈┈┈┈┈
[INFO] [stderr] 
[INFO] [stderr] ACTUAL OUTPUT:
[INFO] [stderr] ┈┈┈┈┈┈┈┈┈┈┈┈┈┈┈┈┈┈┈┈┈┈┈┈┈┈┈┈┈┈┈┈┈┈┈┈┈┈┈┈┈┈┈┈┈┈┈┈┈┈┈┈┈┈┈┈┈┈┈┈
[INFO] [stderr] error[E0277]: the trait bound `{closure@$DIR/tests/ui/event_handler/c2c_message_rejects_nine_arguments.rs:8:9: 16:26}: EventHandler<dorimubot_framework_core::events::c2c::C2cMessageCreate, _, _>` is not satisfied
[INFO] [stderr]   --> tests/ui/event_handler/c2c_message_rejects_nine_arguments.rs:8:9
[INFO] [stderr]    |
[INFO] [stderr]  6 |       app.register_event_handler(
[INFO] [stderr]    |           ---------------------- required by a bound introduced by this call
[INFO] [stderr]  7 |           c2c::C2cMessageCreate,
[INFO] [stderr]  8 | /         |_a1: C2cMessage,
[INFO] [stderr]  9 | |          _a2: C2cMessage,
[INFO] [stderr] 10 | |          _a3: C2cMessage,
[INFO] [stderr] 11 | |          _a4: C2cMessage,
[INFO] [stderr] ...  |
[INFO] [stderr] 15 | |          _a8: C2cMessage,
[INFO] [stderr] 16 | |          _a9: C2cMessage| {},
[INFO] [stderr]    | |____________________________^ unsatisfied trait bound
[INFO] [stderr]    |
[INFO] [stderr]    = help: the trait `dorimubot_framework_core::event_handler::EventHandlerAdapter<dorimubot_framework_core::events::c2c::C2cMessageCreate, _, _>` is not implemented for closure `{closure@$DIR/tests/ui/event_handler/c2c_message_rejects_nine_arguments.rs:8:9: 16:26}`
[INFO] [stderr]    = note: required for `{closure@$DIR/tests/ui/event_handler/c2c_message_rejects_nine_arguments.rs:8:9: 16:26}` to implement `EventHandler<dorimubot_framework_core::events::c2c::C2cMessageCreate, _, _>`
[INFO] [stderr] note: required by a bound in `dorimubot_framework_core::registering::<impl QQBot>::register_event_handler`
[INFO] [stderr]   --> src/registering.rs
[INFO] [stderr]    |
[INFO] [stderr]    | impl QQBot {
[INFO] [stderr] ...
[INFO] [stderr]    |     pub fn register_event_handler<E, H, Args, Mode>(&self, event: E, handler: H)
[INFO] [stderr] ...
[INFO] [stderr]    |         H: EventHandler<E, Args, Mode>,
[INFO] [stderr]    |            ^^^^^^^^^^^^^^^^^^^^^^^^^^^ required by this bound in `dorimubot_framework_core::registering::<impl QQBot>::register_event_handler`
[INFO] [stderr] ┈┈┈┈┈┈┈┈┈┈┈┈┈┈┈┈┈┈┈┈┈┈┈┈┈┈┈┈┈┈┈┈┈┈┈┈┈┈┈┈┈┈┈┈┈┈┈┈┈┈┈┈┈┈┈┈┈┈┈┈
[INFO] [stderr] note: If the actual output is the correct output you can bless it by rerunning
[INFO] [stderr]       your test with the environment variable TRYBUILD=overwrite
[INFO] [stderr] 
[INFO] [stderr] test tests/ui/event_handler/c2c_message_rejects_reverse_from.rs ... mismatch
[INFO] [stderr] 
[INFO] [stderr] EXPECTED:
[INFO] [stderr] ┈┈┈┈┈┈┈┈┈┈┈┈┈┈┈┈┈┈┈┈┈┈┈┈┈┈┈┈┈┈┈┈┈┈┈┈┈┈┈┈┈┈┈┈┈┈┈┈┈┈┈┈┈┈┈┈┈┈┈┈
[INFO] [stderr] error[E0277]: the trait bound `{closure@$DIR/tests/ui/event_handler/c2c_message_rejects_reverse_from.rs:14:55: 14:76}: EventHandler<dorimubot_framework_core::events::c2c::C2cMessageCreate, _, _>` is not satisfied
[INFO] [stderr]   --> tests/ui/event_handler/c2c_message_rejects_reverse_from.rs:14:55
[INFO] [stderr]    |
[INFO] [stderr] 14 |     app.register_event_handler(c2c::C2cMessageCreate, |_value: ReverseFrom| {});
[INFO] [stderr]    |         ----------------------                        ^^^^^^^^^^^^^^^^^^^^^^^^ unsatisfied trait bound
[INFO] [stderr]    |         |
[INFO] [stderr]    |         required by a bound introduced by this call
[INFO] [stderr]    |
[INFO] [stderr]    = help: the trait `dorimubot_framework_core::event_handler::EventHandlerAdapter<dorimubot_framework_core::events::c2c::C2cMessageCreate, _, _>` is not implemented for closure `{closure@$DIR/tests/ui/event_handler/c2c_message_rejects_reverse_from.rs:14:55: 14:76}`
[INFO] [stderr]    = note: required for `{closure@$DIR/tests/ui/event_handler/c2c_message_rejects_reverse_from.rs:14:55: 14:76}` to implement `EventHandler<dorimubot_framework_core::events::c2c::C2cMessageCreate, _, _>`
[INFO] [stderr] note: required by a bound in `dorimubot_framework_core::registering::<impl QQBot>::register_event_handler`
[INFO] [stderr]   --> src/registering.rs
[INFO] [stderr]    |
[INFO] [stderr]    |     pub fn register_event_handler<E, H, Args, Mode>(&self, event: E, handler: H)
[INFO] [stderr]    |            ---------------------- required by a bound in this associated function
[INFO] [stderr] ...
[INFO] [stderr]    |         H: EventHandler<E, Args, Mode>,
[INFO] [stderr]    |            ^^^^^^^^^^^^^^^^^^^^^^^^^^^ required by this bound in `dorimubot_framework_core::registering::<impl QQBot>::register_event_handler`
[INFO] [stderr] ┈┈┈┈┈┈┈┈┈┈┈┈┈┈┈┈┈┈┈┈┈┈┈┈┈┈┈┈┈┈┈┈┈┈┈┈┈┈┈┈┈┈┈┈┈┈┈┈┈┈┈┈┈┈┈┈┈┈┈┈
[INFO] [stderr] 
[INFO] [stderr] ACTUAL OUTPUT:
[INFO] [stderr] ┈┈┈┈┈┈┈┈┈┈┈┈┈┈┈┈┈┈┈┈┈┈┈┈┈┈┈┈┈┈┈┈┈┈┈┈┈┈┈┈┈┈┈┈┈┈┈┈┈┈┈┈┈┈┈┈┈┈┈┈
[INFO] [stderr] error[E0277]: the trait bound `{closure@$DIR/tests/ui/event_handler/c2c_message_rejects_reverse_from.rs:14:55: 14:76}: EventHandler<dorimubot_framework_core::events::c2c::C2cMessageCreate, _, _>` is not satisfied
[INFO] [stderr]   --> tests/ui/event_handler/c2c_message_rejects_reverse_from.rs:14:55
[INFO] [stderr]    |
[INFO] [stderr] 14 |     app.register_event_handler(c2c::C2cMessageCreate, |_value: ReverseFrom| {});
[INFO] [stderr]    |         ----------------------                        ^^^^^^^^^^^^^^^^^^^^^^^^ unsatisfied trait bound
[INFO] [stderr]    |         |
[INFO] [stderr]    |         required by a bound introduced by this call
[INFO] [stderr]    |
[INFO] [stderr]    = help: the trait `dorimubot_framework_core::event_handler::EventHandlerAdapter<dorimubot_framework_core::events::c2c::C2cMessageCreate, _, _>` is not implemented for closure `{closure@$DIR/tests/ui/event_handler/c2c_message_rejects_reverse_from.rs:14:55: 14:76}`
[INFO] [stderr]    = note: required for `{closure@$DIR/tests/ui/event_handler/c2c_message_rejects_reverse_from.rs:14:55: 14:76}` to implement `EventHandler<dorimubot_framework_core::events::c2c::C2cMessageCreate, _, _>`
[INFO] [stderr] note: required by a bound in `dorimubot_framework_core::registering::<impl QQBot>::register_event_handler`
[INFO] [stderr]   --> src/registering.rs
[INFO] [stderr]    |
[INFO] [stderr]    | impl QQBot {
[INFO] [stderr] ...
[INFO] [stderr]    |     pub fn register_event_handler<E, H, Args, Mode>(&self, event: E, handler: H)
[INFO] [stderr] ...
[INFO] [stderr]    |         H: EventHandler<E, Args, Mode>,
[INFO] [stderr]    |            ^^^^^^^^^^^^^^^^^^^^^^^^^^^ required by this bound in `dorimubot_framework_core::registering::<impl QQBot>::register_event_handler`
[INFO] [stderr] ┈┈┈┈┈┈┈┈┈┈┈┈┈┈┈┈┈┈┈┈┈┈┈┈┈┈┈┈┈┈┈┈┈┈┈┈┈┈┈┈┈┈┈┈┈┈┈┈┈┈┈┈┈┈┈┈┈┈┈┈
[INFO] [stderr] note: If the actual output is the correct output you can bless it by rerunning
[INFO] [stderr]       your test with the environment variable TRYBUILD=overwrite
[INFO] [stderr] 
[INFO] [stderr] test tests/ui/event_handler/c2c_message_rejects_try_from_only.rs ... mismatch
[INFO] [stderr] 
[INFO] [stderr] EXPECTED:
[INFO] [stderr] ┈┈┈┈┈┈┈┈┈┈┈┈┈┈┈┈┈┈┈┈┈┈┈┈┈┈┈┈┈┈┈┈┈┈┈┈┈┈┈┈┈┈┈┈┈┈┈┈┈┈┈┈┈┈┈┈┈┈┈┈
[INFO] [stderr] error[E0277]: the trait bound `{closure@$DIR/tests/ui/event_handler/c2c_message_rejects_try_from_only.rs:17:55: 17:76}: EventHandler<dorimubot_framework_core::events::c2c::C2cMessageCreate, _, _>` is not satisfied
[INFO] [stderr]   --> tests/ui/event_handler/c2c_message_rejects_try_from_only.rs:17:55
[INFO] [stderr]    |
[INFO] [stderr] 17 |     app.register_event_handler(c2c::C2cMessageCreate, |_value: TryFromOnly| {});
[INFO] [stderr]    |         ----------------------                        ^^^^^^^^^^^^^^^^^^^^^^^^ unsatisfied trait bound
[INFO] [stderr]    |         |
[INFO] [stderr]    |         required by a bound introduced by this call
[INFO] [stderr]    |
[INFO] [stderr]    = help: the trait `dorimubot_framework_core::event_handler::EventHandlerAdapter<dorimubot_framework_core::events::c2c::C2cMessageCreate, _, _>` is not implemented for closure `{closure@$DIR/tests/ui/event_handler/c2c_message_rejects_try_from_only.rs:17:55: 17:76}`
[INFO] [stderr]    = note: required for `{closure@$DIR/tests/ui/event_handler/c2c_message_rejects_try_from_only.rs:17:55: 17:76}` to implement `EventHandler<dorimubot_framework_core::events::c2c::C2cMessageCreate, _, _>`
[INFO] [stderr] note: required by a bound in `dorimubot_framework_core::registering::<impl QQBot>::register_event_handler`
[INFO] [stderr]   --> src/registering.rs
[INFO] [stderr]    |
[INFO] [stderr]    |     pub fn register_event_handler<E, H, Args, Mode>(&self, event: E, handler: H)
[INFO] [stderr]    |            ---------------------- required by a bound in this associated function
[INFO] [stderr] ...
[INFO] [stderr]    |         H: EventHandler<E, Args, Mode>,
[INFO] [stderr]    |            ^^^^^^^^^^^^^^^^^^^^^^^^^^^ required by this bound in `dorimubot_framework_core::registering::<impl QQBot>::register_event_handler`
[INFO] [stderr] ┈┈┈┈┈┈┈┈┈┈┈┈┈┈┈┈┈┈┈┈┈┈┈┈┈┈┈┈┈┈┈┈┈┈┈┈┈┈┈┈┈┈┈┈┈┈┈┈┈┈┈┈┈┈┈┈┈┈┈┈
[INFO] [stderr] 
[INFO] [stderr] ACTUAL OUTPUT:
[INFO] [stderr] ┈┈┈┈┈┈┈┈┈┈┈┈┈┈┈┈┈┈┈┈┈┈┈┈┈┈┈┈┈┈┈┈┈┈┈┈┈┈┈┈┈┈┈┈┈┈┈┈┈┈┈┈┈┈┈┈┈┈┈┈
[INFO] [stderr] error[E0277]: the trait bound `{closure@$DIR/tests/ui/event_handler/c2c_message_rejects_try_from_only.rs:17:55: 17:76}: EventHandler<dorimubot_framework_core::events::c2c::C2cMessageCreate, _, _>` is not satisfied
[INFO] [stderr]   --> tests/ui/event_handler/c2c_message_rejects_try_from_only.rs:17:55
[INFO] [stderr]    |
[INFO] [stderr] 17 |     app.register_event_handler(c2c::C2cMessageCreate, |_value: TryFromOnly| {});
[INFO] [stderr]    |         ----------------------                        ^^^^^^^^^^^^^^^^^^^^^^^^ unsatisfied trait bound
[INFO] [stderr]    |         |
[INFO] [stderr]    |         required by a bound introduced by this call
[INFO] [stderr]    |
[INFO] [stderr]    = help: the trait `dorimubot_framework_core::event_handler::EventHandlerAdapter<dorimubot_framework_core::events::c2c::C2cMessageCreate, _, _>` is not implemented for closure `{closure@$DIR/tests/ui/event_handler/c2c_message_rejects_try_from_only.rs:17:55: 17:76}`
[INFO] [stderr]    = note: required for `{closure@$DIR/tests/ui/event_handler/c2c_message_rejects_try_from_only.rs:17:55: 17:76}` to implement `EventHandler<dorimubot_framework_core::events::c2c::C2cMessageCreate, _, _>`
[INFO] [stderr] note: required by a bound in `dorimubot_framework_core::registering::<impl QQBot>::register_event_handler`
[INFO] [stderr]   --> src/registering.rs
[INFO] [stderr]    |
[INFO] [stderr]    | impl QQBot {
[INFO] [stderr] ...
[INFO] [stderr]    |     pub fn register_event_handler<E, H, Args, Mode>(&self, event: E, handler: H)
[INFO] [stderr] ...
[INFO] [stderr]    |         H: EventHandler<E, Args, Mode>,
[INFO] [stderr]    |            ^^^^^^^^^^^^^^^^^^^^^^^^^^^ required by this bound in `dorimubot_framework_core::registering::<impl QQBot>::register_event_handler`
[INFO] [stderr] ┈┈┈┈┈┈┈┈┈┈┈┈┈┈┈┈┈┈┈┈┈┈┈┈┈┈┈┈┈┈┈┈┈┈┈┈┈┈┈┈┈┈┈┈┈┈┈┈┈┈┈┈┈┈┈┈┈┈┈┈
[INFO] [stderr] note: If the actual output is the correct output you can bless it by rerunning
[INFO] [stderr]       your test with the environment variable TRYBUILD=overwrite
[INFO] [stderr] 
[INFO] [stderr] test tests/ui/event_handler/custom_event_handler_impl_is_rejected.rs ... ok
[INFO] [stderr] 
[INFO] [stderr] 
[INFO] [stdout] test event_handlers_reject_payloads_not_produced_by_the_marker ... FAILED
[INFO] [stdout] 
[INFO] [stdout] failures:
[INFO] [stdout] 
[INFO] [stdout] ---- event_handlers_reject_payloads_not_produced_by_the_marker stdout ----
[INFO] [stdout] 
[INFO] [stdout] thread 'event_handlers_reject_payloads_not_produced_by_the_marker' (3009) panicked at /opt/rustwide/cargo-home/registry/src/index.crates.io-1949cf8c6b5b557f/trybuild-1.0.120/src/run.rs:103:13:
[INFO] [stdout] 7 of 8 tests failed
[INFO] [stdout] stack backtrace:
[INFO] [stdout]    0:     0x604a8a17f151 - std[617be2ca0a6fd877]::backtrace_rs::backtrace::libunwind::trace
[INFO] [stdout]                                at /rustc/e3feeb59cd1bdd011a2bfcc0747b55125d9b8527/library/std/src/../../backtrace/src/backtrace/libunwind.rs:117:9
[INFO] [stdout]    1:     0x604a8a17f151 - std[617be2ca0a6fd877]::backtrace_rs::backtrace::trace_unsynchronized::<std[617be2ca0a6fd877]::sys::backtrace::_print_fmt::{closure#1}>
[INFO] [stdout]                                at /rustc/e3feeb59cd1bdd011a2bfcc0747b55125d9b8527/library/std/src/../../backtrace/src/backtrace/mod.rs:66:14
[INFO] [stdout]    2:     0x604a8a17f151 - std[617be2ca0a6fd877]::sys::backtrace::_print_fmt
[INFO] [stdout]                                at /rustc/e3feeb59cd1bdd011a2bfcc0747b55125d9b8527/library/std/src/sys/backtrace.rs:74:9
[INFO] [stdout]    3:     0x604a8a17f151 - <<std[617be2ca0a6fd877]::sys::backtrace::BacktraceLock>::print::DisplayBacktrace as core[a373ad73a504971]::fmt::Display>::fmt
[INFO] [stdout]                                at /rustc/e3feeb59cd1bdd011a2bfcc0747b55125d9b8527/library/std/src/sys/backtrace.rs:44:26
[INFO] [stdout]    4:     0x604a8a19559a - <core[a373ad73a504971]::fmt::rt::Argument>::fmt
[INFO] [stdout]                                at /rustc/e3feeb59cd1bdd011a2bfcc0747b55125d9b8527/library/core/src/fmt/rt.rs:152:76
[INFO] [stdout]    5:     0x604a8a19559a - core[a373ad73a504971]::fmt::write
[INFO] [stdout]    6:     0x604a8a18399c - core[a373ad73a504971]::io::write::default_write_fmt::<alloc[2e1b2a31b91974c5]::vec::Vec<u8>>
[INFO] [stdout]                                at /rustc/e3feeb59cd1bdd011a2bfcc0747b55125d9b8527/library/core/src/io/write.rs:402:11
[INFO] [stdout]    7:     0x604a8a18399c - <alloc[2e1b2a31b91974c5]::vec::Vec<u8> as core[a373ad73a504971]::io::write::Write>::write_fmt
[INFO] [stdout]                                at /rustc/e3feeb59cd1bdd011a2bfcc0747b55125d9b8527/library/core/src/io/write.rs:335:13
[INFO] [stdout]    8:     0x604a8a1585b6 - <std[617be2ca0a6fd877]::sys::backtrace::BacktraceLock>::print
[INFO] [stdout]                                at /rustc/e3feeb59cd1bdd011a2bfcc0747b55125d9b8527/library/std/src/sys/backtrace.rs:47:9
[INFO] [stdout]    9:     0x604a8a1585b6 - std[617be2ca0a6fd877]::panicking::default_hook::{closure#0}
[INFO] [stdout]                                at /rustc/e3feeb59cd1bdd011a2bfcc0747b55125d9b8527/library/std/src/panicking.rs:289:27
[INFO] [stdout]   10:     0x604a8a1766f9 - std[617be2ca0a6fd877]::panicking::default_hook
[INFO] [stdout]                                at /rustc/e3feeb59cd1bdd011a2bfcc0747b55125d9b8527/library/std/src/panicking.rs:313:9
[INFO] [stdout]   11:     0x604a8a10fd00 - <alloc[2e1b2a31b91974c5]::boxed::Box<dyn for<'a, 'b> core[a373ad73a504971]::ops::function::Fn<(&'a std[617be2ca0a6fd877]::panic::PanicHookInfo<'b>,), Output = ()> + core[a373ad73a504971]::marker::Sync + core[a373ad73a504971]::marker::Send> as core[a373ad73a504971]::ops::function::Fn<(&std[617be2ca0a6fd877]::panic::PanicHookInfo,)>>::call
[INFO] [stdout]                                at /rustc/e3feeb59cd1bdd011a2bfcc0747b55125d9b8527/library/alloc/src/boxed.rs:2328:9
[INFO] [stdout]   12:     0x604a8a10fd00 - test[aada8e7e76ba119b]::test_main_inner::{closure#0}
[INFO] [stdout]                                at /rustc/e3feeb59cd1bdd011a2bfcc0747b55125d9b8527/library/test/src/lib.rs:137:21
[INFO] [stdout]   13:     0x604a8a1768b2 - <alloc[2e1b2a31b91974c5]::boxed::Box<dyn for<'a, 'b> core[a373ad73a504971]::ops::function::Fn<(&'a std[617be2ca0a6fd877]::panic::PanicHookInfo<'b>,), Output = ()> + core[a373ad73a504971]::marker::Sync + core[a373ad73a504971]::marker::Send> as core[a373ad73a504971]::ops::function::Fn<(&std[617be2ca0a6fd877]::panic::PanicHookInfo,)>>::call
[INFO] [stdout]                                at /rustc/e3feeb59cd1bdd011a2bfcc0747b55125d9b8527/library/alloc/src/boxed.rs:2328:9
[INFO] [stdout]   14:     0x604a8a1768b2 - std[617be2ca0a6fd877]::panicking::panic_with_hook
[INFO] [stdout]                                at /rustc/e3feeb59cd1bdd011a2bfcc0747b55125d9b8527/library/std/src/panicking.rs:819:13
[INFO] [stdout]   15:     0x604a8a158662 - std[617be2ca0a6fd877]::panicking::panic_handler::{closure#0}
[INFO] [stdout]                                at /rustc/e3feeb59cd1bdd011a2bfcc0747b55125d9b8527/library/std/src/panicking.rs:685:13
[INFO] [stdout]   16:     0x604a8a150eb9 - std[617be2ca0a6fd877]::sys::backtrace::__rust_end_short_backtrace::<std[617be2ca0a6fd877]::panicking::panic_handler::{closure#0}, !>
[INFO] [stdout]                                at /rustc/e3feeb59cd1bdd011a2bfcc0747b55125d9b8527/library/std/src/sys/backtrace.rs:182:18
[INFO] [stdout]   17:     0x604a8a15926d - __rustc[ea4f61d10b84890b]::rust_begin_unwind
[INFO] [stdout]                                at /rustc/e3feeb59cd1bdd011a2bfcc0747b55125d9b8527/library/std/src/panicking.rs:676:5
[INFO] [stdout]   18:     0x604a8a195d8c - core[a373ad73a504971]::panicking::panic_fmt
[INFO] [stdout]                                at /rustc/e3feeb59cd1bdd011a2bfcc0747b55125d9b8527/library/core/src/panicking.rs:80:14
[INFO] [stdout]   19:     0x604a89ffc944 - <trybuild[3d5752f786e0551f]::Runner>::run
[INFO] [stdout]                                at /opt/rustwide/cargo-home/registry/src/index.crates.io-1949cf8c6b5b557f/trybuild-1.0.120/src/run.rs:103:13
[INFO] [stdout]   20:     0x604a8a0081f8 - <trybuild[3d5752f786e0551f]::TestCases as core[a373ad73a504971]::ops::drop::Drop>::drop
[INFO] [stdout]                                at /opt/rustwide/cargo-home/registry/src/index.crates.io-1949cf8c6b5b557f/trybuild-1.0.120/src/lib.rs:342:38
[INFO] [stdout]   21:     0x604a89ee25c7 - core[a373ad73a504971]::ptr::drop_glue::<trybuild[3d5752f786e0551f]::TestCases>
[INFO] [stdout]                                at /rustc/e3feeb59cd1bdd011a2bfcc0747b55125d9b8527/library/core/src/ptr/mod.rs:848:1
[INFO] [stdout]   22:     0x604a89ee27d3 - event_handler_compile_fail[83cdfcf1a2f77fc7]::event_handlers_reject_payloads_not_produced_by_the_marker
[INFO] [stdout]                                at /opt/rustwide/workdir/dorimubot-framework-core/tests/event_handler_compile_fail.rs:5:1
[INFO] [stdout]   23:     0x604a89ee2727 - event_handler_compile_fail[83cdfcf1a2f77fc7]::event_handlers_reject_payloads_not_produced_by_the_marker::{closure#0}
[INFO] [stdout]                                at /opt/rustwide/workdir/dorimubot-framework-core/tests/event_handler_compile_fail.rs:2:63
[INFO] [stdout]   24:     0x604a89ee2c36 - <event_handler_compile_fail[83cdfcf1a2f77fc7]::event_handlers_reject_payloads_not_produced_by_the_marker::{closure#0} as core[a373ad73a504971]::ops::function::FnOnce<()>>::call_once
[INFO] [stdout]                                at /rustc/e3feeb59cd1bdd011a2bfcc0747b55125d9b8527/library/core/src/ops/function.rs:250:5
[INFO] [stdout]   25:     0x604a8a10314b - <fn() -> core[a373ad73a504971]::result::Result<(), alloc[2e1b2a31b91974c5]::string::String> as core[a373ad73a504971]::ops::function::FnOnce<()>>::call_once
[INFO] [stdout]                                at /rustc/e3feeb59cd1bdd011a2bfcc0747b55125d9b8527/library/core/src/ops/function.rs:250:5
[INFO] [stdout]   26:     0x604a8a10314b - test[aada8e7e76ba119b]::__rust_begin_short_backtrace::<core[a373ad73a504971]::result::Result<(), alloc[2e1b2a31b91974c5]::string::String>, fn() -> core[a373ad73a504971]::result::Result<(), alloc[2e1b2a31b91974c5]::string::String>>
[INFO] [stdout]                                at /rustc/e3feeb59cd1bdd011a2bfcc0747b55125d9b8527/library/test/src/lib.rs:701:18
[INFO] [stdout]   27:     0x604a8a110325 - test[aada8e7e76ba119b]::run_test_in_process::{closure#0}
[INFO] [stdout]                                at /rustc/e3feeb59cd1bdd011a2bfcc0747b55125d9b8527/library/test/src/lib.rs:724:74
[INFO] [stdout]   28:     0x604a8a110325 - <core[a373ad73a504971]::panic::unwind_safe::AssertUnwindSafe<test[aada8e7e76ba119b]::run_test_in_process::{closure#0}> as core[a373ad73a504971]::ops::function::FnOnce<()>>::call_once
[INFO] [stdout]                                at /rustc/e3feeb59cd1bdd011a2bfcc0747b55125d9b8527/library/core/src/panic/unwind_safe.rs:275:9
[INFO] [stdout]   29:     0x604a8a110325 - std[617be2ca0a6fd877]::panicking::catch_unwind::do_call::<core[a373ad73a504971]::panic::unwind_safe::AssertUnwindSafe<test[aada8e7e76ba119b]::run_test_in_process::{closure#0}>, core[a373ad73a504971]::result::Result<(), alloc[2e1b2a31b91974c5]::string::String>>
[INFO] [stdout]                                at /rustc/e3feeb59cd1bdd011a2bfcc0747b55125d9b8527/library/std/src/panicking.rs:573:43
[INFO] [stdout]   30:     0x604a8a110325 - std[617be2ca0a6fd877]::panicking::catch_unwind::<core[a373ad73a504971]::result::Result<(), alloc[2e1b2a31b91974c5]::string::String>, core[a373ad73a504971]::panic::unwind_safe::AssertUnwindSafe<test[aada8e7e76ba119b]::run_test_in_process::{closure#0}>>
[INFO] [stdout]                                at /rustc/e3feeb59cd1bdd011a2bfcc0747b55125d9b8527/library/std/src/panicking.rs:541:19
[INFO] [stdout]   31:     0x604a8a110325 - std[617be2ca0a6fd877]::panic::catch_unwind::<core[a373ad73a504971]::panic::unwind_safe::AssertUnwindSafe<test[aada8e7e76ba119b]::run_test_in_process::{closure#0}>, core[a373ad73a504971]::result::Result<(), alloc[2e1b2a31b91974c5]::string::String>>
[INFO] [stdout]                                at /rustc/e3feeb59cd1bdd011a2bfcc0747b55125d9b8527/library/std/src/panic.rs:359:14
[INFO] [stdout]   32:     0x604a8a110325 - test[aada8e7e76ba119b]::run_test_in_process
[INFO] [stdout]                                at /rustc/e3feeb59cd1bdd011a2bfcc0747b55125d9b8527/library/test/src/lib.rs:724:27
[INFO] [stdout]   33:     0x604a8a110325 - test[aada8e7e76ba119b]::run_test::{closure#0}
[INFO] [stdout]                                at /rustc/e3feeb59cd1bdd011a2bfcc0747b55125d9b8527/library/test/src/lib.rs:645:43
[INFO] [stdout]   34:     0x604a8a109c14 - test[aada8e7e76ba119b]::run_test::{closure#1}
[INFO] [stdout]                                at /rustc/e3feeb59cd1bdd011a2bfcc0747b55125d9b8527/library/test/src/lib.rs:675:41
[INFO] [stdout]   35:     0x604a8a109c14 - std[617be2ca0a6fd877]::sys::backtrace::__rust_begin_short_backtrace::<test[aada8e7e76ba119b]::run_test::{closure#1}, ()>
[INFO] [stdout]                                at /rustc/e3feeb59cd1bdd011a2bfcc0747b55125d9b8527/library/std/src/sys/backtrace.rs:166:18
[INFO] [stdout]   36:     0x604a8a1133b2 - std[617be2ca0a6fd877]::thread::lifecycle::spawn_unchecked::<test[aada8e7e76ba119b]::run_test::{closure#1}, ()>::{closure#1}::{closure#0}
[INFO] [stdout]                                at /rustc/e3feeb59cd1bdd011a2bfcc0747b55125d9b8527/library/std/src/thread/lifecycle.rs:70:13
[INFO] [stdout]   37:     0x604a8a1133b2 - <core[a373ad73a504971]::panic::unwind_safe::AssertUnwindSafe<std[617be2ca0a6fd877]::thread::lifecycle::spawn_unchecked<test[aada8e7e76ba119b]::run_test::{closure#1}, ()>::{closure#1}::{closure#0}> as core[a373ad73a504971]::ops::function::FnOnce<()>>::call_once
[INFO] [stdout]                                at /rustc/e3feeb59cd1bdd011a2bfcc0747b55125d9b8527/library/core/src/panic/unwind_safe.rs:275:9
[INFO] [stdout]   38:     0x604a8a1133b2 - std[617be2ca0a6fd877]::panicking::catch_unwind::do_call::<core[a373ad73a504971]::panic::unwind_safe::AssertUnwindSafe<std[617be2ca0a6fd877]::thread::lifecycle::spawn_unchecked<test[aada8e7e76ba119b]::run_test::{closure#1}, ()>::{closure#1}::{closure#0}>, ()>
[INFO] [stdout]                                at /rustc/e3feeb59cd1bdd011a2bfcc0747b55125d9b8527/library/std/src/panicking.rs:573:43
[INFO] [stdout]   39:     0x604a8a1133b2 - std[617be2ca0a6fd877]::panicking::catch_unwind::<(), core[a373ad73a504971]::panic::unwind_safe::AssertUnwindSafe<std[617be2ca0a6fd877]::thread::lifecycle::spawn_unchecked<test[aada8e7e76ba119b]::run_test::{closure#1}, ()>::{closure#1}::{closure#0}>>
[INFO] [stdout]                                at /rustc/e3feeb59cd1bdd011a2bfcc0747b55125d9b8527/library/std/src/panicking.rs:541:19
[INFO] [stdout]   40:     0x604a8a1133b2 - std[617be2ca0a6fd877]::panic::catch_unwind::<core[a373ad73a504971]::panic::unwind_safe::AssertUnwindSafe<std[617be2ca0a6fd877]::thread::lifecycle::spawn_unchecked<test[aada8e7e76ba119b]::run_test::{closure#1}, ()>::{closure#1}::{closure#0}>, ()>
[INFO] [stdout]                                at /rustc/e3feeb59cd1bdd011a2bfcc0747b55125d9b8527/library/std/src/panic.rs:359:14
[INFO] [stdout]   41:     0x604a8a1133b2 - std[617be2ca0a6fd877]::thread::lifecycle::spawn_unchecked::<test[aada8e7e76ba119b]::run_test::{closure#1}, ()>::{closure#1}
[INFO] [stdout]                                at /rustc/e3feeb59cd1bdd011a2bfcc0747b55125d9b8527/library/std/src/thread/lifecycle.rs:68:26
[INFO] [stdout]   42:     0x604a8a1133b2 - <std[617be2ca0a6fd877]::thread::lifecycle::spawn_unchecked<test[aada8e7e76ba119b]::run_test::{closure#1}, ()>::{closure#1} as core[a373ad73a504971]::ops::function::FnOnce<()>>::call_once::{shim:vtable#0}
[INFO] [stdout]                                at /rustc/e3feeb59cd1bdd011a2bfcc0747b55125d9b8527/library/core/src/ops/function.rs:250:5
[INFO] [stdout]   43:     0x604a8a17e3af - <alloc[2e1b2a31b91974c5]::boxed::Box<dyn core[a373ad73a504971]::ops::function::FnOnce<(), Output = ()> + core[a373ad73a504971]::marker::Send> as core[a373ad73a504971]::ops::function::FnOnce<()>>::call_once
[INFO] [stdout]                                at /rustc/e3feeb59cd1bdd011a2bfcc0747b55125d9b8527/library/alloc/src/boxed.rs:2314:9
[INFO] [stdout]   44:     0x604a8a17e3af - <std[617be2ca0a6fd877]::sys::thread::unix::Thread>::new::thread_start
[INFO] [stdout]                                at /rustc/e3feeb59cd1bdd011a2bfcc0747b55125d9b8527/library/std/src/sys/thread/unix.rs:127:17
[INFO] [stdout]   45:     0x7a8e5a140dfa - <unknown>
[INFO] [stdout]   46:     0x7a8e5a1d43d4 - clone
[INFO] [stdout]   47:                0x0 - <unknown>
[INFO] [stdout] 
[INFO] [stdout] 
[INFO] [stdout] failures:
[INFO] [stdout]     event_handlers_reject_payloads_not_produced_by_the_marker
[INFO] [stdout] 
[INFO] [stdout] test result: FAILED. 0 passed; 1 failed; 0 ignored; 0 measured; 0 filtered out; finished in 93.64s
[INFO] [stdout] 
[INFO] [stderr] error: test failed, to rerun pass `-p dorimubot-framework-core --test event_handler_compile_fail`
[INFO] running `Command { std: "docker" "inspect" "82601d8393578312944db97e1911fd763bc321664397b0eef023c2040e204f1e", kill_on_drop: false }`
[INFO] running `Command { std: "docker" "rm" "-f" "82601d8393578312944db97e1911fd763bc321664397b0eef023c2040e204f1e", kill_on_drop: false }`
[INFO] [stdout] 82601d8393578312944db97e1911fd763bc321664397b0eef023c2040e204f1e
