[INFO] cloning repository https://github.com/BlueFrog130/composure-rs
[INFO] running `Command { std: "git" "-c" "credential.helper=" "-c" "credential.helper=/workspace/cargo-home/bin/git-credential-null" "clone" "--bare" "https://github.com/BlueFrog130/composure-rs" "/workspace/cache/git-repos/https%3A%2F%2Fgithub.com%2FBlueFrog130%2Fcomposure-rs", kill_on_drop: false }`
[INFO] [stderr] Cloning into bare repository '/workspace/cache/git-repos/https%3A%2F%2Fgithub.com%2FBlueFrog130%2Fcomposure-rs'...
[INFO] running `Command { std: "git" "rev-parse" "HEAD", kill_on_drop: false }`
[INFO] [stdout] 72489434c19ebea823b679df1231434e126c4467
[INFO] testing BlueFrog130/composure-rs against 1.100.0-beta.1 for beta-1.100-2
[INFO] running `Command { std: "git" "clone" "/workspace/cache/git-repos/https%3A%2F%2Fgithub.com%2FBlueFrog130%2Fcomposure-rs" "/workspace/builds/worker-5-tc2/source", kill_on_drop: false }`
[INFO] [stderr] Cloning into '/workspace/builds/worker-5-tc2/source'...
[INFO] [stderr] done.
[INFO] started tweaking git repo https://github.com/BlueFrog130/composure-rs
[INFO] finished tweaking git repo https://github.com/BlueFrog130/composure-rs
[INFO] tweaked toml for git repo https://github.com/BlueFrog130/composure-rs written to /workspace/builds/worker-5-tc2/source/Cargo.toml
[INFO] validating manifest of git repo https://github.com/BlueFrog130/composure-rs on toolchain 1.100.0-beta.1
[INFO] running `Command { std: CARGO_HOME="/workspace/cargo-home" RUSTUP_HOME="/workspace/rustup-home" "/workspace/cargo-home/bin/cargo" "+1.100.0-beta.1" "metadata" "--manifest-path" "Cargo.toml" "--no-deps", kill_on_drop: false }`
[INFO] crate git repo https://github.com/BlueFrog130/composure-rs already has a lockfile, it will not be regenerated
[INFO] running `Command { std: CARGO_HOME="/workspace/cargo-home" RUSTUP_HOME="/workspace/rustup-home" "/workspace/cargo-home/bin/cargo" "+1.100.0-beta.1" "fetch" "--manifest-path" "Cargo.toml", kill_on_drop: false }`
[INFO] running `Command { std: "docker" "create" "-v" "/var/lib/crater-agent-workspace/builds/worker-5-tc2/source:/opt/rustwide/workdir:ro,Z" "-v" "/var/lib/crater-agent-workspace/builds/worker-5-tc2/target:/opt/rustwide/target:rw,Z" "-v" "/var/lib/crater-agent-workspace/cargo-home:/opt/rustwide/cargo-home:ro,Z" "-v" "/var/lib/crater-agent-workspace/rustup-home:/opt/rustwide/rustup-home:ro,Z" "-m" "1610612736" "--network" "none" "ghcr.io/rust-lang/crates-build-env/linux@sha256:3111399a4047eeb3a02b7a90e478d715f38a8c6669b5c4b49d30a17385265909" "sleep" "infinity", kill_on_drop: false }`
[INFO] [stdout] e6c7b8b7c033994665dfcd622b7b9b7a63c1eb6013778486e27827a3be797c0e
[INFO] running `Command { std: "docker" "start" "e6c7b8b7c033994665dfcd622b7b9b7a63c1eb6013778486e27827a3be797c0e", kill_on_drop: false }`
[INFO] running `Command { std: "docker" "inspect" "e6c7b8b7c033994665dfcd622b7b9b7a63c1eb6013778486e27827a3be797c0e", kill_on_drop: false }`
[INFO] running `Command { std: "docker" "exec" "-e" "SOURCE_DIR=/opt/rustwide/workdir" "-e" "CARGO_HOME=/opt/rustwide/cargo-home" "-e" "RUSTUP_HOME=/opt/rustwide/rustup-home" "-e" "CARGO_TARGET_DIR=/opt/rustwide/target" "-w" "/opt/rustwide/workdir" "--user" "0:0" "e6c7b8b7c033994665dfcd622b7b9b7a63c1eb6013778486e27827a3be797c0e" "/opt/rustwide/cargo-home/bin/cargo" "+1.100.0-beta.1" "metadata" "--no-deps" "--format-version=1", kill_on_drop: false }`
[INFO] running `Command { std: "docker" "inspect" "e6c7b8b7c033994665dfcd622b7b9b7a63c1eb6013778486e27827a3be797c0e", kill_on_drop: false }`
[INFO] running `Command { std: "docker" "exec" "-e" "SOURCE_DIR=/opt/rustwide/workdir" "-e" "CARGO_HOME=/opt/rustwide/cargo-home" "-e" "RUSTUP_HOME=/opt/rustwide/rustup-home" "-e" "CARGO_TARGET_DIR=/opt/rustwide/target" "-e" "CARGO_INCREMENTAL=0" "-e" "RUST_BACKTRACE=full" "-e" "RUSTFLAGS=--cap-lints=warn" "-e" "RUSTDOCFLAGS=--cap-lints=warn" "-w" "/opt/rustwide/workdir" "--user" "0:0" "e6c7b8b7c033994665dfcd622b7b9b7a63c1eb6013778486e27827a3be797c0e" "/opt/rustwide/cargo-home/bin/cargo" "+1.100.0-beta.1" "build" "--frozen" "--message-format=json", kill_on_drop: false }`
[INFO] [stderr]    Compiling proc-macro2 v1.0.56
[INFO] [stderr]    Compiling unicode-ident v1.0.8
[INFO] [stderr]    Compiling quote v1.0.26
[INFO] [stderr]    Compiling libc v0.2.142
[INFO] [stderr]    Compiling version_check v0.9.4
[INFO] [stderr]    Compiling typenum v1.16.0
[INFO] [stderr]    Compiling cfg-if v1.0.0
[INFO] [stderr]    Compiling getrandom v0.1.16
[INFO] [stderr]    Compiling serde_derive v1.0.160
[INFO] [stderr]    Compiling syn v1.0.109
[INFO] [stderr]    Compiling serde v1.0.160
[INFO] [stderr]    Compiling rustversion v1.0.12
[INFO] [stderr]    Compiling ppv-lite86 v0.2.17
[INFO] [stderr]    Compiling subtle v2.5.0
[INFO] [stderr]    Compiling byteorder v1.4.3
[INFO] [stderr]    Compiling cpufeatures v0.2.7
[INFO] [stderr]    Compiling signature v1.6.4
[INFO] [stderr]    Compiling heck v0.4.1
[INFO] [stderr]    Compiling opaque-debug v0.3.0
[INFO] [stderr]    Compiling serde_json v1.0.96
[INFO] [stderr]    Compiling itoa v1.0.6
[INFO] [stderr]    Compiling ed25519 v1.5.3
[INFO] [stderr]    Compiling ryu v1.0.13
[INFO] [stderr]    Compiling bitflags v2.2.1
[INFO] [stderr]    Compiling hex v0.4.3
[INFO] [stderr]    Compiling generic-array v0.14.7
[INFO] [stderr]    Compiling rand_core v0.5.1
[INFO] [stderr]    Compiling rand_chacha v0.2.2
[INFO] [stderr]    Compiling syn v2.0.15
[INFO] [stderr]    Compiling rand v0.7.3
[INFO] [stderr]    Compiling digest v0.9.0
[INFO] [stderr]    Compiling block-buffer v0.9.0
[INFO] [stderr]    Compiling sha2 v0.9.9
[INFO] [stderr]    Compiling strum_macros v0.24.3
[INFO] [stderr]    Compiling strum v0.24.1
[INFO] [stderr]    Compiling zeroize_derive v1.4.2
[INFO] [stderr]    Compiling serde_repr v0.1.12
[INFO] [stderr]    Compiling zeroize v1.3.0
[INFO] [stderr]    Compiling curve25519-dalek v3.2.1
[INFO] [stderr]    Compiling ed25519-dalek v1.0.1
[INFO] [stderr]    Compiling composure v0.0.2 (/opt/rustwide/workdir)
[INFO] [stdout] error[E0277]: the trait bound `!: Deserialize<'de>` is not satisfied
[INFO] [stdout]     --> src/models/deserialize/role.rs:174:37
[INFO] [stdout]      |
[INFO] [stdout]  174 | ...                   _ = map.next_value()?;
[INFO] [stdout]      |                               ^^^^^^^^^^ the trait `Deserialize<'de>` is not implemented for `!`
[INFO] [stdout]      |
[INFO] [stdout]      = help: the following other types implement trait `Deserialize<'de>`:
[INFO] [stdout]                &'a Path
[INFO] [stdout]                &'a [u8]
[INFO] [stdout]                &'a str
[INFO] [stdout]                ()
[INFO] [stdout]                (T0, T1)
[INFO] [stdout]                (T0, T1, T2)
[INFO] [stdout]                (T0, T1, T2, T3)
[INFO] [stdout]                (T0, T1, T2, T3, T4)
[INFO] [stdout]              and 205 others
[INFO] [stdout]      = note: this error might have been caused by changes to Rust's type-inference algorithm (see issue #148922 <https://github.com/rust-lang/rust/issues/148922> for more information)
[INFO] [stdout]      = help: you might have intended to use the type `()` here instead
[INFO] [stdout] note: required by a bound in `next_value`
[INFO] [stdout]     --> /opt/rustwide/cargo-home/registry/src/index.crates.io-1949cf8c6b5b557f/serde-1.0.160/src/de/mod.rs:1868:12
[INFO] [stdout]      |
[INFO] [stdout] 1789 | pub trait MapAccess<'de> {
[INFO] [stdout] ...
[INFO] [stdout] 1866 |     fn next_value<V>(&mut self) -> Result<V, Self::Error>
[INFO] [stdout] 1867 |     where
[INFO] [stdout] 1868 |         V: Deserialize<'de>,
[INFO] [stdout]      |            ^^^^^^^^^^^^^^^^ required by this bound in `MapAccess::next_value`
[INFO] [stdout] 
[INFO] [stdout] 
[INFO] [stdout] error[E0277]: the trait bound `!: Deserialize<'de>` is not satisfied
[INFO] [stdout]     --> src/models/deserialize/role.rs:184:37
[INFO] [stdout]      |
[INFO] [stdout]  184 | ...                   _ = map.next_value()?;
[INFO] [stdout]      |                               ^^^^^^^^^^ the trait `Deserialize<'de>` is not implemented for `!`
[INFO] [stdout]      |
[INFO] [stdout]      = help: the following other types implement trait `Deserialize<'de>`:
[INFO] [stdout]                &'a Path
[INFO] [stdout]                &'a [u8]
[INFO] [stdout]                &'a str
[INFO] [stdout]                ()
[INFO] [stdout]                (T0, T1)
[INFO] [stdout]                (T0, T1, T2)
[INFO] [stdout]                (T0, T1, T2, T3)
[INFO] [stdout]                (T0, T1, T2, T3, T4)
[INFO] [stdout]              and 205 others
[INFO] [stdout]      = note: this error might have been caused by changes to Rust's type-inference algorithm (see issue #148922 <https://github.com/rust-lang/rust/issues/148922> for more information)
[INFO] [stdout]      = help: you might have intended to use the type `()` here instead
[INFO] [stdout] note: required by a bound in `next_value`
[INFO] [stdout]     --> /opt/rustwide/cargo-home/registry/src/index.crates.io-1949cf8c6b5b557f/serde-1.0.160/src/de/mod.rs:1868:12
[INFO] [stdout]      |
[INFO] [stdout] 1789 | pub trait MapAccess<'de> {
[INFO] [stdout] ...
[INFO] [stdout] 1866 |     fn next_value<V>(&mut self) -> Result<V, Self::Error>
[INFO] [stdout] 1867 |     where
[INFO] [stdout] 1868 |         V: Deserialize<'de>,
[INFO] [stdout]      |            ^^^^^^^^^^^^^^^^ required by this bound in `MapAccess::next_value`
[INFO] [stdout] 
[INFO] [stdout] 
[INFO] [stdout] error[E0277]: the trait bound `!: Deserialize<'de>` is not satisfied
[INFO] [stdout]     --> src/models/deserialize/role.rs:191:37
[INFO] [stdout]      |
[INFO] [stdout]  191 | ...                   _ = map.next_value()?;
[INFO] [stdout]      |                               ^^^^^^^^^^ the trait `Deserialize<'de>` is not implemented for `!`
[INFO] [stdout]      |
[INFO] [stdout]      = help: the following other types implement trait `Deserialize<'de>`:
[INFO] [stdout]                &'a Path
[INFO] [stdout]                &'a [u8]
[INFO] [stdout]                &'a str
[INFO] [stdout]                ()
[INFO] [stdout]                (T0, T1)
[INFO] [stdout]                (T0, T1, T2)
[INFO] [stdout]                (T0, T1, T2, T3)
[INFO] [stdout]                (T0, T1, T2, T3, T4)
[INFO] [stdout]              and 205 others
[INFO] [stdout]      = note: this error might have been caused by changes to Rust's type-inference algorithm (see issue #148922 <https://github.com/rust-lang/rust/issues/148922> for more information)
[INFO] [stdout]      = help: you might have intended to use the type `()` here instead
[INFO] [stdout] note: required by a bound in `next_value`
[INFO] [stdout]     --> /opt/rustwide/cargo-home/registry/src/index.crates.io-1949cf8c6b5b557f/serde-1.0.160/src/de/mod.rs:1868:12
[INFO] [stdout]      |
[INFO] [stdout] 1789 | pub trait MapAccess<'de> {
[INFO] [stdout] ...
[INFO] [stdout] 1866 |     fn next_value<V>(&mut self) -> Result<V, Self::Error>
[INFO] [stdout] 1867 |     where
[INFO] [stdout] 1868 |         V: Deserialize<'de>,
[INFO] [stdout]      |            ^^^^^^^^^^^^^^^^ required by this bound in `MapAccess::next_value`
[INFO] [stdout] 
[INFO] [stdout] 
[INFO] [stdout] For more information about this error, try `rustc --explain E0277`.
[INFO] [stdout] 
[INFO] [stderr] error: could not compile `composure` (lib) due to 3 previous errors
[INFO] running `Command { std: "docker" "inspect" "e6c7b8b7c033994665dfcd622b7b9b7a63c1eb6013778486e27827a3be797c0e", kill_on_drop: false }`
[INFO] running `Command { std: "docker" "rm" "-f" "e6c7b8b7c033994665dfcd622b7b9b7a63c1eb6013778486e27827a3be797c0e", kill_on_drop: false }`
[INFO] [stdout] e6c7b8b7c033994665dfcd622b7b9b7a63c1eb6013778486e27827a3be797c0e
