[INFO] cloning repository https://github.com/ALaustrup/fractal-node
[INFO] running `Command { std: "git" "-c" "credential.helper=" "-c" "credential.helper=/workspace/cargo-home/bin/git-credential-null" "clone" "--bare" "https://github.com/ALaustrup/fractal-node" "/workspace/cache/git-repos/https%3A%2F%2Fgithub.com%2FALaustrup%2Ffractal-node", kill_on_drop: false }`
[INFO] [stderr] Cloning into bare repository '/workspace/cache/git-repos/https%3A%2F%2Fgithub.com%2FALaustrup%2Ffractal-node'...
[INFO] running `Command { std: "git" "rev-parse" "HEAD", kill_on_drop: false }`
[INFO] [stdout] 2a4b601c96483cc3d5b7e11d3b8fd692dd24a477
[INFO] testing ALaustrup/fractal-node against 1.100.0-beta.1 for beta-1.100-2
[INFO] running `Command { std: "git" "clone" "/workspace/cache/git-repos/https%3A%2F%2Fgithub.com%2FALaustrup%2Ffractal-node" "/workspace/builds/worker-2-tc2/source", kill_on_drop: false }`
[INFO] [stderr] Cloning into '/workspace/builds/worker-2-tc2/source'...
[INFO] [stderr] done.
[INFO] removed /workspace/builds/worker-2-tc2/source/.cargo/config.toml
[INFO] removed /workspace/builds/worker-2-tc2/source/rust-toolchain.toml
[INFO] started tweaking git repo https://github.com/ALaustrup/fractal-node
[INFO] finished tweaking git repo https://github.com/ALaustrup/fractal-node
[INFO] tweaked toml for git repo https://github.com/ALaustrup/fractal-node written to /workspace/builds/worker-2-tc2/source/Cargo.toml
[INFO] validating manifest of git repo https://github.com/ALaustrup/fractal-node on toolchain 1.100.0-beta.1
[INFO] running `Command { std: CARGO_HOME="/workspace/cargo-home" RUSTUP_HOME="/workspace/rustup-home" "/workspace/cargo-home/bin/cargo" "+1.100.0-beta.1" "metadata" "--manifest-path" "Cargo.toml" "--no-deps", kill_on_drop: false }`
[INFO] crate git repo https://github.com/ALaustrup/fractal-node already has a lockfile, it will not be regenerated
[INFO] running `Command { std: CARGO_HOME="/workspace/cargo-home" RUSTUP_HOME="/workspace/rustup-home" "/workspace/cargo-home/bin/cargo" "+1.100.0-beta.1" "fetch" "--manifest-path" "Cargo.toml", kill_on_drop: false }`
[INFO] [stderr] warning: unused workspace dependency `fractal-core`
[INFO] [stderr]   --> Cargo.toml:45:25
[INFO] [stderr]    |
[INFO] [stderr] 45 | [workspace.dependencies.fractal-core]
[INFO] [stderr]    |                         ^^^^^^^^^^^^
[INFO] [stderr]    |
[INFO] [stderr]    = note: `cargo::unused_workspace_dependencies` is set to `warn` by default
[INFO] [stderr] help: consider removing the workspace dependency `fractal-core`
[INFO] [stderr] warning: unused field `publish` in `workspace.package`
[INFO] [stderr]    --> Cargo.toml:115:1
[INFO] [stderr]     |
[INFO] [stderr] 115 | publish = false
[INFO] [stderr]     | ^^^^^^^
[INFO] [stderr]     |
[INFO] [stderr]     = note: `cargo::unused_workspace_package_fields` is set to `warn` by default
[INFO] [stderr] help: consider removing the field `workspace.package.publish`
[INFO] [stderr] warning: unused field `repository` in `workspace.package`
[INFO] [stderr]    --> Cargo.toml:116:1
[INFO] [stderr]     |
[INFO] [stderr] 116 | repository = "https://github.com/ALaustrup/fractal-node"
[INFO] [stderr]     | ^^^^^^^^^^
[INFO] [stderr]     |
[INFO] [stderr] help: consider removing the field `workspace.package.repository`
[INFO] [stderr] warning: workspace (manifest) generated 3 warnings
[INFO] running `Command { std: "docker" "create" "-v" "/var/lib/crater-agent-workspace/builds/worker-2-tc2/source:/opt/rustwide/workdir:ro,Z" "-v" "/var/lib/crater-agent-workspace/builds/worker-2-tc2/target:/opt/rustwide/target:rw,Z" "-v" "/var/lib/crater-agent-workspace/cargo-home:/opt/rustwide/cargo-home:ro,Z" "-v" "/var/lib/crater-agent-workspace/rustup-home:/opt/rustwide/rustup-home:ro,Z" "-m" "1610612736" "--network" "none" "ghcr.io/rust-lang/crates-build-env/linux@sha256:3111399a4047eeb3a02b7a90e478d715f38a8c6669b5c4b49d30a17385265909" "sleep" "infinity", kill_on_drop: false }`
[INFO] [stdout] e5f56a7f500422c17da67b5202ba1b9db747cb1ffed5bbde7c510cd7fd5163a3
[INFO] running `Command { std: "docker" "start" "e5f56a7f500422c17da67b5202ba1b9db747cb1ffed5bbde7c510cd7fd5163a3", kill_on_drop: false }`
[INFO] running `Command { std: "docker" "inspect" "e5f56a7f500422c17da67b5202ba1b9db747cb1ffed5bbde7c510cd7fd5163a3", kill_on_drop: false }`
[INFO] running `Command { std: "docker" "exec" "-e" "SOURCE_DIR=/opt/rustwide/workdir" "-e" "CARGO_HOME=/opt/rustwide/cargo-home" "-e" "RUSTUP_HOME=/opt/rustwide/rustup-home" "-e" "CARGO_TARGET_DIR=/opt/rustwide/target" "-w" "/opt/rustwide/workdir" "--user" "0:0" "e5f56a7f500422c17da67b5202ba1b9db747cb1ffed5bbde7c510cd7fd5163a3" "/opt/rustwide/cargo-home/bin/cargo" "+1.100.0-beta.1" "metadata" "--no-deps" "--format-version=1", kill_on_drop: false }`
[INFO] running `Command { std: "docker" "inspect" "e5f56a7f500422c17da67b5202ba1b9db747cb1ffed5bbde7c510cd7fd5163a3", kill_on_drop: false }`
[INFO] running `Command { std: "docker" "exec" "-e" "SOURCE_DIR=/opt/rustwide/workdir" "-e" "CARGO_HOME=/opt/rustwide/cargo-home" "-e" "RUSTUP_HOME=/opt/rustwide/rustup-home" "-e" "CARGO_TARGET_DIR=/opt/rustwide/target" "-e" "CARGO_INCREMENTAL=0" "-e" "RUST_BACKTRACE=full" "-e" "RUSTFLAGS=--cap-lints=warn" "-e" "RUSTDOCFLAGS=--cap-lints=warn" "-w" "/opt/rustwide/workdir" "--user" "0:0" "e5f56a7f500422c17da67b5202ba1b9db747cb1ffed5bbde7c510cd7fd5163a3" "/opt/rustwide/cargo-home/bin/cargo" "+1.100.0-beta.1" "build" "--frozen" "--message-format=json", kill_on_drop: false }`
[INFO] [stderr] warning: unused workspace dependency `fractal-core`
[INFO] [stderr]   --> Cargo.toml:45:25
[INFO] [stderr]    |
[INFO] [stderr] 45 | [workspace.dependencies.fractal-core]
[INFO] [stderr]    |                         ^^^^^^^^^^^^
[INFO] [stderr]    |
[INFO] [stderr]    = note: `cargo::unused_workspace_dependencies` is set to `warn` by default
[INFO] [stderr] help: consider removing the workspace dependency `fractal-core`
[INFO] [stderr] warning: unused field `publish` in `workspace.package`
[INFO] [stderr]    --> Cargo.toml:115:1
[INFO] [stderr]     |
[INFO] [stderr] 115 | publish = false
[INFO] [stderr]     | ^^^^^^^
[INFO] [stderr]     |
[INFO] [stderr]     = note: `cargo::unused_workspace_package_fields` is set to `warn` by default
[INFO] [stderr] help: consider removing the field `workspace.package.publish`
[INFO] [stderr] warning: unused field `repository` in `workspace.package`
[INFO] [stderr]    --> Cargo.toml:116:1
[INFO] [stderr]     |
[INFO] [stderr] 116 | repository = "https://github.com/ALaustrup/fractal-node"
[INFO] [stderr]     | ^^^^^^^^^^
[INFO] [stderr]     |
[INFO] [stderr] help: consider removing the field `workspace.package.repository`
[INFO] [stderr] warning: workspace (manifest) generated 3 warnings
[INFO] [stderr]    Compiling proc-macro2 v1.0.107
[INFO] [stderr]    Compiling unicode-ident v1.0.24
[INFO] [stderr]    Compiling quote v1.0.47
[INFO] [stderr]    Compiling libc v0.2.189
[INFO] [stderr]    Compiling serde_core v1.0.229
[INFO] [stderr]    Compiling itoa v1.0.18
[INFO] [stderr]    Compiling serde v1.0.229
[INFO] [stderr]    Compiling getrandom v0.3.4
[INFO] [stderr]    Compiling zerocopy v0.8.56
[INFO] [stderr]    Compiling cfg-if v1.0.4
[INFO] [stderr]    Compiling zmij v1.0.23
[INFO] [stderr]    Compiling serde_json v1.0.151
[INFO] [stderr]    Compiling memchr v2.8.3
[INFO] [stderr]    Compiling bytes v1.12.1
[INFO] [stderr]    Compiling thiserror v2.0.20
[INFO] [stderr]    Compiling pin-project-lite v0.2.17
[INFO] [stderr]    Compiling futures-core v0.3.34
[INFO] [stderr]    Compiling once_cell v1.21.4
[INFO] [stderr]    Compiling slab v0.4.12
[INFO] [stderr]    Compiling futures-task v0.3.34
[INFO] [stderr]    Compiling log v0.4.34
[INFO] [stderr]    Compiling httparse v1.10.1
[INFO] [stderr]    Compiling tower-service v0.3.3
[INFO] [stderr]    Compiling mime v0.3.17
[INFO] [stderr]    Compiling tower-layer v0.3.3
[INFO] [stderr]    Compiling percent-encoding v2.3.2
[INFO] [stderr]    Compiling httpdate v1.0.3
[INFO] [stderr]    Compiling tracing-core v0.1.36
[INFO] [stderr]    Compiling futures-util v0.3.34
[INFO] [stderr]    Compiling rustversion v1.0.23
[INFO] [stderr]    Compiling utf8parse v0.2.2
[INFO] [stderr]    Compiling unicase v2.9.0
[INFO] [stderr]    Compiling futures-channel v0.3.34
[INFO] [stderr]    Compiling anstyle-parse v1.0.0
[INFO] [stderr]    Compiling sync_wrapper v1.0.2
[INFO] [stderr]    Compiling colorchoice v1.0.5
[INFO] [stderr]    Compiling http v1.5.0
[INFO] [stderr]    Compiling anstyle v1.0.14
[INFO] [stderr]    Compiling is_terminal_polyfill v1.70.2
[INFO] [stderr]    Compiling anyhow v1.0.104
[INFO] [stderr]    Compiling mime_guess v2.0.5
[INFO] [stderr]    Compiling atomic-waker v1.1.2
[INFO] [stderr]    Compiling smallvec v1.16.0
[INFO] [stderr]    Compiling anstyle-query v1.1.5
[INFO] [stderr]    Compiling tracing v0.1.44
[INFO] [stderr]    Compiling anstream v1.0.0
[INFO] [stderr]    Compiling form_urlencoded v1.2.2
[INFO] [stderr]    Compiling hashbrown v0.17.1
[INFO] [stderr]    Compiling clap_lex v1.1.0
[INFO] [stderr]    Compiling futures-sink v0.3.34
[INFO] [stderr]    Compiling heck v0.5.0
[INFO] [stderr]    Compiling strsim v0.11.1
[INFO] [stderr]    Compiling ryu v1.0.23
[INFO] [stderr]    Compiling syn v3.0.4
[INFO] [stderr]    Compiling equivalent v1.0.2
[INFO] [stderr]    Compiling toml_write v0.1.2
[INFO] [stderr]    Compiling winnow v0.7.15
[INFO] [stderr]    Compiling clap_builder v4.6.6
[INFO] [stderr]    Compiling matchit v0.7.3
[INFO] [stderr]    Compiling http-range-header v0.4.2
[INFO] [stderr]    Compiling bitflags v2.13.1
[INFO] [stderr]    Compiling fractal-schema v0.0.1 (/opt/rustwide/workdir/crates/support/schema)
[INFO] [stderr]    Compiling http-body v1.1.0
[INFO] [stderr]    Compiling http-body-util v0.1.5
[INFO] [stderr]    Compiling errno v0.3.14
[INFO] [stderr]    Compiling mio v1.2.3
[INFO] [stderr]    Compiling socket2 v0.6.5
[INFO] [stderr]    Compiling indexmap v2.14.1
[INFO] [stderr]    Compiling signal-hook-registry v1.4.8
[INFO] [stderr]    Compiling rand_core v0.9.5
[INFO] [stderr]    Compiling serde_path_to_error v0.1.20
[INFO] [stderr]    Compiling ppv-lite86 v0.2.21
[INFO] [stderr]    Compiling rand_chacha v0.9.0
[INFO] [stderr]    Compiling serde_derive v1.0.229
[INFO] [stderr]    Compiling thiserror-impl v2.0.20
[INFO] [stderr]    Compiling tokio-macros v2.7.2
[INFO] [stderr]    Compiling async-trait v0.1.92
[INFO] [stderr]    Compiling clap_derive v4.6.4
[INFO] [stderr]    Compiling rand v0.9.5
[INFO] [stderr]    Compiling tokio v1.53.1
[INFO] [stderr]    Compiling axum-core v0.4.5
[INFO] [stderr]    Compiling ulid v1.2.1
[INFO] [stderr]    Compiling clap v4.6.6
[INFO] [stderr]    Compiling fractal-types v0.0.1 (/opt/rustwide/workdir/crates/support/types)
[INFO] [stderr]    Compiling serde_spanned v0.6.9
[INFO] [stderr]    Compiling serde_urlencoded v0.7.1
[INFO] [stderr]    Compiling toml_datetime v0.6.11
[INFO] [stderr]    Compiling fractal-cli v0.0.1 (/opt/rustwide/workdir/crates/bin/cli)
[INFO] [stderr]    Compiling toml_edit v0.22.27
[INFO] [stderr]    Compiling fractal-ports v0.0.1 (/opt/rustwide/workdir/crates/ports)
[INFO] [stderr]    Compiling fractal-app-kernel v0.0.1 (/opt/rustwide/workdir/crates/app/kernel)
[INFO] [stderr]    Compiling fractal-domain-society v0.0.1 (/opt/rustwide/workdir/crates/domain/society)
[INFO] [stderr]    Compiling fractal-adapter-store-memory v0.0.1 (/opt/rustwide/workdir/crates/adapter/store-memory)
[INFO] [stderr]    Compiling fractal-adapter-store-jsonl v0.0.1 (/opt/rustwide/workdir/crates/adapter/store-jsonl)
[INFO] [stderr]    Compiling fractal-adapter-ambient-system v0.0.1 (/opt/rustwide/workdir/crates/adapter/ambient-system)
[INFO] [stderr]    Compiling fractal-testkit v0.0.1 (/opt/rustwide/workdir/crates/support/testkit)
[INFO] [stderr]    Compiling fractal-app-society v0.0.1 (/opt/rustwide/workdir/crates/app/society)
[INFO] [stderr]    Compiling hyper v1.11.1
[INFO] [stderr]    Compiling tower v0.5.3
[INFO] [stderr]    Compiling tokio-util v0.7.19
[INFO] [stderr]    Compiling tower-http v0.6.11
[INFO] [stderr]    Compiling toml v0.8.23
[INFO] [stderr]    Compiling hyper-util v0.1.20
[INFO] [stderr]    Compiling axum v0.7.9
[INFO] [stderr]    Compiling xtask v0.0.1 (/opt/rustwide/workdir/xtask)
[INFO] [stderr]    Compiling fractal-api-http v0.0.1 (/opt/rustwide/workdir/crates/api/http)
[INFO] [stderr]    Compiling fractal-node v0.0.1 (/opt/rustwide/workdir/crates/bin/node)
[INFO] [stderr] warning: unused dependency `tower-http`
[INFO] [stderr]   --> crates/api/http/Cargo.toml:18:1
[INFO] [stderr]    |
[INFO] [stderr] 18 | tower-http.workspace = true
[INFO] [stderr]    | ^^^^^^^^^^
[INFO] [stderr]    |
[INFO] [stderr]    = note: `cargo::unused_dependencies` is set to `warn` by default
[INFO] [stderr] help: consider removing the dependency on `tower-http`
[INFO] [stderr] warning: `fractal-api-http` (manifest) generated 1 warning
[INFO] [stderr] warning: unused dependency `serde`
[INFO] [stderr]   --> crates/bin/cli/Cargo.toml:16:1
[INFO] [stderr]    |
[INFO] [stderr] 16 | serde.workspace = true
[INFO] [stderr]    | ^^^^^
[INFO] [stderr]    |
[INFO] [stderr]    = note: `cargo::unused_dependencies` is set to `warn` by default
[INFO] [stderr] help: consider removing the dependency on `serde`
[INFO] [stderr] warning: `fractal-cli` (manifest) generated 1 warning
[INFO] [stderr]     Finished `dev` profile [unoptimized + debuginfo] target(s) in 47.21s
[INFO] running `Command { std: "docker" "inspect" "e5f56a7f500422c17da67b5202ba1b9db747cb1ffed5bbde7c510cd7fd5163a3", kill_on_drop: false }`
[INFO] running `Command { std: "docker" "exec" "-e" "SOURCE_DIR=/opt/rustwide/workdir" "-e" "CARGO_HOME=/opt/rustwide/cargo-home" "-e" "RUSTUP_HOME=/opt/rustwide/rustup-home" "-e" "CARGO_TARGET_DIR=/opt/rustwide/target" "-e" "CARGO_INCREMENTAL=0" "-e" "RUST_BACKTRACE=full" "-e" "RUSTFLAGS=--cap-lints=warn" "-e" "RUSTDOCFLAGS=--cap-lints=warn" "-w" "/opt/rustwide/workdir" "--user" "0:0" "e5f56a7f500422c17da67b5202ba1b9db747cb1ffed5bbde7c510cd7fd5163a3" "/opt/rustwide/cargo-home/bin/cargo" "+1.100.0-beta.1" "test" "--frozen" "--no-run" "--message-format=json", kill_on_drop: false }`
[INFO] [stderr] warning: unused workspace dependency `fractal-core`
[INFO] [stderr]   --> Cargo.toml:45:25
[INFO] [stderr]    |
[INFO] [stderr] 45 | [workspace.dependencies.fractal-core]
[INFO] [stderr]    |                         ^^^^^^^^^^^^
[INFO] [stderr]    |
[INFO] [stderr]    = note: `cargo::unused_workspace_dependencies` is set to `warn` by default
[INFO] [stderr] help: consider removing the workspace dependency `fractal-core`
[INFO] [stderr] warning: unused field `publish` in `workspace.package`
[INFO] [stderr]    --> Cargo.toml:115:1
[INFO] [stderr]     |
[INFO] [stderr] 115 | publish = false
[INFO] [stderr]     | ^^^^^^^
[INFO] [stderr]     |
[INFO] [stderr]     = note: `cargo::unused_workspace_package_fields` is set to `warn` by default
[INFO] [stderr] help: consider removing the field `workspace.package.publish`
[INFO] [stderr] warning: unused field `repository` in `workspace.package`
[INFO] [stderr]    --> Cargo.toml:116:1
[INFO] [stderr]     |
[INFO] [stderr] 116 | repository = "https://github.com/ALaustrup/fractal-node"
[INFO] [stderr]     | ^^^^^^^^^^
[INFO] [stderr]     |
[INFO] [stderr] help: consider removing the field `workspace.package.repository`
[INFO] [stderr] warning: workspace (manifest) generated 3 warnings
[INFO] [stderr]    Compiling fractal-schema v0.0.1 (/opt/rustwide/workdir/crates/support/schema)
[INFO] [stderr]    Compiling fractal-cli v0.0.1 (/opt/rustwide/workdir/crates/bin/cli)
[INFO] [stderr]    Compiling fractal-types v0.0.1 (/opt/rustwide/workdir/crates/support/types)
[INFO] [stderr]    Compiling fractal-ports v0.0.1 (/opt/rustwide/workdir/crates/ports)
[INFO] [stderr]    Compiling xtask v0.0.1 (/opt/rustwide/workdir/xtask)
[INFO] [stderr]    Compiling fractal-adapter-store-memory v0.0.1 (/opt/rustwide/workdir/crates/adapter/store-memory)
[INFO] [stderr]    Compiling fractal-domain-society v0.0.1 (/opt/rustwide/workdir/crates/domain/society)
[INFO] [stderr]    Compiling fractal-app-kernel v0.0.1 (/opt/rustwide/workdir/crates/app/kernel)
[INFO] [stderr]    Compiling fractal-adapter-store-jsonl v0.0.1 (/opt/rustwide/workdir/crates/adapter/store-jsonl)
[INFO] [stderr]    Compiling fractal-app-society v0.0.1 (/opt/rustwide/workdir/crates/app/society)
[INFO] [stderr]    Compiling fractal-api-http v0.0.1 (/opt/rustwide/workdir/crates/api/http)
[INFO] [stderr]    Compiling fractal-node v0.0.1 (/opt/rustwide/workdir/crates/bin/node)
[INFO] [stderr]    Compiling fractal-adapter-ambient-system v0.0.1 (/opt/rustwide/workdir/crates/adapter/ambient-system)
[INFO] [stderr]    Compiling fractal-testkit v0.0.1 (/opt/rustwide/workdir/crates/support/testkit)
[INFO] [stderr] warning: unused dependency `tower-http`
[INFO] [stderr]   --> crates/api/http/Cargo.toml:18:1
[INFO] [stderr]    |
[INFO] [stderr] 18 | tower-http.workspace = true
[INFO] [stderr]    | ^^^^^^^^^^
[INFO] [stderr]    |
[INFO] [stderr]    = note: `cargo::unused_dependencies` is set to `warn` by default
[INFO] [stderr] help: consider removing the dependency on `tower-http`
[INFO] [stderr] warning: `fractal-api-http` (manifest) generated 1 warning
[INFO] [stderr]     Finished `test` profile [unoptimized + debuginfo] target(s) in 3.44s
[INFO] running `Command { std: "docker" "inspect" "e5f56a7f500422c17da67b5202ba1b9db747cb1ffed5bbde7c510cd7fd5163a3", kill_on_drop: false }`
[INFO] running `Command { std: "docker" "exec" "-e" "SOURCE_DIR=/opt/rustwide/workdir" "-e" "CARGO_HOME=/opt/rustwide/cargo-home" "-e" "RUSTUP_HOME=/opt/rustwide/rustup-home" "-e" "CARGO_TARGET_DIR=/opt/rustwide/target" "-e" "CARGO_INCREMENTAL=0" "-e" "RUST_BACKTRACE=full" "-e" "RUSTFLAGS=--cap-lints=warn" "-e" "RUSTDOCFLAGS=--cap-lints=warn" "-w" "/opt/rustwide/workdir" "--user" "0:0" "e5f56a7f500422c17da67b5202ba1b9db747cb1ffed5bbde7c510cd7fd5163a3" "/opt/rustwide/cargo-home/bin/cargo" "+1.100.0-beta.1" "test" "--frozen", kill_on_drop: false }`
[INFO] [stderr] warning: unused workspace dependency `fractal-core`
[INFO] [stderr]   --> Cargo.toml:45:25
[INFO] [stderr]    |
[INFO] [stderr] 45 | [workspace.dependencies.fractal-core]
[INFO] [stderr]    |                         ^^^^^^^^^^^^
[INFO] [stderr]    |
[INFO] [stderr]    = note: `cargo::unused_workspace_dependencies` is set to `warn` by default
[INFO] [stderr] help: consider removing the workspace dependency `fractal-core`
[INFO] [stderr] warning: unused field `publish` in `workspace.package`
[INFO] [stderr]    --> Cargo.toml:115:1
[INFO] [stderr]     |
[INFO] [stderr] 115 | publish = false
[INFO] [stderr]     | ^^^^^^^
[INFO] [stderr]     |
[INFO] [stderr]     = note: `cargo::unused_workspace_package_fields` is set to `warn` by default
[INFO] [stderr] help: consider removing the field `workspace.package.publish`
[INFO] [stderr] warning: unused field `repository` in `workspace.package`
[INFO] [stderr]    --> Cargo.toml:116:1
[INFO] [stderr]     |
[INFO] [stderr] 116 | repository = "https://github.com/ALaustrup/fractal-node"
[INFO] [stderr]     | ^^^^^^^^^^
[INFO] [stderr]     |
[INFO] [stderr] help: consider removing the field `workspace.package.repository`
[INFO] [stderr] warning: workspace (manifest) generated 3 warnings
[INFO] [stderr] warning: unused dependency `tower-http`
[INFO] [stderr]   --> crates/api/http/Cargo.toml:18:1
[INFO] [stderr]    |
[INFO] [stderr] 18 | tower-http.workspace = true
[INFO] [stderr]    | ^^^^^^^^^^
[INFO] [stderr]    |
[INFO] [stderr]    = note: `cargo::unused_dependencies` is set to `warn` by default
[INFO] [stderr] help: consider removing the dependency on `tower-http`
[INFO] [stderr] warning: `fractal-api-http` (manifest) generated 1 warning
[INFO] [stderr]     Finished `test` profile [unoptimized + debuginfo] target(s) in 0.45s
[INFO] [stderr]      Running unittests src/lib.rs (/opt/rustwide/target/debug/build/fractal-adapter-ambient-system/7f643028ae47010e/out/fractal_adapter_ambient_system-7f643028ae47010e)
[INFO] [stdout] 
[INFO] [stdout] running 4 tests
[INFO] [stdout] test tests::the_clock_is_after_2020 ... ok
[INFO] [stdout] test tests::rng_fills_every_byte ... ok
[INFO] [stdout] test tests::ids_are_unique ... ok
[INFO] [stdout] test tests::ids_are_ordered_across_a_millisecond ... ok
[INFO] [stdout] 
[INFO] [stdout] test result: ok. 4 passed; 0 failed; 0 ignored; 0 measured; 0 filtered out; finished in 0.00s
[INFO] [stdout] 
[INFO] [stderr]      Running unittests src/lib.rs (/opt/rustwide/target/debug/build/fractal-adapter-store-jsonl/9453625177244739/out/fractal_adapter_store_jsonl-9453625177244739)
[INFO] [stdout] 
[INFO] [stderr]      Running tests/equivalence.rs (/opt/rustwide/target/debug/build/fractal-adapter-store-jsonl/499994137d565fd1/out/equivalence-499994137d565fd1)
[INFO] [stdout] running 0 tests
[INFO] [stdout] 
[INFO] [stdout] test result: ok. 0 passed; 0 failed; 0 ignored; 0 measured; 0 filtered out; finished in 0.00s
[INFO] [stdout] 
[INFO] [stdout] 
[INFO] [stdout] running 6 tests
[INFO] [stdout] test paging_agrees ... ok
[INFO] [stdout] test reading_an_unknown_society_is_empty_not_an_error ... ok
[INFO] [stdout] test appending_and_reading_agree ... ok
[INFO] [stdout] test optimistic_concurrency_agrees ... ok
[INFO] [stdout] test a_jsonl_log_survives_reopening ... ok
[INFO] [stdout] test reads_are_scoped_to_one_society ... ok
[INFO] [stderr]      Running unittests src/lib.rs (/opt/rustwide/target/debug/build/fractal-adapter-store-memory/cc459f72257984ea/out/fractal_adapter_store_memory-cc459f72257984ea)
[INFO] [stdout] 
[INFO] [stdout] test result: ok. 6 passed; 0 failed; 0 ignored; 0 measured; 0 filtered out; finished in 0.29s
[INFO] [stdout] 
[INFO] [stdout] 
[INFO] [stdout] running 0 tests
[INFO] [stdout] 
[INFO] [stdout] test result: ok. 0 passed; 0 failed; 0 ignored; 0 measured; 0 filtered out; finished in 0.00s
[INFO] [stdout] 
[INFO] [stderr]      Running unittests src/lib.rs (/opt/rustwide/target/debug/build/fractal-api-http/a868da1c89934fef/out/fractal_api_http-a868da1c89934fef)
[INFO] [stdout] 
[INFO] [stdout] running 0 tests
[INFO] [stdout] 
[INFO] [stdout] test result: ok. 0 passed; 0 failed; 0 ignored; 0 measured; 0 filtered out; finished in 0.00s
[INFO] [stdout] 
[INFO] [stderr]      Running unittests src/lib.rs (/opt/rustwide/target/debug/build/fractal-app-kernel/1989bcf810f3734d/out/fractal_app_kernel-1989bcf810f3734d)
[INFO] [stdout] 
[INFO] [stdout] running 6 tests
[INFO] [stdout] test tests::a_repeated_command_is_recognised ... ok
[INFO] [stdout] test tests::idempotency_expires_after_the_window ... ok
[INFO] [stdout] test tests::idempotency_is_scoped_to_the_principal ... ok
[INFO] [stdout] test tests::agents_may_act_but_never_author_policy ... ok
[INFO] [stdout] test tests::no_non_human_principal_can_author_policy ... ok
[INFO] [stdout] test tests::citizens_may_author_policy ... ok
[INFO] [stdout] 
[INFO] [stdout] test result: ok. 6 passed; 0 failed; 0 ignored; 0 measured; 0 filtered out; finished in 0.01s
[INFO] [stdout] 
[INFO] [stderr]      Running unittests src/lib.rs (/opt/rustwide/target/debug/build/fractal-app-society/d5602e505123b8f3/out/fractal_app_society-d5602e505123b8f3)
[INFO] [stdout] 
[INFO] [stdout] running 7 tests
[INFO] [stdout] test tests::a_second_society_needs_level_three ... ok
[INFO] [stdout] test tests::an_agent_is_refused_by_the_pep_before_the_domain_is_reached ... ok
[INFO] [stdout] test tests::create_then_read_back ... ok
[INFO] [stdout] test tests::standing_is_read_from_the_log_not_the_caller ... ok
[INFO] [stdout] test tests::a_retried_command_creates_one_society_not_two ... ok
[INFO] [stdout] test tests::ph0_grants_nobody_a_level ... ok
[INFO] [stdout] test tests::reading_an_unknown_society_is_none ... ok
[INFO] [stdout] 
[INFO] [stdout] test result: ok. 7 passed; 0 failed; 0 ignored; 0 measured; 0 filtered out; finished in 0.01s
[INFO] [stdout] 
[INFO] [stderr]      Running tests/simulation.rs (/opt/rustwide/target/debug/build/fractal-app-society/36e146886ab61edb/out/simulation-36e146886ab61edb)
[INFO] [stdout] 
[INFO] [stdout] running 2 tests
[INFO] [stdout] test a_history_is_reproducible_from_its_seed ... ok
[INFO] [stdout] test invariants_hold_over_generated_histories ... ok
[INFO] [stdout] 
[INFO] [stdout] test result: ok. 2 passed; 0 failed; 0 ignored; 0 measured; 0 filtered out; finished in 1.10s
[INFO] [stdout] 
[INFO] [stderr]      Running unittests src/main.rs (/opt/rustwide/target/debug/build/fractal-cli/35b43cae0ca1f629/out/fn-35b43cae0ca1f629)
[INFO] [stdout] 
[INFO] [stdout] running 0 tests
[INFO] [stdout] 
[INFO] [stdout] test result: ok. 0 passed; 0 failed; 0 ignored; 0 measured; 0 filtered out; finished in 0.00s
[INFO] [stdout] 
[INFO] [stderr]      Running tests/reachable.rs (/opt/rustwide/target/debug/build/fractal-cli/6cc36a8cd5273a3f/out/reachable-6cc36a8cd5273a3f)
[INFO] [stdout] 
[INFO] [stdout] running 2 tests
[INFO] [stderr] error: test failed, to rerun pass `-p fractal-cli --test reachable`
[INFO] [stdout] test every_declared_command_is_runnable ... FAILED
[INFO] [stdout] test the_shorthand_still_works ... FAILED
[INFO] [stdout] 
[INFO] [stdout] failures:
[INFO] [stdout] 
[INFO] [stdout] ---- every_declared_command_is_runnable stdout ----
[INFO] [stdout] 
[INFO] [stdout] thread 'every_declared_command_is_runnable' (2186) panicked at crates/bin/cli/tests/reachable.rs:60:5:
[INFO] [stdout] build `fn` first: /opt/rustwide/target/debug/build/fractal-cli/6cc36a8cd5273a3f/out/fn
[INFO] [stdout] stack backtrace:
[INFO] [stdout]    0:     0x57d38792af31 - std[617be2ca0a6fd877]::backtrace_rs::backtrace::libunwind::trace
[INFO] [stdout]                                at /rustc/e3feeb59cd1bdd011a2bfcc0747b55125d9b8527/library/std/src/../../backtrace/src/backtrace/libunwind.rs:117:9
[INFO] [stdout]    1:     0x57d38792af31 - std[617be2ca0a6fd877]::backtrace_rs::backtrace::trace_unsynchronized::<std[617be2ca0a6fd877]::sys::backtrace::_print_fmt::{closure#1}>
[INFO] [stdout]                                at /rustc/e3feeb59cd1bdd011a2bfcc0747b55125d9b8527/library/std/src/../../backtrace/src/backtrace/mod.rs:66:14
[INFO] [stdout]    2:     0x57d38792af31 - std[617be2ca0a6fd877]::sys::backtrace::_print_fmt
[INFO] [stdout]                                at /rustc/e3feeb59cd1bdd011a2bfcc0747b55125d9b8527/library/std/src/sys/backtrace.rs:74:9
[INFO] [stdout]    3:     0x57d38792af31 - <<std[617be2ca0a6fd877]::sys::backtrace::BacktraceLock>::print::DisplayBacktrace as core[a373ad73a504971]::fmt::Display>::fmt
[INFO] [stdout]                                at /rustc/e3feeb59cd1bdd011a2bfcc0747b55125d9b8527/library/std/src/sys/backtrace.rs:44:26
[INFO] [stdout]    4:     0x57d38793ef1a - <core[a373ad73a504971]::fmt::rt::Argument>::fmt
[INFO] [stdout]                                at /rustc/e3feeb59cd1bdd011a2bfcc0747b55125d9b8527/library/core/src/fmt/rt.rs:152:76
[INFO] [stdout]    5:     0x57d38793ef1a - core[a373ad73a504971]::fmt::write
[INFO] [stdout]    6:     0x57d38792f16c - core[a373ad73a504971]::io::write::default_write_fmt::<alloc[2e1b2a31b91974c5]::vec::Vec<u8>>
[INFO] [stdout]                                at /rustc/e3feeb59cd1bdd011a2bfcc0747b55125d9b8527/library/core/src/io/write.rs:402:11
[INFO] [stdout]    7:     0x57d38792f16c - <alloc[2e1b2a31b91974c5]::vec::Vec<u8> as core[a373ad73a504971]::io::write::Write>::write_fmt
[INFO] [stdout]                                at /rustc/e3feeb59cd1bdd011a2bfcc0747b55125d9b8527/library/core/src/io/write.rs:335:13
[INFO] [stdout]    8:     0x57d387906f16 - <std[617be2ca0a6fd877]::sys::backtrace::BacktraceLock>::print
[INFO] [stdout]                                at /rustc/e3feeb59cd1bdd011a2bfcc0747b55125d9b8527/library/std/src/sys/backtrace.rs:47:9
[INFO] [stdout]    9:     0x57d387906f16 - std[617be2ca0a6fd877]::panicking::default_hook::{closure#0}
[INFO] [stdout]                                at /rustc/e3feeb59cd1bdd011a2bfcc0747b55125d9b8527/library/std/src/panicking.rs:289:27
[INFO] [stdout]   10:     0x57d3879235c9 - std[617be2ca0a6fd877]::panicking::default_hook
[INFO] [stdout]                                at /rustc/e3feeb59cd1bdd011a2bfcc0747b55125d9b8527/library/std/src/panicking.rs:313:9
[INFO] [stdout]   11:     0x57d3878bf7f0 - <alloc[2e1b2a31b91974c5]::boxed::Box<dyn for<'a, 'b> core[a373ad73a504971]::ops::function::Fn<(&'a std[617be2ca0a6fd877]::panic::PanicHookInfo<'b>,), Output = ()> + core[a373ad73a504971]::marker::Sync + core[a373ad73a504971]::marker::Send> as core[a373ad73a504971]::ops::function::Fn<(&std[617be2ca0a6fd877]::panic::PanicHookInfo,)>>::call
[INFO] [stdout]                                at /rustc/e3feeb59cd1bdd011a2bfcc0747b55125d9b8527/library/alloc/src/boxed.rs:2328:9
[INFO] [stdout]   12:     0x57d3878bf7f0 - test[aada8e7e76ba119b]::test_main_inner::{closure#0}
[INFO] [stdout]                                at /rustc/e3feeb59cd1bdd011a2bfcc0747b55125d9b8527/library/test/src/lib.rs:137:21
[INFO] [stdout]   13:     0x57d387923782 - <alloc[2e1b2a31b91974c5]::boxed::Box<dyn for<'a, 'b> core[a373ad73a504971]::ops::function::Fn<(&'a std[617be2ca0a6fd877]::panic::PanicHookInfo<'b>,), Output = ()> + core[a373ad73a504971]::marker::Sync + core[a373ad73a504971]::marker::Send> as core[a373ad73a504971]::ops::function::Fn<(&std[617be2ca0a6fd877]::panic::PanicHookInfo,)>>::call
[INFO] [stdout]                                at /rustc/e3feeb59cd1bdd011a2bfcc0747b55125d9b8527/library/alloc/src/boxed.rs:2328:9
[INFO] [stdout]   14:     0x57d387923782 - std[617be2ca0a6fd877]::panicking::panic_with_hook
[INFO] [stdout]                                at /rustc/e3feeb59cd1bdd011a2bfcc0747b55125d9b8527/library/std/src/panicking.rs:819:13
[INFO] [stdout]   15:     0x57d387906fc2 - std[617be2ca0a6fd877]::panicking::panic_handler::{closure#0}
[INFO] [stdout]                                at /rustc/e3feeb59cd1bdd011a2bfcc0747b55125d9b8527/library/std/src/panicking.rs:685:13
[INFO] [stdout]   16:     0x57d3878ffcd9 - std[617be2ca0a6fd877]::sys::backtrace::__rust_end_short_backtrace::<std[617be2ca0a6fd877]::panicking::panic_handler::{closure#0}, !>
[INFO] [stdout]                                at /rustc/e3feeb59cd1bdd011a2bfcc0747b55125d9b8527/library/std/src/sys/backtrace.rs:182:18
[INFO] [stdout]   17:     0x57d387907bcd - __rustc[ea4f61d10b84890b]::rust_begin_unwind
[INFO] [stdout]                                at /rustc/e3feeb59cd1bdd011a2bfcc0747b55125d9b8527/library/std/src/panicking.rs:676:5
[INFO] [stdout]   18:     0x57d38793f64c - core[a373ad73a504971]::panicking::panic_fmt
[INFO] [stdout]                                at /rustc/e3feeb59cd1bdd011a2bfcc0747b55125d9b8527/library/core/src/panicking.rs:80:14
[INFO] [stdout]   19:     0x57d3878abec3 - reachable[709e78fdbad8afe5]::every_declared_command_is_runnable
[INFO] [stdout]                                at /opt/rustwide/workdir/crates/bin/cli/tests/reachable.rs:60:5
[INFO] [stdout]   20:     0x57d3878ab493 - reachable[709e78fdbad8afe5]::every_declared_command_is_runnable::{closure#0}
[INFO] [stdout]                                at /opt/rustwide/workdir/crates/bin/cli/tests/reachable.rs:58:40
[INFO] [stdout]   21:     0x57d3878aea46 - <reachable[709e78fdbad8afe5]::every_declared_command_is_runnable::{closure#0} as core[a373ad73a504971]::ops::function::FnOnce<()>>::call_once
[INFO] [stdout]                                at /rustc/e3feeb59cd1bdd011a2bfcc0747b55125d9b8527/library/core/src/ops/function.rs:250:5
[INFO] [stdout]   22:     0x57d3878b2c3b - <fn() -> core[a373ad73a504971]::result::Result<(), alloc[2e1b2a31b91974c5]::string::String> as core[a373ad73a504971]::ops::function::FnOnce<()>>::call_once
[INFO] [stdout]                                at /rustc/e3feeb59cd1bdd011a2bfcc0747b55125d9b8527/library/core/src/ops/function.rs:250:5
[INFO] [stdout]   23:     0x57d3878b2c3b - test[aada8e7e76ba119b]::__rust_begin_short_backtrace::<core[a373ad73a504971]::result::Result<(), alloc[2e1b2a31b91974c5]::string::String>, fn() -> core[a373ad73a504971]::result::Result<(), alloc[2e1b2a31b91974c5]::string::String>>
[INFO] [stdout]                                at /rustc/e3feeb59cd1bdd011a2bfcc0747b55125d9b8527/library/test/src/lib.rs:701:18
[INFO] [stdout]   24:     0x57d3878bfe15 - test[aada8e7e76ba119b]::run_test_in_process::{closure#0}
[INFO] [stdout]                                at /rustc/e3feeb59cd1bdd011a2bfcc0747b55125d9b8527/library/test/src/lib.rs:724:74
[INFO] [stdout]   25:     0x57d3878bfe15 - <core[a373ad73a504971]::panic::unwind_safe::AssertUnwindSafe<test[aada8e7e76ba119b]::run_test_in_process::{closure#0}> as core[a373ad73a504971]::ops::function::FnOnce<()>>::call_once
[INFO] [stdout]                                at /rustc/e3feeb59cd1bdd011a2bfcc0747b55125d9b8527/library/core/src/panic/unwind_safe.rs:275:9
[INFO] [stdout]   26:     0x57d3878bfe15 - std[617be2ca0a6fd877]::panicking::catch_unwind::do_call::<core[a373ad73a504971]::panic::unwind_safe::AssertUnwindSafe<test[aada8e7e76ba119b]::run_test_in_process::{closure#0}>, core[a373ad73a504971]::result::Result<(), alloc[2e1b2a31b91974c5]::string::String>>
[INFO] [stdout]                                at /rustc/e3feeb59cd1bdd011a2bfcc0747b55125d9b8527/library/std/src/panicking.rs:573:43
[INFO] [stdout]   27:     0x57d3878bfe15 - std[617be2ca0a6fd877]::panicking::catch_unwind::<core[a373ad73a504971]::result::Result<(), alloc[2e1b2a31b91974c5]::string::String>, core[a373ad73a504971]::panic::unwind_safe::AssertUnwindSafe<test[aada8e7e76ba119b]::run_test_in_process::{closure#0}>>
[INFO] [stdout]                                at /rustc/e3feeb59cd1bdd011a2bfcc0747b55125d9b8527/library/std/src/panicking.rs:541:19
[INFO] [stdout]   28:     0x57d3878bfe15 - std[617be2ca0a6fd877]::panic::catch_unwind::<core[a373ad73a504971]::panic::unwind_safe::AssertUnwindSafe<test[aada8e7e76ba119b]::run_test_in_process::{closure#0}>, core[a373ad73a504971]::result::Result<(), alloc[2e1b2a31b91974c5]::string::String>>
[INFO] [stdout]                                at /rustc/e3feeb59cd1bdd011a2bfcc0747b55125d9b8527/library/std/src/panic.rs:359:14
[INFO] [stdout]   29:     0x57d3878bfe15 - test[aada8e7e76ba119b]::run_test_in_process
[INFO] [stdout]                                at /rustc/e3feeb59cd1bdd011a2bfcc0747b55125d9b8527/library/test/src/lib.rs:724:27
[INFO] [stdout]   30:     0x57d3878bfe15 - test[aada8e7e76ba119b]::run_test::{closure#0}
[INFO] [stdout]                                at /rustc/e3feeb59cd1bdd011a2bfcc0747b55125d9b8527/library/test/src/lib.rs:645:43
[INFO] [stdout]   31:     0x57d3878b9704 - test[aada8e7e76ba119b]::run_test::{closure#1}
[INFO] [stdout]                                at /rustc/e3feeb59cd1bdd011a2bfcc0747b55125d9b8527/library/test/src/lib.rs:675:41
[INFO] [stdout]   32:     0x57d3878b9704 - std[617be2ca0a6fd877]::sys::backtrace::__rust_begin_short_backtrace::<test[aada8e7e76ba119b]::run_test::{closure#1}, ()>
[INFO] [stdout]                                at /rustc/e3feeb59cd1bdd011a2bfcc0747b55125d9b8527/library/std/src/sys/backtrace.rs:166:18
[INFO] [stdout]   33:     0x57d3878c2ea2 - std[617be2ca0a6fd877]::thread::lifecycle::spawn_unchecked::<test[aada8e7e76ba119b]::run_test::{closure#1}, ()>::{closure#1}::{closure#0}
[INFO] [stdout]                                at /rustc/e3feeb59cd1bdd011a2bfcc0747b55125d9b8527/library/std/src/thread/lifecycle.rs:70:13
[INFO] [stdout]   34:     0x57d3878c2ea2 - <core[a373ad73a504971]::panic::unwind_safe::AssertUnwindSafe<std[617be2ca0a6fd877]::thread::lifecycle::spawn_unchecked<test[aada8e7e76ba119b]::run_test::{closure#1}, ()>::{closure#1}::{closure#0}> as core[a373ad73a504971]::ops::function::FnOnce<()>>::call_once
[INFO] [stdout]                                at /rustc/e3feeb59cd1bdd011a2bfcc0747b55125d9b8527/library/core/src/panic/unwind_safe.rs:275:9
[INFO] [stdout]   35:     0x57d3878c2ea2 - std[617be2ca0a6fd877]::panicking::catch_unwind::do_call::<core[a373ad73a504971]::panic::unwind_safe::AssertUnwindSafe<std[617be2ca0a6fd877]::thread::lifecycle::spawn_unchecked<test[aada8e7e76ba119b]::run_test::{closure#1}, ()>::{closure#1}::{closure#0}>, ()>
[INFO] [stdout]                                at /rustc/e3feeb59cd1bdd011a2bfcc0747b55125d9b8527/library/std/src/panicking.rs:573:43
[INFO] [stdout]   36:     0x57d3878c2ea2 - std[617be2ca0a6fd877]::panicking::catch_unwind::<(), core[a373ad73a504971]::panic::unwind_safe::AssertUnwindSafe<std[617be2ca0a6fd877]::thread::lifecycle::spawn_unchecked<test[aada8e7e76ba119b]::run_test::{closure#1}, ()>::{closure#1}::{closure#0}>>
[INFO] [stdout]                                at /rustc/e3feeb59cd1bdd011a2bfcc0747b55125d9b8527/library/std/src/panicking.rs:541:19
[INFO] [stdout]   37:     0x57d3878c2ea2 - std[617be2ca0a6fd877]::panic::catch_unwind::<core[a373ad73a504971]::panic::unwind_safe::AssertUnwindSafe<std[617be2ca0a6fd877]::thread::lifecycle::spawn_unchecked<test[aada8e7e76ba119b]::run_test::{closure#1}, ()>::{closure#1}::{closure#0}>, ()>
[INFO] [stdout]                                at /rustc/e3feeb59cd1bdd011a2bfcc0747b55125d9b8527/library/std/src/panic.rs:359:14
[INFO] [stdout]   38:     0x57d3878c2ea2 - std[617be2ca0a6fd877]::thread::lifecycle::spawn_unchecked::<test[aada8e7e76ba119b]::run_test::{closure#1}, ()>::{closure#1}
[INFO] [stdout]                                at /rustc/e3feeb59cd1bdd011a2bfcc0747b55125d9b8527/library/std/src/thread/lifecycle.rs:68:26
[INFO] [stdout]   39:     0x57d3878c2ea2 - <std[617be2ca0a6fd877]::thread::lifecycle::spawn_unchecked<test[aada8e7e76ba119b]::run_test::{closure#1}, ()>::{closure#1} as core[a373ad73a504971]::ops::function::FnOnce<()>>::call_once::{shim:vtable#0}
[INFO] [stdout]                                at /rustc/e3feeb59cd1bdd011a2bfcc0747b55125d9b8527/library/core/src/ops/function.rs:250:5
[INFO] [stdout]   40:     0x57d38792a78f - <alloc[2e1b2a31b91974c5]::boxed::Box<dyn core[a373ad73a504971]::ops::function::FnOnce<(), Output = ()> + core[a373ad73a504971]::marker::Send> as core[a373ad73a504971]::ops::function::FnOnce<()>>::call_once
[INFO] [stdout]                                at /rustc/e3feeb59cd1bdd011a2bfcc0747b55125d9b8527/library/alloc/src/boxed.rs:2314:9
[INFO] [stdout]   41:     0x57d38792a78f - <std[617be2ca0a6fd877]::sys::thread::unix::Thread>::new::thread_start
[INFO] [stdout]                                at /rustc/e3feeb59cd1bdd011a2bfcc0747b55125d9b8527/library/std/src/sys/thread/unix.rs:127:17
[INFO] [stdout]   42:     0x7d8a7bff0dfa - <unknown>
[INFO] [stdout]   43:     0x7d8a7c0843d4 - clone
[INFO] [stdout]   44:                0x0 - <unknown>
[INFO] [stdout] 
[INFO] [stdout] ---- the_shorthand_still_works stdout ----
[INFO] [stdout] 
[INFO] [stdout] thread 'the_shorthand_still_works' (2187) panicked at crates/bin/cli/tests/reachable.rs:100:10:
[INFO] [stdout] run fn: Os { code: 2, kind: NotFound, message: "No such file or directory" }
[INFO] [stdout] stack backtrace:
[INFO] [stdout]    0:     0x57d38792af31 - std[617be2ca0a6fd877]::backtrace_rs::backtrace::libunwind::trace
[INFO] [stdout]                                at /rustc/e3feeb59cd1bdd011a2bfcc0747b55125d9b8527/library/std/src/../../backtrace/src/backtrace/libunwind.rs:117:9
[INFO] [stdout]    1:     0x57d38792af31 - std[617be2ca0a6fd877]::backtrace_rs::backtrace::trace_unsynchronized::<std[617be2ca0a6fd877]::sys::backtrace::_print_fmt::{closure#1}>
[INFO] [stdout]                                at /rustc/e3feeb59cd1bdd011a2bfcc0747b55125d9b8527/library/std/src/../../backtrace/src/backtrace/mod.rs:66:14
[INFO] [stdout]    2:     0x57d38792af31 - std[617be2ca0a6fd877]::sys::backtrace::_print_fmt
[INFO] [stdout]                                at /rustc/e3feeb59cd1bdd011a2bfcc0747b55125d9b8527/library/std/src/sys/backtrace.rs:74:9
[INFO] [stdout]    3:     0x57d38792af31 - <<std[617be2ca0a6fd877]::sys::backtrace::BacktraceLock>::print::DisplayBacktrace as core[a373ad73a504971]::fmt::Display>::fmt
[INFO] [stdout]                                at /rustc/e3feeb59cd1bdd011a2bfcc0747b55125d9b8527/library/std/src/sys/backtrace.rs:44:26
[INFO] [stdout]    4:     0x57d38793ef1a - <core[a373ad73a504971]::fmt::rt::Argument>::fmt
[INFO] [stdout]                                at /rustc/e3feeb59cd1bdd011a2bfcc0747b55125d9b8527/library/core/src/fmt/rt.rs:152:76
[INFO] [stdout]    5:     0x57d38793ef1a - core[a373ad73a504971]::fmt::write
[INFO] [stdout]    6:     0x57d38792f16c - core[a373ad73a504971]::io::write::default_write_fmt::<alloc[2e1b2a31b91974c5]::vec::Vec<u8>>
[INFO] [stdout]                                at /rustc/e3feeb59cd1bdd011a2bfcc0747b55125d9b8527/library/core/src/io/write.rs:402:11
[INFO] [stdout]    7:     0x57d38792f16c - <alloc[2e1b2a31b91974c5]::vec::Vec<u8> as core[a373ad73a504971]::io::write::Write>::write_fmt
[INFO] [stdout]                                at /rustc/e3feeb59cd1bdd011a2bfcc0747b55125d9b8527/library/core/src/io/write.rs:335:13
[INFO] [stdout]    8:     0x57d387906f16 - <std[617be2ca0a6fd877]::sys::backtrace::BacktraceLock>::print
[INFO] [stdout]                                at /rustc/e3feeb59cd1bdd011a2bfcc0747b55125d9b8527/library/std/src/sys/backtrace.rs:47:9
[INFO] [stdout]    9:     0x57d387906f16 - std[617be2ca0a6fd877]::panicking::default_hook::{closure#0}
[INFO] [stdout]                                at /rustc/e3feeb59cd1bdd011a2bfcc0747b55125d9b8527/library/std/src/panicking.rs:289:27
[INFO] [stdout]   10:     0x57d3879235c9 - std[617be2ca0a6fd877]::panicking::default_hook
[INFO] [stdout]                                at /rustc/e3feeb59cd1bdd011a2bfcc0747b55125d9b8527/library/std/src/panicking.rs:313:9
[INFO] [stdout]   11:     0x57d3878bf7f0 - <alloc[2e1b2a31b91974c5]::boxed::Box<dyn for<'a, 'b> core[a373ad73a504971]::ops::function::Fn<(&'a std[617be2ca0a6fd877]::panic::PanicHookInfo<'b>,), Output = ()> + core[a373ad73a504971]::marker::Sync + core[a373ad73a504971]::marker::Send> as core[a373ad73a504971]::ops::function::Fn<(&std[617be2ca0a6fd877]::panic::PanicHookInfo,)>>::call
[INFO] [stdout]                                at /rustc/e3feeb59cd1bdd011a2bfcc0747b55125d9b8527/library/alloc/src/boxed.rs:2328:9
[INFO] [stdout]   12:     0x57d3878bf7f0 - test[aada8e7e76ba119b]::test_main_inner::{closure#0}
[INFO] [stdout]                                at /rustc/e3feeb59cd1bdd011a2bfcc0747b55125d9b8527/library/test/src/lib.rs:137:21
[INFO] [stdout]   13:     0x57d387923782 - <alloc[2e1b2a31b91974c5]::boxed::Box<dyn for<'a, 'b> core[a373ad73a504971]::ops::function::Fn<(&'a std[617be2ca0a6fd877]::panic::PanicHookInfo<'b>,), Output = ()> + core[a373ad73a504971]::marker::Sync + core[a373ad73a504971]::marker::Send> as core[a373ad73a504971]::ops::function::Fn<(&std[617be2ca0a6fd877]::panic::PanicHookInfo,)>>::call
[INFO] [stdout]                                at /rustc/e3feeb59cd1bdd011a2bfcc0747b55125d9b8527/library/alloc/src/boxed.rs:2328:9
[INFO] [stdout]   14:     0x57d387923782 - std[617be2ca0a6fd877]::panicking::panic_with_hook
[INFO] [stdout]                                at /rustc/e3feeb59cd1bdd011a2bfcc0747b55125d9b8527/library/std/src/panicking.rs:819:13
[INFO] [stdout]   15:     0x57d387906fc2 - std[617be2ca0a6fd877]::panicking::panic_handler::{closure#0}
[INFO] [stdout]                                at /rustc/e3feeb59cd1bdd011a2bfcc0747b55125d9b8527/library/std/src/panicking.rs:685:13
[INFO] [stdout]   16:     0x57d3878ffcd9 - std[617be2ca0a6fd877]::sys::backtrace::__rust_end_short_backtrace::<std[617be2ca0a6fd877]::panicking::panic_handler::{closure#0}, !>
[INFO] [stdout]                                at /rustc/e3feeb59cd1bdd011a2bfcc0747b55125d9b8527/library/std/src/sys/backtrace.rs:182:18
[INFO] [stdout]   17:     0x57d387907bcd - __rustc[ea4f61d10b84890b]::rust_begin_unwind
[INFO] [stdout]                                at /rustc/e3feeb59cd1bdd011a2bfcc0747b55125d9b8527/library/std/src/panicking.rs:676:5
[INFO] [stdout]   18:     0x57d38793f64c - core[a373ad73a504971]::panicking::panic_fmt
[INFO] [stdout]                                at /rustc/e3feeb59cd1bdd011a2bfcc0747b55125d9b8527/library/core/src/panicking.rs:80:14
[INFO] [stdout]   19:     0x57d38793f422 - core[a373ad73a504971]::result::unwrap_failed
[INFO] [stdout]                                at /rustc/e3feeb59cd1bdd011a2bfcc0747b55125d9b8527/library/core/src/result.rs:1870:5
[INFO] [stdout]   20:     0x57d3878b0389 - <core[a373ad73a504971]::result::Result<std[617be2ca0a6fd877]::process::Output, core[a373ad73a504971]::io::error::Error>>::expect
[INFO] [stdout]                                at /rustc/e3feeb59cd1bdd011a2bfcc0747b55125d9b8527/library/core/src/result.rs:1184:23
[INFO] [stdout]   21:     0x57d3878abcbe - reachable[709e78fdbad8afe5]::the_shorthand_still_works
[INFO] [stdout]                                at /opt/rustwide/workdir/crates/bin/cli/tests/reachable.rs:100:10
[INFO] [stdout]   22:     0x57d3878ab463 - reachable[709e78fdbad8afe5]::the_shorthand_still_works::{closure#0}
[INFO] [stdout]                                at /opt/rustwide/workdir/crates/bin/cli/tests/reachable.rs:95:31
[INFO] [stdout]   23:     0x57d3878aea26 - <reachable[709e78fdbad8afe5]::the_shorthand_still_works::{closure#0} as core[a373ad73a504971]::ops::function::FnOnce<()>>::call_once
[INFO] [stdout]                                at /rustc/e3feeb59cd1bdd011a2bfcc0747b55125d9b8527/library/core/src/ops/function.rs:250:5
[INFO] [stdout]   24:     0x57d3878b2c3b - <fn() -> core[a373ad73a504971]::result::Result<(), alloc[2e1b2a31b91974c5]::string::String> as core[a373ad73a504971]::ops::function::FnOnce<()>>::call_once
[INFO] [stdout]                                at /rustc/e3feeb59cd1bdd011a2bfcc0747b55125d9b8527/library/core/src/ops/function.rs:250:5
[INFO] [stdout]   25:     0x57d3878b2c3b - test[aada8e7e76ba119b]::__rust_begin_short_backtrace::<core[a373ad73a504971]::result::Result<(), alloc[2e1b2a31b91974c5]::string::String>, fn() -> core[a373ad73a504971]::result::Result<(), alloc[2e1b2a31b91974c5]::string::String>>
[INFO] [stdout]                                at /rustc/e3feeb59cd1bdd011a2bfcc0747b55125d9b8527/library/test/src/lib.rs:701:18
[INFO] [stdout]   26:     0x57d3878bfe15 - test[aada8e7e76ba119b]::run_test_in_process::{closure#0}
[INFO] [stdout]                                at /rustc/e3feeb59cd1bdd011a2bfcc0747b55125d9b8527/library/test/src/lib.rs:724:74
[INFO] [stdout]   27:     0x57d3878bfe15 - <core[a373ad73a504971]::panic::unwind_safe::AssertUnwindSafe<test[aada8e7e76ba119b]::run_test_in_process::{closure#0}> as core[a373ad73a504971]::ops::function::FnOnce<()>>::call_once
[INFO] [stdout]                                at /rustc/e3feeb59cd1bdd011a2bfcc0747b55125d9b8527/library/core/src/panic/unwind_safe.rs:275:9
[INFO] [stdout]   28:     0x57d3878bfe15 - std[617be2ca0a6fd877]::panicking::catch_unwind::do_call::<core[a373ad73a504971]::panic::unwind_safe::AssertUnwindSafe<test[aada8e7e76ba119b]::run_test_in_process::{closure#0}>, core[a373ad73a504971]::result::Result<(), alloc[2e1b2a31b91974c5]::string::String>>
[INFO] [stdout]                                at /rustc/e3feeb59cd1bdd011a2bfcc0747b55125d9b8527/library/std/src/panicking.rs:573:43
[INFO] [stdout]   29:     0x57d3878bfe15 - std[617be2ca0a6fd877]::panicking::catch_unwind::<core[a373ad73a504971]::result::Result<(), alloc[2e1b2a31b91974c5]::string::String>, core[a373ad73a504971]::panic::unwind_safe::AssertUnwindSafe<test[aada8e7e76ba119b]::run_test_in_process::{closure#0}>>
[INFO] [stdout]                                at /rustc/e3feeb59cd1bdd011a2bfcc0747b55125d9b8527/library/std/src/panicking.rs:541:19
[INFO] [stdout]   30:     0x57d3878bfe15 - std[617be2ca0a6fd877]::panic::catch_unwind::<core[a373ad73a504971]::panic::unwind_safe::AssertUnwindSafe<test[aada8e7e76ba119b]::run_test_in_process::{closure#0}>, core[a373ad73a504971]::result::Result<(), alloc[2e1b2a31b91974c5]::string::String>>
[INFO] [stdout]                                at /rustc/e3feeb59cd1bdd011a2bfcc0747b55125d9b8527/library/std/src/panic.rs:359:14
[INFO] [stdout]   31:     0x57d3878bfe15 - test[aada8e7e76ba119b]::run_test_in_process
[INFO] [stdout]                                at /rustc/e3feeb59cd1bdd011a2bfcc0747b55125d9b8527/library/test/src/lib.rs:724:27
[INFO] [stdout]   32:     0x57d3878bfe15 - test[aada8e7e76ba119b]::run_test::{closure#0}
[INFO] [stdout]                                at /rustc/e3feeb59cd1bdd011a2bfcc0747b55125d9b8527/library/test/src/lib.rs:645:43
[INFO] [stdout]   33:     0x57d3878b9704 - test[aada8e7e76ba119b]::run_test::{closure#1}
[INFO] [stdout]                                at /rustc/e3feeb59cd1bdd011a2bfcc0747b55125d9b8527/library/test/src/lib.rs:675:41
[INFO] [stdout]   34:     0x57d3878b9704 - std[617be2ca0a6fd877]::sys::backtrace::__rust_begin_short_backtrace::<test[aada8e7e76ba119b]::run_test::{closure#1}, ()>
[INFO] [stdout]                                at /rustc/e3feeb59cd1bdd011a2bfcc0747b55125d9b8527/library/std/src/sys/backtrace.rs:166:18
[INFO] [stdout]   35:     0x57d3878c2ea2 - std[617be2ca0a6fd877]::thread::lifecycle::spawn_unchecked::<test[aada8e7e76ba119b]::run_test::{closure#1}, ()>::{closure#1}::{closure#0}
[INFO] [stdout]                                at /rustc/e3feeb59cd1bdd011a2bfcc0747b55125d9b8527/library/std/src/thread/lifecycle.rs:70:13
[INFO] [stdout]   36:     0x57d3878c2ea2 - <core[a373ad73a504971]::panic::unwind_safe::AssertUnwindSafe<std[617be2ca0a6fd877]::thread::lifecycle::spawn_unchecked<test[aada8e7e76ba119b]::run_test::{closure#1}, ()>::{closure#1}::{closure#0}> as core[a373ad73a504971]::ops::function::FnOnce<()>>::call_once
[INFO] [stdout]                                at /rustc/e3feeb59cd1bdd011a2bfcc0747b55125d9b8527/library/core/src/panic/unwind_safe.rs:275:9
[INFO] [stdout]   37:     0x57d3878c2ea2 - std[617be2ca0a6fd877]::panicking::catch_unwind::do_call::<core[a373ad73a504971]::panic::unwind_safe::AssertUnwindSafe<std[617be2ca0a6fd877]::thread::lifecycle::spawn_unchecked<test[aada8e7e76ba119b]::run_test::{closure#1}, ()>::{closure#1}::{closure#0}>, ()>
[INFO] [stdout]                                at /rustc/e3feeb59cd1bdd011a2bfcc0747b55125d9b8527/library/std/src/panicking.rs:573:43
[INFO] [stdout]   38:     0x57d3878c2ea2 - std[617be2ca0a6fd877]::panicking::catch_unwind::<(), core[a373ad73a504971]::panic::unwind_safe::AssertUnwindSafe<std[617be2ca0a6fd877]::thread::lifecycle::spawn_unchecked<test[aada8e7e76ba119b]::run_test::{closure#1}, ()>::{closure#1}::{closure#0}>>
[INFO] [stdout]                                at /rustc/e3feeb59cd1bdd011a2bfcc0747b55125d9b8527/library/std/src/panicking.rs:541:19
[INFO] [stdout]   39:     0x57d3878c2ea2 - std[617be2ca0a6fd877]::panic::catch_unwind::<core[a373ad73a504971]::panic::unwind_safe::AssertUnwindSafe<std[617be2ca0a6fd877]::thread::lifecycle::spawn_unchecked<test[aada8e7e76ba119b]::run_test::{closure#1}, ()>::{closure#1}::{closure#0}>, ()>
[INFO] [stdout]                                at /rustc/e3feeb59cd1bdd011a2bfcc0747b55125d9b8527/library/std/src/panic.rs:359:14
[INFO] [stdout]   40:     0x57d3878c2ea2 - std[617be2ca0a6fd877]::thread::lifecycle::spawn_unchecked::<test[aada8e7e76ba119b]::run_test::{closure#1}, ()>::{closure#1}
[INFO] [stdout]                                at /rustc/e3feeb59cd1bdd011a2bfcc0747b55125d9b8527/library/std/src/thread/lifecycle.rs:68:26
[INFO] [stdout]   41:     0x57d3878c2ea2 - <std[617be2ca0a6fd877]::thread::lifecycle::spawn_unchecked<test[aada8e7e76ba119b]::run_test::{closure#1}, ()>::{closure#1} as core[a373ad73a504971]::ops::function::FnOnce<()>>::call_once::{shim:vtable#0}
[INFO] [stdout]                                at /rustc/e3feeb59cd1bdd011a2bfcc0747b55125d9b8527/library/core/src/ops/function.rs:250:5
[INFO] [stdout]   42:     0x57d38792a78f - <alloc[2e1b2a31b91974c5]::boxed::Box<dyn core[a373ad73a504971]::ops::function::FnOnce<(), Output = ()> + core[a373ad73a504971]::marker::Send> as core[a373ad73a504971]::ops::function::FnOnce<()>>::call_once
[INFO] [stdout]                                at /rustc/e3feeb59cd1bdd011a2bfcc0747b55125d9b8527/library/alloc/src/boxed.rs:2314:9
[INFO] [stdout]   43:     0x57d38792a78f - <std[617be2ca0a6fd877]::sys::thread::unix::Thread>::new::thread_start
[INFO] [stdout]                                at /rustc/e3feeb59cd1bdd011a2bfcc0747b55125d9b8527/library/std/src/sys/thread/unix.rs:127:17
[INFO] [stdout]   44:     0x7d8a7bff0dfa - <unknown>
[INFO] [stdout]   45:     0x7d8a7c0843d4 - clone
[INFO] [stdout]   46:                0x0 - <unknown>
[INFO] [stdout] 
[INFO] [stdout] 
[INFO] [stdout] failures:
[INFO] [stdout]     every_declared_command_is_runnable
[INFO] [stdout]     the_shorthand_still_works
[INFO] [stdout] 
[INFO] [stdout] test result: FAILED. 0 passed; 2 failed; 0 ignored; 0 measured; 0 filtered out; finished in 0.02s
[INFO] [stdout] 
[INFO] running `Command { std: "docker" "inspect" "e5f56a7f500422c17da67b5202ba1b9db747cb1ffed5bbde7c510cd7fd5163a3", kill_on_drop: false }`
[INFO] running `Command { std: "docker" "rm" "-f" "e5f56a7f500422c17da67b5202ba1b9db747cb1ffed5bbde7c510cd7fd5163a3", kill_on_drop: false }`
[INFO] [stdout] e5f56a7f500422c17da67b5202ba1b9db747cb1ffed5bbde7c510cd7fd5163a3
