[INFO] fetching crate patches-core 0.7.0...
[INFO] testing patches-core-0.7.0 against 1.100.0-beta.1 for beta-1.100-2
[INFO] extracting crate patches-core 0.7.0 into /workspace/builds/worker-3-tc2/source
[INFO] started tweaking crates.io crate patches-core 0.7.0
[INFO] removed 0 missing examples
[INFO] removed 0 missing tests
[INFO] finished tweaking crates.io crate patches-core 0.7.0
[INFO] tweaked toml for crates.io crate patches-core 0.7.0 written to /workspace/builds/worker-3-tc2/source/Cargo.toml
[INFO] validating manifest of crates.io crate patches-core 0.7.0 on toolchain 1.100.0-beta.1
[INFO] running `Command { std: CARGO_HOME="/workspace/cargo-home" RUSTUP_HOME="/workspace/rustup-home" "/workspace/cargo-home/bin/cargo" "+1.100.0-beta.1" "metadata" "--manifest-path" "Cargo.toml" "--no-deps", kill_on_drop: false }`
[INFO] crate crates.io crate patches-core 0.7.0 already has a lockfile, it will not be regenerated
[INFO] running `Command { std: CARGO_HOME="/workspace/cargo-home" RUSTUP_HOME="/workspace/rustup-home" "/workspace/cargo-home/bin/cargo" "+1.100.0-beta.1" "fetch" "--manifest-path" "Cargo.toml", kill_on_drop: false }`
[INFO] [stderr]     Blocking waiting for file lock on package cache
[INFO] [stderr]     Updating crates.io index
[INFO] [stderr]     Blocking waiting for file lock on package cache
[ERROR] error running command: no output for 300 seconds
[INFO] testing patches-core-0.7.0 against 1.100.0-beta.1 for beta-1.100-2
[INFO] extracting crate patches-core 0.7.0 into /workspace/builds/worker-3-tc2/source
[INFO] started tweaking crates.io crate patches-core 0.7.0
[INFO] removed 0 missing examples
[INFO] removed 0 missing tests
[INFO] finished tweaking crates.io crate patches-core 0.7.0
[INFO] tweaked toml for crates.io crate patches-core 0.7.0 written to /workspace/builds/worker-3-tc2/source/Cargo.toml
[INFO] validating manifest of crates.io crate patches-core 0.7.0 on toolchain 1.100.0-beta.1
[INFO] running `Command { std: CARGO_HOME="/workspace/cargo-home" RUSTUP_HOME="/workspace/rustup-home" "/workspace/cargo-home/bin/cargo" "+1.100.0-beta.1" "metadata" "--manifest-path" "Cargo.toml" "--no-deps", kill_on_drop: false }`
[INFO] crate crates.io crate patches-core 0.7.0 already has a lockfile, it will not be regenerated
[INFO] running `Command { std: CARGO_HOME="/workspace/cargo-home" RUSTUP_HOME="/workspace/rustup-home" "/workspace/cargo-home/bin/cargo" "+1.100.0-beta.1" "fetch" "--manifest-path" "Cargo.toml", kill_on_drop: false }`
[INFO] [stderr]     Blocking waiting for file lock on package cache
[INFO] [stderr]     Blocking waiting for file lock on package cache
[ERROR] error running command: no output for 300 seconds
[INFO] testing patches-core-0.7.0 against 1.100.0-beta.1 for beta-1.100-2
[INFO] extracting crate patches-core 0.7.0 into /workspace/builds/worker-3-tc2/source
[INFO] started tweaking crates.io crate patches-core 0.7.0
[INFO] removed 0 missing examples
[INFO] removed 0 missing tests
[INFO] finished tweaking crates.io crate patches-core 0.7.0
[INFO] tweaked toml for crates.io crate patches-core 0.7.0 written to /workspace/builds/worker-3-tc2/source/Cargo.toml
[INFO] validating manifest of crates.io crate patches-core 0.7.0 on toolchain 1.100.0-beta.1
[INFO] running `Command { std: CARGO_HOME="/workspace/cargo-home" RUSTUP_HOME="/workspace/rustup-home" "/workspace/cargo-home/bin/cargo" "+1.100.0-beta.1" "metadata" "--manifest-path" "Cargo.toml" "--no-deps", kill_on_drop: false }`
[INFO] crate crates.io crate patches-core 0.7.0 already has a lockfile, it will not be regenerated
[INFO] running `Command { std: CARGO_HOME="/workspace/cargo-home" RUSTUP_HOME="/workspace/rustup-home" "/workspace/cargo-home/bin/cargo" "+1.100.0-beta.1" "fetch" "--manifest-path" "Cargo.toml", kill_on_drop: false }`
[INFO] [stderr]     Blocking waiting for file lock on package cache
[INFO] [stderr]     Blocking waiting for file lock on package cache
[INFO] [stderr]  Downloading crates ...
[INFO] [stderr]   Downloaded hashbrown v0.16.1
[INFO] [stderr]   Downloaded target-triple v1.0.0
[INFO] [stderr]   Downloaded trybuild v1.0.116
[INFO] [stderr]   Downloaded termcolor v1.4.1
[INFO] [stderr]   Downloaded bitflags v2.11.0
[INFO] [stderr]   Downloaded zerocopy-derive v0.8.48
[INFO] [stderr]   Downloaded indexmap v2.13.1
[INFO] [stderr]   Downloaded wasip2 v1.0.2+wasi-0.2.9
[INFO] [stderr]   Downloaded winnow v1.0.1
[INFO] [stderr]   Downloaded zerocopy v0.8.48
[INFO] [stderr]   Downloaded regex-syntax v0.8.10
[INFO] [stderr]   Downloaded libc v0.2.184
[INFO] running `Command { std: "docker" "create" "-v" "/var/lib/crater-agent-workspace/builds/worker-3-tc2/source:/opt/rustwide/workdir:ro,Z" "-v" "/var/lib/crater-agent-workspace/builds/worker-3-tc2/target:/opt/rustwide/target:rw,Z" "-v" "/var/lib/crater-agent-workspace/cargo-home:/opt/rustwide/cargo-home:ro,Z" "-v" "/var/lib/crater-agent-workspace/rustup-home:/opt/rustwide/rustup-home:ro,Z" "-m" "1610612736" "--network" "none" "ghcr.io/rust-lang/crates-build-env/linux@sha256:3111399a4047eeb3a02b7a90e478d715f38a8c6669b5c4b49d30a17385265909" "sleep" "infinity", kill_on_drop: false }`
[INFO] [stdout] 586d817908978dc5a5430b655e786d3c8ad7e116e7e3e781b087d0635a44de70
[INFO] running `Command { std: "docker" "start" "586d817908978dc5a5430b655e786d3c8ad7e116e7e3e781b087d0635a44de70", kill_on_drop: false }`
[INFO] running `Command { std: "docker" "inspect" "586d817908978dc5a5430b655e786d3c8ad7e116e7e3e781b087d0635a44de70", kill_on_drop: false }`
[INFO] running `Command { std: "docker" "exec" "-e" "SOURCE_DIR=/opt/rustwide/workdir" "-e" "CARGO_HOME=/opt/rustwide/cargo-home" "-e" "RUSTUP_HOME=/opt/rustwide/rustup-home" "-e" "CARGO_TARGET_DIR=/opt/rustwide/target" "-w" "/opt/rustwide/workdir" "--user" "0:0" "586d817908978dc5a5430b655e786d3c8ad7e116e7e3e781b087d0635a44de70" "/opt/rustwide/cargo-home/bin/cargo" "+1.100.0-beta.1" "metadata" "--no-deps" "--format-version=1", kill_on_drop: false }`
[INFO] running `Command { std: "docker" "inspect" "586d817908978dc5a5430b655e786d3c8ad7e116e7e3e781b087d0635a44de70", kill_on_drop: false }`
[INFO] running `Command { std: "docker" "exec" "-e" "SOURCE_DIR=/opt/rustwide/workdir" "-e" "CARGO_HOME=/opt/rustwide/cargo-home" "-e" "RUSTUP_HOME=/opt/rustwide/rustup-home" "-e" "CARGO_TARGET_DIR=/opt/rustwide/target" "-e" "CARGO_INCREMENTAL=0" "-e" "RUST_BACKTRACE=full" "-e" "RUSTFLAGS=--cap-lints=warn" "-e" "RUSTDOCFLAGS=--cap-lints=warn" "-w" "/opt/rustwide/workdir" "--user" "0:0" "586d817908978dc5a5430b655e786d3c8ad7e116e7e3e781b087d0635a44de70" "/opt/rustwide/cargo-home/bin/cargo" "+1.100.0-beta.1" "build" "--frozen" "--message-format=json", kill_on_drop: false }`
[INFO] [stderr]    Compiling patches-core v0.7.0 (/opt/rustwide/workdir)
[INFO] [stderr]     Finished `dev` profile [unoptimized + debuginfo] target(s) in 1.73s
[INFO] running `Command { std: "docker" "inspect" "586d817908978dc5a5430b655e786d3c8ad7e116e7e3e781b087d0635a44de70", kill_on_drop: false }`
[INFO] running `Command { std: "docker" "exec" "-e" "SOURCE_DIR=/opt/rustwide/workdir" "-e" "CARGO_HOME=/opt/rustwide/cargo-home" "-e" "RUSTUP_HOME=/opt/rustwide/rustup-home" "-e" "CARGO_TARGET_DIR=/opt/rustwide/target" "-e" "CARGO_INCREMENTAL=0" "-e" "RUST_BACKTRACE=full" "-e" "RUSTFLAGS=--cap-lints=warn" "-e" "RUSTDOCFLAGS=--cap-lints=warn" "-w" "/opt/rustwide/workdir" "--user" "0:0" "586d817908978dc5a5430b655e786d3c8ad7e116e7e3e781b087d0635a44de70" "/opt/rustwide/cargo-home/bin/cargo" "+1.100.0-beta.1" "test" "--frozen" "--no-run" "--message-format=json", kill_on_drop: false }`
[INFO] [stderr]    Compiling libc v0.2.184
[INFO] [stderr]    Compiling getrandom v0.3.4
[INFO] [stderr]    Compiling serde_core v1.0.228
[INFO] [stderr]    Compiling cfg-if v1.0.4
[INFO] [stderr]    Compiling proc-macro2 v1.0.106
[INFO] [stderr]    Compiling unicode-ident v1.0.24
[INFO] [stderr]    Compiling zerocopy v0.8.48
[INFO] [stderr]    Compiling rustix v1.1.4
[INFO] [stderr]    Compiling quote v1.0.45
[INFO] [stderr]    Compiling linux-raw-sys v0.12.1
[INFO] [stderr]    Compiling bitflags v2.11.0
[INFO] [stderr]    Compiling zmij v1.0.21
[INFO] [stderr]    Compiling num-traits v0.2.19
[INFO] [stderr]    Compiling fastrand v2.4.1
[INFO] [stderr]    Compiling once_cell v1.21.4
[INFO] [stderr]    Compiling serde v1.0.228
[INFO] [stderr]    Compiling winnow v1.0.1
[INFO] [stderr]    Compiling serde_json v1.0.149
[INFO] [stderr]    Compiling target-triple v1.0.0
[INFO] [stderr]    Compiling toml_parser v1.1.2+spec-1.1.0
[INFO] [stderr]    Compiling syn v2.0.117
[INFO] [stderr]    Compiling memchr v2.8.0
[INFO] [stderr]    Compiling itoa v1.0.18
[INFO] [stderr]    Compiling toml_writer v1.1.1+spec-1.1.0
[INFO] [stderr]    Compiling bit-vec v0.8.0
[INFO] [stderr]    Compiling wait-timeout v0.2.1
[INFO] [stderr]    Compiling rand_core v0.9.5
[INFO] [stderr]    Compiling quick-error v1.2.3
[INFO] [stderr]    Compiling rand_xorshift v0.4.0
[INFO] [stderr]    Compiling rand v0.9.4
[INFO] [stderr]    Compiling bit-set v0.8.0
[INFO] [stderr]    Compiling termcolor v1.4.1
[INFO] [stderr]    Compiling unarray v0.1.4
[INFO] [stderr]    Compiling regex-syntax v0.8.10
[INFO] [stderr]    Compiling glob v0.3.3
[INFO] [stderr]    Compiling tempfile v3.27.0
[INFO] [stderr]    Compiling rusty-fork v0.3.1
[INFO] [stderr]    Compiling toml_datetime v1.1.1+spec-1.1.0
[INFO] [stderr]    Compiling serde_spanned v1.1.1
[INFO] [stderr]    Compiling serde_derive v1.0.228
[INFO] [stderr]    Compiling toml v1.1.2+spec-1.1.0
[INFO] [stderr]    Compiling ppv-lite86 v0.2.21
[INFO] [stderr]    Compiling rand_chacha v0.9.0
[INFO] [stderr]    Compiling proptest v1.11.0
[INFO] [stderr]    Compiling trybuild v1.0.116
[INFO] [stderr]    Compiling patches-core v0.7.0 (/opt/rustwide/workdir)
[INFO] [stderr]     Finished `test` profile [unoptimized + debuginfo] target(s) in 43.80s
[INFO] running `Command { std: "docker" "inspect" "586d817908978dc5a5430b655e786d3c8ad7e116e7e3e781b087d0635a44de70", kill_on_drop: false }`
[INFO] running `Command { std: "docker" "exec" "-e" "SOURCE_DIR=/opt/rustwide/workdir" "-e" "CARGO_HOME=/opt/rustwide/cargo-home" "-e" "RUSTUP_HOME=/opt/rustwide/rustup-home" "-e" "CARGO_TARGET_DIR=/opt/rustwide/target" "-e" "CARGO_INCREMENTAL=0" "-e" "RUST_BACKTRACE=full" "-e" "RUSTFLAGS=--cap-lints=warn" "-e" "RUSTDOCFLAGS=--cap-lints=warn" "-w" "/opt/rustwide/workdir" "--user" "0:0" "586d817908978dc5a5430b655e786d3c8ad7e116e7e3e781b087d0635a44de70" "/opt/rustwide/cargo-home/bin/cargo" "+1.100.0-beta.1" "test" "--frozen", kill_on_drop: false }`
[INFO] [stderr]     Finished `test` profile [unoptimized + debuginfo] target(s) in 0.18s
[INFO] [stderr]      Running unittests src/lib.rs (/opt/rustwide/target/debug/build/patches-core/1905601e3cbdbfab/out/patches_core-1905601e3cbdbfab)
[INFO] [stdout] 
[INFO] [stdout] running 202 tests
[INFO] [stdout] test cable_pool::tests::read_mono_applies_scale ... ok
[INFO] [stdout] test cable_pool::tests::ping_pong_within_tick_isolation ... ok
[INFO] [stdout] test cable_pool::tests::poly_scale_one_fast_path_matches_general ... ok
[INFO] [stdout] test cable_pool::tests::read_poly_applies_scale_to_all_channels ... ok
[INFO] [stdout] test cable_pool::tests::scale_applied_at_read_time ... ok
[INFO] [stdout] test cable_pool::tests::scratch_and_cycle_isolated ... ok
[INFO] [stdout] test cable_pool::tests::ping_pong_one_sample_delay_poly ... ok
[INFO] [stdout] test cable_pool::tests::ping_pong_one_sample_delay_mono ... ok
[INFO] [stdout] test cables::tests::cable_kind_helpers ... ok
[INFO] [stdout] test cable_pool::tests::write_mono_stores_at_write_index ... ok
[INFO] [stdout] test cables::tests::gate_rising_and_falling_edges ... ok
[INFO] [stdout] test cable_pool::tests::write_poly_stores_at_write_index ... ok
[INFO] [stdout] test cables::tests::is_connected_defaults_false_for_all_port_types ... ok
[INFO] [stdout] test cables::tests::mono_output_write_round_trip ... ok
[INFO] [stdout] test cable_pool::tests::scratch_read_returns_same_tick_write ... ok
[INFO] [stdout] test cables::tests::poly_input_read_applies_scale_to_all_channels ... ok
[INFO] [stdout] test cables::tests::poly_output_write_round_trip ... ok
[INFO] [stdout] test cables::tests::poly_gate_per_voice_edges ... ok
[INFO] [stdout] test cables::tests::stereo_input_round_trip_through_output ... ok
[INFO] [stdout] test cables::tests::stereo_output_writes_lr_to_poly_slot ... ok
[INFO] [stdout] test cables::tests::sub_trigger_one_is_boundary_event ... ok
[INFO] [stdout] test cables::tests::sub_trigger_positive_is_event_with_frac ... ok
[INFO] [stdout] test cables::tests::sub_trigger_zero_is_no_event ... ok
[INFO] [stdout] test diagnostics::tests::span_synthetic_renders_placeholder ... ok
[INFO] [stdout] test diagnostics::tests::provenance_chain_renders_innermost_first_then_expansions ... ok
[INFO] [stdout] test diagnostics::tests::span_resolves_to_file_line_col ... ok
[INFO] [stdout] test frames::midi_frame::tests::all_event_slots_fit_within_16_lanes ... ok
[INFO] [stdout] test frames::midi_frame::tests::clear_resets_frame ... ok
[INFO] [stdout] test frames::midi_frame::tests::iter_events_safe_with_count_above_max ... ok
[INFO] [stdout] test frames::midi_frame::tests::packed_count_clamps_at_max_events ... ok
[INFO] [stdout] test cables::tests::mono_input_read_scale_one ... ok
[INFO] [stdout] test cables::tests::mono_input_read_with_scale ... ok
[INFO] [stdout] test frames::midi_frame::tests::u8_values_are_lossless_through_f32 ... ok
[INFO] [stdout] test cables::tests::stereo_input_reads_lr_with_scale ... ok
[INFO] [stdout] test frames::transport_frame::tests::all_lanes_within_bounds ... ok
[INFO] [stdout] test frames::midi_frame::tests::total_count_can_exceed_max_events ... ok
[INFO] [stdout] test frames::midi_frame::tests::round_trip_max_events ... ok
[INFO] [stdout] test frames::midi_frame::tests::round_trip_single_event ... ok
[INFO] [stdout] test frames::midi_frame::tests::round_trip_zero_events ... ok
[INFO] [stdout] test frames::transport_frame::tests::bar_round_trip ... ok
[INFO] [stdout] test frames::transport_frame::tests::beat_round_trip ... ok
[INFO] [stdout] test cables::tests::poly_sub_trigger_per_voice ... ok
[INFO] [stdout] test frames::transport_frame::tests::playing_bool_round_trip ... ok
[INFO] [stdout] test frames::transport_frame::tests::tempo_round_trip ... ok
[INFO] [stdout] test frames::transport_frame::tests::lanes_do_not_overlap ... ok
[INFO] [stdout] test graphs::graph::tests::add_module_duplicate_id_errors ... ok
[INFO] [stdout] test frames::transport_frame::tests::time_signature_round_trip ... ok
[INFO] [stdout] test frames::transport_frame::tests::triggers_round_trip ... ok
[INFO] [stdout] test graphs::graph::tests::add_module_succeeds ... ok
[INFO] [stdout] test graphs::graph::tests::connect_bad_input_port_errors ... ok
[INFO] [stdout] test graphs::graph::tests::connect_input_already_connected_errors ... ok
[INFO] [stdout] test graphs::graph::tests::connect_bad_output_port_errors ... ok
[INFO] [stdout] test graphs::graph::tests::connect_mono_output_to_stereo_input_is_ok_broadcast ... ok
[INFO] [stdout] test frames::transport_frame::tests::playing_raw_round_trip ... ok
[INFO] [stdout] test frames::transport_frame::tests::sample_count_round_trip ... ok
[INFO] [stdout] test graphs::graph::tests::connect_mono_to_mono_succeeds ... ok
[INFO] [stdout] test graphs::graph::tests::connect_poly_output_to_mono_input_returns_kind_mismatch ... ok
[INFO] [stdout] test graphs::graph::tests::connect_mono_output_to_poly_input_returns_kind_mismatch ... ok
[INFO] [stdout] test graphs::graph::tests::connect_poly_trigger_to_poly_is_poly_layout_mismatch ... ok
[INFO] [stdout] test graphs::graph::tests::connect_poly_to_poly_succeeds ... ok
[INFO] [stdout] test graphs::graph::tests::connect_trigger_output_to_stereo_input_returns_kind_mismatch ... ok
[INFO] [stdout] test graphs::graph::tests::connect_stereo_output_to_poly_input_returns_kind_mismatch ... ok
[INFO] [stdout] test graphs::graph::tests::connect_stereo_to_stereo_is_ok ... ok
[INFO] [stdout] test graphs::graph::tests::connect_scale_boundary_values_are_valid ... ok
[INFO] [stdout] test graphs::graph::tests::connect_scale_out_of_range_errors ... ok
[INFO] [stdout] test graphs::graph::tests::connect_stereo_output_to_mono_input_returns_kind_mismatch ... ok
[INFO] [stdout] test graphs::graph::tests::connect_valid_ports_succeeds ... ok
[INFO] [stdout] test graphs::graph::tests::cycles_are_permitted ... ok
[INFO] [stdout] test graphs::graph::tests::connect_trigger_to_mono_is_mono_layout_mismatch ... ok
[INFO] [stdout] test graphs::graph::tests::connect_trigger_to_poly_trigger_is_kind_mismatch ... ok
[INFO] [stdout] test graphs::graph::tests::fanout_one_output_to_multiple_inputs_succeeds ... ok
[INFO] [stdout] test graphs::graph::tests::poly_layout_audio_to_audio_succeeds ... ok
[INFO] [stdout] test graphs::graph::tests::connect_unknown_source_node_errors ... ok
[INFO] [stdout] test graphs::graph::tests::poly_layout_midi_to_midi_succeeds ... ok
[INFO] [stdout] test graphs::graph::tests::poly_layout_audio_to_midi_rejected ... ok
[INFO] [stdout] test graphs::graph::tests::connect_trigger_to_trigger_succeeds ... ok
[INFO] [stdout] test graphs::graph::tests::connect_unknown_dest_node_errors ... ok
[INFO] [stdout] test graphs::graph::tests::disconnect_removes_edge_and_is_idempotent ... ok
[INFO] [stdout] test midi::tests::note_on_velocity_zero_is_note_off ... ok
[INFO] [stdout] test graphs::graph::tests::poly_layout_midi_to_transport_rejected ... ok
[INFO] [stdout] test graphs::graph::tests::port_ref_index_distinguishes_same_named_ports ... ok
[INFO] [stdout] test midi::tests::other_passthrough ... ok
[INFO] [stdout] test midi::tests::pitch_bend_centre ... ok
[INFO] [stdout] test midi::tests::pitch_bend_max ... ok
[INFO] [stdout] test graphs::graph::tests::remove_module_clears_node_and_its_edges ... ok
[INFO] [stdout] test midi::tests::control_change ... ok
[INFO] [stdout] test midi::tests::note_off ... ok
[INFO] [stdout] test midi::tests::note_on_with_velocity ... ok
[INFO] [stdout] test midi::tests::pitch_bend_min ... ok
[INFO] [stdout] test midi_io::tests::empty_slice ... ok
[INFO] [stdout] test midi_io::tests::multi_frame_batch_delivers_on_final_frame ... ok
[INFO] [stdout] test midi_io::tests::empty_frame_returns_empty ... ok
[INFO] [stdout] test module_params::tests::consts_carry_names ... ok
[INFO] [stdout] test modules::descriptor_template::tests::build_channels_matches_manual_for_channels_1 ... ok
[INFO] [stdout] test midi_io::tests::stash_overflow_silently_drops ... ok
[INFO] [stdout] test module_params::tests::array_at_produces_indexed_key ... ok
[INFO] [stdout] test modules::descriptor_template::tests::build_multi_axis_equivalent_to_build_channels ... ok
[INFO] [stdout] test modules::instance_id::tests::instance_ids_are_unique ... ok
[INFO] [stdout] test modules::module::tests::bool_value_against_float_descriptor_returns_invalid_parameter_type ... ok
[INFO] [stdout] test modules::module_descriptor::tests::build_a_module_descriptor ... ok
[INFO] [stdout] test modules::module_descriptor::tests::builder_multi_port_methods_count_3 ... ok
[INFO] [stdout] test modules::module_descriptor::tests::builder_single_port_methods ... ok
[INFO] [stdout] test modules::parameter_map::tests::declared_defaults_uses_default_value_semantics ... ok
[INFO] [stdout] test modules::descriptor_template::tests::build_channels_matches_manual_for_channels_4 ... ok
[INFO] [stdout] test modules::parameter_map::tests::defaults_covers_every_declared_slot ... ok
[INFO] [stdout] test modules::parameter_map::tests::defaults_preserves_indexed_slots ... ok
[INFO] [stdout] test modules::module_descriptor::tests::builder_multi_parameter_methods ... ok
[INFO] [stdout] test modules::module_descriptor::tests::builder_parameter_methods ... ok
[INFO] [stdout] test modules::parameter_map::tests::from_iter_later_entry_wins_for_duplicate_key ... ok
[INFO] [stdout] test modules::parameter_map::tests::insert_param_distinct_indices_coexist ... ok
[INFO] [stdout] test modules::parameter_map::tests::from_iter_collects_distinct_entries ... ok
[INFO] [stdout] test modules::parameter_map::tests::defaults_resolves_enum_default_to_variant_index ... ok
[INFO] [stdout] test modules::parameter_map::tests::defaults_unknown_enum_default_falls_back_to_zero ... ok
[INFO] [stdout] test modules::parameter_map::tests::insert_param_overwrites_existing_index ... ok
[INFO] [stdout] test modules::parameter_map::tests::with_overrides_adds_new_keys ... ok
[INFO] [stdout] test modules::parameter_map::tests::is_empty_distinguishes_empty_and_non_empty ... ok
[INFO] [stdout] test modules::parameter_map::tests::iter_yields_all_entries ... ok
[INFO] [stdout] test modules::params_enum::tests::into_parameter_value ... ok
[INFO] [stdout] test modules::params_enum::tests::match_is_exhaustive ... ok
[INFO] [stdout] test modules::parameter_map::tests::with_overrides_distinguishes_indices_under_same_name ... ok
[INFO] [stdout] test modules::params_enum::tests::try_from_out_of_range_returns_err_with_value ... ok
[INFO] [stdout] test modules::params_enum::tests::try_from_round_trip ... ok
[INFO] [stdout] test modules::parameter_map::tests::with_overrides_replaces_existing_keys ... ok
[INFO] [stdout] test modules::params_enum::tests::discriminants_start_at_zero_and_increase ... ok
[INFO] [stdout] test modules::params_enum::tests::variants_list_matches_declaration_order ... ok
[INFO] [stdout] test midi_io::tests::single_frame_delivers_immediately ... ok
[INFO] [stdout] test param_frame::tests::frame_empty_layout_zero_length ... ok
[INFO] [stdout] test param_frame::tests::frame_reset_clears_bytes ... ok
[INFO] [stdout] test param_frame::tests::frame_shape_matches_layout ... ok
[INFO] [stdout] test param_frame::tests::pack_layout_hash_mismatch_errors ... ok
[INFO] [stdout] test param_frame::tests::pack_round_trip_all_scalar_tags ... ok
[INFO] [stdout] test param_frame::tests::pack_override_beats_default ... ok
[INFO] [stdout] test param_frame::tests::view_index_deterministic ... ok
[INFO] [stdout] test param_frame::tests::view_unknown_key_release_returns_zero ... ok
[INFO] [stdout] test param_layout::tests::determinism_reordered_params_same_layout ... ok
[INFO] [stdout] test param_frame::tests::view_index_empty_layout ... ok
[INFO] [stdout] test param_layout::tests::determinism_same_descriptor_same_layout ... ok
[INFO] [stdout] test param_layout::tests::empty_descriptor_layout ... ok
[INFO] [stdout] test param_layout::tests::every_parameter_appears_exactly_once ... ok
[INFO] [stdout] test param_layout::tests::hash_changes_with_param_kind ... ok
[INFO] [stdout] test param_layout::tests::hash_changes_with_port_kind ... ok
[INFO] [stdout] test param_layout::tests::hash_changes_with_param_name ... ok
[INFO] [stdout] test param_layout::tests::hash_changes_with_port_name ... ok
[INFO] [stdout] test param_layout::tests::hash_changes_with_variant_name ... ok
[INFO] [stdout] test param_layout::tests::hash_changes_with_variant_order ... ok
[INFO] [stdout] test param_layout::tests::hash_regression_fixture ... ok
[INFO] [stdout] test param_layout::tests::hash_stable_under_param_reorder ... ok
[INFO] [stdout] test param_layout::tests::hash_stable_under_range_change ... ok
[INFO] [stdout] test param_layout::tests::indexed_params_sort_by_index_within_name ... ok
[INFO] [stdout] test param_layout::tests::scalar_alignment_respected ... ok
[INFO] [stdout] test param_layout::tests::scalar_only_canonical_ordering ... ok
[INFO] [stdout] test param_layout::tests::song_name_is_int_scalar ... ok
[INFO] [stdout] test qname::tests::child_extends_path ... ok
[INFO] [stdout] test qname::tests::bare_has_empty_path ... ok
[INFO] [stdout] test qname::tests::equality_is_structural ... ok
[INFO] [stdout] test qname::tests::nested_child ... ok
[INFO] [stdout] test qname::tests::ordering_matches_display ... ok
[INFO] [stdout] test qname::tests::string_equality ... ok
[INFO] [stdout] test random_walk::tests::different_seeds_produce_different_sequences ... ok
[INFO] [stdout] test random_walk::tests::initial_value_is_zero ... ok
[INFO] [stdout] test random_walk::tests::same_seed_produces_same_sequence ... ok
[INFO] [stdout] test random_walk::tests::value_stays_in_bounds ... ok
[INFO] [stdout] test registry::module_builder::tests::build_a_module ... ok
[INFO] [stdout] test registry::registry::tests::build_a_module ... ok
[INFO] [stdout] test registry::registry::tests::register_versioned_insert_replace_skip ... ok
[INFO] [stdout] test test_support::harness::tests::assert_steady_state_bounded_passes_for_constant ... ok
[INFO] [stdout] test test_support::harness::tests::disconnect_input_delivers_false_connected ... ok
[INFO] [stdout] test test_support::harness::tests::impulse_response_emits_pulse_then_silence ... ok
[INFO] [stdout] test test_support::harness::tests::init_pool_sets_all_slots ... ok
[INFO] [stdout] test test_support::harness::tests::run_mono_collects_correct_number_of_samples ... ok
[INFO] [stdout] test param_frame::fuzz_tests::view_tolerates_arbitrary_bytes_at_correct_len ... ok
[INFO] [stdout] test param_frame::tests::view_perfect_hash_no_collisions_large ... ok
[INFO] [stdout] test test_support::harness::tests::set_mono_and_read_mono_round_trip ... ok
[INFO] [stdout] test test_support::harness::tests::run_mono_mapped_feeds_inputs ... ok
[INFO] [stdout] test test_support::harness::tests::run_mono_mapped_cycles_short_input ... ok
[INFO] [stdout] test test_support::harness::tests::set_poly_and_read_poly_round_trip ... ok
[INFO] [stdout] test test_support::harness::tests::step_response_holds_input ... ok
[INFO] [stdout] test test_support::harness::tests::tick_advances_write_index ... ok
[INFO] [stdout] test frames::midi_frame::tests::read_event_panics_out_of_range - should panic ... ok
[INFO] [stdout] test frames::midi_frame::tests::write_event_panics_out_of_range - should panic ... ok
[INFO] [stdout] test test_support::macros::tests::assert_nearly_passes_for_value_near_unity ... ok
[INFO] [stdout] test test_support::macros::tests::assert_nearly_passes_for_value_near_440 ... ok
[INFO] [stdout] test modules::descriptor_template::tests::build_panics_on_missing_axis - should panic ... ok
[INFO] [stdout] test test_support::macros::tests::assert_within_fails_outside_delta - should panic ... ok
[INFO] [stdout] test test_support::macros::tests::params_bool_literal ... ok
[INFO] [stdout] test test_support::macros::tests::assert_within_passes_just_inside_delta ... ok
[INFO] [stdout] test test_support::macros::tests::params_float_literal ... ok
[INFO] [stdout] test test_support::macros::tests::params_empty ... ok
[INFO] [stdout] test test_support::macros::tests::params_i64_literal ... ok
[INFO] [stdout] test test_support::macros::tests::params_multiple_entries ... ok
[INFO] [stdout] test tracker::tests::empty_tracker_data ... ok
[INFO] [stdout] test tracker::tests::pattern_bank_indexing ... ok
[INFO] [stdout] test tracker::tests::song_silence_entries ... ok
[INFO] [stdout] test tracker::tests::step_slide_fields ... ok
[INFO] [stdout] test tracker::tests::song_order_and_loop_point ... ok
[INFO] [stdout] test tracker::tests::tracker_data_is_send_sync ... ok
[INFO] [stdout] test param_frame::fuzz_tests::pack_and_view_roundtrip ... ok
[INFO] [stdout] test test_support::harness::tests::assert_steady_state_bounded_fails_for_alternating - should panic ... ok
[INFO] [stdout] test test_support::harness::tests::unknown_output_panics - should panic ... ok
[INFO] [stdout] test test_support::harness::tests::unknown_input_panics - should panic ... ok
[INFO] [stdout] test test_support::macros::tests::assert_nearly_fails_for_value_far_from_440 - should panic ... ok
[INFO] [stdout] test test_support::macros::tests::assert_within_fails_at_boundary - should panic ... ok
[INFO] [stdout] 
[INFO] [stdout] test result: ok. 202 passed; 0 failed; 0 ignored; 0 measured; 0 filtered out; finished in 0.18s
[INFO] [stdout] 
[INFO] [stderr]      Running tests/compile_fail.rs (/opt/rustwide/target/debug/build/patches-core/66c24adba2c9abf4/out/compile_fail-66c24adba2c9abf4)
[INFO] [stdout] 
[INFO] [stdout] running 1 test
[INFO] [stderr]    Compiling libc v0.2.184
[INFO] [stderr]    Compiling getrandom v0.3.4
[INFO] [stderr]     Checking cfg-if v1.0.4
[INFO] [stderr]    Compiling zerocopy v0.8.48
[INFO] [stderr]    Compiling rustix v1.1.4
[INFO] [stderr]     Checking linux-raw-sys v0.12.1
[INFO] [stderr]     Checking bitflags v2.11.0
[INFO] [stderr]    Compiling autocfg v1.5.0
[INFO] [stderr]     Checking fastrand v2.4.1
[INFO] [stderr]     Checking once_cell v1.21.4
[INFO] [stderr]     Checking fnv v1.0.7
[INFO] [stderr]     Checking quick-error v1.2.3
[INFO] [stderr]     Checking bit-vec v0.8.0
[INFO] [stderr]     Checking regex-syntax v0.8.10
[INFO] [stderr]     Checking unarray v0.1.4
[INFO] [stderr]     Checking patches-core v0.7.0 (/opt/rustwide/workdir)
[INFO] [stderr]     Checking bit-set v0.8.0
[INFO] [stderr]    Compiling num-traits v0.2.19
[INFO] [stderr]     Checking wait-timeout v0.2.1
[INFO] [stderr]     Checking rand_core v0.9.5
[INFO] [stderr]     Checking rand_xorshift v0.4.0
[INFO] [stderr]     Checking rand v0.9.4
[INFO] [stderr]     Checking tempfile v3.27.0
[INFO] [stderr]     Checking rusty-fork v0.3.1
[INFO] [stderr]     Checking ppv-lite86 v0.2.21
[INFO] [stderr]     Checking rand_chacha v0.9.0
[INFO] [stderr]     Checking proptest v1.11.0
[INFO] [stderr]     Checking patches-core-tests v0.0.0 (/opt/rustwide/target/tests/trybuild/patches-core)
[INFO] [stderr]     Finished `dev` profile [unoptimized + debuginfo] target(s) in 14.35s
[INFO] [stderr] 
[INFO] [stderr] 
[INFO] [stderr] test tests/compile_fail/array_without_index.rs ... mismatch
[INFO] [stderr] 
[INFO] [stderr] EXPECTED:
[INFO] [stderr] ┈┈┈┈┈┈┈┈┈┈┈┈┈┈┈┈┈┈┈┈┈┈┈┈┈┈┈┈┈┈┈┈┈┈┈┈┈┈┈┈┈┈┈┈┈┈┈┈┈┈┈┈┈┈┈┈┈┈┈┈
[INFO] [stderr] error[E0277]: the trait bound `FloatParamArray: ParamKey` is not satisfied
[INFO] [stderr]   --> tests/compile_fail/array_without_index.rs:12:22
[INFO] [stderr]    |
[INFO] [stderr] 12 |     let _ = view.get(params::GAIN);
[INFO] [stderr]    |                  --- ^^^^^^^^^^^^ the trait `ParamKey` is not implemented for `FloatParamArray`
[INFO] [stderr]    |                  |
[INFO] [stderr]    |                  required by a bound introduced by this call
[INFO] [stderr]    |
[INFO] [stderr]    = help: the following other types implement trait `ParamKey`:
[INFO] [stderr]              BoolParamKey
[INFO] [stderr]              BoolParamName
[INFO] [stderr]              EnumParamKey<E>
[INFO] [stderr]              EnumParamName<E>
[INFO] [stderr]              FloatParamKey
[INFO] [stderr]              FloatParamName
[INFO] [stderr]              IntParamKey
[INFO] [stderr]              IntParamName
[INFO] [stderr]              SongNameParamName
[INFO] [stderr] note: required by a bound in `ParamView::<'a>::get`
[INFO] [stderr]   --> src/param_frame/view.rs
[INFO] [stderr]    |
[INFO] [stderr]    |     pub fn get<K: crate::params::ParamKey>(&self, key: K) -> K::Value {
[INFO] [stderr]    |                   ^^^^^^^^^^^^^^^^^^^^^^^ required by this bound in `ParamView::<'a>::get`
[INFO] [stderr] ┈┈┈┈┈┈┈┈┈┈┈┈┈┈┈┈┈┈┈┈┈┈┈┈┈┈┈┈┈┈┈┈┈┈┈┈┈┈┈┈┈┈┈┈┈┈┈┈┈┈┈┈┈┈┈┈┈┈┈┈
[INFO] [stderr] 
[INFO] [stderr] ACTUAL OUTPUT:
[INFO] [stderr] ┈┈┈┈┈┈┈┈┈┈┈┈┈┈┈┈┈┈┈┈┈┈┈┈┈┈┈┈┈┈┈┈┈┈┈┈┈┈┈┈┈┈┈┈┈┈┈┈┈┈┈┈┈┈┈┈┈┈┈┈
[INFO] [stderr] error[E0277]: the trait bound `FloatParamArray: ParamKey` is not satisfied
[INFO] [stderr]   --> tests/compile_fail/array_without_index.rs:12:22
[INFO] [stderr]    |
[INFO] [stderr] 12 |     let _ = view.get(params::GAIN);
[INFO] [stderr]    |                  --- ^^^^^^^^^^^^ the trait `ParamKey` is not implemented for `FloatParamArray`
[INFO] [stderr]    |                  |
[INFO] [stderr]    |                  required by a bound introduced by this call
[INFO] [stderr]    |
[INFO] [stderr]    = help: the following other types implement trait `ParamKey`:
[INFO] [stderr]              BoolParamKey
[INFO] [stderr]              BoolParamName
[INFO] [stderr]              EnumParamKey<E>
[INFO] [stderr]              EnumParamName<E>
[INFO] [stderr]              FloatParamKey
[INFO] [stderr]              FloatParamName
[INFO] [stderr]              IntParamKey
[INFO] [stderr]              IntParamName
[INFO] [stderr]              SongNameParamName
[INFO] [stderr] note: required by a bound in `ParamView::<'a>::get`
[INFO] [stderr]   --> src/param_frame/view.rs
[INFO] [stderr]    |
[INFO] [stderr]    | impl<'a> ParamView<'a> {
[INFO] [stderr] ...
[INFO] [stderr]    |     pub fn get<K: crate::params::ParamKey>(&self, key: K) -> K::Value {
[INFO] [stderr]    |                   ^^^^^^^^^^^^^^^^^^^^^^^ required by this bound in `ParamView::<'a>::get`
[INFO] [stderr] ┈┈┈┈┈┈┈┈┈┈┈┈┈┈┈┈┈┈┈┈┈┈┈┈┈┈┈┈┈┈┈┈┈┈┈┈┈┈┈┈┈┈┈┈┈┈┈┈┈┈┈┈┈┈┈┈┈┈┈┈
[INFO] [stderr] note: If the actual output is the correct output you can bless it by rerunning
[INFO] [stderr]       your test with the environment variable TRYBUILD=overwrite
[INFO] [stderr] 
[INFO] [stderr] test tests/compile_fail/undefined_name.rs ... ok
[INFO] [stderr] test tests/compile_fail/wrong_kind.rs ... ok
[INFO] [stderr] 
[INFO] [stderr] 
[INFO] [stdout] test compile_fail ... FAILED
[INFO] [stderr] error: test failed, to rerun pass `--test compile_fail`
[INFO] [stdout] 
[INFO] [stdout] failures:
[INFO] [stdout] 
[INFO] [stdout] ---- compile_fail stdout ----
[INFO] [stdout] 
[INFO] [stdout] thread 'compile_fail' (1119) panicked at /opt/rustwide/cargo-home/registry/src/index.crates.io-1949cf8c6b5b557f/trybuild-1.0.116/src/run.rs:102:13:
[INFO] [stdout] 1 of 3 tests failed
[INFO] [stdout] stack backtrace:
[INFO] [stdout]    0:     0x5f97294f5b31 - std[617be2ca0a6fd877]::backtrace_rs::backtrace::libunwind::trace
[INFO] [stdout]                                at /rustc/e3feeb59cd1bdd011a2bfcc0747b55125d9b8527/library/std/src/../../backtrace/src/backtrace/libunwind.rs:117:9
[INFO] [stdout]    1:     0x5f97294f5b31 - std[617be2ca0a6fd877]::backtrace_rs::backtrace::trace_unsynchronized::<std[617be2ca0a6fd877]::sys::backtrace::_print_fmt::{closure#1}>
[INFO] [stdout]                                at /rustc/e3feeb59cd1bdd011a2bfcc0747b55125d9b8527/library/std/src/../../backtrace/src/backtrace/mod.rs:66:14
[INFO] [stdout]    2:     0x5f97294f5b31 - std[617be2ca0a6fd877]::sys::backtrace::_print_fmt
[INFO] [stdout]                                at /rustc/e3feeb59cd1bdd011a2bfcc0747b55125d9b8527/library/std/src/sys/backtrace.rs:74:9
[INFO] [stdout]    3:     0x5f97294f5b31 - <<std[617be2ca0a6fd877]::sys::backtrace::BacktraceLock>::print::DisplayBacktrace as core[a373ad73a504971]::fmt::Display>::fmt
[INFO] [stdout]                                at /rustc/e3feeb59cd1bdd011a2bfcc0747b55125d9b8527/library/std/src/sys/backtrace.rs:44:26
[INFO] [stdout]    4:     0x5f972950c02a - <core[a373ad73a504971]::fmt::rt::Argument>::fmt
[INFO] [stdout]                                at /rustc/e3feeb59cd1bdd011a2bfcc0747b55125d9b8527/library/core/src/fmt/rt.rs:152:76
[INFO] [stdout]    5:     0x5f972950c02a - core[a373ad73a504971]::fmt::write
[INFO] [stdout]    6:     0x5f97294fa42c - core[a373ad73a504971]::io::write::default_write_fmt::<alloc[2e1b2a31b91974c5]::vec::Vec<u8>>
[INFO] [stdout]                                at /rustc/e3feeb59cd1bdd011a2bfcc0747b55125d9b8527/library/core/src/io/write.rs:402:11
[INFO] [stdout]    7:     0x5f97294fa42c - <alloc[2e1b2a31b91974c5]::vec::Vec<u8> as core[a373ad73a504971]::io::write::Write>::write_fmt
[INFO] [stdout]                                at /rustc/e3feeb59cd1bdd011a2bfcc0747b55125d9b8527/library/core/src/io/write.rs:335:13
[INFO] [stdout]    8:     0x5f97294cef96 - <std[617be2ca0a6fd877]::sys::backtrace::BacktraceLock>::print
[INFO] [stdout]                                at /rustc/e3feeb59cd1bdd011a2bfcc0747b55125d9b8527/library/std/src/sys/backtrace.rs:47:9
[INFO] [stdout]    9:     0x5f97294cef96 - std[617be2ca0a6fd877]::panicking::default_hook::{closure#0}
[INFO] [stdout]                                at /rustc/e3feeb59cd1bdd011a2bfcc0747b55125d9b8527/library/std/src/panicking.rs:289:27
[INFO] [stdout]   10:     0x5f97294ed0d9 - std[617be2ca0a6fd877]::panicking::default_hook
[INFO] [stdout]                                at /rustc/e3feeb59cd1bdd011a2bfcc0747b55125d9b8527/library/std/src/panicking.rs:313:9
[INFO] [stdout]   11:     0x5f9729486680 - <alloc[2e1b2a31b91974c5]::boxed::Box<dyn for<'a, 'b> core[a373ad73a504971]::ops::function::Fn<(&'a std[617be2ca0a6fd877]::panic::PanicHookInfo<'b>,), Output = ()> + core[a373ad73a504971]::marker::Sync + core[a373ad73a504971]::marker::Send> as core[a373ad73a504971]::ops::function::Fn<(&std[617be2ca0a6fd877]::panic::PanicHookInfo,)>>::call
[INFO] [stdout]                                at /rustc/e3feeb59cd1bdd011a2bfcc0747b55125d9b8527/library/alloc/src/boxed.rs:2328:9
[INFO] [stdout]   12:     0x5f9729486680 - test[aada8e7e76ba119b]::test_main_inner::{closure#0}
[INFO] [stdout]                                at /rustc/e3feeb59cd1bdd011a2bfcc0747b55125d9b8527/library/test/src/lib.rs:137:21
[INFO] [stdout]   13:     0x5f97294ed292 - <alloc[2e1b2a31b91974c5]::boxed::Box<dyn for<'a, 'b> core[a373ad73a504971]::ops::function::Fn<(&'a std[617be2ca0a6fd877]::panic::PanicHookInfo<'b>,), Output = ()> + core[a373ad73a504971]::marker::Sync + core[a373ad73a504971]::marker::Send> as core[a373ad73a504971]::ops::function::Fn<(&std[617be2ca0a6fd877]::panic::PanicHookInfo,)>>::call
[INFO] [stdout]                                at /rustc/e3feeb59cd1bdd011a2bfcc0747b55125d9b8527/library/alloc/src/boxed.rs:2328:9
[INFO] [stdout]   14:     0x5f97294ed292 - std[617be2ca0a6fd877]::panicking::panic_with_hook
[INFO] [stdout]                                at /rustc/e3feeb59cd1bdd011a2bfcc0747b55125d9b8527/library/std/src/panicking.rs:819:13
[INFO] [stdout]   15:     0x5f97294cf042 - std[617be2ca0a6fd877]::panicking::panic_handler::{closure#0}
[INFO] [stdout]                                at /rustc/e3feeb59cd1bdd011a2bfcc0747b55125d9b8527/library/std/src/panicking.rs:685:13
[INFO] [stdout]   16:     0x5f97294c7869 - std[617be2ca0a6fd877]::sys::backtrace::__rust_end_short_backtrace::<std[617be2ca0a6fd877]::panicking::panic_handler::{closure#0}, !>
[INFO] [stdout]                                at /rustc/e3feeb59cd1bdd011a2bfcc0747b55125d9b8527/library/std/src/sys/backtrace.rs:182:18
[INFO] [stdout]   17:     0x5f97294cfc4d - __rustc[ea4f61d10b84890b]::rust_begin_unwind
[INFO] [stdout]                                at /rustc/e3feeb59cd1bdd011a2bfcc0747b55125d9b8527/library/std/src/panicking.rs:676:5
[INFO] [stdout]   18:     0x5f972950c81c - core[a373ad73a504971]::panicking::panic_fmt
[INFO] [stdout]                                at /rustc/e3feeb59cd1bdd011a2bfcc0747b55125d9b8527/library/core/src/panicking.rs:80:14
[INFO] [stdout]   19:     0x5f97292cd2b4 - <trybuild[8b8d3da1ad93a06e]::Runner>::run
[INFO] [stdout]                                at /opt/rustwide/cargo-home/registry/src/index.crates.io-1949cf8c6b5b557f/trybuild-1.0.116/src/run.rs:102:13
[INFO] [stdout]   20:     0x5f97292d9fb8 - <trybuild[8b8d3da1ad93a06e]::TestCases as core[a373ad73a504971]::ops::drop::Drop>::drop
[INFO] [stdout]                                at /opt/rustwide/cargo-home/registry/src/index.crates.io-1949cf8c6b5b557f/trybuild-1.0.116/src/lib.rs:342:38
[INFO] [stdout]   21:     0x5f972925a5c7 - core[a373ad73a504971]::ptr::drop_glue::<trybuild[8b8d3da1ad93a06e]::TestCases>
[INFO] [stdout]                                at /rustc/e3feeb59cd1bdd011a2bfcc0747b55125d9b8527/library/core/src/ptr/mod.rs:848:1
[INFO] [stdout]   22:     0x5f972925a7d3 - compile_fail[29dbe264b87c2e11]::compile_fail
[INFO] [stdout]                                at /opt/rustwide/workdir/tests/compile_fail.rs:10:1
[INFO] [stdout]   23:     0x5f972925a727 - compile_fail[29dbe264b87c2e11]::compile_fail::{closure#0}
[INFO] [stdout]                                at /opt/rustwide/workdir/tests/compile_fail.rs:7:18
[INFO] [stdout]   24:     0x5f972925ac36 - <compile_fail[29dbe264b87c2e11]::compile_fail::{closure#0} as core[a373ad73a504971]::ops::function::FnOnce<()>>::call_once
[INFO] [stdout]                                at /rustc/e3feeb59cd1bdd011a2bfcc0747b55125d9b8527/library/core/src/ops/function.rs:250:5
[INFO] [stdout]   25:     0x5f9729479acb - <fn() -> core[a373ad73a504971]::result::Result<(), alloc[2e1b2a31b91974c5]::string::String> as core[a373ad73a504971]::ops::function::FnOnce<()>>::call_once
[INFO] [stdout]                                at /rustc/e3feeb59cd1bdd011a2bfcc0747b55125d9b8527/library/core/src/ops/function.rs:250:5
[INFO] [stdout]   26:     0x5f9729479acb - test[aada8e7e76ba119b]::__rust_begin_short_backtrace::<core[a373ad73a504971]::result::Result<(), alloc[2e1b2a31b91974c5]::string::String>, fn() -> core[a373ad73a504971]::result::Result<(), alloc[2e1b2a31b91974c5]::string::String>>
[INFO] [stdout]                                at /rustc/e3feeb59cd1bdd011a2bfcc0747b55125d9b8527/library/test/src/lib.rs:701:18
[INFO] [stdout]   27:     0x5f9729486ca5 - test[aada8e7e76ba119b]::run_test_in_process::{closure#0}
[INFO] [stdout]                                at /rustc/e3feeb59cd1bdd011a2bfcc0747b55125d9b8527/library/test/src/lib.rs:724:74
[INFO] [stdout]   28:     0x5f9729486ca5 - <core[a373ad73a504971]::panic::unwind_safe::AssertUnwindSafe<test[aada8e7e76ba119b]::run_test_in_process::{closure#0}> as core[a373ad73a504971]::ops::function::FnOnce<()>>::call_once
[INFO] [stdout]                                at /rustc/e3feeb59cd1bdd011a2bfcc0747b55125d9b8527/library/core/src/panic/unwind_safe.rs:275:9
[INFO] [stdout]   29:     0x5f9729486ca5 - std[617be2ca0a6fd877]::panicking::catch_unwind::do_call::<core[a373ad73a504971]::panic::unwind_safe::AssertUnwindSafe<test[aada8e7e76ba119b]::run_test_in_process::{closure#0}>, core[a373ad73a504971]::result::Result<(), alloc[2e1b2a31b91974c5]::string::String>>
[INFO] [stdout]                                at /rustc/e3feeb59cd1bdd011a2bfcc0747b55125d9b8527/library/std/src/panicking.rs:573:43
[INFO] [stdout]   30:     0x5f9729486ca5 - std[617be2ca0a6fd877]::panicking::catch_unwind::<core[a373ad73a504971]::result::Result<(), alloc[2e1b2a31b91974c5]::string::String>, core[a373ad73a504971]::panic::unwind_safe::AssertUnwindSafe<test[aada8e7e76ba119b]::run_test_in_process::{closure#0}>>
[INFO] [stdout]                                at /rustc/e3feeb59cd1bdd011a2bfcc0747b55125d9b8527/library/std/src/panicking.rs:541:19
[INFO] [stdout]   31:     0x5f9729486ca5 - std[617be2ca0a6fd877]::panic::catch_unwind::<core[a373ad73a504971]::panic::unwind_safe::AssertUnwindSafe<test[aada8e7e76ba119b]::run_test_in_process::{closure#0}>, core[a373ad73a504971]::result::Result<(), alloc[2e1b2a31b91974c5]::string::String>>
[INFO] [stdout]                                at /rustc/e3feeb59cd1bdd011a2bfcc0747b55125d9b8527/library/std/src/panic.rs:359:14
[INFO] [stdout]   32:     0x5f9729486ca5 - test[aada8e7e76ba119b]::run_test_in_process
[INFO] [stdout]                                at /rustc/e3feeb59cd1bdd011a2bfcc0747b55125d9b8527/library/test/src/lib.rs:724:27
[INFO] [stdout]   33:     0x5f9729486ca5 - test[aada8e7e76ba119b]::run_test::{closure#0}
[INFO] [stdout]                                at /rustc/e3feeb59cd1bdd011a2bfcc0747b55125d9b8527/library/test/src/lib.rs:645:43
[INFO] [stdout]   34:     0x5f9729480594 - test[aada8e7e76ba119b]::run_test::{closure#1}
[INFO] [stdout]                                at /rustc/e3feeb59cd1bdd011a2bfcc0747b55125d9b8527/library/test/src/lib.rs:675:41
[INFO] [stdout]   35:     0x5f9729480594 - std[617be2ca0a6fd877]::sys::backtrace::__rust_begin_short_backtrace::<test[aada8e7e76ba119b]::run_test::{closure#1}, ()>
[INFO] [stdout]                                at /rustc/e3feeb59cd1bdd011a2bfcc0747b55125d9b8527/library/std/src/sys/backtrace.rs:166:18
[INFO] [stdout]   36:     0x5f9729489d32 - std[617be2ca0a6fd877]::thread::lifecycle::spawn_unchecked::<test[aada8e7e76ba119b]::run_test::{closure#1}, ()>::{closure#1}::{closure#0}
[INFO] [stdout]                                at /rustc/e3feeb59cd1bdd011a2bfcc0747b55125d9b8527/library/std/src/thread/lifecycle.rs:70:13
[INFO] [stdout]   37:     0x5f9729489d32 - <core[a373ad73a504971]::panic::unwind_safe::AssertUnwindSafe<std[617be2ca0a6fd877]::thread::lifecycle::spawn_unchecked<test[aada8e7e76ba119b]::run_test::{closure#1}, ()>::{closure#1}::{closure#0}> as core[a373ad73a504971]::ops::function::FnOnce<()>>::call_once
[INFO] [stdout]                                at /rustc/e3feeb59cd1bdd011a2bfcc0747b55125d9b8527/library/core/src/panic/unwind_safe.rs:275:9
[INFO] [stdout]   38:     0x5f9729489d32 - std[617be2ca0a6fd877]::panicking::catch_unwind::do_call::<core[a373ad73a504971]::panic::unwind_safe::AssertUnwindSafe<std[617be2ca0a6fd877]::thread::lifecycle::spawn_unchecked<test[aada8e7e76ba119b]::run_test::{closure#1}, ()>::{closure#1}::{closure#0}>, ()>
[INFO] [stdout]                                at /rustc/e3feeb59cd1bdd011a2bfcc0747b55125d9b8527/library/std/src/panicking.rs:573:43
[INFO] [stdout]   39:     0x5f9729489d32 - std[617be2ca0a6fd877]::panicking::catch_unwind::<(), core[a373ad73a504971]::panic::unwind_safe::AssertUnwindSafe<std[617be2ca0a6fd877]::thread::lifecycle::spawn_unchecked<test[aada8e7e76ba119b]::run_test::{closure#1}, ()>::{closure#1}::{closure#0}>>
[INFO] [stdout]                                at /rustc/e3feeb59cd1bdd011a2bfcc0747b55125d9b8527/library/std/src/panicking.rs:541:19
[INFO] [stdout]   40:     0x5f9729489d32 - std[617be2ca0a6fd877]::panic::catch_unwind::<core[a373ad73a504971]::panic::unwind_safe::AssertUnwindSafe<std[617be2ca0a6fd877]::thread::lifecycle::spawn_unchecked<test[aada8e7e76ba119b]::run_test::{closure#1}, ()>::{closure#1}::{closure#0}>, ()>
[INFO] [stdout]                                at /rustc/e3feeb59cd1bdd011a2bfcc0747b55125d9b8527/library/std/src/panic.rs:359:14
[INFO] [stdout]   41:     0x5f9729489d32 - std[617be2ca0a6fd877]::thread::lifecycle::spawn_unchecked::<test[aada8e7e76ba119b]::run_test::{closure#1}, ()>::{closure#1}
[INFO] [stdout]                                at /rustc/e3feeb59cd1bdd011a2bfcc0747b55125d9b8527/library/std/src/thread/lifecycle.rs:68:26
[INFO] [stdout]   42:     0x5f9729489d32 - <std[617be2ca0a6fd877]::thread::lifecycle::spawn_unchecked<test[aada8e7e76ba119b]::run_test::{closure#1}, ()>::{closure#1} as core[a373ad73a504971]::ops::function::FnOnce<()>>::call_once::{shim:vtable#0}
[INFO] [stdout]                                at /rustc/e3feeb59cd1bdd011a2bfcc0747b55125d9b8527/library/core/src/ops/function.rs:250:5
[INFO] [stdout]   43:     0x5f97294f4d8f - <alloc[2e1b2a31b91974c5]::boxed::Box<dyn core[a373ad73a504971]::ops::function::FnOnce<(), Output = ()> + core[a373ad73a504971]::marker::Send> as core[a373ad73a504971]::ops::function::FnOnce<()>>::call_once
[INFO] [stdout]                                at /rustc/e3feeb59cd1bdd011a2bfcc0747b55125d9b8527/library/alloc/src/boxed.rs:2314:9
[INFO] [stdout]   44:     0x5f97294f4d8f - <std[617be2ca0a6fd877]::sys::thread::unix::Thread>::new::thread_start
[INFO] [stdout]                                at /rustc/e3feeb59cd1bdd011a2bfcc0747b55125d9b8527/library/std/src/sys/thread/unix.rs:127:17
[INFO] [stdout]   45:     0x75d9ac36edfa - <unknown>
[INFO] [stdout]   46:     0x75d9ac4023d4 - clone
[INFO] [stdout]   47:                0x0 - <unknown>
[INFO] [stdout] 
[INFO] [stdout] 
[INFO] [stdout] failures:
[INFO] [stdout]     compile_fail
[INFO] [stdout] 
[INFO] [stdout] test result: FAILED. 0 passed; 1 failed; 0 ignored; 0 measured; 0 filtered out; finished in 25.62s
[INFO] [stdout] 
[INFO] running `Command { std: "docker" "inspect" "586d817908978dc5a5430b655e786d3c8ad7e116e7e3e781b087d0635a44de70", kill_on_drop: false }`
[INFO] running `Command { std: "docker" "rm" "-f" "586d817908978dc5a5430b655e786d3c8ad7e116e7e3e781b087d0635a44de70", kill_on_drop: false }`
[INFO] [stdout] 586d817908978dc5a5430b655e786d3c8ad7e116e7e3e781b087d0635a44de70
