[INFO] fetching crate edmv 1.0.1...
[INFO] testing edmv-1.0.1 against 1.100.0-beta.1 for beta-1.100-2
[INFO] extracting crate edmv 1.0.1 into /workspace/builds/worker-0-tc2/source
[INFO] started tweaking crates.io crate edmv 1.0.1
[INFO] removed 0 missing tests
[INFO] finished tweaking crates.io crate edmv 1.0.1
[INFO] tweaked toml for crates.io crate edmv 1.0.1 written to /workspace/builds/worker-0-tc2/source/Cargo.toml
[INFO] validating manifest of crates.io crate edmv 1.0.1 on toolchain 1.100.0-beta.1
[INFO] running `Command { std: CARGO_HOME="/workspace/cargo-home" RUSTUP_HOME="/workspace/rustup-home" "/workspace/cargo-home/bin/cargo" "+1.100.0-beta.1" "metadata" "--manifest-path" "Cargo.toml" "--no-deps", kill_on_drop: false }`
[INFO] crate crates.io crate edmv 1.0.1 already has a lockfile, it will not be regenerated
[INFO] running `Command { std: CARGO_HOME="/workspace/cargo-home" RUSTUP_HOME="/workspace/rustup-home" "/workspace/cargo-home/bin/cargo" "+1.100.0-beta.1" "fetch" "--manifest-path" "Cargo.toml", kill_on_drop: false }`
[INFO] [stderr] warning: Cargo.toml: `lints.clippy.arbitrary-source-item-ordering` is deprecated in favor of `lints.clippy.arbitrary_source_item_ordering` and will not work in a future edition
[INFO] [stderr] warning: `package.homepage` is redundant with `package.repository`
[INFO] [stderr]   --> Cargo.toml:72:12
[INFO] [stderr]    |
[INFO] [stderr] 72 | homepage = "https://github.com/terror/edmv"
[INFO] [stderr]    |            ^^^^^^^^^^^^^^^^^^^^^^^^^^^^^^^^
[INFO] [stderr] ...
[INFO] [stderr] 77 | repository = "https://github.com/terror/edmv"
[INFO] [stderr]    |              --------------------------------
[INFO] [stderr]    |
[INFO] [stderr]    = note: `cargo::redundant_homepage` is set to `warn` by default
[INFO] [stderr] help: consider removing `package.homepage`
[INFO] [stderr] warning: `edmv` (manifest) generated 2 warnings
[INFO] [stderr]     Blocking waiting for file lock on package cache
[INFO] [stderr]     Blocking waiting for file lock on package cache
[INFO] [stderr]  Downloading crates ...
[INFO] [stderr]   Downloaded unindent v0.2.4
[INFO] [stderr]   Downloaded tempfile v3.23.0
[INFO] [stderr]   Downloaded anstyle-wincon v3.0.10
[INFO] [stderr]   Downloaded anstyle-query v1.1.4
[INFO] [stderr]   Downloaded path-absolutize v3.1.1
[INFO] [stderr]   Downloaded path-dedot v3.1.1
[INFO] [stderr]   Downloaded once_cell v1.21.3
[INFO] [stderr]   Downloaded fastrand v2.3.0
[INFO] [stderr]   Downloaded windows-targets v0.53.5
[INFO] [stderr]   Downloaded getrandom v0.3.4
[INFO] [stderr]   Downloaded wit-bindgen v0.46.0
[INFO] [stderr]   Downloaded yansi v1.0.1
[INFO] [stderr]   Downloaded executable-path v1.0.0
[INFO] [stderr]   Downloaded bitflags v2.10.0
[INFO] [stderr]   Downloaded clap v4.5.51
[INFO] [stderr]   Downloaded pretty_assertions v1.4.1
[INFO] [stderr]   Downloaded r-efi v5.3.0
[INFO] [stderr]   Downloaded wasip2 v1.0.1+wasi-0.2.4
[INFO] [stderr]   Downloaded diff v0.1.13
[INFO] [stderr]   Downloaded clap_builder v4.5.51
[INFO] [stderr]   Downloaded rustix v1.1.2
[INFO] [stderr]   Downloaded syn v2.0.110
[INFO] [stderr]   Downloaded libc v0.2.177
[INFO] [stderr]   Downloaded windows_x86_64_gnullvm v0.53.1
[INFO] [stderr]   Downloaded windows_i686_gnullvm v0.53.1
[INFO] [stderr]   Downloaded windows_aarch64_gnullvm v0.53.1
[INFO] [stderr]   Downloaded windows_x86_64_msvc v0.53.1
[INFO] [stderr]   Downloaded windows_i686_msvc v0.53.1
[INFO] [stderr]   Downloaded windows_x86_64_gnu v0.53.1
[INFO] [stderr]   Downloaded windows_i686_gnu v0.53.1
[INFO] [stderr]   Downloaded windows_aarch64_msvc v0.53.1
[INFO] [stderr]   Downloaded windows-sys v0.60.2
[INFO] [stderr]   Downloaded linux-raw-sys v0.11.0
[INFO] running `Command { std: "docker" "create" "-v" "/var/lib/crater-agent-workspace/builds/worker-0-tc2/source:/opt/rustwide/workdir:ro,Z" "-v" "/var/lib/crater-agent-workspace/builds/worker-0-tc2/target:/opt/rustwide/target:rw,Z" "-v" "/var/lib/crater-agent-workspace/cargo-home:/opt/rustwide/cargo-home:ro,Z" "-v" "/var/lib/crater-agent-workspace/rustup-home:/opt/rustwide/rustup-home:ro,Z" "-m" "1610612736" "--network" "none" "ghcr.io/rust-lang/crates-build-env/linux@sha256:3111399a4047eeb3a02b7a90e478d715f38a8c6669b5c4b49d30a17385265909" "sleep" "infinity", kill_on_drop: false }`
[INFO] [stdout] 2397b2fbec0c35ef7a35d71c8f79779c74dfdc2b1280af9818363fa676554b71
[INFO] running `Command { std: "docker" "start" "2397b2fbec0c35ef7a35d71c8f79779c74dfdc2b1280af9818363fa676554b71", kill_on_drop: false }`
[INFO] running `Command { std: "docker" "inspect" "2397b2fbec0c35ef7a35d71c8f79779c74dfdc2b1280af9818363fa676554b71", kill_on_drop: false }`
[INFO] running `Command { std: "docker" "exec" "-e" "SOURCE_DIR=/opt/rustwide/workdir" "-e" "CARGO_HOME=/opt/rustwide/cargo-home" "-e" "RUSTUP_HOME=/opt/rustwide/rustup-home" "-e" "CARGO_TARGET_DIR=/opt/rustwide/target" "-w" "/opt/rustwide/workdir" "--user" "0:0" "2397b2fbec0c35ef7a35d71c8f79779c74dfdc2b1280af9818363fa676554b71" "/opt/rustwide/cargo-home/bin/cargo" "+1.100.0-beta.1" "metadata" "--no-deps" "--format-version=1", kill_on_drop: false }`
[INFO] running `Command { std: "docker" "inspect" "2397b2fbec0c35ef7a35d71c8f79779c74dfdc2b1280af9818363fa676554b71", kill_on_drop: false }`
[INFO] running `Command { std: "docker" "exec" "-e" "SOURCE_DIR=/opt/rustwide/workdir" "-e" "CARGO_HOME=/opt/rustwide/cargo-home" "-e" "RUSTUP_HOME=/opt/rustwide/rustup-home" "-e" "CARGO_TARGET_DIR=/opt/rustwide/target" "-e" "CARGO_INCREMENTAL=0" "-e" "RUST_BACKTRACE=full" "-e" "RUSTFLAGS=--cap-lints=warn" "-e" "RUSTDOCFLAGS=--cap-lints=warn" "-w" "/opt/rustwide/workdir" "--user" "0:0" "2397b2fbec0c35ef7a35d71c8f79779c74dfdc2b1280af9818363fa676554b71" "/opt/rustwide/cargo-home/bin/cargo" "+1.100.0-beta.1" "build" "--frozen" "--message-format=json", kill_on_drop: false }`
[INFO] [stderr] warning: Cargo.toml: `lints.clippy.arbitrary-source-item-ordering` is deprecated in favor of `lints.clippy.arbitrary_source_item_ordering` and will not work in a future edition
[INFO] [stderr] warning: `package.homepage` is redundant with `package.repository`
[INFO] [stderr]   --> Cargo.toml:72:12
[INFO] [stderr]    |
[INFO] [stderr] 72 | homepage = "https://github.com/terror/edmv"
[INFO] [stderr]    |            ^^^^^^^^^^^^^^^^^^^^^^^^^^^^^^^^
[INFO] [stderr] ...
[INFO] [stderr] 77 | repository = "https://github.com/terror/edmv"
[INFO] [stderr]    |              --------------------------------
[INFO] [stderr]    |
[INFO] [stderr]    = note: `cargo::redundant_homepage` is set to `warn` by default
[INFO] [stderr] help: consider removing `package.homepage`
[INFO] [stderr] warning: `edmv` (manifest) generated 2 warnings
[INFO] [stderr]    Compiling libc v0.2.177
[INFO] [stderr]    Compiling once_cell v1.21.3
[INFO] [stderr]    Compiling anstyle-query v1.1.4
[INFO] [stderr]    Compiling rustix v1.1.2
[INFO] [stderr]    Compiling getrandom v0.3.4
[INFO] [stderr]    Compiling linux-raw-sys v0.11.0
[INFO] [stderr]    Compiling bitflags v2.10.0
[INFO] [stderr]    Compiling fastrand v2.3.0
[INFO] [stderr]    Compiling syn v2.0.110
[INFO] [stderr]    Compiling anstream v0.6.21
[INFO] [stderr]    Compiling path-dedot v3.1.1
[INFO] [stderr]    Compiling path-absolutize v3.1.1
[INFO] [stderr]    Compiling clap_builder v4.5.51
[INFO] [stderr]    Compiling tempfile v3.23.0
[INFO] [stderr]    Compiling clap_derive v4.5.49
[INFO] [stderr]    Compiling clap v4.5.51
[INFO] [stderr]    Compiling edmv v1.0.1 (/opt/rustwide/workdir)
[INFO] [stderr]     Finished `dev` profile [unoptimized + debuginfo] target(s) in 6.62s
[INFO] running `Command { std: "docker" "inspect" "2397b2fbec0c35ef7a35d71c8f79779c74dfdc2b1280af9818363fa676554b71", kill_on_drop: false }`
[INFO] running `Command { std: "docker" "exec" "-e" "SOURCE_DIR=/opt/rustwide/workdir" "-e" "CARGO_HOME=/opt/rustwide/cargo-home" "-e" "RUSTUP_HOME=/opt/rustwide/rustup-home" "-e" "CARGO_TARGET_DIR=/opt/rustwide/target" "-e" "CARGO_INCREMENTAL=0" "-e" "RUST_BACKTRACE=full" "-e" "RUSTFLAGS=--cap-lints=warn" "-e" "RUSTDOCFLAGS=--cap-lints=warn" "-w" "/opt/rustwide/workdir" "--user" "0:0" "2397b2fbec0c35ef7a35d71c8f79779c74dfdc2b1280af9818363fa676554b71" "/opt/rustwide/cargo-home/bin/cargo" "+1.100.0-beta.1" "test" "--frozen" "--no-run" "--message-format=json", kill_on_drop: false }`
[INFO] [stderr] warning: Cargo.toml: `lints.clippy.arbitrary-source-item-ordering` is deprecated in favor of `lints.clippy.arbitrary_source_item_ordering` and will not work in a future edition
[INFO] [stderr] warning: `package.homepage` is redundant with `package.repository`
[INFO] [stderr]   --> Cargo.toml:72:12
[INFO] [stderr]    |
[INFO] [stderr] 72 | homepage = "https://github.com/terror/edmv"
[INFO] [stderr]    |            ^^^^^^^^^^^^^^^^^^^^^^^^^^^^^^^^
[INFO] [stderr] ...
[INFO] [stderr] 77 | repository = "https://github.com/terror/edmv"
[INFO] [stderr]    |              --------------------------------
[INFO] [stderr]    |
[INFO] [stderr]    = note: `cargo::redundant_homepage` is set to `warn` by default
[INFO] [stderr] help: consider removing `package.homepage`
[INFO] [stderr] warning: `edmv` (manifest) generated 2 warnings
[INFO] [stderr]    Compiling diff v0.1.13
[INFO] [stderr]    Compiling yansi v1.0.1
[INFO] [stderr]    Compiling unindent v0.2.4
[INFO] [stderr]    Compiling executable-path v1.0.0
[INFO] [stderr]    Compiling pretty_assertions v1.4.1
[INFO] [stderr]    Compiling edmv v1.0.1 (/opt/rustwide/workdir)
[INFO] [stderr]     Finished `test` profile [unoptimized + debuginfo] target(s) in 1.99s
[INFO] running `Command { std: "docker" "inspect" "2397b2fbec0c35ef7a35d71c8f79779c74dfdc2b1280af9818363fa676554b71", kill_on_drop: false }`
[INFO] running `Command { std: "docker" "exec" "-e" "SOURCE_DIR=/opt/rustwide/workdir" "-e" "CARGO_HOME=/opt/rustwide/cargo-home" "-e" "RUSTUP_HOME=/opt/rustwide/rustup-home" "-e" "CARGO_TARGET_DIR=/opt/rustwide/target" "-e" "CARGO_INCREMENTAL=0" "-e" "RUST_BACKTRACE=full" "-e" "RUSTFLAGS=--cap-lints=warn" "-e" "RUSTDOCFLAGS=--cap-lints=warn" "-w" "/opt/rustwide/workdir" "--user" "0:0" "2397b2fbec0c35ef7a35d71c8f79779c74dfdc2b1280af9818363fa676554b71" "/opt/rustwide/cargo-home/bin/cargo" "+1.100.0-beta.1" "test" "--frozen", kill_on_drop: false }`
[INFO] [stderr] warning: Cargo.toml: `lints.clippy.arbitrary-source-item-ordering` is deprecated in favor of `lints.clippy.arbitrary_source_item_ordering` and will not work in a future edition
[INFO] [stderr] warning: `package.homepage` is redundant with `package.repository`
[INFO] [stderr]   --> Cargo.toml:72:12
[INFO] [stderr]    |
[INFO] [stderr] 72 | homepage = "https://github.com/terror/edmv"
[INFO] [stderr]    |            ^^^^^^^^^^^^^^^^^^^^^^^^^^^^^^^^
[INFO] [stderr] ...
[INFO] [stderr] 77 | repository = "https://github.com/terror/edmv"
[INFO] [stderr]    |              --------------------------------
[INFO] [stderr]    |
[INFO] [stderr]    = note: `cargo::redundant_homepage` is set to `warn` by default
[INFO] [stderr] help: consider removing `package.homepage`
[INFO] [stderr] warning: `edmv` (manifest) generated 2 warnings
[INFO] [stderr]     Finished `test` profile [unoptimized + debuginfo] target(s) in 0.11s
[INFO] [stderr]      Running unittests src/main.rs (/opt/rustwide/target/debug/build/edmv/16cc67b20c53faca/out/edmv-16cc67b20c53faca)
[INFO] [stdout] 
[INFO] [stdout] running 0 tests
[INFO] [stdout] 
[INFO] [stdout] test result: ok. 0 passed; 0 failed; 0 ignored; 0 measured; 0 filtered out; finished in 0.00s
[INFO] [stdout] 
[INFO] [stderr]      Running tests/integration.rs (/opt/rustwide/target/debug/build/edmv/92eaee5ff2458599/out/integration-92eaee5ff2458599)
[INFO] [stdout] 
[INFO] [stdout] running 19 tests
[INFO] [stdout] test does_not_perform_self_renames ... FAILED
[INFO] [stdout] test forces_existing_destinations ... FAILED
[INFO] [stdout] test destination_count_mismatch ... FAILED
[INFO] [stderr] error: test failed, to rerun pass `--test integration`
[INFO] [stdout] test gives_error_for_existing_destinations ... FAILED
[INFO] [stdout] test renames_to_non_existent_directory_destinations ... FAILED
[INFO] [stdout] test dry_run_works ... FAILED
[INFO] [stdout] test gives_error_for_invalid_destination_directory ... FAILED
[INFO] [stdout] test disallow_duplicate_operations ... FAILED
[INFO] [stdout] test handles_intermediate_conflicts ... FAILED
[INFO] [stdout] test detects_conflicts ... FAILED
[INFO] [stdout] test nested_directory ... FAILED
[INFO] [stdout] test mixed_self_and_proper_renames ... FAILED
[INFO] [stdout] test errors_when_passed_invalid_operations ... FAILED
[INFO] [stdout] test renames_to_non_existing_file_destinations ... FAILED
[INFO] [stdout] test place_directory_into_directory ... FAILED
[INFO] [stdout] test ignores_self_renames_as_duplicates ... FAILED
[INFO] [stdout] test circular_rename ... FAILED
[INFO] [stdout] test place_file_into_directory ... FAILED
[INFO] [stdout] test gives_error_for_directory_to_file_operations ... FAILED
[INFO] [stdout] 
[INFO] [stdout] failures:
[INFO] [stdout] 
[INFO] [stdout] ---- does_not_perform_self_renames stdout ----
[INFO] [stdout] Error: Os { code: 2, kind: NotFound, message: "No such file or directory" }
[INFO] [stdout] 
[INFO] [stdout] ---- forces_existing_destinations stdout ----
[INFO] [stdout] Error: Os { code: 2, kind: NotFound, message: "No such file or directory" }
[INFO] [stdout] 
[INFO] [stdout] ---- destination_count_mismatch stdout ----
[INFO] [stdout] Error: Os { code: 2, kind: NotFound, message: "No such file or directory" }
[INFO] [stdout] 
[INFO] [stdout] ---- gives_error_for_existing_destinations stdout ----
[INFO] [stdout] Error: Os { code: 2, kind: NotFound, message: "No such file or directory" }
[INFO] [stdout] 
[INFO] [stdout] ---- renames_to_non_existent_directory_destinations stdout ----
[INFO] [stdout] Error: Os { code: 2, kind: NotFound, message: "No such file or directory" }
[INFO] [stdout] 
[INFO] [stdout] ---- dry_run_works stdout ----
[INFO] [stdout] Error: Os { code: 2, kind: NotFound, message: "No such file or directory" }
[INFO] [stdout] 
[INFO] [stdout] ---- gives_error_for_invalid_destination_directory stdout ----
[INFO] [stdout] Error: Os { code: 2, kind: NotFound, message: "No such file or directory" }
[INFO] [stdout] 
[INFO] [stdout] ---- disallow_duplicate_operations stdout ----
[INFO] [stdout] Error: Os { code: 2, kind: NotFound, message: "No such file or directory" }
[INFO] [stdout] 
[INFO] [stdout] ---- handles_intermediate_conflicts stdout ----
[INFO] [stdout] Error: Os { code: 2, kind: NotFound, message: "No such file or directory" }
[INFO] [stdout] 
[INFO] [stdout] ---- detects_conflicts stdout ----
[INFO] [stdout] Error: Os { code: 2, kind: NotFound, message: "No such file or directory" }
[INFO] [stdout] 
[INFO] [stdout] ---- nested_directory stdout ----
[INFO] [stdout] Error: Os { code: 2, kind: NotFound, message: "No such file or directory" }
[INFO] [stdout] 
[INFO] [stdout] ---- mixed_self_and_proper_renames stdout ----
[INFO] [stdout] Error: Os { code: 2, kind: NotFound, message: "No such file or directory" }
[INFO] [stdout] 
[INFO] [stdout] ---- errors_when_passed_invalid_operations stdout ----
[INFO] [stdout] Error: Os { code: 2, kind: NotFound, message: "No such file or directory" }
[INFO] [stdout] 
[INFO] [stdout] ---- renames_to_non_existing_file_destinations stdout ----
[INFO] [stdout] Error: Os { code: 2, kind: NotFound, message: "No such file or directory" }
[INFO] [stdout] 
[INFO] [stdout] ---- place_directory_into_directory stdout ----
[INFO] [stdout] Error: Os { code: 2, kind: NotFound, message: "No such file or directory" }
[INFO] [stdout] 
[INFO] [stdout] ---- ignores_self_renames_as_duplicates stdout ----
[INFO] [stdout] Error: Os { code: 2, kind: NotFound, message: "No such file or directory" }
[INFO] [stdout] 
[INFO] [stdout] ---- circular_rename stdout ----
[INFO] [stdout] Error: Os { code: 2, kind: NotFound, message: "No such file or directory" }
[INFO] [stdout] 
[INFO] [stdout] ---- place_file_into_directory stdout ----
[INFO] [stdout] Error: Os { code: 2, kind: NotFound, message: "No such file or directory" }
[INFO] [stdout] 
[INFO] [stdout] ---- gives_error_for_directory_to_file_operations stdout ----
[INFO] [stdout] Error: Os { code: 2, kind: NotFound, message: "No such file or directory" }
[INFO] [stdout] 
[INFO] [stdout] 
[INFO] [stdout] failures:
[INFO] [stdout]     circular_rename
[INFO] [stdout]     destination_count_mismatch
[INFO] [stdout]     detects_conflicts
[INFO] [stdout]     disallow_duplicate_operations
[INFO] [stdout]     does_not_perform_self_renames
[INFO] [stdout]     dry_run_works
[INFO] [stdout]     errors_when_passed_invalid_operations
[INFO] [stdout]     forces_existing_destinations
[INFO] [stdout]     gives_error_for_directory_to_file_operations
[INFO] [stdout]     gives_error_for_existing_destinations
[INFO] [stdout]     gives_error_for_invalid_destination_directory
[INFO] [stdout]     handles_intermediate_conflicts
[INFO] [stdout]     ignores_self_renames_as_duplicates
[INFO] [stdout]     mixed_self_and_proper_renames
[INFO] [stdout]     nested_directory
[INFO] [stdout]     place_directory_into_directory
[INFO] [stdout]     place_file_into_directory
[INFO] [stdout]     renames_to_non_existent_directory_destinations
[INFO] [stdout]     renames_to_non_existing_file_destinations
[INFO] [stdout] 
[INFO] [stdout] test result: FAILED. 0 passed; 19 failed; 0 ignored; 0 measured; 0 filtered out; finished in 0.01s
[INFO] [stdout] 
[INFO] running `Command { std: "docker" "inspect" "2397b2fbec0c35ef7a35d71c8f79779c74dfdc2b1280af9818363fa676554b71", kill_on_drop: false }`
[INFO] running `Command { std: "docker" "rm" "-f" "2397b2fbec0c35ef7a35d71c8f79779c74dfdc2b1280af9818363fa676554b71", kill_on_drop: false }`
[INFO] [stdout] 2397b2fbec0c35ef7a35d71c8f79779c74dfdc2b1280af9818363fa676554b71
