[INFO] cloning repository https://github.com/durableprogramming/masstemplate
[INFO] running `Command { std: "git" "-c" "credential.helper=" "-c" "credential.helper=/workspace/cargo-home/bin/git-credential-null" "clone" "--bare" "https://github.com/durableprogramming/masstemplate" "/workspace/cache/git-repos/https%3A%2F%2Fgithub.com%2Fdurableprogramming%2Fmasstemplate", kill_on_drop: false }`
[INFO] [stderr] Cloning into bare repository '/workspace/cache/git-repos/https%3A%2F%2Fgithub.com%2Fdurableprogramming%2Fmasstemplate'...
[INFO] running `Command { std: "git" "rev-parse" "HEAD", kill_on_drop: false }`
[INFO] [stdout] eb05836fef9d180380b68a3e200bea61d41ba487
[INFO] testing durableprogramming/masstemplate against 1.100.0-beta.1 for beta-1.100-2
[INFO] running `Command { std: "git" "clone" "/workspace/cache/git-repos/https%3A%2F%2Fgithub.com%2Fdurableprogramming%2Fmasstemplate" "/workspace/builds/worker-2-tc2/source", kill_on_drop: false }`
[INFO] [stderr] Cloning into '/workspace/builds/worker-2-tc2/source'...
[INFO] [stderr] done.
[INFO] started tweaking git repo https://github.com/durableprogramming/masstemplate
[INFO] finished tweaking git repo https://github.com/durableprogramming/masstemplate
[INFO] tweaked toml for git repo https://github.com/durableprogramming/masstemplate written to /workspace/builds/worker-2-tc2/source/Cargo.toml
[INFO] validating manifest of git repo https://github.com/durableprogramming/masstemplate on toolchain 1.100.0-beta.1
[INFO] running `Command { std: CARGO_HOME="/workspace/cargo-home" RUSTUP_HOME="/workspace/rustup-home" "/workspace/cargo-home/bin/cargo" "+1.100.0-beta.1" "metadata" "--manifest-path" "Cargo.toml" "--no-deps", kill_on_drop: false }`
[INFO] crate git repo https://github.com/durableprogramming/masstemplate already has a lockfile, it will not be regenerated
[INFO] running `Command { std: CARGO_HOME="/workspace/cargo-home" RUSTUP_HOME="/workspace/rustup-home" "/workspace/cargo-home/bin/cargo" "+1.100.0-beta.1" "fetch" "--manifest-path" "Cargo.toml", kill_on_drop: false }`
[INFO] [stderr]     Blocking waiting for file lock on package cache
[INFO] [stderr]     Blocking waiting for file lock on package cache
[INFO] [stderr]  Downloading crates ...
[INFO] [stderr]   Downloaded proc-macro2 v1.0.95
[INFO] [stderr]   Downloaded socket2 v0.6.1
[INFO] [stderr]   Downloaded windows-targets v0.53.3
[INFO] [stderr]   Downloaded serde_spanned v0.6.9
[INFO] [stderr]   Downloaded humantime v2.3.0
[INFO] [stderr]   Downloaded wasi v0.14.7+wasi-0.2.4
[INFO] [stderr]   Downloaded inventory v0.3.21
[INFO] [stderr]   Downloaded toml_write v0.1.2
[INFO] [stderr]   Downloaded humantime-serde v1.1.1
[INFO] [stderr]   Downloaded twox-hash v1.6.3
[INFO] [stderr]   Downloaded thiserror v2.0.12
[INFO] [stderr]   Downloaded is_terminal_polyfill v1.70.1
[INFO] [stderr]   Downloaded num_cpus v1.17.0
[INFO] [stderr]   Downloaded anstyle-query v1.1.4
[INFO] [stderr]   Downloaded dialoguer v0.11.0
[INFO] [stderr]   Downloaded cfg-if v1.0.1
[INFO] [stderr]   Downloaded clap_lex v0.7.5
[INFO] [stderr]   Downloaded matchers v0.2.0
[INFO] [stderr]   Downloaded wasm-bindgen-shared v0.2.104
[INFO] [stderr]   Downloaded indexmap v1.8.2
[INFO] [stderr]   Downloaded futures-io v0.3.31
[INFO] [stderr]   Downloaded windows-link v0.1.3
[INFO] [stderr]   Downloaded difflib v0.4.0
[INFO] [stderr]   Downloaded strsim v0.11.1
[INFO] [stderr]   Downloaded redox_users v0.4.6
[INFO] [stderr]   Downloaded normalize-line-endings v0.3.0
[INFO] [stderr]   Downloaded wasm-bindgen-macro v0.2.104
[INFO] [stderr]   Downloaded toml_datetime v0.6.11
[INFO] [stderr]   Downloaded leb128 v0.2.5
[INFO] [stderr]   Downloaded sync_wrapper v0.1.2
[INFO] [stderr]   Downloaded idna_adapter v1.2.1
[INFO] [stderr]   Downloaded float-cmp v0.10.0
[INFO] [stderr]   Downloaded anstyle-parse v0.2.7
[INFO] [stderr]   Downloaded wasm-bindgen-macro-support v0.2.104
[INFO] [stderr]   Downloaded find-msvc-tools v0.1.4
[INFO] [stderr]   Downloaded coveralls-api v0.6.0
[INFO] [stderr]   Downloaded libredox v0.1.9
[INFO] [stderr]   Downloaded dirs-sys v0.4.1
[INFO] [stderr]   Downloaded anstyle-wincon v3.0.10
[INFO] [stderr]   Downloaded once_cell_polyfill v1.70.1
[INFO] [stderr]   Downloaded termtree v0.5.1
[INFO] [stderr]   Downloaded tracing-attributes v0.1.30
[INFO] [stderr]   Downloaded unsafe-libyaml v0.2.11
[INFO] [stderr]   Downloaded predicates v3.1.3
[INFO] [stderr]   Downloaded clap v4.5.48
[INFO] [stderr]   Downloaded tracing-log v0.2.0
[INFO] [stderr]   Downloaded doc-comment v0.3.3
[INFO] [stderr]   Downloaded dirs v5.0.1
[INFO] [stderr]   Downloaded nu-ansi-term v0.50.3
[INFO] [stderr]   Downloaded colorchoice v1.0.4
[INFO] [stderr]   Downloaded wasm-bindgen-backend v0.2.104
[INFO] [stderr]   Downloaded predicates-core v1.0.9
[INFO] [stderr]   Downloaded anstyle v1.0.13
[INFO] [stderr]   Downloaded valuable v0.1.1
[INFO] [stderr]   Downloaded thread_local v1.1.9
[INFO] [stderr]   Downloaded iana-time-zone v0.1.64
[INFO] [stderr]   Downloaded thiserror-impl v2.0.12
[INFO] [stderr]   Downloaded anstream v0.6.21
[INFO] [stderr]   Downloaded wasm-bindgen v0.2.104
[INFO] [stderr]   Downloaded semver v1.0.27
[INFO] [stderr]   Downloaded toml v0.8.23
[INFO] [stderr]   Downloaded serde_yaml v0.9.34+deprecated
[INFO] [stderr]   Downloaded console v0.15.11
[INFO] [stderr]   Downloaded zerofrom-derive v0.1.6
[INFO] [stderr]   Downloaded convert_case v0.6.0
[INFO] [stderr]   Downloaded unicase v2.8.1
[INFO] [stderr]   Downloaded wasm-bindgen-futures v0.4.54
[INFO] [stderr]   Downloaded clap_derive v4.5.47
[INFO] [stderr]   Downloaded potential_utf v0.1.3
[INFO] [stderr]   Downloaded fallible-iterator v0.3.0
[INFO] [stderr]   Downloaded mime_guess v2.0.5
[INFO] [stderr]   Downloaded gzip-header v1.0.0
[INFO] [stderr]   Downloaded predicates-tree v1.0.12
[INFO] [stderr]   Downloaded getrandom v0.2.16
[INFO] [stderr]   Downloaded llvm_profparser v0.5.0
[INFO] [stderr]   Downloaded url v2.5.7
[INFO] [stderr]   Downloaded anyhow v1.0.100
[INFO] [stderr]   Downloaded encode_unicode v1.0.0
[INFO] [stderr]   Downloaded js-sys v0.3.81
[INFO] [stderr]   Downloaded procfs v0.16.0
[INFO] [stderr]   Downloaded flate2 v1.1.4
[INFO] [stderr]   Downloaded ruzstd v0.6.0
[INFO] [stderr]   Downloaded derive_more v0.99.20
[INFO] [stderr]   Downloaded bitflags v2.9.1
[INFO] [stderr]   Downloaded zerofrom v0.1.6
[INFO] [stderr]   Downloaded enum-display-macro v0.1.4
[INFO] [stderr]   Downloaded wait-timeout v0.2.1
[INFO] [stderr]   Downloaded tempfile v3.23.0
[INFO] [stderr]   Downloaded toml_edit v0.22.27
[INFO] [stderr]   Downloaded procfs-core v0.16.0
[INFO] [stderr]   Downloaded unicode-segmentation v1.12.0
[INFO] [stderr]   Downloaded yoke-derive v0.8.0
[INFO] [stderr]   Downloaded cargo_metadata v0.18.1
[INFO] [stderr]   Downloaded nom v7.1.3
[INFO] [stderr]   Downloaded minijinja v1.0.22
[INFO] [stderr]   Downloaded indexmap v2.11.4
[INFO] [stderr]   Downloaded cc v1.2.41
[INFO] [stderr]   Downloaded adler32 v1.2.0
[INFO] [stderr]   Downloaded cargo-platform v0.1.9
[INFO] [stderr]   Downloaded enum-display v0.1.4
[INFO] [stderr]   Downloaded deflate v1.0.0
[INFO] [stderr]   Downloaded tinystr v0.8.1
[INFO] [stderr]   Downloaded ipnet v2.11.0
[INFO] [stderr]   Downloaded writeable v0.6.1
[INFO] [stderr]   Downloaded assert_cmd v2.0.17
[INFO] [stderr]   Downloaded memchr v2.7.6
[INFO] [stderr]   Downloaded yoke v0.8.0
[INFO] [stderr]   Downloaded camino v1.2.1
[INFO] [stderr]   Downloaded aho-corasick v1.1.3
[INFO] [stderr]   Downloaded cargo-tarpaulin v0.29.2
[INFO] [stderr]   Downloaded zerovec-derive v0.11.1
[INFO] [stderr]   Downloaded litemap v0.8.0
[INFO] [stderr]   Downloaded rustls-pemfile v1.0.4
[INFO] [stderr]   Downloaded hashbrown v0.16.0
[INFO] [stderr]   Downloaded icu_provider v2.0.0
[INFO] [stderr]   Downloaded icu_locale_core v2.0.0
[INFO] [stderr]   Downloaded icu_normalizer v2.0.0
[INFO] [stderr]   Downloaded icu_normalizer_data v2.0.0
[INFO] [stderr]   Downloaded socket2 v0.5.10
[INFO] [stderr]   Downloaded serde_json v1.0.145
[INFO] [stderr]   Downloaded regex v1.11.3
[INFO] [stderr]   Downloaded clap_builder v4.5.48
[INFO] [stderr]   Downloaded git2 v0.18.3
[INFO] [stderr]   Downloaded icu_properties v2.0.1
[INFO] [stderr]   Downloaded zerotrie v0.2.2
[INFO] [stderr]   Downloaded openssl-sys v0.9.110
[INFO] [stderr]   Downloaded http v0.2.12
[INFO] [stderr]   Downloaded winnow v0.7.13
[INFO] [stderr]   Downloaded quick-xml v0.31.0
[INFO] [stderr]   Downloaded icu_collections v2.0.0
[INFO] [stderr]   Downloaded tracing-subscriber v0.3.20
[INFO] [stderr]   Downloaded object v0.26.2
[INFO] [stderr]   Downloaded syn v2.0.104
[INFO] [stderr]   Downloaded zerovec v0.11.4
[INFO] [stderr]   Downloaded reqwest v0.11.27
[INFO] [stderr]   Downloaded h2 v0.3.27
[INFO] [stderr]   Downloaded object v0.35.0
[INFO] [stderr]   Downloaded icu_properties_data v2.0.1
[INFO] [stderr]   Downloaded hyper v0.14.32
[INFO] [stderr]   Downloaded rustix v0.38.44
[INFO] [stderr]   Downloaded regex-syntax v0.8.6
[INFO] [stderr]   Downloaded gimli v0.29.0
[INFO] [stderr]   Downloaded openssl v0.10.74
[INFO] [stderr]   Downloaded bstr v1.12.0
[INFO] [stderr]   Downloaded regex-automata v0.4.11
[INFO] [stderr]   Downloaded libssh2-sys v0.3.1
[INFO] [stderr]   Downloaded windows_aarch64_gnullvm v0.53.0
[INFO] [stderr]   Downloaded web-sys v0.3.81
[INFO] [stderr]   Downloaded windows_x86_64_gnullvm v0.53.0
[INFO] [stderr]   Downloaded libc v0.2.174
[INFO] [stderr]   Downloaded windows_i686_gnullvm v0.53.0
[INFO] [stderr]   Downloaded windows_x86_64_msvc v0.53.0
[INFO] [stderr]   Downloaded windows_aarch64_msvc v0.53.0
[INFO] [stderr]   Downloaded windows_i686_msvc v0.53.0
[INFO] [stderr]   Downloaded windows_x86_64_gnu v0.53.0
[INFO] [stderr]   Downloaded windows_i686_gnu v0.53.0
[INFO] [stderr]   Downloaded libz-sys v1.1.22
[INFO] [stderr]   Downloaded encoding_rs v0.8.35
[INFO] [stderr]   Downloaded libgit2-sys v0.16.2+1.7.2
[INFO] [stderr]   Downloaded linux-raw-sys v0.4.15
[INFO] [stderr]   Downloaded windows-sys v0.60.2
[INFO] running `Command { std: "docker" "create" "-v" "/var/lib/crater-agent-workspace/builds/worker-2-tc2/source:/opt/rustwide/workdir:ro,Z" "-v" "/var/lib/crater-agent-workspace/builds/worker-2-tc2/target:/opt/rustwide/target:rw,Z" "-v" "/var/lib/crater-agent-workspace/cargo-home:/opt/rustwide/cargo-home:ro,Z" "-v" "/var/lib/crater-agent-workspace/rustup-home:/opt/rustwide/rustup-home:ro,Z" "-m" "1610612736" "--network" "none" "ghcr.io/rust-lang/crates-build-env/linux@sha256:3111399a4047eeb3a02b7a90e478d715f38a8c6669b5c4b49d30a17385265909" "sleep" "infinity", kill_on_drop: false }`
[INFO] [stdout] 375055d2be21f37dfdc267bff872b62510abf826f4072bfe3f4fd007a1dab8dc
[INFO] running `Command { std: "docker" "start" "375055d2be21f37dfdc267bff872b62510abf826f4072bfe3f4fd007a1dab8dc", kill_on_drop: false }`
[INFO] running `Command { std: "docker" "inspect" "375055d2be21f37dfdc267bff872b62510abf826f4072bfe3f4fd007a1dab8dc", kill_on_drop: false }`
[INFO] running `Command { std: "docker" "exec" "-e" "SOURCE_DIR=/opt/rustwide/workdir" "-e" "CARGO_HOME=/opt/rustwide/cargo-home" "-e" "RUSTUP_HOME=/opt/rustwide/rustup-home" "-e" "CARGO_TARGET_DIR=/opt/rustwide/target" "-w" "/opt/rustwide/workdir" "--user" "0:0" "375055d2be21f37dfdc267bff872b62510abf826f4072bfe3f4fd007a1dab8dc" "/opt/rustwide/cargo-home/bin/cargo" "+1.100.0-beta.1" "metadata" "--no-deps" "--format-version=1", kill_on_drop: false }`
[INFO] running `Command { std: "docker" "inspect" "375055d2be21f37dfdc267bff872b62510abf826f4072bfe3f4fd007a1dab8dc", kill_on_drop: false }`
[INFO] running `Command { std: "docker" "exec" "-e" "SOURCE_DIR=/opt/rustwide/workdir" "-e" "CARGO_HOME=/opt/rustwide/cargo-home" "-e" "RUSTUP_HOME=/opt/rustwide/rustup-home" "-e" "CARGO_TARGET_DIR=/opt/rustwide/target" "-e" "CARGO_INCREMENTAL=0" "-e" "RUST_BACKTRACE=full" "-e" "RUSTFLAGS=--cap-lints=warn" "-e" "RUSTDOCFLAGS=--cap-lints=warn" "-w" "/opt/rustwide/workdir" "--user" "0:0" "375055d2be21f37dfdc267bff872b62510abf826f4072bfe3f4fd007a1dab8dc" "/opt/rustwide/cargo-home/bin/cargo" "+1.100.0-beta.1" "build" "--frozen" "--message-format=json", kill_on_drop: false }`
[INFO] [stderr]    Compiling proc-macro2 v1.0.95
[INFO] [stderr]    Compiling unicode-ident v1.0.18
[INFO] [stderr]    Compiling libc v0.2.174
[INFO] [stderr]    Compiling serde_core v1.0.228
[INFO] [stderr]    Compiling memchr v2.7.6
[INFO] [stderr]    Compiling thiserror v1.0.69
[INFO] [stderr]    Compiling ryu v1.0.20
[INFO] [stderr]    Compiling itoa v1.0.15
[INFO] [stderr]    Compiling serde_json v1.0.145
[INFO] [stderr]    Compiling hashbrown v0.16.0
[INFO] [stderr]    Compiling regex-syntax v0.8.6
[INFO] [stderr]    Compiling bytes v1.10.1
[INFO] [stderr]    Compiling pin-project-lite v0.2.16
[INFO] [stderr]    Compiling anyhow v1.0.100
[INFO] [stderr]    Compiling aho-corasick v1.1.3
[INFO] [stderr]    Compiling quote v1.0.40
[INFO] [stderr]    Compiling indexmap v2.11.4
[INFO] [stderr]    Compiling rustix v1.1.2
[INFO] [stderr]    Compiling syn v2.0.104
[INFO] [stderr]    Compiling winnow v0.7.13
[INFO] [stderr]    Compiling getrandom v0.3.3
[INFO] [stderr]    Compiling toml_write v0.1.2
[INFO] [stderr]    Compiling mio v1.0.4
[INFO] [stderr]    Compiling signal-hook-registry v1.4.6
[INFO] [stderr]    Compiling once_cell v1.21.3
[INFO] [stderr]    Compiling bitflags v2.9.1
[INFO] [stderr]    Compiling minimal-lexical v0.2.1
[INFO] [stderr]    Compiling linux-raw-sys v0.11.0
[INFO] [stderr]    Compiling inventory v0.3.21
[INFO] [stderr]    Compiling cfg-if v1.0.1
[INFO] [stderr]    Compiling nom v7.1.3
[INFO] [stderr]    Compiling anstyle-parse v0.2.7
[INFO] [stderr]    Compiling regex-automata v0.4.11
[INFO] [stderr]    Compiling dirs-sys v0.5.0
[INFO] [stderr]    Compiling anstyle v1.0.13
[INFO] [stderr]    Compiling colorchoice v1.0.4
[INFO] [stderr]    Compiling is_terminal_polyfill v1.70.1
[INFO] [stderr]    Compiling fastrand v2.3.0
[INFO] [stderr]    Compiling same-file v1.0.6
[INFO] [stderr]    Compiling anstyle-query v1.1.4
[INFO] [stderr]    Compiling unicode-width v0.2.2
[INFO] [stderr]    Compiling anstream v0.6.21
[INFO] [stderr]    Compiling walkdir v2.5.0
[INFO] [stderr]    Compiling console v0.15.11
[INFO] [stderr]    Compiling tempfile v3.23.0
[INFO] [stderr]    Compiling dirs v6.0.0
[INFO] [stderr]    Compiling dirs-sys v0.4.1
[INFO] [stderr]    Compiling shell-words v1.1.0
[INFO] [stderr]    Compiling zeroize v1.8.2
[INFO] [stderr]    Compiling strsim v0.11.1
[INFO] [stderr]    Compiling heck v0.5.0
[INFO] [stderr]    Compiling unsafe-libyaml v0.2.11
[INFO] [stderr]    Compiling clap_lex v0.7.5
[INFO] [stderr]    Compiling dirs v5.0.1
[INFO] [stderr]    Compiling clap_builder v4.5.48
[INFO] [stderr]    Compiling lazy_static v1.5.0
[INFO] [stderr]    Compiling colored v2.2.0
[INFO] [stderr]    Compiling serde_derive v1.0.228
[INFO] [stderr]    Compiling thiserror-impl v1.0.69
[INFO] [stderr]    Compiling tokio-macros v2.5.0
[INFO] [stderr]    Compiling async-trait v0.1.89
[INFO] [stderr]    Compiling clap_derive v4.5.47
[INFO] [stderr]    Compiling regex v1.11.3
[INFO] [stderr]    Compiling tokio v1.47.1
[INFO] [stderr]    Compiling dialoguer v0.11.0
[INFO] [stderr]    Compiling clap v4.5.48
[INFO] [stderr]    Compiling serde v1.0.228
[INFO] [stderr]    Compiling serde_spanned v0.6.9
[INFO] [stderr]    Compiling minijinja v1.0.22
[INFO] [stderr]    Compiling toml_datetime v0.6.11
[INFO] [stderr]    Compiling masstemplate-fileops v0.2.1 (/opt/rustwide/workdir/lib/masstemplate-fileops)
[INFO] [stderr]    Compiling serde_yaml v0.9.34+deprecated
[INFO] [stderr]    Compiling toml_edit v0.22.27
[INFO] [stderr]    Compiling masstemplate-vcs v0.2.1 (/opt/rustwide/workdir/lib/masstemplate-vcs)
[INFO] [stderr]    Compiling toml v0.8.23
[INFO] [stderr]    Compiling masstemplate-hooks v0.2.1 (/opt/rustwide/workdir/lib/masstemplate-hooks)
[INFO] [stderr]    Compiling masstemplate-config v0.2.1 (/opt/rustwide/workdir/lib/masstemplate-config)
[INFO] [stderr]    Compiling masstemplate-processors v0.2.1 (/opt/rustwide/workdir/lib/masstemplate-processors)
[INFO] [stderr]    Compiling masstemplate-copier v0.2.1 (/opt/rustwide/workdir/lib/masstemplate-copier)
[INFO] [stderr]    Compiling masstemplate-dsl-parser v0.2.1 (/opt/rustwide/workdir/lib/masstemplate-dsl-parser)
[INFO] [stderr]    Compiling masstemplate-processing-dsl v0.2.1 (/opt/rustwide/workdir/lib/masstemplate-processing-dsl)
[INFO] [stderr]    Compiling masstemplate-core v0.2.1 (/opt/rustwide/workdir/lib/masstemplate-core)
[INFO] [stderr]    Compiling mtem-cli v0.2.1 (/opt/rustwide/workdir/apps/mtem-cli)
[INFO] [stderr] warning: unused dependency `anyhow`
[INFO] [stderr]   --> lib/masstemplate-copier/Cargo.toml:15:1
[INFO] [stderr]    |
[INFO] [stderr] 15 | anyhow = "1.0.82"
[INFO] [stderr]    | ^^^^^^^^^^^^^^^^^
[INFO] [stderr]    |
[INFO] [stderr]    = note: `cargo::unused_dependencies` is set to `warn` by default
[INFO] [stderr] help: consider removing the dependency on `anyhow`
[INFO] [stderr] warning: unused dependency `regex`
[INFO] [stderr]   --> lib/masstemplate-copier/Cargo.toml:14:1
[INFO] [stderr]    |
[INFO] [stderr] 14 | regex = "1.10.4"
[INFO] [stderr]    | ^^^^^^^^^^^^^^^^
[INFO] [stderr]    |
[INFO] [stderr] help: consider removing the dependency on `regex`
[INFO] [stderr] warning: `masstemplate-copier` (manifest) generated 2 warnings
[INFO] [stderr] warning: unused dependency `dirs`
[INFO] [stderr]   --> lib/masstemplate-core/Cargo.toml:15:1
[INFO] [stderr]    |
[INFO] [stderr] 15 | dirs = "5.0.1"
[INFO] [stderr]    | ^^^^^^^^^^^^^^
[INFO] [stderr]    |
[INFO] [stderr]    = note: `cargo::unused_dependencies` is set to `warn` by default
[INFO] [stderr] help: consider removing the dependency on `dirs`
[INFO] [stderr] warning: `masstemplate-core` (manifest) generated 1 warning
[INFO] [stderr] warning: unused dependency `serde`
[INFO] [stderr]  --> lib/masstemplate-fileops/Cargo.toml:8:1
[INFO] [stderr]   |
[INFO] [stderr] 8 | serde = { version = "1.0.197", features = ["derive"] }
[INFO] [stderr]   | ^^^^^^^^^^^^^^^^^^^^^^^^^^^^^^^^^^^^^^^^^^^^^^^^^^^^^^
[INFO] [stderr]   |
[INFO] [stderr]   = note: `cargo::unused_dependencies` is set to `warn` by default
[INFO] [stderr] help: consider removing the dependency on `serde`
[INFO] [stderr] warning: `masstemplate-fileops` (manifest) generated 1 warning
[INFO] [stderr] warning: unused dependency `regex`
[INFO] [stderr]   --> lib/masstemplate-processors/Cargo.toml:12:1
[INFO] [stderr]    |
[INFO] [stderr] 12 | regex = "1.11"
[INFO] [stderr]    | ^^^^^^^^^^^^^^
[INFO] [stderr]    |
[INFO] [stderr]    = note: `cargo::unused_dependencies` is set to `warn` by default
[INFO] [stderr] help: consider removing the dependency on `regex`
[INFO] [stderr] warning: `masstemplate-processors` (manifest) generated 1 warning
[INFO] [stderr]     Finished `dev` profile [unoptimized + debuginfo] target(s) in 1m 07s
[INFO] running `Command { std: "docker" "inspect" "375055d2be21f37dfdc267bff872b62510abf826f4072bfe3f4fd007a1dab8dc", kill_on_drop: false }`
[INFO] running `Command { std: "docker" "exec" "-e" "SOURCE_DIR=/opt/rustwide/workdir" "-e" "CARGO_HOME=/opt/rustwide/cargo-home" "-e" "RUSTUP_HOME=/opt/rustwide/rustup-home" "-e" "CARGO_TARGET_DIR=/opt/rustwide/target" "-e" "CARGO_INCREMENTAL=0" "-e" "RUST_BACKTRACE=full" "-e" "RUSTFLAGS=--cap-lints=warn" "-e" "RUSTDOCFLAGS=--cap-lints=warn" "-w" "/opt/rustwide/workdir" "--user" "0:0" "375055d2be21f37dfdc267bff872b62510abf826f4072bfe3f4fd007a1dab8dc" "/opt/rustwide/cargo-home/bin/cargo" "+1.100.0-beta.1" "test" "--frozen" "--no-run" "--message-format=json", kill_on_drop: false }`
[INFO] [stderr]    Compiling unicode-ident v1.0.18
[INFO] [stderr]    Compiling libc v0.2.174
[INFO] [stderr]    Compiling serde_core v1.0.228
[INFO] [stderr]    Compiling memchr v2.7.6
[INFO] [stderr]    Compiling serde_json v1.0.145
[INFO] [stderr]    Compiling shlex v1.3.0
[INFO] [stderr]    Compiling find-msvc-tools v0.1.4
[INFO] [stderr]    Compiling proc-macro2 v1.0.95
[INFO] [stderr]    Compiling pkg-config v0.3.32
[INFO] [stderr]    Compiling vcpkg v0.2.15
[INFO] [stderr]    Compiling stable_deref_trait v1.2.1
[INFO] [stderr]    Compiling autocfg v1.5.0
[INFO] [stderr]    Compiling aho-corasick v1.1.3
[INFO] [stderr]    Compiling quote v1.0.40
[INFO] [stderr]    Compiling jobserver v0.1.34
[INFO] [stderr]    Compiling nom v7.1.3
[INFO] [stderr]    Compiling cc v1.2.41
[INFO] [stderr]    Compiling num-traits v0.2.19
[INFO] [stderr]    Compiling crc32fast v1.5.0
[INFO] [stderr]    Compiling writeable v0.6.1
[INFO] [stderr]    Compiling syn v2.0.104
[INFO] [stderr]    Compiling litemap v0.8.0
[INFO] [stderr]    Compiling tracing-core v0.1.34
[INFO] [stderr]    Compiling icu_normalizer_data v2.0.0
[INFO] [stderr]    Compiling log v0.4.28
[INFO] [stderr]    Compiling mio v1.0.4
[INFO] [stderr]    Compiling socket2 v0.6.1
[INFO] [stderr]    Compiling regex-automata v0.4.11
[INFO] [stderr]    Compiling signal-hook-registry v1.4.6
[INFO] [stderr]    Compiling getrandom v0.3.3
[INFO] [stderr]    Compiling openssl-sys v0.9.110
[INFO] [stderr]    Compiling tempfile v3.23.0
[INFO] [stderr]    Compiling dirs-sys v0.5.0
[INFO] [stderr]    Compiling syn v1.0.109
[INFO] [stderr]    Compiling smallvec v1.15.1
[INFO] [stderr]    Compiling icu_properties_data v2.0.1
[INFO] [stderr]    Compiling dirs v6.0.0
[INFO] [stderr]    Compiling futures-core v0.3.31
[INFO] [stderr]    Compiling libz-sys v1.1.22
[INFO] [stderr]    Compiling openssl v0.10.74
[INFO] [stderr]    Compiling unicode-segmentation v1.12.0
[INFO] [stderr]    Compiling foreign-types-shared v0.1.1
[INFO] [stderr]    Compiling fnv v1.0.7
[INFO] [stderr]    Compiling http v0.2.12
[INFO] [stderr]    Compiling foreign-types v0.3.2
[INFO] [stderr]    Compiling dirs-sys v0.4.1
[INFO] [stderr]    Compiling proc-macro-error-attr v1.0.4
[INFO] [stderr]    Compiling futures-task v0.3.31
[INFO] [stderr]    Compiling futures-sink v0.3.31
[INFO] [stderr]    Compiling simd-adler32 v0.3.7
[INFO] [stderr]    Compiling openssl-probe v0.1.6
[INFO] [stderr]    Compiling futures-io v0.3.31
[INFO] [stderr]    Compiling native-tls v0.2.14
[INFO] [stderr]    Compiling pin-utils v0.1.0
[INFO] [stderr]    Compiling slab v0.4.11
[INFO] [stderr]    Compiling form_urlencoded v1.2.2
[INFO] [stderr]    Compiling miniz_oxide v0.8.9
[INFO] [stderr]    Compiling console v0.15.11
[INFO] [stderr]    Compiling futures-util v0.3.31
[INFO] [stderr]    Compiling dirs v5.0.1
[INFO] [stderr]    Compiling libssh2-sys v0.3.1
[INFO] [stderr]    Compiling proc-macro-error v1.0.4
[INFO] [stderr]    Compiling iana-time-zone v0.1.64
[INFO] [stderr]    Compiling unicase v2.8.1
[INFO] [stderr]    Compiling mime_guess v2.0.5
[INFO] [stderr]    Compiling chrono v0.4.42
[INFO] [stderr]    Compiling flate2 v1.1.4
[INFO] [stderr]    Compiling http-body v0.4.6
[INFO] [stderr]    Compiling regex v1.11.3
[INFO] [stderr]    Compiling synstructure v0.13.2
[INFO] [stderr]    Compiling futures-channel v0.3.31
[INFO] [stderr]    Compiling socket2 v0.5.10
[INFO] [stderr]    Compiling httpdate v1.0.3
[INFO] [stderr]    Compiling unicode-width v0.1.14
[INFO] [stderr]    Compiling textwrap v0.11.0
[INFO] [stderr]    Compiling heck v0.3.3
[INFO] [stderr]    Compiling libgit2-sys v0.16.2+1.7.2
[INFO] [stderr]    Compiling atty v0.2.14
[INFO] [stderr]    Compiling indexmap v1.8.2
[INFO] [stderr]    Compiling serde_derive v1.0.228
[INFO] [stderr]    Compiling thiserror-impl v1.0.69
[INFO] [stderr]    Compiling tokio-macros v2.5.0
[INFO] [stderr]    Compiling zerofrom-derive v0.1.6
[INFO] [stderr]    Compiling yoke-derive v0.8.0
[INFO] [stderr]    Compiling tokio v1.47.1
[INFO] [stderr]    Compiling thiserror v1.0.69
[INFO] [stderr]    Compiling zerovec-derive v0.11.1
[INFO] [stderr]    Compiling displaydoc v0.2.5
[INFO] [stderr]    Compiling zerofrom v0.1.6
[INFO] [stderr]    Compiling yoke v0.8.0
[INFO] [stderr]    Compiling async-trait v0.1.89
[INFO] [stderr]    Compiling tracing-attributes v0.1.30
[INFO] [stderr]    Compiling zerotrie v0.2.2
[INFO] [stderr]    Compiling openssl-macros v0.1.1
[INFO] [stderr]    Compiling zerovec v0.11.4
[INFO] [stderr]    Compiling dialoguer v0.11.0
[INFO] [stderr]    Compiling clap_derive v4.5.47
[INFO] [stderr]    Compiling tracing v0.1.41
[INFO] [stderr]    Compiling serde v1.0.228
[INFO] [stderr]    Compiling base64 v0.21.7
[INFO] [stderr]    Compiling strsim v0.8.0
[INFO] [stderr]    Compiling cfg_aliases v0.1.1
[INFO] [stderr]    Compiling vec_map v0.8.2
[INFO] [stderr]    Compiling semver v1.0.27
[INFO] [stderr]    Compiling minijinja v1.0.22
[INFO] [stderr]    Compiling toml_datetime v0.6.11
[INFO] [stderr]    Compiling serde_spanned v0.6.9
[INFO] [stderr]    Compiling tinystr v0.8.1
[INFO] [stderr]    Compiling toml_edit v0.22.27
[INFO] [stderr]    Compiling icu_locale_core v2.0.0
[INFO] [stderr]    Compiling potential_utf v0.1.3
[INFO] [stderr]    Compiling masstemplate-fileops v0.2.1 (/opt/rustwide/workdir/lib/masstemplate-fileops)
[INFO] [stderr]    Compiling icu_collections v2.0.0
[INFO] [stderr]    Compiling serde_yaml v0.9.34+deprecated
[INFO] [stderr]    Compiling icu_provider v2.0.0
[INFO] [stderr]    Compiling ansi_term v0.12.1
[INFO] [stderr]    Compiling icu_normalizer v2.0.0
[INFO] [stderr]    Compiling icu_properties v2.0.1
[INFO] [stderr]    Compiling masstemplate-processors v0.2.1 (/opt/rustwide/workdir/lib/masstemplate-processors)
[INFO] [stderr]    Compiling toml v0.8.23
[INFO] [stderr]    Compiling masstemplate-dsl-parser v0.2.1 (/opt/rustwide/workdir/lib/masstemplate-dsl-parser)
[INFO] [stderr]    Compiling masstemplate-config v0.2.1 (/opt/rustwide/workdir/lib/masstemplate-config)
[INFO] [stderr]    Compiling masstemplate-processing-dsl v0.2.1 (/opt/rustwide/workdir/lib/masstemplate-processing-dsl)
[INFO] [stderr]    Compiling masstemplate-hooks v0.2.1 (/opt/rustwide/workdir/lib/masstemplate-hooks)
[INFO] [stderr]    Compiling masstemplate-vcs v0.2.1 (/opt/rustwide/workdir/lib/masstemplate-vcs)
[INFO] [stderr]    Compiling idna_adapter v1.2.1
[INFO] [stderr]    Compiling tokio-util v0.7.16
[INFO] [stderr]    Compiling idna v1.1.0
[INFO] [stderr]    Compiling masstemplate-core v0.2.1 (/opt/rustwide/workdir/lib/masstemplate-core)
[INFO] [stderr]    Compiling tokio-native-tls v0.3.1
[INFO] [stderr]    Compiling url v2.5.7
[INFO] [stderr]    Compiling h2 v0.3.27
[INFO] [stderr]    Compiling mime v0.3.17
[INFO] [stderr]    Compiling static_assertions v1.1.0
[INFO] [stderr]    Compiling rustix v0.38.44
[INFO] [stderr]    Compiling camino v1.2.1
[INFO] [stderr]    Compiling clap v2.34.0
[INFO] [stderr]    Compiling twox-hash v1.6.3
[INFO] [stderr]    Compiling masstemplate-copier v0.2.1 (/opt/rustwide/workdir/lib/masstemplate-copier)
[INFO] [stderr]    Compiling clap v4.5.48
[INFO] [stderr]    Compiling rustc_version v0.4.1
[INFO] [stderr]    Compiling serde_urlencoded v0.7.1
[INFO] [stderr]    Compiling nix v0.28.0
[INFO] [stderr]    Compiling rustls-pemfile v1.0.4
[INFO] [stderr]    Compiling structopt-derive v0.4.18
[INFO] [stderr]    Compiling derive_more v0.99.20
[INFO] [stderr]    Compiling matchers v0.2.0
[INFO] [stderr]    Compiling convert_case v0.6.0
[INFO] [stderr]    Compiling gzip-header v1.0.0
[INFO] [stderr]    Compiling sharded-slab v0.1.7
[INFO] [stderr]    Compiling tracing-log v0.2.0
[INFO] [stderr]    Compiling thread_local v1.1.9
[INFO] [stderr]    Compiling encoding_rs v0.8.35
[INFO] [stderr]    Compiling llvm_profparser v0.5.0
[INFO] [stderr]    Compiling linux-raw-sys v0.4.15
[INFO] [stderr]    Compiling hex v0.4.3
[INFO] [stderr]    Compiling hashbrown v0.11.2
[INFO] [stderr]    Compiling doc-comment v0.3.3
[INFO] [stderr]    Compiling hyper v0.14.32
[INFO] [stderr]    Compiling byteorder v1.5.0
[INFO] [stderr]    Compiling procfs v0.16.0
[INFO] [stderr]    Compiling md5 v0.7.0
[INFO] [stderr]    Compiling sync_wrapper v0.1.2
[INFO] [stderr]    Compiling predicates-core v1.0.9
[INFO] [stderr]    Compiling ipnet v2.11.0
[INFO] [stderr]    Compiling nu-ansi-term v0.50.3
[INFO] [stderr]    Compiling adler32 v1.2.0
[INFO] [stderr]    Compiling tracing-subscriber v0.3.20
[INFO] [stderr]    Compiling deflate v1.0.0
[INFO] [stderr]    Compiling ruzstd v0.6.0
[INFO] [stderr]    Compiling procfs-core v0.16.0
[INFO] [stderr]    Compiling structopt v0.3.26
[INFO] [stderr]    Compiling enum-display-macro v0.1.4
[INFO] [stderr]    Compiling cargo-tarpaulin v0.29.2
[INFO] [stderr]    Compiling hyper-tls v0.5.0
[INFO] [stderr]    Compiling cargo-platform v0.1.9
[INFO] [stderr]    Compiling reqwest v0.11.27
[INFO] [stderr]    Compiling object v0.26.2
[INFO] [stderr]    Compiling float-cmp v0.10.0
[INFO] [stderr]    Compiling difflib v0.4.0
[INFO] [stderr]    Compiling fallible-iterator v0.3.0
[INFO] [stderr]    Compiling normalize-line-endings v0.3.0
[INFO] [stderr]    Compiling humantime v2.3.0
[INFO] [stderr]    Compiling termtree v0.5.1
[INFO] [stderr]    Compiling leb128 v0.2.5
[INFO] [stderr]    Compiling assert_cmd v2.0.17
[INFO] [stderr]    Compiling predicates-tree v1.0.12
[INFO] [stderr]    Compiling humantime-serde v1.1.1
[INFO] [stderr]    Compiling predicates v3.1.3
[INFO] [stderr]    Compiling gimli v0.29.0
[INFO] [stderr]    Compiling cargo_metadata v0.18.1
[INFO] [stderr]    Compiling coveralls-api v0.6.0
[INFO] [stderr]    Compiling enum-display v0.1.4
[INFO] [stderr]    Compiling object v0.35.0
[INFO] [stderr]    Compiling bstr v1.12.0
[INFO] [stderr]    Compiling num_cpus v1.17.0
[INFO] [stderr]    Compiling wait-timeout v0.2.1
[INFO] [stderr]    Compiling quick-xml v0.31.0
[INFO] [stderr]    Compiling rustc-demangle v0.1.26
[INFO] [stderr]    Compiling mtem-cli v0.2.1 (/opt/rustwide/workdir/apps/mtem-cli)
[INFO] [stderr]    Compiling git2 v0.18.3
[INFO] [stderr] warning: unused dependency `anyhow`
[INFO] [stderr]   --> lib/masstemplate-copier/Cargo.toml:15:1
[INFO] [stderr]    |
[INFO] [stderr] 15 | anyhow = "1.0.82"
[INFO] [stderr]    | ^^^^^^^^^^^^^^^^^
[INFO] [stderr]    |
[INFO] [stderr]    = note: `cargo::unused_dependencies` is set to `warn` by default
[INFO] [stderr] help: consider removing the dependency on `anyhow`
[INFO] [stderr] warning: unused dependency `regex`
[INFO] [stderr]   --> lib/masstemplate-copier/Cargo.toml:14:1
[INFO] [stderr]    |
[INFO] [stderr] 14 | regex = "1.10.4"
[INFO] [stderr]    | ^^^^^^^^^^^^^^^^
[INFO] [stderr]    |
[INFO] [stderr] help: consider removing the dependency on `regex`
[INFO] [stderr] warning: `masstemplate-copier` (manifest) generated 2 warnings
[INFO] [stderr] warning: unused dependency `dirs`
[INFO] [stderr]   --> lib/masstemplate-core/Cargo.toml:15:1
[INFO] [stderr]    |
[INFO] [stderr] 15 | dirs = "5.0.1"
[INFO] [stderr]    | ^^^^^^^^^^^^^^
[INFO] [stderr]    |
[INFO] [stderr]    = note: `cargo::unused_dependencies` is set to `warn` by default
[INFO] [stderr] help: consider removing the dependency on `dirs`
[INFO] [stderr] warning: `masstemplate-core` (manifest) generated 1 warning
[INFO] [stderr] warning: unused dependency `serde`
[INFO] [stderr]  --> lib/masstemplate-fileops/Cargo.toml:8:1
[INFO] [stderr]   |
[INFO] [stderr] 8 | serde = { version = "1.0.197", features = ["derive"] }
[INFO] [stderr]   | ^^^^^^^^^^^^^^^^^^^^^^^^^^^^^^^^^^^^^^^^^^^^^^^^^^^^^^
[INFO] [stderr]   |
[INFO] [stderr]   = note: `cargo::unused_dependencies` is set to `warn` by default
[INFO] [stderr] help: consider removing the dependency on `serde`
[INFO] [stderr] warning: `masstemplate-fileops` (manifest) generated 1 warning
[INFO] [stderr] warning: unused dependency `regex`
[INFO] [stderr]   --> lib/masstemplate-processors/Cargo.toml:12:1
[INFO] [stderr]    |
[INFO] [stderr] 12 | regex = "1.11"
[INFO] [stderr]    | ^^^^^^^^^^^^^^
[INFO] [stderr]    |
[INFO] [stderr]    = note: `cargo::unused_dependencies` is set to `warn` by default
[INFO] [stderr] help: consider removing the dependency on `regex`
[INFO] [stderr] warning: `masstemplate-processors` (manifest) generated 1 warning
[INFO] [stderr]     Finished `test` profile [unoptimized + debuginfo] target(s) in 2m 20s
[INFO] [stderr] warning: the following packages contain code that will be rejected by a future version of Rust: nix v0.28.0
[INFO] [stderr] note: to see what the problems were, use the option `--future-incompat-report`, or run `cargo report future-incompatibilities --id 1`
[INFO] running `Command { std: "docker" "inspect" "375055d2be21f37dfdc267bff872b62510abf826f4072bfe3f4fd007a1dab8dc", kill_on_drop: false }`
[INFO] running `Command { std: "docker" "exec" "-e" "SOURCE_DIR=/opt/rustwide/workdir" "-e" "CARGO_HOME=/opt/rustwide/cargo-home" "-e" "RUSTUP_HOME=/opt/rustwide/rustup-home" "-e" "CARGO_TARGET_DIR=/opt/rustwide/target" "-e" "CARGO_INCREMENTAL=0" "-e" "RUST_BACKTRACE=full" "-e" "RUSTFLAGS=--cap-lints=warn" "-e" "RUSTDOCFLAGS=--cap-lints=warn" "-w" "/opt/rustwide/workdir" "--user" "0:0" "375055d2be21f37dfdc267bff872b62510abf826f4072bfe3f4fd007a1dab8dc" "/opt/rustwide/cargo-home/bin/cargo" "+1.100.0-beta.1" "test" "--frozen", kill_on_drop: false }`
[INFO] [stderr] warning: unused dependency `anyhow`
[INFO] [stderr]   --> lib/masstemplate-copier/Cargo.toml:15:1
[INFO] [stderr]    |
[INFO] [stderr] 15 | anyhow = "1.0.82"
[INFO] [stderr]    | ^^^^^^^^^^^^^^^^^
[INFO] [stderr]    |
[INFO] [stderr]    = note: `cargo::unused_dependencies` is set to `warn` by default
[INFO] [stderr] help: consider removing the dependency on `anyhow`
[INFO] [stderr] warning: unused dependency `regex`
[INFO] [stderr]   --> lib/masstemplate-copier/Cargo.toml:14:1
[INFO] [stderr]    |
[INFO] [stderr] 14 | regex = "1.10.4"
[INFO] [stderr]    | ^^^^^^^^^^^^^^^^
[INFO] [stderr]    |
[INFO] [stderr] help: consider removing the dependency on `regex`
[INFO] [stderr] warning: `masstemplate-copier` (manifest) generated 2 warnings
[INFO] [stderr] warning: unused dependency `dirs`
[INFO] [stderr]   --> lib/masstemplate-core/Cargo.toml:15:1
[INFO] [stderr]    |
[INFO] [stderr] 15 | dirs = "5.0.1"
[INFO] [stderr]    | ^^^^^^^^^^^^^^
[INFO] [stderr]    |
[INFO] [stderr]    = note: `cargo::unused_dependencies` is set to `warn` by default
[INFO] [stderr] help: consider removing the dependency on `dirs`
[INFO] [stderr] warning: `masstemplate-core` (manifest) generated 1 warning
[INFO] [stderr] warning: unused dependency `serde`
[INFO] [stderr]  --> lib/masstemplate-fileops/Cargo.toml:8:1
[INFO] [stderr]   |
[INFO] [stderr] 8 | serde = { version = "1.0.197", features = ["derive"] }
[INFO] [stderr]   | ^^^^^^^^^^^^^^^^^^^^^^^^^^^^^^^^^^^^^^^^^^^^^^^^^^^^^^
[INFO] [stderr]   |
[INFO] [stderr]   = note: `cargo::unused_dependencies` is set to `warn` by default
[INFO] [stderr] help: consider removing the dependency on `serde`
[INFO] [stderr] warning: `masstemplate-fileops` (manifest) generated 1 warning
[INFO] [stderr] warning: unused dependency `regex`
[INFO] [stderr]   --> lib/masstemplate-processors/Cargo.toml:12:1
[INFO] [stderr]    |
[INFO] [stderr] 12 | regex = "1.11"
[INFO] [stderr]    | ^^^^^^^^^^^^^^
[INFO] [stderr]    |
[INFO] [stderr]    = note: `cargo::unused_dependencies` is set to `warn` by default
[INFO] [stderr] help: consider removing the dependency on `regex`
[INFO] [stderr] warning: `masstemplate-processors` (manifest) generated 1 warning
[INFO] [stderr]     Finished `test` profile [unoptimized + debuginfo] target(s) in 0.42s
[INFO] [stderr] warning: the following packages contain code that will be rejected by a future version of Rust: nix v0.28.0
[INFO] [stderr] note: to see what the problems were, use the option `--future-incompat-report`, or run `cargo report future-incompatibilities --id 1`
[INFO] [stderr]      Running unittests src/lib.rs (/opt/rustwide/target/debug/build/masstemplate-config/aac7bb6bf18e9f5c/out/masstemplate_config-aac7bb6bf18e9f5c)
[INFO] [stdout] 
[INFO] [stdout] running 11 tests
[INFO] [stdout] test global_config::tests::test_global_config_default ... ok
[INFO] [stdout] test paths::tests::test_get_templates_directory_default ... ok
[INFO] [stdout] test paths::tests::test_get_template_path_invalid_name ... ok
[INFO] [stdout] test paths::tests::test_get_template_path_valid_name ... ok
[INFO] [stdout] test paths::tests::test_get_templates_directory_custom ... ok
[INFO] [stdout] test template_config::tests::test_get_template_info_not_found ... ok
[INFO] [stdout] test template_config::tests::test_template_config_missing_file ... ok
[INFO] [stdout] test template_config::tests::test_template_exists_nonexistent ... ok
[INFO] [stdout] test global_config::tests::test_global_config_load_save ... ok
[INFO] [stdout] test template_config::tests::test_template_config_load_save ... ok
[INFO] [stdout] test paths::tests::test_get_template_path_custom_directory ... ok
[INFO] [stdout] 
[INFO] [stdout] test result: ok. 11 passed; 0 failed; 0 ignored; 0 measured; 0 filtered out; finished in 0.00s
[INFO] [stdout] 
[INFO] [stderr]      Running unittests src/lib.rs (/opt/rustwide/target/debug/build/masstemplate-copier/373e31dd97462d06/out/masstemplate_copier-373e31dd97462d06)
[INFO] [stdout] 
[INFO] [stdout] running 7 tests
[INFO] [stdout] test filter::tests::test_should_skip ... ok
[INFO] [stdout] test filter::tests::test_strip_suffix ... ok
[INFO] [stdout] test config::tests::test_parse_copier_config ... ok
[INFO] [stdout] test prompter::tests::test_should_prompt_true ... ok
[INFO] [stdout] test prompter::tests::test_evaluate_default ... ok
[INFO] [stdout] test tasks::tests::test_run_failing_task ... ok
[INFO] [stdout] test tasks::tests::test_run_simple_task ... ok
[INFO] [stdout] 
[INFO] [stdout] test result: ok. 7 passed; 0 failed; 0 ignored; 0 measured; 0 filtered out; finished in 0.02s
[INFO] [stdout] 
[INFO] [stderr]      Running unittests src/lib.rs (/opt/rustwide/target/debug/build/masstemplate-core/02ef105a09c271ea/out/masstemplate_core-02ef105a09c271ea)
[INFO] [stdout] 
[INFO] [stdout] running 12 tests
[INFO] [stdout] test applicator::tests::test_apply_template ... ok
[INFO] [stdout] test file_copier::tests::test_copy_template_files_with_backup_strategy ... ok
[INFO] [stdout] test file_copier::tests::test_copy_template_files_with_overwrite_strategy ... ok
[INFO] [stdout] test applicator::tests::test_apply_template_with_overwrite_strategy ... ok
[INFO] [stdout] test file_copier::tests::test_copy_template_files_with_skip_strategy ... ok
[INFO] [stdout] test file_copier::tests::test_copy_template_files ... ok
[INFO] [stdout] test applicator::tests::test_apply_template_with_skip_strategy ... ok
[INFO] [stdout] test applicator::tests::test_apply_template_with_backup_strategy ... ok
[INFO] [stdout] test script_runner::tests::test_run_pre_install_script_not_exists ... ok
[INFO] [stdout] test template_finder::tests::test_find_template_exists ... ok
[INFO] [stdout] test template_finder::tests::test_find_template_not_exists ... ok
[INFO] [stdout] test script_runner::tests::test_run_pre_install_script_exists ... ok
[INFO] [stdout] 
[INFO] [stdout] test result: ok. 12 passed; 0 failed; 0 ignored; 0 measured; 0 filtered out; finished in 0.02s
[INFO] [stdout] 
[INFO] [stderr]      Running tests/integration_tests.rs (/opt/rustwide/target/debug/build/masstemplate-core/974ab8793d9f3090/out/integration_tests-974ab8793d9f3090)
[INFO] [stdout] 
[INFO] [stdout] running 8 tests
[INFO] [stdout] test test_apply_template_nonexistent_template ... ok
[INFO] [stdout] test test_apply_template_collision_overwrite ... ok
[INFO] [stdout] test test_apply_template_collision_skip ... ok
[INFO] [stdout] test test_apply_template_basic ... ok
[INFO] [stdout] test test_apply_template_with_ignore_patterns ... ok
[INFO] [stdout] test test_apply_template_with_post_install_script ... ok
[INFO] [stdout] test test_apply_template_with_pre_install_script ... ok
[INFO] [stdout] test test_script_failure ... ok
[INFO] [stdout] 
[INFO] [stdout] test result: ok. 8 passed; 0 failed; 0 ignored; 0 measured; 0 filtered out; finished in 0.01s
[INFO] [stdout] 
[INFO] [stderr]      Running unittests src/lib.rs (/opt/rustwide/target/debug/build/masstemplate-dsl-parser/d36ff8dcc36ec48e/out/masstemplate_dsl_parser-d36ff8dcc36ec48e)
[INFO] [stdout] 
[INFO] [stdout] running 23 tests
[INFO] [stdout] test parser::tests::test_parse_collision_overwrite ... ok
[INFO] [stdout] test parser::tests::test_parse_collision_skip ... ok
[INFO] [stdout] test parser::tests::test_parse_dev_example ... ok
[INFO] [stdout] test parser::tests::test_parse_advanced_example ... ok
[INFO] [stdout] test parser::tests::test_parse_dotenv_set ... ok
[INFO] [stdout] test parser::tests::test_parse_full_config ... ok
[INFO] [stdout] test parser::tests::test_parse_matcher_block ... ok
[INFO] [stdout] test parser::tests::test_parse_priority ... ok
[INFO] [stdout] test parser::tests::test_parse_multiple_commands ... ok
[INFO] [stdout] test parser::tests::test_parse_replace_with_special_chars ... ok
[INFO] [stdout] test parser::tests::test_parse_recursive_false ... ok
[INFO] [stdout] test parser::tests::test_parse_with_comments ... ok
[INFO] [stdout] test parser::tests::test_parse_recursive_true ... ok
[INFO] [stdout] test parser::tests::test_parse_dotenv_append ... ok
[INFO] [stdout] test parser::tests::test_parse_replace_with_spaces ... ok
[INFO] [stdout] test parser::tests::test_parse_template_multiple_variables ... ok
[INFO] [stdout] test types::tests::test_collision_strategy_variants ... ok
[INFO] [stdout] test types::tests::test_collision_strategy_serialization ... ok
[INFO] [stdout] test types::tests::test_dsl_config_default ... ok
[INFO] [stdout] test parser::tests::test_parse_template_with_underscores ... ok
[INFO] [stdout] test types::tests::test_dsl_config_serialization ... ok
[INFO] [stdout] test parser::tests::test_parse_template_simple ... ok
[INFO] [stdout] test types::tests::test_matcher_serialization ... ok
[INFO] [stdout] 
[INFO] [stdout] test result: ok. 23 passed; 0 failed; 0 ignored; 0 measured; 0 filtered out; finished in 0.01s
[INFO] [stdout] 
[INFO] [stderr]      Running unittests src/lib.rs (/opt/rustwide/target/debug/build/masstemplate-fileops/e2be1cdccdf67522/out/masstemplate_fileops-e2be1cdccdf67522)
[INFO] [stdout] 
[INFO] [stdout] running 13 tests
[INFO] [stdout] test tests::test_collision_strategy_default ... ok
[INFO] [stdout] test tests::test_collision_strategy_from_str ... ok
[INFO] [stdout] test tests::test_merge_invalid_json_fallback ... ok
[INFO] [stdout] test tests::test_copy_dir_contents ... ok
[INFO] [stdout] test tests::test_copy_file_non_existent_source ... ok
[INFO] [stdout] test tests::test_backup_multiple_times ... ok
[INFO] [stdout] test tests::test_merge_yaml_fallback ... ok
[INFO] [stdout] test tests::test_copy_dir_contents_with_ignore ... ok
[INFO] [stdout] test tests::test_skip_strategy ... ok
[INFO] [stdout] test tests::test_backup_strategy ... ok
[INFO] [stdout] test tests::test_merge_strategy ... ok
[INFO] [stdout] test tests::test_overwrite_strategy ... ok
[INFO] [stdout] test tests::test_merge_json_objects ... ok
[INFO] [stdout] 
[INFO] [stdout] test result: ok. 13 passed; 0 failed; 0 ignored; 0 measured; 0 filtered out; finished in 0.01s
[INFO] [stdout] 
[INFO] [stderr]      Running unittests src/lib.rs (/opt/rustwide/target/debug/build/masstemplate-hooks/b8aa3d17c6ac4037/out/masstemplate_hooks-b8aa3d17c6ac4037)
[INFO] [stdout] 
[INFO] [stdout] running 22 tests
[INFO] [stdout] test tests::test_hook_config_deserialization ... ok
[INFO] [stdout] test tests::test_hook_config_validation_empty_name ... ok
[INFO] [stdout] test tests::test_command_hook_command_not_found ... ok
[INFO] [stdout] test tests::test_command_hook_invalid_working_directory ... ok
[INFO] [stdout] test tests::test_hook_config_validation_empty_command ... ok
[INFO] [stdout] test tests::test_hook_config_validation_valid ... ok
[INFO] [stdout] test tests::test_command_hook_timing ... ok
[INFO] [stdout] test tests::test_hook_config_validation_invalid_args ... ok
[INFO] [stdout] test tests::test_hook_config_validation_invalid_environment_key ... ok
[INFO] [stdout] test tests::test_hook_config_validation_invalid_working_directory ... ok
[INFO] [stdout] test tests::test_hook_manager_load_no_hooks_file ... ok
[INFO] [stdout] test tests::test_hook_manager_load_invalid_hook_config_empty_command ... ok
[INFO] [stdout] test tests::test_hook_manager_hook_info ... ok
[INFO] [stdout] test tests::test_command_hook_execution_failure ... ok
[INFO] [stdout] test tests::test_hook_manager_load_invalid_toml ... ok
[INFO] [stdout] test tests::test_hook_manager_load_invalid_hook_config_empty_name ... ok
[INFO] [stdout] test tests::test_hooks_config_deserialization ... ok
[INFO] [stdout] test tests::test_noop_hook_execution ... ok
[INFO] [stdout] test tests::test_print_hook_execution ... ok
[INFO] [stdout] test tests::test_command_hook_execution_success ... ok
[INFO] [stdout] test tests::test_hook_manager_load_with_hooks ... ok
[INFO] [stdout] test tests::test_hook_manager_execute_hooks_filtering ... ok
[INFO] [stdout] 
[INFO] [stdout] test result: ok. 22 passed; 0 failed; 0 ignored; 0 measured; 0 filtered out; finished in 0.02s
[INFO] [stdout] 
[INFO] [stderr]      Running unittests src/lib.rs (/opt/rustwide/target/debug/build/masstemplate-processing-dsl/41a5635a25e6426f/out/masstemplate_processing_dsl-41a5635a25e6426f)
[INFO] [stdout] 
[INFO] [stderr]      Running tests/integration_tests.rs (/opt/rustwide/target/debug/build/masstemplate-processing-dsl/8b39f78324a2a506/out/integration_tests-8b39f78324a2a506)
[INFO] [stdout] running 0 tests
[INFO] [stdout] 
[INFO] [stdout] test result: ok. 0 passed; 0 failed; 0 ignored; 0 measured; 0 filtered out; finished in 0.00s
[INFO] [stdout] 
[INFO] [stdout] 
[INFO] [stdout] running 11 tests
[INFO] [stdout] test tests::test_collision_strategy_retrieval ... ok
[INFO] [stdout] test tests::test_config_inheritance ... ok
[INFO] [stdout] test tests::test_directory_config_loading ... ok
[INFO] [stdout] test tests::test_invalid_config_error ... ok
[INFO] [stdout] test tests::test_priority_ordering ... ok
[INFO] [stdout] test tests::test_directory_processing ... ok
[INFO] [stdout] test tests::test_non_recursive_config ... ok
[INFO] [stdout] test tests::test_matcher_processing ... ok
[INFO] [stdout] test tests::test_file_config_loading ... ok
[INFO] [stdout] test tests::test_file_config_with_matchers ... ok
[INFO] [stderr]      Running unittests src/lib.rs (/opt/rustwide/target/debug/build/masstemplate-processors/52c2e08854153128/out/masstemplate_processors-52c2e08854153128)
[INFO] [stdout] test tests::test_file_processing ... ok
[INFO] [stdout] 
[INFO] [stdout] test result: ok. 11 passed; 0 failed; 0 ignored; 0 measured; 0 filtered out; finished in 0.01s
[INFO] [stdout] 
[INFO] [stdout] 
[INFO] [stdout] running 15 tests
[INFO] [stdout] test tests::test_dotenv_append_existing_var ... ok
[INFO] [stdout] test tests::test_dotenv_append_new_var ... ok
[INFO] [stdout] test tests::test_dotenv_set_existing_var ... ok
[INFO] [stdout] test tests::test_dotenv_set_with_empty_content ... ok
[INFO] [stdout] test tests::test_dotenv_processor_only_processes_env_files ... ok
[INFO] [stdout] test tests::test_dotenv_append_with_empty_value ... ok
[INFO] [stdout] test tests::test_template_replacement ... ok
[INFO] [stdout] test tests::test_dotenv_set_new_var ... ok
[INFO] [stdout] test tests::test_replace_processor ... ok
[INFO] [stdout] test tests::test_jinja2_filename_processor ... ok
[INFO] [stdout] test tests::test_apply_processors_chain ... ok
[INFO] [stdout] test tests::test_jinja2_content_processor ... ok
[INFO] [stdout] test tests::test_template_with_nested_braces ... ok
[INFO] [stdout] test tests::test_replace_filename_processor ... ok
[INFO] [stdout] test tests::test_template_with_no_variables ... ok
[INFO] [stdout] 
[INFO] [stdout] test result: ok. 15 passed; 0 failed; 0 ignored; 0 measured; 0 filtered out; finished in 0.01s
[INFO] [stdout] 
[INFO] [stderr]      Running unittests src/lib.rs (/opt/rustwide/target/debug/build/masstemplate-vcs/8e127ecf3ec5487f/out/masstemplate_vcs-8e127ecf3ec5487f)
[INFO] [stdout] 
[INFO] [stdout] running 10 tests
[INFO] [stdout] test tests::test_vcs_manager_default ... ok
[INFO] [stdout] test tests::test_is_repo_false_for_empty_dir ... ok
[INFO] [stdout] test tests::test_no_auto_init ... ok
[INFO] [stdout] test tests::test_vcs_type_git_available ... ok
[INFO] [stdout] test tests::test_init_repo_success ... ok
[INFO] [stdout] test tests::test_vcs_not_found ... ok
[INFO] [stdout] test tests::test_add_files_success ... ok
[INFO] [stdout] test tests::test_setup_repo_success ... FAILED
[INFO] [stdout] test tests::test_custom_commit_message ... FAILED
[INFO] [stdout] test tests::test_commit_success ... FAILED
[INFO] [stdout] 
[INFO] [stdout] failures:
[INFO] [stdout] 
[INFO] [stdout] ---- tests::test_setup_repo_success stdout ----
[INFO] [stdout] Initializing git repository...
[INFO] [stdout] Adding files to git...
[INFO] [stdout] Committing files...
[INFO] [stdout] 
[INFO] [stdout] thread 'tests::test_setup_repo_success' (5251) panicked at lib/masstemplate-vcs/src/lib.rs:248:9:
[INFO] [stdout] assertion failed: result.is_ok()
[INFO] [stdout] stack backtrace:
[INFO] [stdout]    0:     0x6083aed04481 - std[617be2ca0a6fd877]::backtrace_rs::backtrace::libunwind::trace
[INFO] [stdout]                                at /rustc/e3feeb59cd1bdd011a2bfcc0747b55125d9b8527/library/std/src/../../backtrace/src/backtrace/libunwind.rs:117:9
[INFO] [stdout]    1:     0x6083aed04481 - std[617be2ca0a6fd877]::backtrace_rs::backtrace::trace_unsynchronized::<std[617be2ca0a6fd877]::sys::backtrace::_print_fmt::{closure#1}>
[INFO] [stdout]                                at /rustc/e3feeb59cd1bdd011a2bfcc0747b55125d9b8527/library/std/src/../../backtrace/src/backtrace/mod.rs:66:14
[INFO] [stdout]    2:     0x6083aed04481 - std[617be2ca0a6fd877]::sys::backtrace::_print_fmt
[INFO] [stdout]                                at /rustc/e3feeb59cd1bdd011a2bfcc0747b55125d9b8527/library/std/src/sys/backtrace.rs:74:9
[INFO] [stdout]    3:     0x6083aed04481 - <<std[617be2ca0a6fd877]::sys::backtrace::BacktraceLock>::print::DisplayBacktrace as core[a373ad73a504971]::fmt::Display>::fmt
[INFO] [stdout]                                at /rustc/e3feeb59cd1bdd011a2bfcc0747b55125d9b8527/library/std/src/sys/backtrace.rs:44:26
[INFO] [stdout]    4:     0x6083aed189ba - <core[a373ad73a504971]::fmt::rt::Argument>::fmt
[INFO] [stdout]                                at /rustc/e3feeb59cd1bdd011a2bfcc0747b55125d9b8527/library/core/src/fmt/rt.rs:152:76
[INFO] [stdout]    5:     0x6083aed189ba - core[a373ad73a504971]::fmt::write
[INFO] [stdout]    6:     0x6083aed08aec - core[a373ad73a504971]::io::write::default_write_fmt::<alloc[2e1b2a31b91974c5]::vec::Vec<u8>>
[INFO] [stdout]                                at /rustc/e3feeb59cd1bdd011a2bfcc0747b55125d9b8527/library/core/src/io/write.rs:402:11
[INFO] [stdout]    7:     0x6083aed08aec - <alloc[2e1b2a31b91974c5]::vec::Vec<u8> as core[a373ad73a504971]::io::write::Write>::write_fmt
[INFO] [stdout]                                at /rustc/e3feeb59cd1bdd011a2bfcc0747b55125d9b8527/library/core/src/io/write.rs:335:13
[INFO] [stdout]    8:     0x6083aecde9f6 - <std[617be2ca0a6fd877]::sys::backtrace::BacktraceLock>::print
[INFO] [stdout]                                at /rustc/e3feeb59cd1bdd011a2bfcc0747b55125d9b8527/library/std/src/sys/backtrace.rs:47:9
[INFO] [stdout]    9:     0x6083aecde9f6 - std[617be2ca0a6fd877]::panicking::default_hook::{closure#0}
[INFO] [stdout]                                at /rustc/e3feeb59cd1bdd011a2bfcc0747b55125d9b8527/library/std/src/panicking.rs:289:27
[INFO] [stdout]   10:     0x6083aecfc099 - std[617be2ca0a6fd877]::panicking::default_hook
[INFO] [stdout]                                at /rustc/e3feeb59cd1bdd011a2bfcc0747b55125d9b8527/library/std/src/panicking.rs:313:9
[INFO] [stdout]   11:     0x6083aec0b0a0 - <alloc[2e1b2a31b91974c5]::boxed::Box<dyn for<'a, 'b> core[a373ad73a504971]::ops::function::Fn<(&'a std[617be2ca0a6fd877]::panic::PanicHookInfo<'b>,), Output = ()> + core[a373ad73a504971]::marker::Sync + core[a373ad73a504971]::marker::Send> as core[a373ad73a504971]::ops::function::Fn<(&std[617be2ca0a6fd877]::panic::PanicHookInfo,)>>::call
[INFO] [stdout]                                at /rustc/e3feeb59cd1bdd011a2bfcc0747b55125d9b8527/library/alloc/src/boxed.rs:2328:9
[INFO] [stdout]   12:     0x6083aec0b0a0 - test[aada8e7e76ba119b]::test_main_inner::{closure#0}
[INFO] [stdout]                                at /rustc/e3feeb59cd1bdd011a2bfcc0747b55125d9b8527/library/test/src/lib.rs:137:21
[INFO] [stdout]   13:     0x6083aecfc3c2 - <alloc[2e1b2a31b91974c5]::boxed::Box<dyn for<'a, 'b> core[a373ad73a504971]::ops::function::Fn<(&'a std[617be2ca0a6fd877]::panic::PanicHookInfo<'b>,), Output = ()> + core[a373ad73a504971]::marker::Sync + core[a373ad73a504971]::marker::Send> as core[a373ad73a504971]::ops::function::Fn<(&std[617be2ca0a6fd877]::panic::PanicHookInfo,)>>::call
[INFO] [stdout]                                at /rustc/e3feeb59cd1bdd011a2bfcc0747b55125d9b8527/library/alloc/src/boxed.rs:2328:9
[INFO] [stdout]   14:     0x6083aecfc3c2 - std[617be2ca0a6fd877]::panicking::panic_with_hook
[INFO] [stdout]                                at /rustc/e3feeb59cd1bdd011a2bfcc0747b55125d9b8527/library/std/src/panicking.rs:819:13
[INFO] [stdout]   15:     0x6083aecdead4 - std[617be2ca0a6fd877]::panicking::panic_handler::{closure#0}
[INFO] [stdout]                                at /rustc/e3feeb59cd1bdd011a2bfcc0747b55125d9b8527/library/std/src/panicking.rs:678:13
[INFO] [stdout]   16:     0x6083aecd7699 - std[617be2ca0a6fd877]::sys::backtrace::__rust_end_short_backtrace::<std[617be2ca0a6fd877]::panicking::panic_handler::{closure#0}, !>
[INFO] [stdout]                                at /rustc/e3feeb59cd1bdd011a2bfcc0747b55125d9b8527/library/std/src/sys/backtrace.rs:182:18
[INFO] [stdout]   17:     0x6083aecdf6ad - __rustc[ea4f61d10b84890b]::rust_begin_unwind
[INFO] [stdout]                                at /rustc/e3feeb59cd1bdd011a2bfcc0747b55125d9b8527/library/std/src/panicking.rs:676:5
[INFO] [stdout]   18:     0x6083aed191dc - core[a373ad73a504971]::panicking::panic_fmt
[INFO] [stdout]                                at /rustc/e3feeb59cd1bdd011a2bfcc0747b55125d9b8527/library/core/src/panicking.rs:80:14
[INFO] [stdout]   19:     0x6083aed191a2 - core[a373ad73a504971]::panicking::panic
[INFO] [stdout]                                at /rustc/e3feeb59cd1bdd011a2bfcc0747b55125d9b8527/library/core/src/panicking.rs:150:5
[INFO] [stdout]   20:     0x6083aebfbf22 - masstemplate_vcs[8d8acf7b90b3c6e2]::tests::test_setup_repo_success::{closure#0}
[INFO] [stdout]                                at /opt/rustwide/workdir/lib/masstemplate-vcs/src/lib.rs:248:9
[INFO] [stdout]   21:     0x6083aebf5392 - <core[a373ad73a504971]::pin::Pin<&mut dyn core[a373ad73a504971]::future::future::Future<Output = ()>> as core[a373ad73a504971]::future::future::Future>::poll
[INFO] [stdout]                                at /rustc/e3feeb59cd1bdd011a2bfcc0747b55125d9b8527/library/core/src/future/future.rs:133:9
[INFO] [stdout]   22:     0x6083aebf540d - <core[a373ad73a504971]::pin::Pin<&mut core[a373ad73a504971]::pin::Pin<&mut dyn core[a373ad73a504971]::future::future::Future<Output = ()>>> as core[a373ad73a504971]::future::future::Future>::poll
[INFO] [stderr] error: test failed, to rerun pass `-p masstemplate-vcs --lib`
[INFO] [stdout]                                at /rustc/e3feeb59cd1bdd011a2bfcc0747b55125d9b8527/library/core/src/future/future.rs:133:9
[INFO] [stdout]   23:     0x6083aebf95fd - <tokio[5105dbc7eed37622]::runtime::scheduler::current_thread::CoreGuard>::block_on::<core[a373ad73a504971]::pin::Pin<&mut core[a373ad73a504971]::pin::Pin<&mut dyn core[a373ad73a504971]::future::future::Future<Output = ()>>>>::{closure#0}::{closure#0}::{closure#0}
[INFO] [stdout]                                at /opt/rustwide/cargo-home/registry/src/index.crates.io-1949cf8c6b5b557f/tokio-1.47.1/src/runtime/scheduler/current_thread/mod.rs:742:70
[INFO] [stdout]   24:     0x6083aebf9525 - tokio[5105dbc7eed37622]::task::coop::with_budget::<core[a373ad73a504971]::task::poll::Poll<()>, <tokio[5105dbc7eed37622]::runtime::scheduler::current_thread::CoreGuard>::block_on<core[a373ad73a504971]::pin::Pin<&mut core[a373ad73a504971]::pin::Pin<&mut dyn core[a373ad73a504971]::future::future::Future<Output = ()>>>>::{closure#0}::{closure#0}::{closure#0}>
[INFO] [stdout]                                at /opt/rustwide/cargo-home/registry/src/index.crates.io-1949cf8c6b5b557f/tokio-1.47.1/src/task/coop/mod.rs:167:5
[INFO] [stdout]   25:     0x6083aebf9525 - tokio[5105dbc7eed37622]::task::coop::budget::<core[a373ad73a504971]::task::poll::Poll<()>, <tokio[5105dbc7eed37622]::runtime::scheduler::current_thread::CoreGuard>::block_on<core[a373ad73a504971]::pin::Pin<&mut core[a373ad73a504971]::pin::Pin<&mut dyn core[a373ad73a504971]::future::future::Future<Output = ()>>>>::{closure#0}::{closure#0}::{closure#0}>
[INFO] [stdout]                                at /opt/rustwide/cargo-home/registry/src/index.crates.io-1949cf8c6b5b557f/tokio-1.47.1/src/task/coop/mod.rs:133:5
[INFO] [stdout]   26:     0x6083aebf9525 - <tokio[5105dbc7eed37622]::runtime::scheduler::current_thread::CoreGuard>::block_on::<core[a373ad73a504971]::pin::Pin<&mut core[a373ad73a504971]::pin::Pin<&mut dyn core[a373ad73a504971]::future::future::Future<Output = ()>>>>::{closure#0}::{closure#0}
[INFO] [stdout]                                at /opt/rustwide/cargo-home/registry/src/index.crates.io-1949cf8c6b5b557f/tokio-1.47.1/src/runtime/scheduler/current_thread/mod.rs:742:25
[INFO] [stdout]   27:     0x6083aebf6002 - <tokio[5105dbc7eed37622]::runtime::scheduler::current_thread::Context>::enter::<core[a373ad73a504971]::task::poll::Poll<()>, <tokio[5105dbc7eed37622]::runtime::scheduler::current_thread::CoreGuard>::block_on<core[a373ad73a504971]::pin::Pin<&mut core[a373ad73a504971]::pin::Pin<&mut dyn core[a373ad73a504971]::future::future::Future<Output = ()>>>>::{closure#0}::{closure#0}>
[INFO] [stdout]                                at /opt/rustwide/cargo-home/registry/src/index.crates.io-1949cf8c6b5b557f/tokio-1.47.1/src/runtime/scheduler/current_thread/mod.rs:432:19
[INFO] [stdout]   28:     0x6083aebf8a2d - <tokio[5105dbc7eed37622]::runtime::scheduler::current_thread::CoreGuard>::block_on::<core[a373ad73a504971]::pin::Pin<&mut core[a373ad73a504971]::pin::Pin<&mut dyn core[a373ad73a504971]::future::future::Future<Output = ()>>>>::{closure#0}
[INFO] [stdout]                                at /opt/rustwide/cargo-home/registry/src/index.crates.io-1949cf8c6b5b557f/tokio-1.47.1/src/runtime/scheduler/current_thread/mod.rs:741:44
[INFO] [stdout]   29:     0x6083aebf7d24 - <tokio[5105dbc7eed37622]::runtime::scheduler::current_thread::CoreGuard>::enter::<<tokio[5105dbc7eed37622]::runtime::scheduler::current_thread::CoreGuard>::block_on<core[a373ad73a504971]::pin::Pin<&mut core[a373ad73a504971]::pin::Pin<&mut dyn core[a373ad73a504971]::future::future::Future<Output = ()>>>>::{closure#0}, core[a373ad73a504971]::option::Option<()>>::{closure#0}
[INFO] [stdout]                                at /opt/rustwide/cargo-home/registry/src/index.crates.io-1949cf8c6b5b557f/tokio-1.47.1/src/runtime/scheduler/current_thread/mod.rs:829:68
[INFO] [stdout]   30:     0x6083aebedcab - <tokio[5105dbc7eed37622]::runtime::context::scoped::Scoped<tokio[5105dbc7eed37622]::runtime::scheduler::Context>>::set::<<tokio[5105dbc7eed37622]::runtime::scheduler::current_thread::CoreGuard>::enter<<tokio[5105dbc7eed37622]::runtime::scheduler::current_thread::CoreGuard>::block_on<core[a373ad73a504971]::pin::Pin<&mut core[a373ad73a504971]::pin::Pin<&mut dyn core[a373ad73a504971]::future::future::Future<Output = ()>>>>::{closure#0}, core[a373ad73a504971]::option::Option<()>>::{closure#0}, (alloc[2e1b2a31b91974c5]::boxed::Box<tokio[5105dbc7eed37622]::runtime::scheduler::current_thread::Core>, core[a373ad73a504971]::option::Option<()>)>
[INFO] [stdout]                                at /opt/rustwide/cargo-home/registry/src/index.crates.io-1949cf8c6b5b557f/tokio-1.47.1/src/runtime/context/scoped.rs:40:9
[INFO] [stdout]   31:     0x6083aebf0a59 - tokio[5105dbc7eed37622]::runtime::context::set_scheduler::<(alloc[2e1b2a31b91974c5]::boxed::Box<tokio[5105dbc7eed37622]::runtime::scheduler::current_thread::Core>, core[a373ad73a504971]::option::Option<()>), <tokio[5105dbc7eed37622]::runtime::scheduler::current_thread::CoreGuard>::enter<<tokio[5105dbc7eed37622]::runtime::scheduler::current_thread::CoreGuard>::block_on<core[a373ad73a504971]::pin::Pin<&mut core[a373ad73a504971]::pin::Pin<&mut dyn core[a373ad73a504971]::future::future::Future<Output = ()>>>>::{closure#0}, core[a373ad73a504971]::option::Option<()>>::{closure#0}>::{closure#0}
[INFO] [stdout]                                at /opt/rustwide/cargo-home/registry/src/index.crates.io-1949cf8c6b5b557f/tokio-1.47.1/src/runtime/context.rs:176:38
[INFO] [stdout]   32:     0x6083aebe2faf - <std[617be2ca0a6fd877]::thread::local::LocalKey<tokio[5105dbc7eed37622]::runtime::context::Context>>::try_with::<tokio[5105dbc7eed37622]::runtime::context::set_scheduler<(alloc[2e1b2a31b91974c5]::boxed::Box<tokio[5105dbc7eed37622]::runtime::scheduler::current_thread::Core>, core[a373ad73a504971]::option::Option<()>), <tokio[5105dbc7eed37622]::runtime::scheduler::current_thread::CoreGuard>::enter<<tokio[5105dbc7eed37622]::runtime::scheduler::current_thread::CoreGuard>::block_on<core[a373ad73a504971]::pin::Pin<&mut core[a373ad73a504971]::pin::Pin<&mut dyn core[a373ad73a504971]::future::future::Future<Output = ()>>>>::{closure#0}, core[a373ad73a504971]::option::Option<()>>::{closure#0}>::{closure#0}, (alloc[2e1b2a31b91974c5]::boxed::Box<tokio[5105dbc7eed37622]::runtime::scheduler::current_thread::Core>, core[a373ad73a504971]::option::Option<()>)>
[INFO] [stdout]                                at /rustc/e3feeb59cd1bdd011a2bfcc0747b55125d9b8527/library/std/src/thread/local.rs:463:12
[INFO] [stdout]   33:     0x6083aebe2b5e - <std[617be2ca0a6fd877]::thread::local::LocalKey<tokio[5105dbc7eed37622]::runtime::context::Context>>::with::<tokio[5105dbc7eed37622]::runtime::context::set_scheduler<(alloc[2e1b2a31b91974c5]::boxed::Box<tokio[5105dbc7eed37622]::runtime::scheduler::current_thread::Core>, core[a373ad73a504971]::option::Option<()>), <tokio[5105dbc7eed37622]::runtime::scheduler::current_thread::CoreGuard>::enter<<tokio[5105dbc7eed37622]::runtime::scheduler::current_thread::CoreGuard>::block_on<core[a373ad73a504971]::pin::Pin<&mut core[a373ad73a504971]::pin::Pin<&mut dyn core[a373ad73a504971]::future::future::Future<Output = ()>>>>::{closure#0}, core[a373ad73a504971]::option::Option<()>>::{closure#0}>::{closure#0}, (alloc[2e1b2a31b91974c5]::boxed::Box<tokio[5105dbc7eed37622]::runtime::scheduler::current_thread::Core>, core[a373ad73a504971]::option::Option<()>)>
[INFO] [stdout]                                at /rustc/e3feeb59cd1bdd011a2bfcc0747b55125d9b8527/library/std/src/thread/local.rs:427:20
[INFO] [stdout]   34:     0x6083aebefcbd - tokio[5105dbc7eed37622]::runtime::context::set_scheduler::<(alloc[2e1b2a31b91974c5]::boxed::Box<tokio[5105dbc7eed37622]::runtime::scheduler::current_thread::Core>, core[a373ad73a504971]::option::Option<()>), <tokio[5105dbc7eed37622]::runtime::scheduler::current_thread::CoreGuard>::enter<<tokio[5105dbc7eed37622]::runtime::scheduler::current_thread::CoreGuard>::block_on<core[a373ad73a504971]::pin::Pin<&mut core[a373ad73a504971]::pin::Pin<&mut dyn core[a373ad73a504971]::future::future::Future<Output = ()>>>>::{closure#0}, core[a373ad73a504971]::option::Option<()>>::{closure#0}>
[INFO] [stdout]                                at /opt/rustwide/cargo-home/registry/src/index.crates.io-1949cf8c6b5b557f/tokio-1.47.1/src/runtime/context.rs:176:17
[INFO] [stdout]   35:     0x6083aebf7070 - <tokio[5105dbc7eed37622]::runtime::scheduler::current_thread::CoreGuard>::enter::<<tokio[5105dbc7eed37622]::runtime::scheduler::current_thread::CoreGuard>::block_on<core[a373ad73a504971]::pin::Pin<&mut core[a373ad73a504971]::pin::Pin<&mut dyn core[a373ad73a504971]::future::future::Future<Output = ()>>>>::{closure#0}, core[a373ad73a504971]::option::Option<()>>
[INFO] [stdout]                                at /opt/rustwide/cargo-home/registry/src/index.crates.io-1949cf8c6b5b557f/tokio-1.47.1/src/runtime/scheduler/current_thread/mod.rs:829:27
[INFO] [stdout]   36:     0x6083aebf7366 - <tokio[5105dbc7eed37622]::runtime::scheduler::current_thread::CoreGuard>::block_on::<core[a373ad73a504971]::pin::Pin<&mut core[a373ad73a504971]::pin::Pin<&mut dyn core[a373ad73a504971]::future::future::Future<Output = ()>>>>
[INFO] [stdout]                                at /opt/rustwide/cargo-home/registry/src/index.crates.io-1949cf8c6b5b557f/tokio-1.47.1/src/runtime/scheduler/current_thread/mod.rs:729:24
[INFO] [stdout]   37:     0x6083aebf7930 - <tokio[5105dbc7eed37622]::runtime::scheduler::current_thread::CurrentThread>::block_on::<core[a373ad73a504971]::pin::Pin<&mut dyn core[a373ad73a504971]::future::future::Future<Output = ()>>>::{closure#0}
[INFO] [stdout]                                at /opt/rustwide/cargo-home/registry/src/index.crates.io-1949cf8c6b5b557f/tokio-1.47.1/src/runtime/scheduler/current_thread/mod.rs:200:33
[INFO] [stdout]   38:     0x6083aebf0398 - tokio[5105dbc7eed37622]::runtime::context::runtime::enter_runtime::<<tokio[5105dbc7eed37622]::runtime::scheduler::current_thread::CurrentThread>::block_on<core[a373ad73a504971]::pin::Pin<&mut dyn core[a373ad73a504971]::future::future::Future<Output = ()>>>::{closure#0}, ()>
[INFO] [stdout]                                at /opt/rustwide/cargo-home/registry/src/index.crates.io-1949cf8c6b5b557f/tokio-1.47.1/src/runtime/context/runtime.rs:65:16
[INFO] [stdout]   39:     0x6083aebf5bc4 - <tokio[5105dbc7eed37622]::runtime::scheduler::current_thread::CurrentThread>::block_on::<core[a373ad73a504971]::pin::Pin<&mut dyn core[a373ad73a504971]::future::future::Future<Output = ()>>>
[INFO] [stdout]                                at /opt/rustwide/cargo-home/registry/src/index.crates.io-1949cf8c6b5b557f/tokio-1.47.1/src/runtime/scheduler/current_thread/mod.rs:188:9
[INFO] [stdout]   40:     0x6083aebed88f - <tokio[5105dbc7eed37622]::runtime::runtime::Runtime>::block_on_inner::<core[a373ad73a504971]::pin::Pin<&mut dyn core[a373ad73a504971]::future::future::Future<Output = ()>>>
[INFO] [stdout]                                at /opt/rustwide/cargo-home/registry/src/index.crates.io-1949cf8c6b5b557f/tokio-1.47.1/src/runtime/runtime.rs:356:52
[INFO] [stdout]   41:     0x6083aebed9db - <tokio[5105dbc7eed37622]::runtime::runtime::Runtime>::block_on::<core[a373ad73a504971]::pin::Pin<&mut dyn core[a373ad73a504971]::future::future::Future<Output = ()>>>
[INFO] [stdout]                                at /opt/rustwide/cargo-home/registry/src/index.crates.io-1949cf8c6b5b557f/tokio-1.47.1/src/runtime/runtime.rs:330:18
[INFO] [stdout]   42:     0x6083aebfdd80 - masstemplate_vcs[8d8acf7b90b3c6e2]::tests::test_setup_repo_success
[INFO] [stdout]                                at /opt/rustwide/workdir/lib/masstemplate-vcs/src/lib.rs:251:55
[INFO] [stdout]   43:     0x6083aebf9717 - masstemplate_vcs[8d8acf7b90b3c6e2]::tests::test_setup_repo_success::{closure#0}
[INFO] [stdout]                                at /opt/rustwide/workdir/lib/masstemplate-vcs/src/lib.rs:238:39
[INFO] [stdout]   44:     0x6083aebed2c6 - <masstemplate_vcs[8d8acf7b90b3c6e2]::tests::test_setup_repo_success::{closure#0} as core[a373ad73a504971]::ops::function::FnOnce<()>>::call_once
[INFO] [stdout]                                at /rustc/e3feeb59cd1bdd011a2bfcc0747b55125d9b8527/library/core/src/ops/function.rs:250:5
[INFO] [stdout]   45:     0x6083aebfe4eb - <fn() -> core[a373ad73a504971]::result::Result<(), alloc[2e1b2a31b91974c5]::string::String> as core[a373ad73a504971]::ops::function::FnOnce<()>>::call_once
[INFO] [stdout]                                at /rustc/e3feeb59cd1bdd011a2bfcc0747b55125d9b8527/library/core/src/ops/function.rs:250:5
[INFO] [stdout]   46:     0x6083aebfe4eb - test[aada8e7e76ba119b]::__rust_begin_short_backtrace::<core[a373ad73a504971]::result::Result<(), alloc[2e1b2a31b91974c5]::string::String>, fn() -> core[a373ad73a504971]::result::Result<(), alloc[2e1b2a31b91974c5]::string::String>>
[INFO] [stdout]                                at /rustc/e3feeb59cd1bdd011a2bfcc0747b55125d9b8527/library/test/src/lib.rs:701:18
[INFO] [stdout]   47:     0x6083aec0b6c5 - test[aada8e7e76ba119b]::run_test_in_process::{closure#0}
[INFO] [stdout]                                at /rustc/e3feeb59cd1bdd011a2bfcc0747b55125d9b8527/library/test/src/lib.rs:724:74
[INFO] [stdout]   48:     0x6083aec0b6c5 - <core[a373ad73a504971]::panic::unwind_safe::AssertUnwindSafe<test[aada8e7e76ba119b]::run_test_in_process::{closure#0}> as core[a373ad73a504971]::ops::function::FnOnce<()>>::call_once
[INFO] [stdout]                                at /rustc/e3feeb59cd1bdd011a2bfcc0747b55125d9b8527/library/core/src/panic/unwind_safe.rs:275:9
[INFO] [stdout]   49:     0x6083aec0b6c5 - std[617be2ca0a6fd877]::panicking::catch_unwind::do_call::<core[a373ad73a504971]::panic::unwind_safe::AssertUnwindSafe<test[aada8e7e76ba119b]::run_test_in_process::{closure#0}>, core[a373ad73a504971]::result::Result<(), alloc[2e1b2a31b91974c5]::string::String>>
[INFO] [stdout]                                at /rustc/e3feeb59cd1bdd011a2bfcc0747b55125d9b8527/library/std/src/panicking.rs:573:43
[INFO] [stdout]   50:     0x6083aec0b6c5 - std[617be2ca0a6fd877]::panicking::catch_unwind::<core[a373ad73a504971]::result::Result<(), alloc[2e1b2a31b91974c5]::string::String>, core[a373ad73a504971]::panic::unwind_safe::AssertUnwindSafe<test[aada8e7e76ba119b]::run_test_in_process::{closure#0}>>
[INFO] [stdout]                                at /rustc/e3feeb59cd1bdd011a2bfcc0747b55125d9b8527/library/std/src/panicking.rs:541:19
[INFO] [stdout]   51:     0x6083aec0b6c5 - std[617be2ca0a6fd877]::panic::catch_unwind::<core[a373ad73a504971]::panic::unwind_safe::AssertUnwindSafe<test[aada8e7e76ba119b]::run_test_in_process::{closure#0}>, core[a373ad73a504971]::result::Result<(), alloc[2e1b2a31b91974c5]::string::String>>
[INFO] [stdout]                                at /rustc/e3feeb59cd1bdd011a2bfcc0747b55125d9b8527/library/std/src/panic.rs:359:14
[INFO] [stdout]   52:     0x6083aec0b6c5 - test[aada8e7e76ba119b]::run_test_in_process
[INFO] [stdout]                                at /rustc/e3feeb59cd1bdd011a2bfcc0747b55125d9b8527/library/test/src/lib.rs:724:27
[INFO] [stdout]   53:     0x6083aec0b6c5 - test[aada8e7e76ba119b]::run_test::{closure#0}
[INFO] [stdout]                                at /rustc/e3feeb59cd1bdd011a2bfcc0747b55125d9b8527/library/test/src/lib.rs:645:43
[INFO] [stdout]   54:     0x6083aec04fb4 - test[aada8e7e76ba119b]::run_test::{closure#1}
[INFO] [stdout]                                at /rustc/e3feeb59cd1bdd011a2bfcc0747b55125d9b8527/library/test/src/lib.rs:675:41
[INFO] [stdout]   55:     0x6083aec04fb4 - std[617be2ca0a6fd877]::sys::backtrace::__rust_begin_short_backtrace::<test[aada8e7e76ba119b]::run_test::{closure#1}, ()>
[INFO] [stdout]                                at /rustc/e3feeb59cd1bdd011a2bfcc0747b55125d9b8527/library/std/src/sys/backtrace.rs:166:18
[INFO] [stdout]   56:     0x6083aec0e752 - std[617be2ca0a6fd877]::thread::lifecycle::spawn_unchecked::<test[aada8e7e76ba119b]::run_test::{closure#1}, ()>::{closure#1}::{closure#0}
[INFO] [stdout]                                at /rustc/e3feeb59cd1bdd011a2bfcc0747b55125d9b8527/library/std/src/thread/lifecycle.rs:70:13
[INFO] [stdout]   57:     0x6083aec0e752 - <core[a373ad73a504971]::panic::unwind_safe::AssertUnwindSafe<std[617be2ca0a6fd877]::thread::lifecycle::spawn_unchecked<test[aada8e7e76ba119b]::run_test::{closure#1}, ()>::{closure#1}::{closure#0}> as core[a373ad73a504971]::ops::function::FnOnce<()>>::call_once
[INFO] [stdout]                                at /rustc/e3feeb59cd1bdd011a2bfcc0747b55125d9b8527/library/core/src/panic/unwind_safe.rs:275:9
[INFO] [stdout]   58:     0x6083aec0e752 - std[617be2ca0a6fd877]::panicking::catch_unwind::do_call::<core[a373ad73a504971]::panic::unwind_safe::AssertUnwindSafe<std[617be2ca0a6fd877]::thread::lifecycle::spawn_unchecked<test[aada8e7e76ba119b]::run_test::{closure#1}, ()>::{closure#1}::{closure#0}>, ()>
[INFO] [stdout]                                at /rustc/e3feeb59cd1bdd011a2bfcc0747b55125d9b8527/library/std/src/panicking.rs:573:43
[INFO] [stdout]   59:     0x6083aec0e752 - std[617be2ca0a6fd877]::panicking::catch_unwind::<(), core[a373ad73a504971]::panic::unwind_safe::AssertUnwindSafe<std[617be2ca0a6fd877]::thread::lifecycle::spawn_unchecked<test[aada8e7e76ba119b]::run_test::{closure#1}, ()>::{closure#1}::{closure#0}>>
[INFO] [stdout]                                at /rustc/e3feeb59cd1bdd011a2bfcc0747b55125d9b8527/library/std/src/panicking.rs:541:19
[INFO] [stdout]   60:     0x6083aec0e752 - std[617be2ca0a6fd877]::panic::catch_unwind::<core[a373ad73a504971]::panic::unwind_safe::AssertUnwindSafe<std[617be2ca0a6fd877]::thread::lifecycle::spawn_unchecked<test[aada8e7e76ba119b]::run_test::{closure#1}, ()>::{closure#1}::{closure#0}>, ()>
[INFO] [stdout]                                at /rustc/e3feeb59cd1bdd011a2bfcc0747b55125d9b8527/library/std/src/panic.rs:359:14
[INFO] [stdout]   61:     0x6083aec0e752 - std[617be2ca0a6fd877]::thread::lifecycle::spawn_unchecked::<test[aada8e7e76ba119b]::run_test::{closure#1}, ()>::{closure#1}
[INFO] [stdout]                                at /rustc/e3feeb59cd1bdd011a2bfcc0747b55125d9b8527/library/std/src/thread/lifecycle.rs:68:26
[INFO] [stdout]   62:     0x6083aec0e752 - <std[617be2ca0a6fd877]::thread::lifecycle::spawn_unchecked<test[aada8e7e76ba119b]::run_test::{closure#1}, ()>::{closure#1} as core[a373ad73a504971]::ops::function::FnOnce<()>>::call_once::{shim:vtable#0}
[INFO] [stdout]                                at /rustc/e3feeb59cd1bdd011a2bfcc0747b55125d9b8527/library/core/src/ops/function.rs:250:5
[INFO] [stdout]   63:     0x6083aed03aef - <alloc[2e1b2a31b91974c5]::boxed::Box<dyn core[a373ad73a504971]::ops::function::FnOnce<(), Output = ()> + core[a373ad73a504971]::marker::Send> as core[a373ad73a504971]::ops::function::FnOnce<()>>::call_once
[INFO] [stdout]                                at /rustc/e3feeb59cd1bdd011a2bfcc0747b55125d9b8527/library/alloc/src/boxed.rs:2314:9
[INFO] [stdout]   64:     0x6083aed03aef - <std[617be2ca0a6fd877]::sys::thread::unix::Thread>::new::thread_start
[INFO] [stdout]                                at /rustc/e3feeb59cd1bdd011a2bfcc0747b55125d9b8527/library/std/src/sys/thread/unix.rs:127:17
[INFO] [stdout]   65:     0x7af60c94ddfa - <unknown>
[INFO] [stdout]   66:     0x7af60c9e13d4 - clone
[INFO] [stdout]   67:                0x0 - <unknown>
[INFO] [stdout] 
[INFO] [stdout] ---- tests::test_custom_commit_message stdout ----
[INFO] [stdout] Initializing git repository...
[INFO] [stdout] Adding files to git...
[INFO] [stdout] Committing files...
[INFO] [stdout] 
[INFO] [stdout] thread 'tests::test_custom_commit_message' (5246) panicked at lib/masstemplate-vcs/src/lib.rs:345:9:
[INFO] [stdout] assertion failed: result.is_ok()
[INFO] [stdout] stack backtrace:
[INFO] [stdout]    0:     0x6083aed04481 - std[617be2ca0a6fd877]::backtrace_rs::backtrace::libunwind::trace
[INFO] [stdout]                                at /rustc/e3feeb59cd1bdd011a2bfcc0747b55125d9b8527/library/std/src/../../backtrace/src/backtrace/libunwind.rs:117:9
[INFO] [stdout]    1:     0x6083aed04481 - std[617be2ca0a6fd877]::backtrace_rs::backtrace::trace_unsynchronized::<std[617be2ca0a6fd877]::sys::backtrace::_print_fmt::{closure#1}>
[INFO] [stdout]                                at /rustc/e3feeb59cd1bdd011a2bfcc0747b55125d9b8527/library/std/src/../../backtrace/src/backtrace/mod.rs:66:14
[INFO] [stdout]    2:     0x6083aed04481 - std[617be2ca0a6fd877]::sys::backtrace::_print_fmt
[INFO] [stdout]                                at /rustc/e3feeb59cd1bdd011a2bfcc0747b55125d9b8527/library/std/src/sys/backtrace.rs:74:9
[INFO] [stdout]    3:     0x6083aed04481 - <<std[617be2ca0a6fd877]::sys::backtrace::BacktraceLock>::print::DisplayBacktrace as core[a373ad73a504971]::fmt::Display>::fmt
[INFO] [stdout]                                at /rustc/e3feeb59cd1bdd011a2bfcc0747b55125d9b8527/library/std/src/sys/backtrace.rs:44:26
[INFO] [stdout]    4:     0x6083aed189ba - <core[a373ad73a504971]::fmt::rt::Argument>::fmt
[INFO] [stdout]                                at /rustc/e3feeb59cd1bdd011a2bfcc0747b55125d9b8527/library/core/src/fmt/rt.rs:152:76
[INFO] [stdout]    5:     0x6083aed189ba - core[a373ad73a504971]::fmt::write
[INFO] [stdout]    6:     0x6083aed08aec - core[a373ad73a504971]::io::write::default_write_fmt::<alloc[2e1b2a31b91974c5]::vec::Vec<u8>>
[INFO] [stdout]                                at /rustc/e3feeb59cd1bdd011a2bfcc0747b55125d9b8527/library/core/src/io/write.rs:402:11
[INFO] [stdout]    7:     0x6083aed08aec - <alloc[2e1b2a31b91974c5]::vec::Vec<u8> as core[a373ad73a504971]::io::write::Write>::write_fmt
[INFO] [stdout]                                at /rustc/e3feeb59cd1bdd011a2bfcc0747b55125d9b8527/library/core/src/io/write.rs:335:13
[INFO] [stdout]    8:     0x6083aecde9f6 - <std[617be2ca0a6fd877]::sys::backtrace::BacktraceLock>::print
[INFO] [stdout]                                at /rustc/e3feeb59cd1bdd011a2bfcc0747b55125d9b8527/library/std/src/sys/backtrace.rs:47:9
[INFO] [stdout]    9:     0x6083aecde9f6 - std[617be2ca0a6fd877]::panicking::default_hook::{closure#0}
[INFO] [stdout]                                at /rustc/e3feeb59cd1bdd011a2bfcc0747b55125d9b8527/library/std/src/panicking.rs:289:27
[INFO] [stdout]   10:     0x6083aecfc099 - std[617be2ca0a6fd877]::panicking::default_hook
[INFO] [stdout]                                at /rustc/e3feeb59cd1bdd011a2bfcc0747b55125d9b8527/library/std/src/panicking.rs:313:9
[INFO] [stdout]   11:     0x6083aec0b0a0 - <alloc[2e1b2a31b91974c5]::boxed::Box<dyn for<'a, 'b> core[a373ad73a504971]::ops::function::Fn<(&'a std[617be2ca0a6fd877]::panic::PanicHookInfo<'b>,), Output = ()> + core[a373ad73a504971]::marker::Sync + core[a373ad73a504971]::marker::Send> as core[a373ad73a504971]::ops::function::Fn<(&std[617be2ca0a6fd877]::panic::PanicHookInfo,)>>::call
[INFO] [stdout]                                at /rustc/e3feeb59cd1bdd011a2bfcc0747b55125d9b8527/library/alloc/src/boxed.rs:2328:9
[INFO] [stdout]   12:     0x6083aec0b0a0 - test[aada8e7e76ba119b]::test_main_inner::{closure#0}
[INFO] [stdout]                                at /rustc/e3feeb59cd1bdd011a2bfcc0747b55125d9b8527/library/test/src/lib.rs:137:21
[INFO] [stdout]   13:     0x6083aecfc3c2 - <alloc[2e1b2a31b91974c5]::boxed::Box<dyn for<'a, 'b> core[a373ad73a504971]::ops::function::Fn<(&'a std[617be2ca0a6fd877]::panic::PanicHookInfo<'b>,), Output = ()> + core[a373ad73a504971]::marker::Sync + core[a373ad73a504971]::marker::Send> as core[a373ad73a504971]::ops::function::Fn<(&std[617be2ca0a6fd877]::panic::PanicHookInfo,)>>::call
[INFO] [stdout]                                at /rustc/e3feeb59cd1bdd011a2bfcc0747b55125d9b8527/library/alloc/src/boxed.rs:2328:9
[INFO] [stdout]   14:     0x6083aecfc3c2 - std[617be2ca0a6fd877]::panicking::panic_with_hook
[INFO] [stdout]                                at /rustc/e3feeb59cd1bdd011a2bfcc0747b55125d9b8527/library/std/src/panicking.rs:819:13
[INFO] [stdout]   15:     0x6083aecdead4 - std[617be2ca0a6fd877]::panicking::panic_handler::{closure#0}
[INFO] [stdout]                                at /rustc/e3feeb59cd1bdd011a2bfcc0747b55125d9b8527/library/std/src/panicking.rs:678:13
[INFO] [stdout]   16:     0x6083aecd7699 - std[617be2ca0a6fd877]::sys::backtrace::__rust_end_short_backtrace::<std[617be2ca0a6fd877]::panicking::panic_handler::{closure#0}, !>
[INFO] [stdout]                                at /rustc/e3feeb59cd1bdd011a2bfcc0747b55125d9b8527/library/std/src/sys/backtrace.rs:182:18
[INFO] [stdout]   17:     0x6083aecdf6ad - __rustc[ea4f61d10b84890b]::rust_begin_unwind
[INFO] [stdout]                                at /rustc/e3feeb59cd1bdd011a2bfcc0747b55125d9b8527/library/std/src/panicking.rs:676:5
[INFO] [stdout]   18:     0x6083aed191dc - core[a373ad73a504971]::panicking::panic_fmt
[INFO] [stdout]                                at /rustc/e3feeb59cd1bdd011a2bfcc0747b55125d9b8527/library/core/src/panicking.rs:80:14
[INFO] [stdout]   19:     0x6083aed191a2 - core[a373ad73a504971]::panicking::panic
[INFO] [stdout]                                at /rustc/e3feeb59cd1bdd011a2bfcc0747b55125d9b8527/library/core/src/panicking.rs:150:5
[INFO] [stdout]   20:     0x6083aebfc6f2 - masstemplate_vcs[8d8acf7b90b3c6e2]::tests::test_custom_commit_message::{closure#0}
[INFO] [stdout]                                at /opt/rustwide/workdir/lib/masstemplate-vcs/src/lib.rs:345:9
[INFO] [stdout]   21:     0x6083aebf5392 - <core[a373ad73a504971]::pin::Pin<&mut dyn core[a373ad73a504971]::future::future::Future<Output = ()>> as core[a373ad73a504971]::future::future::Future>::poll
[INFO] [stdout]                                at /rustc/e3feeb59cd1bdd011a2bfcc0747b55125d9b8527/library/core/src/future/future.rs:133:9
[INFO] [stdout]   22:     0x6083aebf540d - <core[a373ad73a504971]::pin::Pin<&mut core[a373ad73a504971]::pin::Pin<&mut dyn core[a373ad73a504971]::future::future::Future<Output = ()>>> as core[a373ad73a504971]::future::future::Future>::poll
[INFO] [stdout]                                at /rustc/e3feeb59cd1bdd011a2bfcc0747b55125d9b8527/library/core/src/future/future.rs:133:9
[INFO] [stdout]   23:     0x6083aebf95fd - <tokio[5105dbc7eed37622]::runtime::scheduler::current_thread::CoreGuard>::block_on::<core[a373ad73a504971]::pin::Pin<&mut core[a373ad73a504971]::pin::Pin<&mut dyn core[a373ad73a504971]::future::future::Future<Output = ()>>>>::{closure#0}::{closure#0}::{closure#0}
[INFO] [stdout]                                at /opt/rustwide/cargo-home/registry/src/index.crates.io-1949cf8c6b5b557f/tokio-1.47.1/src/runtime/scheduler/current_thread/mod.rs:742:70
[INFO] [stdout]   24:     0x6083aebf9525 - tokio[5105dbc7eed37622]::task::coop::with_budget::<core[a373ad73a504971]::task::poll::Poll<()>, <tokio[5105dbc7eed37622]::runtime::scheduler::current_thread::CoreGuard>::block_on<core[a373ad73a504971]::pin::Pin<&mut core[a373ad73a504971]::pin::Pin<&mut dyn core[a373ad73a504971]::future::future::Future<Output = ()>>>>::{closure#0}::{closure#0}::{closure#0}>
[INFO] [stdout]                                at /opt/rustwide/cargo-home/registry/src/index.crates.io-1949cf8c6b5b557f/tokio-1.47.1/src/task/coop/mod.rs:167:5
[INFO] [stdout]   25:     0x6083aebf9525 - tokio[5105dbc7eed37622]::task::coop::budget::<core[a373ad73a504971]::task::poll::Poll<()>, <tokio[5105dbc7eed37622]::runtime::scheduler::current_thread::CoreGuard>::block_on<core[a373ad73a504971]::pin::Pin<&mut core[a373ad73a504971]::pin::Pin<&mut dyn core[a373ad73a504971]::future::future::Future<Output = ()>>>>::{closure#0}::{closure#0}::{closure#0}>
[INFO] [stdout]                                at /opt/rustwide/cargo-home/registry/src/index.crates.io-1949cf8c6b5b557f/tokio-1.47.1/src/task/coop/mod.rs:133:5
[INFO] [stdout]   26:     0x6083aebf9525 - <tokio[5105dbc7eed37622]::runtime::scheduler::current_thread::CoreGuard>::block_on::<core[a373ad73a504971]::pin::Pin<&mut core[a373ad73a504971]::pin::Pin<&mut dyn core[a373ad73a504971]::future::future::Future<Output = ()>>>>::{closure#0}::{closure#0}
[INFO] [stdout]                                at /opt/rustwide/cargo-home/registry/src/index.crates.io-1949cf8c6b5b557f/tokio-1.47.1/src/runtime/scheduler/current_thread/mod.rs:742:25
[INFO] [stdout]   27:     0x6083aebf6002 - <tokio[5105dbc7eed37622]::runtime::scheduler::current_thread::Context>::enter::<core[a373ad73a504971]::task::poll::Poll<()>, <tokio[5105dbc7eed37622]::runtime::scheduler::current_thread::CoreGuard>::block_on<core[a373ad73a504971]::pin::Pin<&mut core[a373ad73a504971]::pin::Pin<&mut dyn core[a373ad73a504971]::future::future::Future<Output = ()>>>>::{closure#0}::{closure#0}>
[INFO] [stdout]                                at /opt/rustwide/cargo-home/registry/src/index.crates.io-1949cf8c6b5b557f/tokio-1.47.1/src/runtime/scheduler/current_thread/mod.rs:432:19
[INFO] [stdout]   28:     0x6083aebf8a2d - <tokio[5105dbc7eed37622]::runtime::scheduler::current_thread::CoreGuard>::block_on::<core[a373ad73a504971]::pin::Pin<&mut core[a373ad73a504971]::pin::Pin<&mut dyn core[a373ad73a504971]::future::future::Future<Output = ()>>>>::{closure#0}
[INFO] [stdout]                                at /opt/rustwide/cargo-home/registry/src/index.crates.io-1949cf8c6b5b557f/tokio-1.47.1/src/runtime/scheduler/current_thread/mod.rs:741:44
[INFO] [stdout]   29:     0x6083aebf7d24 - <tokio[5105dbc7eed37622]::runtime::scheduler::current_thread::CoreGuard>::enter::<<tokio[5105dbc7eed37622]::runtime::scheduler::current_thread::CoreGuard>::block_on<core[a373ad73a504971]::pin::Pin<&mut core[a373ad73a504971]::pin::Pin<&mut dyn core[a373ad73a504971]::future::future::Future<Output = ()>>>>::{closure#0}, core[a373ad73a504971]::option::Option<()>>::{closure#0}
[INFO] [stdout]                                at /opt/rustwide/cargo-home/registry/src/index.crates.io-1949cf8c6b5b557f/tokio-1.47.1/src/runtime/scheduler/current_thread/mod.rs:829:68
[INFO] [stdout]   30:     0x6083aebedcab - <tokio[5105dbc7eed37622]::runtime::context::scoped::Scoped<tokio[5105dbc7eed37622]::runtime::scheduler::Context>>::set::<<tokio[5105dbc7eed37622]::runtime::scheduler::current_thread::CoreGuard>::enter<<tokio[5105dbc7eed37622]::runtime::scheduler::current_thread::CoreGuard>::block_on<core[a373ad73a504971]::pin::Pin<&mut core[a373ad73a504971]::pin::Pin<&mut dyn core[a373ad73a504971]::future::future::Future<Output = ()>>>>::{closure#0}, core[a373ad73a504971]::option::Option<()>>::{closure#0}, (alloc[2e1b2a31b91974c5]::boxed::Box<tokio[5105dbc7eed37622]::runtime::scheduler::current_thread::Core>, core[a373ad73a504971]::option::Option<()>)>
[INFO] [stdout]                                at /opt/rustwide/cargo-home/registry/src/index.crates.io-1949cf8c6b5b557f/tokio-1.47.1/src/runtime/context/scoped.rs:40:9
[INFO] [stdout]   31:     0x6083aebf0a59 - tokio[5105dbc7eed37622]::runtime::context::set_scheduler::<(alloc[2e1b2a31b91974c5]::boxed::Box<tokio[5105dbc7eed37622]::runtime::scheduler::current_thread::Core>, core[a373ad73a504971]::option::Option<()>), <tokio[5105dbc7eed37622]::runtime::scheduler::current_thread::CoreGuard>::enter<<tokio[5105dbc7eed37622]::runtime::scheduler::current_thread::CoreGuard>::block_on<core[a373ad73a504971]::pin::Pin<&mut core[a373ad73a504971]::pin::Pin<&mut dyn core[a373ad73a504971]::future::future::Future<Output = ()>>>>::{closure#0}, core[a373ad73a504971]::option::Option<()>>::{closure#0}>::{closure#0}
[INFO] [stdout]                                at /opt/rustwide/cargo-home/registry/src/index.crates.io-1949cf8c6b5b557f/tokio-1.47.1/src/runtime/context.rs:176:38
[INFO] [stdout]   32:     0x6083aebe2faf - <std[617be2ca0a6fd877]::thread::local::LocalKey<tokio[5105dbc7eed37622]::runtime::context::Context>>::try_with::<tokio[5105dbc7eed37622]::runtime::context::set_scheduler<(alloc[2e1b2a31b91974c5]::boxed::Box<tokio[5105dbc7eed37622]::runtime::scheduler::current_thread::Core>, core[a373ad73a504971]::option::Option<()>), <tokio[5105dbc7eed37622]::runtime::scheduler::current_thread::CoreGuard>::enter<<tokio[5105dbc7eed37622]::runtime::scheduler::current_thread::CoreGuard>::block_on<core[a373ad73a504971]::pin::Pin<&mut core[a373ad73a504971]::pin::Pin<&mut dyn core[a373ad73a504971]::future::future::Future<Output = ()>>>>::{closure#0}, core[a373ad73a504971]::option::Option<()>>::{closure#0}>::{closure#0}, (alloc[2e1b2a31b91974c5]::boxed::Box<tokio[5105dbc7eed37622]::runtime::scheduler::current_thread::Core>, core[a373ad73a504971]::option::Option<()>)>
[INFO] [stdout]                                at /rustc/e3feeb59cd1bdd011a2bfcc0747b55125d9b8527/library/std/src/thread/local.rs:463:12
[INFO] [stdout]   33:     0x6083aebe2b5e - <std[617be2ca0a6fd877]::thread::local::LocalKey<tokio[5105dbc7eed37622]::runtime::context::Context>>::with::<tokio[5105dbc7eed37622]::runtime::context::set_scheduler<(alloc[2e1b2a31b91974c5]::boxed::Box<tokio[5105dbc7eed37622]::runtime::scheduler::current_thread::Core>, core[a373ad73a504971]::option::Option<()>), <tokio[5105dbc7eed37622]::runtime::scheduler::current_thread::CoreGuard>::enter<<tokio[5105dbc7eed37622]::runtime::scheduler::current_thread::CoreGuard>::block_on<core[a373ad73a504971]::pin::Pin<&mut core[a373ad73a504971]::pin::Pin<&mut dyn core[a373ad73a504971]::future::future::Future<Output = ()>>>>::{closure#0}, core[a373ad73a504971]::option::Option<()>>::{closure#0}>::{closure#0}, (alloc[2e1b2a31b91974c5]::boxed::Box<tokio[5105dbc7eed37622]::runtime::scheduler::current_thread::Core>, core[a373ad73a504971]::option::Option<()>)>
[INFO] [stdout]                                at /rustc/e3feeb59cd1bdd011a2bfcc0747b55125d9b8527/library/std/src/thread/local.rs:427:20
[INFO] [stdout]   34:     0x6083aebefcbd - tokio[5105dbc7eed37622]::runtime::context::set_scheduler::<(alloc[2e1b2a31b91974c5]::boxed::Box<tokio[5105dbc7eed37622]::runtime::scheduler::current_thread::Core>, core[a373ad73a504971]::option::Option<()>), <tokio[5105dbc7eed37622]::runtime::scheduler::current_thread::CoreGuard>::enter<<tokio[5105dbc7eed37622]::runtime::scheduler::current_thread::CoreGuard>::block_on<core[a373ad73a504971]::pin::Pin<&mut core[a373ad73a504971]::pin::Pin<&mut dyn core[a373ad73a504971]::future::future::Future<Output = ()>>>>::{closure#0}, core[a373ad73a504971]::option::Option<()>>::{closure#0}>
[INFO] [stdout]                                at /opt/rustwide/cargo-home/registry/src/index.crates.io-1949cf8c6b5b557f/tokio-1.47.1/src/runtime/context.rs:176:17
[INFO] [stdout]   35:     0x6083aebf7070 - <tokio[5105dbc7eed37622]::runtime::scheduler::current_thread::CoreGuard>::enter::<<tokio[5105dbc7eed37622]::runtime::scheduler::current_thread::CoreGuard>::block_on<core[a373ad73a504971]::pin::Pin<&mut core[a373ad73a504971]::pin::Pin<&mut dyn core[a373ad73a504971]::future::future::Future<Output = ()>>>>::{closure#0}, core[a373ad73a504971]::option::Option<()>>
[INFO] [stdout]                                at /opt/rustwide/cargo-home/registry/src/index.crates.io-1949cf8c6b5b557f/tokio-1.47.1/src/runtime/scheduler/current_thread/mod.rs:829:27
[INFO] [stdout]   36:     0x6083aebf7366 - <tokio[5105dbc7eed37622]::runtime::scheduler::current_thread::CoreGuard>::block_on::<core[a373ad73a504971]::pin::Pin<&mut core[a373ad73a504971]::pin::Pin<&mut dyn core[a373ad73a504971]::future::future::Future<Output = ()>>>>
[INFO] [stdout]                                at /opt/rustwide/cargo-home/registry/src/index.crates.io-1949cf8c6b5b557f/tokio-1.47.1/src/runtime/scheduler/current_thread/mod.rs:729:24
[INFO] [stdout]   37:     0x6083aebf7930 - <tokio[5105dbc7eed37622]::runtime::scheduler::current_thread::CurrentThread>::block_on::<core[a373ad73a504971]::pin::Pin<&mut dyn core[a373ad73a504971]::future::future::Future<Output = ()>>>::{closure#0}
[INFO] [stdout]                                at /opt/rustwide/cargo-home/registry/src/index.crates.io-1949cf8c6b5b557f/tokio-1.47.1/src/runtime/scheduler/current_thread/mod.rs:200:33
[INFO] [stdout]   38:     0x6083aebf0398 - tokio[5105dbc7eed37622]::runtime::context::runtime::enter_runtime::<<tokio[5105dbc7eed37622]::runtime::scheduler::current_thread::CurrentThread>::block_on<core[a373ad73a504971]::pin::Pin<&mut dyn core[a373ad73a504971]::future::future::Future<Output = ()>>>::{closure#0}, ()>
[INFO] [stdout]                                at /opt/rustwide/cargo-home/registry/src/index.crates.io-1949cf8c6b5b557f/tokio-1.47.1/src/runtime/context/runtime.rs:65:16
[INFO] [stdout]   39:     0x6083aebf5bc4 - <tokio[5105dbc7eed37622]::runtime::scheduler::current_thread::CurrentThread>::block_on::<core[a373ad73a504971]::pin::Pin<&mut dyn core[a373ad73a504971]::future::future::Future<Output = ()>>>
[INFO] [stdout]                                at /opt/rustwide/cargo-home/registry/src/index.crates.io-1949cf8c6b5b557f/tokio-1.47.1/src/runtime/scheduler/current_thread/mod.rs:188:9
[INFO] [stdout]   40:     0x6083aebed88f - <tokio[5105dbc7eed37622]::runtime::runtime::Runtime>::block_on_inner::<core[a373ad73a504971]::pin::Pin<&mut dyn core[a373ad73a504971]::future::future::Future<Output = ()>>>
[INFO] [stdout]                                at /opt/rustwide/cargo-home/registry/src/index.crates.io-1949cf8c6b5b557f/tokio-1.47.1/src/runtime/runtime.rs:356:52
[INFO] [stdout]   41:     0x6083aebed9db - <tokio[5105dbc7eed37622]::runtime::runtime::Runtime>::block_on::<core[a373ad73a504971]::pin::Pin<&mut dyn core[a373ad73a504971]::future::future::Future<Output = ()>>>
[INFO] [stdout]                                at /opt/rustwide/cargo-home/registry/src/index.crates.io-1949cf8c6b5b557f/tokio-1.47.1/src/runtime/runtime.rs:330:18
[INFO] [stdout]   42:     0x6083aebfe0d0 - masstemplate_vcs[8d8acf7b90b3c6e2]::tests::test_custom_commit_message
[INFO] [stdout]                                at /opt/rustwide/workdir/lib/masstemplate-vcs/src/lib.rs:345:32
[INFO] [stdout]   43:     0x6083aebf9777 - masstemplate_vcs[8d8acf7b90b3c6e2]::tests::test_custom_commit_message::{closure#0}
[INFO] [stdout]                                at /opt/rustwide/workdir/lib/masstemplate-vcs/src/lib.rs:329:42
[INFO] [stdout]   44:     0x6083aebed306 - <masstemplate_vcs[8d8acf7b90b3c6e2]::tests::test_custom_commit_message::{closure#0} as core[a373ad73a504971]::ops::function::FnOnce<()>>::call_once
[INFO] [stdout]                                at /rustc/e3feeb59cd1bdd011a2bfcc0747b55125d9b8527/library/core/src/ops/function.rs:250:5
[INFO] [stdout]   45:     0x6083aebfe4eb - <fn() -> core[a373ad73a504971]::result::Result<(), alloc[2e1b2a31b91974c5]::string::String> as core[a373ad73a504971]::ops::function::FnOnce<()>>::call_once
[INFO] [stdout]                                at /rustc/e3feeb59cd1bdd011a2bfcc0747b55125d9b8527/library/core/src/ops/function.rs:250:5
[INFO] [stdout]   46:     0x6083aebfe4eb - test[aada8e7e76ba119b]::__rust_begin_short_backtrace::<core[a373ad73a504971]::result::Result<(), alloc[2e1b2a31b91974c5]::string::String>, fn() -> core[a373ad73a504971]::result::Result<(), alloc[2e1b2a31b91974c5]::string::String>>
[INFO] [stdout]                                at /rustc/e3feeb59cd1bdd011a2bfcc0747b55125d9b8527/library/test/src/lib.rs:701:18
[INFO] [stdout]   47:     0x6083aec0b6c5 - test[aada8e7e76ba119b]::run_test_in_process::{closure#0}
[INFO] [stdout]                                at /rustc/e3feeb59cd1bdd011a2bfcc0747b55125d9b8527/library/test/src/lib.rs:724:74
[INFO] [stdout]   48:     0x6083aec0b6c5 - <core[a373ad73a504971]::panic::unwind_safe::AssertUnwindSafe<test[aada8e7e76ba119b]::run_test_in_process::{closure#0}> as core[a373ad73a504971]::ops::function::FnOnce<()>>::call_once
[INFO] [stdout]                                at /rustc/e3feeb59cd1bdd011a2bfcc0747b55125d9b8527/library/core/src/panic/unwind_safe.rs:275:9
[INFO] [stdout]   49:     0x6083aec0b6c5 - std[617be2ca0a6fd877]::panicking::catch_unwind::do_call::<core[a373ad73a504971]::panic::unwind_safe::AssertUnwindSafe<test[aada8e7e76ba119b]::run_test_in_process::{closure#0}>, core[a373ad73a504971]::result::Result<(), alloc[2e1b2a31b91974c5]::string::String>>
[INFO] [stdout]                                at /rustc/e3feeb59cd1bdd011a2bfcc0747b55125d9b8527/library/std/src/panicking.rs:573:43
[INFO] [stdout]   50:     0x6083aec0b6c5 - std[617be2ca0a6fd877]::panicking::catch_unwind::<core[a373ad73a504971]::result::Result<(), alloc[2e1b2a31b91974c5]::string::String>, core[a373ad73a504971]::panic::unwind_safe::AssertUnwindSafe<test[aada8e7e76ba119b]::run_test_in_process::{closure#0}>>
[INFO] [stdout]                                at /rustc/e3feeb59cd1bdd011a2bfcc0747b55125d9b8527/library/std/src/panicking.rs:541:19
[INFO] [stdout]   51:     0x6083aec0b6c5 - std[617be2ca0a6fd877]::panic::catch_unwind::<core[a373ad73a504971]::panic::unwind_safe::AssertUnwindSafe<test[aada8e7e76ba119b]::run_test_in_process::{closure#0}>, core[a373ad73a504971]::result::Result<(), alloc[2e1b2a31b91974c5]::string::String>>
[INFO] [stdout]                                at /rustc/e3feeb59cd1bdd011a2bfcc0747b55125d9b8527/library/std/src/panic.rs:359:14
[INFO] [stdout]   52:     0x6083aec0b6c5 - test[aada8e7e76ba119b]::run_test_in_process
[INFO] [stdout]                                at /rustc/e3feeb59cd1bdd011a2bfcc0747b55125d9b8527/library/test/src/lib.rs:724:27
[INFO] [stdout]   53:     0x6083aec0b6c5 - test[aada8e7e76ba119b]::run_test::{closure#0}
[INFO] [stdout]                                at /rustc/e3feeb59cd1bdd011a2bfcc0747b55125d9b8527/library/test/src/lib.rs:645:43
[INFO] [stdout]   54:     0x6083aec04fb4 - test[aada8e7e76ba119b]::run_test::{closure#1}
[INFO] [stdout]                                at /rustc/e3feeb59cd1bdd011a2bfcc0747b55125d9b8527/library/test/src/lib.rs:675:41
[INFO] [stdout]   55:     0x6083aec04fb4 - std[617be2ca0a6fd877]::sys::backtrace::__rust_begin_short_backtrace::<test[aada8e7e76ba119b]::run_test::{closure#1}, ()>
[INFO] [stdout]                                at /rustc/e3feeb59cd1bdd011a2bfcc0747b55125d9b8527/library/std/src/sys/backtrace.rs:166:18
[INFO] [stdout]   56:     0x6083aec0e752 - std[617be2ca0a6fd877]::thread::lifecycle::spawn_unchecked::<test[aada8e7e76ba119b]::run_test::{closure#1}, ()>::{closure#1}::{closure#0}
[INFO] [stdout]                                at /rustc/e3feeb59cd1bdd011a2bfcc0747b55125d9b8527/library/std/src/thread/lifecycle.rs:70:13
[INFO] [stdout]   57:     0x6083aec0e752 - <core[a373ad73a504971]::panic::unwind_safe::AssertUnwindSafe<std[617be2ca0a6fd877]::thread::lifecycle::spawn_unchecked<test[aada8e7e76ba119b]::run_test::{closure#1}, ()>::{closure#1}::{closure#0}> as core[a373ad73a504971]::ops::function::FnOnce<()>>::call_once
[INFO] [stdout]                                at /rustc/e3feeb59cd1bdd011a2bfcc0747b55125d9b8527/library/core/src/panic/unwind_safe.rs:275:9
[INFO] [stdout]   58:     0x6083aec0e752 - std[617be2ca0a6fd877]::panicking::catch_unwind::do_call::<core[a373ad73a504971]::panic::unwind_safe::AssertUnwindSafe<std[617be2ca0a6fd877]::thread::lifecycle::spawn_unchecked<test[aada8e7e76ba119b]::run_test::{closure#1}, ()>::{closure#1}::{closure#0}>, ()>
[INFO] [stdout]                                at /rustc/e3feeb59cd1bdd011a2bfcc0747b55125d9b8527/library/std/src/panicking.rs:573:43
[INFO] [stdout]   59:     0x6083aec0e752 - std[617be2ca0a6fd877]::panicking::catch_unwind::<(), core[a373ad73a504971]::panic::unwind_safe::AssertUnwindSafe<std[617be2ca0a6fd877]::thread::lifecycle::spawn_unchecked<test[aada8e7e76ba119b]::run_test::{closure#1}, ()>::{closure#1}::{closure#0}>>
[INFO] [stdout]                                at /rustc/e3feeb59cd1bdd011a2bfcc0747b55125d9b8527/library/std/src/panicking.rs:541:19
[INFO] [stdout]   60:     0x6083aec0e752 - std[617be2ca0a6fd877]::panic::catch_unwind::<core[a373ad73a504971]::panic::unwind_safe::AssertUnwindSafe<std[617be2ca0a6fd877]::thread::lifecycle::spawn_unchecked<test[aada8e7e76ba119b]::run_test::{closure#1}, ()>::{closure#1}::{closure#0}>, ()>
[INFO] [stdout]                                at /rustc/e3feeb59cd1bdd011a2bfcc0747b55125d9b8527/library/std/src/panic.rs:359:14
[INFO] [stdout]   61:     0x6083aec0e752 - std[617be2ca0a6fd877]::thread::lifecycle::spawn_unchecked::<test[aada8e7e76ba119b]::run_test::{closure#1}, ()>::{closure#1}
[INFO] [stdout]                                at /rustc/e3feeb59cd1bdd011a2bfcc0747b55125d9b8527/library/std/src/thread/lifecycle.rs:68:26
[INFO] [stdout]   62:     0x6083aec0e752 - <std[617be2ca0a6fd877]::thread::lifecycle::spawn_unchecked<test[aada8e7e76ba119b]::run_test::{closure#1}, ()>::{closure#1} as core[a373ad73a504971]::ops::function::FnOnce<()>>::call_once::{shim:vtable#0}
[INFO] [stdout]                                at /rustc/e3feeb59cd1bdd011a2bfcc0747b55125d9b8527/library/core/src/ops/function.rs:250:5
[INFO] [stdout]   63:     0x6083aed03aef - <alloc[2e1b2a31b91974c5]::boxed::Box<dyn core[a373ad73a504971]::ops::function::FnOnce<(), Output = ()> + core[a373ad73a504971]::marker::Send> as core[a373ad73a504971]::ops::function::FnOnce<()>>::call_once
[INFO] [stdout]                                at /rustc/e3feeb59cd1bdd011a2bfcc0747b55125d9b8527/library/alloc/src/boxed.rs:2314:9
[INFO] [stdout]   64:     0x6083aed03aef - <std[617be2ca0a6fd877]::sys::thread::unix::Thread>::new::thread_start
[INFO] [stdout]                                at /rustc/e3feeb59cd1bdd011a2bfcc0747b55125d9b8527/library/std/src/sys/thread/unix.rs:127:17
[INFO] [stdout]   65:     0x7af60c94ddfa - <unknown>
[INFO] [stdout]   66:     0x7af60c9e13d4 - clone
[INFO] [stdout]   67:                0x0 - <unknown>
[INFO] [stdout] 
[INFO] [stdout] ---- tests::test_commit_success stdout ----
[INFO] [stdout] 
[INFO] [stdout] thread 'tests::test_commit_success' (5245) panicked at lib/masstemplate-vcs/src/lib.rs:303:9:
[INFO] [stdout] assertion failed: result.is_ok()
[INFO] [stdout] stack backtrace:
[INFO] [stdout]    0:     0x6083aed04481 - std[617be2ca0a6fd877]::backtrace_rs::backtrace::libunwind::trace
[INFO] [stdout]                                at /rustc/e3feeb59cd1bdd011a2bfcc0747b55125d9b8527/library/std/src/../../backtrace/src/backtrace/libunwind.rs:117:9
[INFO] [stdout]    1:     0x6083aed04481 - std[617be2ca0a6fd877]::backtrace_rs::backtrace::trace_unsynchronized::<std[617be2ca0a6fd877]::sys::backtrace::_print_fmt::{closure#1}>
[INFO] [stdout]                                at /rustc/e3feeb59cd1bdd011a2bfcc0747b55125d9b8527/library/std/src/../../backtrace/src/backtrace/mod.rs:66:14
[INFO] [stdout]    2:     0x6083aed04481 - std[617be2ca0a6fd877]::sys::backtrace::_print_fmt
[INFO] [stdout]                                at /rustc/e3feeb59cd1bdd011a2bfcc0747b55125d9b8527/library/std/src/sys/backtrace.rs:74:9
[INFO] [stdout]    3:     0x6083aed04481 - <<std[617be2ca0a6fd877]::sys::backtrace::BacktraceLock>::print::DisplayBacktrace as core[a373ad73a504971]::fmt::Display>::fmt
[INFO] [stdout]                                at /rustc/e3feeb59cd1bdd011a2bfcc0747b55125d9b8527/library/std/src/sys/backtrace.rs:44:26
[INFO] [stdout]    4:     0x6083aed189ba - <core[a373ad73a504971]::fmt::rt::Argument>::fmt
[INFO] [stdout]                                at /rustc/e3feeb59cd1bdd011a2bfcc0747b55125d9b8527/library/core/src/fmt/rt.rs:152:76
[INFO] [stdout]    5:     0x6083aed189ba - core[a373ad73a504971]::fmt::write
[INFO] [stdout]    6:     0x6083aed08aec - core[a373ad73a504971]::io::write::default_write_fmt::<alloc[2e1b2a31b91974c5]::vec::Vec<u8>>
[INFO] [stdout]                                at /rustc/e3feeb59cd1bdd011a2bfcc0747b55125d9b8527/library/core/src/io/write.rs:402:11
[INFO] [stdout]    7:     0x6083aed08aec - <alloc[2e1b2a31b91974c5]::vec::Vec<u8> as core[a373ad73a504971]::io::write::Write>::write_fmt
[INFO] [stdout]                                at /rustc/e3feeb59cd1bdd011a2bfcc0747b55125d9b8527/library/core/src/io/write.rs:335:13
[INFO] [stdout]    8:     0x6083aecde9f6 - <std[617be2ca0a6fd877]::sys::backtrace::BacktraceLock>::print
[INFO] [stdout]                                at /rustc/e3feeb59cd1bdd011a2bfcc0747b55125d9b8527/library/std/src/sys/backtrace.rs:47:9
[INFO] [stdout]    9:     0x6083aecde9f6 - std[617be2ca0a6fd877]::panicking::default_hook::{closure#0}
[INFO] [stdout]                                at /rustc/e3feeb59cd1bdd011a2bfcc0747b55125d9b8527/library/std/src/panicking.rs:289:27
[INFO] [stdout]   10:     0x6083aecfc099 - std[617be2ca0a6fd877]::panicking::default_hook
[INFO] [stdout]                                at /rustc/e3feeb59cd1bdd011a2bfcc0747b55125d9b8527/library/std/src/panicking.rs:313:9
[INFO] [stdout]   11:     0x6083aec0b0a0 - <alloc[2e1b2a31b91974c5]::boxed::Box<dyn for<'a, 'b> core[a373ad73a504971]::ops::function::Fn<(&'a std[617be2ca0a6fd877]::panic::PanicHookInfo<'b>,), Output = ()> + core[a373ad73a504971]::marker::Sync + core[a373ad73a504971]::marker::Send> as core[a373ad73a504971]::ops::function::Fn<(&std[617be2ca0a6fd877]::panic::PanicHookInfo,)>>::call
[INFO] [stdout]                                at /rustc/e3feeb59cd1bdd011a2bfcc0747b55125d9b8527/library/alloc/src/boxed.rs:2328:9
[INFO] [stdout]   12:     0x6083aec0b0a0 - test[aada8e7e76ba119b]::test_main_inner::{closure#0}
[INFO] [stdout]                                at /rustc/e3feeb59cd1bdd011a2bfcc0747b55125d9b8527/library/test/src/lib.rs:137:21
[INFO] [stdout]   13:     0x6083aecfc3c2 - <alloc[2e1b2a31b91974c5]::boxed::Box<dyn for<'a, 'b> core[a373ad73a504971]::ops::function::Fn<(&'a std[617be2ca0a6fd877]::panic::PanicHookInfo<'b>,), Output = ()> + core[a373ad73a504971]::marker::Sync + core[a373ad73a504971]::marker::Send> as core[a373ad73a504971]::ops::function::Fn<(&std[617be2ca0a6fd877]::panic::PanicHookInfo,)>>::call
[INFO] [stdout]                                at /rustc/e3feeb59cd1bdd011a2bfcc0747b55125d9b8527/library/alloc/src/boxed.rs:2328:9
[INFO] [stdout]   14:     0x6083aecfc3c2 - std[617be2ca0a6fd877]::panicking::panic_with_hook
[INFO] [stdout]                                at /rustc/e3feeb59cd1bdd011a2bfcc0747b55125d9b8527/library/std/src/panicking.rs:819:13
[INFO] [stdout]   15:     0x6083aecdead4 - std[617be2ca0a6fd877]::panicking::panic_handler::{closure#0}
[INFO] [stdout]                                at /rustc/e3feeb59cd1bdd011a2bfcc0747b55125d9b8527/library/std/src/panicking.rs:678:13
[INFO] [stdout]   16:     0x6083aecd7699 - std[617be2ca0a6fd877]::sys::backtrace::__rust_end_short_backtrace::<std[617be2ca0a6fd877]::panicking::panic_handler::{closure#0}, !>
[INFO] [stdout]                                at /rustc/e3feeb59cd1bdd011a2bfcc0747b55125d9b8527/library/std/src/sys/backtrace.rs:182:18
[INFO] [stdout]   17:     0x6083aecdf6ad - __rustc[ea4f61d10b84890b]::rust_begin_unwind
[INFO] [stdout]                                at /rustc/e3feeb59cd1bdd011a2bfcc0747b55125d9b8527/library/std/src/panicking.rs:676:5
[INFO] [stdout]   18:     0x6083aed191dc - core[a373ad73a504971]::panicking::panic_fmt
[INFO] [stdout]                                at /rustc/e3feeb59cd1bdd011a2bfcc0747b55125d9b8527/library/core/src/panicking.rs:80:14
[INFO] [stdout]   19:     0x6083aed191a2 - core[a373ad73a504971]::panicking::panic
[INFO] [stdout]                                at /rustc/e3feeb59cd1bdd011a2bfcc0747b55125d9b8527/library/core/src/panicking.rs:150:5
[INFO] [stdout]   20:     0x6083aebfabfb - masstemplate_vcs[8d8acf7b90b3c6e2]::tests::test_commit_success::{closure#0}
[INFO] [stdout]                                at /opt/rustwide/workdir/lib/masstemplate-vcs/src/lib.rs:303:9
[INFO] [stdout]   21:     0x6083aebf5392 - <core[a373ad73a504971]::pin::Pin<&mut dyn core[a373ad73a504971]::future::future::Future<Output = ()>> as core[a373ad73a504971]::future::future::Future>::poll
[INFO] [stdout]                                at /rustc/e3feeb59cd1bdd011a2bfcc0747b55125d9b8527/library/core/src/future/future.rs:133:9
[INFO] [stdout]   22:     0x6083aebf540d - <core[a373ad73a504971]::pin::Pin<&mut core[a373ad73a504971]::pin::Pin<&mut dyn core[a373ad73a504971]::future::future::Future<Output = ()>>> as core[a373ad73a504971]::future::future::Future>::poll
[INFO] [stdout]                                at /rustc/e3feeb59cd1bdd011a2bfcc0747b55125d9b8527/library/core/src/future/future.rs:133:9
[INFO] [stdout]   23:     0x6083aebf95fd - <tokio[5105dbc7eed37622]::runtime::scheduler::current_thread::CoreGuard>::block_on::<core[a373ad73a504971]::pin::Pin<&mut core[a373ad73a504971]::pin::Pin<&mut dyn core[a373ad73a504971]::future::future::Future<Output = ()>>>>::{closure#0}::{closure#0}::{closure#0}
[INFO] [stdout]                                at /opt/rustwide/cargo-home/registry/src/index.crates.io-1949cf8c6b5b557f/tokio-1.47.1/src/runtime/scheduler/current_thread/mod.rs:742:70
[INFO] [stdout]   24:     0x6083aebf9525 - tokio[5105dbc7eed37622]::task::coop::with_budget::<core[a373ad73a504971]::task::poll::Poll<()>, <tokio[5105dbc7eed37622]::runtime::scheduler::current_thread::CoreGuard>::block_on<core[a373ad73a504971]::pin::Pin<&mut core[a373ad73a504971]::pin::Pin<&mut dyn core[a373ad73a504971]::future::future::Future<Output = ()>>>>::{closure#0}::{closure#0}::{closure#0}>
[INFO] [stdout]                                at /opt/rustwide/cargo-home/registry/src/index.crates.io-1949cf8c6b5b557f/tokio-1.47.1/src/task/coop/mod.rs:167:5
[INFO] [stdout]   25:     0x6083aebf9525 - tokio[5105dbc7eed37622]::task::coop::budget::<core[a373ad73a504971]::task::poll::Poll<()>, <tokio[5105dbc7eed37622]::runtime::scheduler::current_thread::CoreGuard>::block_on<core[a373ad73a504971]::pin::Pin<&mut core[a373ad73a504971]::pin::Pin<&mut dyn core[a373ad73a504971]::future::future::Future<Output = ()>>>>::{closure#0}::{closure#0}::{closure#0}>
[INFO] [stdout]                                at /opt/rustwide/cargo-home/registry/src/index.crates.io-1949cf8c6b5b557f/tokio-1.47.1/src/task/coop/mod.rs:133:5
[INFO] [stdout]   26:     0x6083aebf9525 - <tokio[5105dbc7eed37622]::runtime::scheduler::current_thread::CoreGuard>::block_on::<core[a373ad73a504971]::pin::Pin<&mut core[a373ad73a504971]::pin::Pin<&mut dyn core[a373ad73a504971]::future::future::Future<Output = ()>>>>::{closure#0}::{closure#0}
[INFO] [stdout]                                at /opt/rustwide/cargo-home/registry/src/index.crates.io-1949cf8c6b5b557f/tokio-1.47.1/src/runtime/scheduler/current_thread/mod.rs:742:25
[INFO] [stdout]   27:     0x6083aebf6002 - <tokio[5105dbc7eed37622]::runtime::scheduler::current_thread::Context>::enter::<core[a373ad73a504971]::task::poll::Poll<()>, <tokio[5105dbc7eed37622]::runtime::scheduler::current_thread::CoreGuard>::block_on<core[a373ad73a504971]::pin::Pin<&mut core[a373ad73a504971]::pin::Pin<&mut dyn core[a373ad73a504971]::future::future::Future<Output = ()>>>>::{closure#0}::{closure#0}>
[INFO] [stdout]                                at /opt/rustwide/cargo-home/registry/src/index.crates.io-1949cf8c6b5b557f/tokio-1.47.1/src/runtime/scheduler/current_thread/mod.rs:432:19
[INFO] [stdout]   28:     0x6083aebf8a2d - <tokio[5105dbc7eed37622]::runtime::scheduler::current_thread::CoreGuard>::block_on::<core[a373ad73a504971]::pin::Pin<&mut core[a373ad73a504971]::pin::Pin<&mut dyn core[a373ad73a504971]::future::future::Future<Output = ()>>>>::{closure#0}
[INFO] [stdout]                                at /opt/rustwide/cargo-home/registry/src/index.crates.io-1949cf8c6b5b557f/tokio-1.47.1/src/runtime/scheduler/current_thread/mod.rs:741:44
[INFO] [stdout]   29:     0x6083aebf7d24 - <tokio[5105dbc7eed37622]::runtime::scheduler::current_thread::CoreGuard>::enter::<<tokio[5105dbc7eed37622]::runtime::scheduler::current_thread::CoreGuard>::block_on<core[a373ad73a504971]::pin::Pin<&mut core[a373ad73a504971]::pin::Pin<&mut dyn core[a373ad73a504971]::future::future::Future<Output = ()>>>>::{closure#0}, core[a373ad73a504971]::option::Option<()>>::{closure#0}
[INFO] [stdout]                                at /opt/rustwide/cargo-home/registry/src/index.crates.io-1949cf8c6b5b557f/tokio-1.47.1/src/runtime/scheduler/current_thread/mod.rs:829:68
[INFO] [stdout]   30:     0x6083aebedcab - <tokio[5105dbc7eed37622]::runtime::context::scoped::Scoped<tokio[5105dbc7eed37622]::runtime::scheduler::Context>>::set::<<tokio[5105dbc7eed37622]::runtime::scheduler::current_thread::CoreGuard>::enter<<tokio[5105dbc7eed37622]::runtime::scheduler::current_thread::CoreGuard>::block_on<core[a373ad73a504971]::pin::Pin<&mut core[a373ad73a504971]::pin::Pin<&mut dyn core[a373ad73a504971]::future::future::Future<Output = ()>>>>::{closure#0}, core[a373ad73a504971]::option::Option<()>>::{closure#0}, (alloc[2e1b2a31b91974c5]::boxed::Box<tokio[5105dbc7eed37622]::runtime::scheduler::current_thread::Core>, core[a373ad73a504971]::option::Option<()>)>
[INFO] [stdout]                                at /opt/rustwide/cargo-home/registry/src/index.crates.io-1949cf8c6b5b557f/tokio-1.47.1/src/runtime/context/scoped.rs:40:9
[INFO] [stdout]   31:     0x6083aebf0a59 - tokio[5105dbc7eed37622]::runtime::context::set_scheduler::<(alloc[2e1b2a31b91974c5]::boxed::Box<tokio[5105dbc7eed37622]::runtime::scheduler::current_thread::Core>, core[a373ad73a504971]::option::Option<()>), <tokio[5105dbc7eed37622]::runtime::scheduler::current_thread::CoreGuard>::enter<<tokio[5105dbc7eed37622]::runtime::scheduler::current_thread::CoreGuard>::block_on<core[a373ad73a504971]::pin::Pin<&mut core[a373ad73a504971]::pin::Pin<&mut dyn core[a373ad73a504971]::future::future::Future<Output = ()>>>>::{closure#0}, core[a373ad73a504971]::option::Option<()>>::{closure#0}>::{closure#0}
[INFO] [stdout]                                at /opt/rustwide/cargo-home/registry/src/index.crates.io-1949cf8c6b5b557f/tokio-1.47.1/src/runtime/context.rs:176:38
[INFO] [stdout]   32:     0x6083aebe2faf - <std[617be2ca0a6fd877]::thread::local::LocalKey<tokio[5105dbc7eed37622]::runtime::context::Context>>::try_with::<tokio[5105dbc7eed37622]::runtime::context::set_scheduler<(alloc[2e1b2a31b91974c5]::boxed::Box<tokio[5105dbc7eed37622]::runtime::scheduler::current_thread::Core>, core[a373ad73a504971]::option::Option<()>), <tokio[5105dbc7eed37622]::runtime::scheduler::current_thread::CoreGuard>::enter<<tokio[5105dbc7eed37622]::runtime::scheduler::current_thread::CoreGuard>::block_on<core[a373ad73a504971]::pin::Pin<&mut core[a373ad73a504971]::pin::Pin<&mut dyn core[a373ad73a504971]::future::future::Future<Output = ()>>>>::{closure#0}, core[a373ad73a504971]::option::Option<()>>::{closure#0}>::{closure#0}, (alloc[2e1b2a31b91974c5]::boxed::Box<tokio[5105dbc7eed37622]::runtime::scheduler::current_thread::Core>, core[a373ad73a504971]::option::Option<()>)>
[INFO] [stdout]                                at /rustc/e3feeb59cd1bdd011a2bfcc0747b55125d9b8527/library/std/src/thread/local.rs:463:12
[INFO] [stdout]   33:     0x6083aebe2b5e - <std[617be2ca0a6fd877]::thread::local::LocalKey<tokio[5105dbc7eed37622]::runtime::context::Context>>::with::<tokio[5105dbc7eed37622]::runtime::context::set_scheduler<(alloc[2e1b2a31b91974c5]::boxed::Box<tokio[5105dbc7eed37622]::runtime::scheduler::current_thread::Core>, core[a373ad73a504971]::option::Option<()>), <tokio[5105dbc7eed37622]::runtime::scheduler::current_thread::CoreGuard>::enter<<tokio[5105dbc7eed37622]::runtime::scheduler::current_thread::CoreGuard>::block_on<core[a373ad73a504971]::pin::Pin<&mut core[a373ad73a504971]::pin::Pin<&mut dyn core[a373ad73a504971]::future::future::Future<Output = ()>>>>::{closure#0}, core[a373ad73a504971]::option::Option<()>>::{closure#0}>::{closure#0}, (alloc[2e1b2a31b91974c5]::boxed::Box<tokio[5105dbc7eed37622]::runtime::scheduler::current_thread::Core>, core[a373ad73a504971]::option::Option<()>)>
[INFO] [stdout]                                at /rustc/e3feeb59cd1bdd011a2bfcc0747b55125d9b8527/library/std/src/thread/local.rs:427:20
[INFO] [stdout]   34:     0x6083aebefcbd - tokio[5105dbc7eed37622]::runtime::context::set_scheduler::<(alloc[2e1b2a31b91974c5]::boxed::Box<tokio[5105dbc7eed37622]::runtime::scheduler::current_thread::Core>, core[a373ad73a504971]::option::Option<()>), <tokio[5105dbc7eed37622]::runtime::scheduler::current_thread::CoreGuard>::enter<<tokio[5105dbc7eed37622]::runtime::scheduler::current_thread::CoreGuard>::block_on<core[a373ad73a504971]::pin::Pin<&mut core[a373ad73a504971]::pin::Pin<&mut dyn core[a373ad73a504971]::future::future::Future<Output = ()>>>>::{closure#0}, core[a373ad73a504971]::option::Option<()>>::{closure#0}>
[INFO] [stdout]                                at /opt/rustwide/cargo-home/registry/src/index.crates.io-1949cf8c6b5b557f/tokio-1.47.1/src/runtime/context.rs:176:17
[INFO] [stdout]   35:     0x6083aebf7070 - <tokio[5105dbc7eed37622]::runtime::scheduler::current_thread::CoreGuard>::enter::<<tokio[5105dbc7eed37622]::runtime::scheduler::current_thread::CoreGuard>::block_on<core[a373ad73a504971]::pin::Pin<&mut core[a373ad73a504971]::pin::Pin<&mut dyn core[a373ad73a504971]::future::future::Future<Output = ()>>>>::{closure#0}, core[a373ad73a504971]::option::Option<()>>
[INFO] [stdout]                                at /opt/rustwide/cargo-home/registry/src/index.crates.io-1949cf8c6b5b557f/tokio-1.47.1/src/runtime/scheduler/current_thread/mod.rs:829:27
[INFO] [stdout]   36:     0x6083aebf7366 - <tokio[5105dbc7eed37622]::runtime::scheduler::current_thread::CoreGuard>::block_on::<core[a373ad73a504971]::pin::Pin<&mut core[a373ad73a504971]::pin::Pin<&mut dyn core[a373ad73a504971]::future::future::Future<Output = ()>>>>
[INFO] [stdout]                                at /opt/rustwide/cargo-home/registry/src/index.crates.io-1949cf8c6b5b557f/tokio-1.47.1/src/runtime/scheduler/current_thread/mod.rs:729:24
[INFO] [stdout]   37:     0x6083aebf7930 - <tokio[5105dbc7eed37622]::runtime::scheduler::current_thread::CurrentThread>::block_on::<core[a373ad73a504971]::pin::Pin<&mut dyn core[a373ad73a504971]::future::future::Future<Output = ()>>>::{closure#0}
[INFO] [stdout]                                at /opt/rustwide/cargo-home/registry/src/index.crates.io-1949cf8c6b5b557f/tokio-1.47.1/src/runtime/scheduler/current_thread/mod.rs:200:33
[INFO] [stdout]   38:     0x6083aebf0398 - tokio[5105dbc7eed37622]::runtime::context::runtime::enter_runtime::<<tokio[5105dbc7eed37622]::runtime::scheduler::current_thread::CurrentThread>::block_on<core[a373ad73a504971]::pin::Pin<&mut dyn core[a373ad73a504971]::future::future::Future<Output = ()>>>::{closure#0}, ()>
[INFO] [stdout]                                at /opt/rustwide/cargo-home/registry/src/index.crates.io-1949cf8c6b5b557f/tokio-1.47.1/src/runtime/context/runtime.rs:65:16
[INFO] [stdout]   39:     0x6083aebf5bc4 - <tokio[5105dbc7eed37622]::runtime::scheduler::current_thread::CurrentThread>::block_on::<core[a373ad73a504971]::pin::Pin<&mut dyn core[a373ad73a504971]::future::future::Future<Output = ()>>>
[INFO] [stdout]                                at /opt/rustwide/cargo-home/registry/src/index.crates.io-1949cf8c6b5b557f/tokio-1.47.1/src/runtime/scheduler/current_thread/mod.rs:188:9
[INFO] [stdout]   40:     0x6083aebed88f - <tokio[5105dbc7eed37622]::runtime::runtime::Runtime>::block_on_inner::<core[a373ad73a504971]::pin::Pin<&mut dyn core[a373ad73a504971]::future::future::Future<Output = ()>>>
[INFO] [stdout]                                at /opt/rustwide/cargo-home/registry/src/index.crates.io-1949cf8c6b5b557f/tokio-1.47.1/src/runtime/runtime.rs:356:52
[INFO] [stdout]   41:     0x6083aebed9db - <tokio[5105dbc7eed37622]::runtime::runtime::Runtime>::block_on::<core[a373ad73a504971]::pin::Pin<&mut dyn core[a373ad73a504971]::future::future::Future<Output = ()>>>
[INFO] [stdout]                                at /opt/rustwide/cargo-home/registry/src/index.crates.io-1949cf8c6b5b557f/tokio-1.47.1/src/runtime/runtime.rs:330:18
[INFO] [stdout]   42:     0x6083aebfd840 - masstemplate_vcs[8d8acf7b90b3c6e2]::tests::test_commit_success
[INFO] [stdout]                                at /opt/rustwide/workdir/lib/masstemplate-vcs/src/lib.rs:303:32
[INFO] [stdout]   43:     0x6083aebf9687 - masstemplate_vcs[8d8acf7b90b3c6e2]::tests::test_commit_success::{closure#0}
[INFO] [stdout]                                at /opt/rustwide/workdir/lib/masstemplate-vcs/src/lib.rs:288:35
[INFO] [stdout]   44:     0x6083aebed266 - <masstemplate_vcs[8d8acf7b90b3c6e2]::tests::test_commit_success::{closure#0} as core[a373ad73a504971]::ops::function::FnOnce<()>>::call_once
[INFO] [stdout]                                at /rustc/e3feeb59cd1bdd011a2bfcc0747b55125d9b8527/library/core/src/ops/function.rs:250:5
[INFO] [stdout]   45:     0x6083aebfe4eb - <fn() -> core[a373ad73a504971]::result::Result<(), alloc[2e1b2a31b91974c5]::string::String> as core[a373ad73a504971]::ops::function::FnOnce<()>>::call_once
[INFO] [stdout]                                at /rustc/e3feeb59cd1bdd011a2bfcc0747b55125d9b8527/library/core/src/ops/function.rs:250:5
[INFO] [stdout]   46:     0x6083aebfe4eb - test[aada8e7e76ba119b]::__rust_begin_short_backtrace::<core[a373ad73a504971]::result::Result<(), alloc[2e1b2a31b91974c5]::string::String>, fn() -> core[a373ad73a504971]::result::Result<(), alloc[2e1b2a31b91974c5]::string::String>>
[INFO] [stdout]                                at /rustc/e3feeb59cd1bdd011a2bfcc0747b55125d9b8527/library/test/src/lib.rs:701:18
[INFO] [stdout]   47:     0x6083aec0b6c5 - test[aada8e7e76ba119b]::run_test_in_process::{closure#0}
[INFO] [stdout]                                at /rustc/e3feeb59cd1bdd011a2bfcc0747b55125d9b8527/library/test/src/lib.rs:724:74
[INFO] [stdout]   48:     0x6083aec0b6c5 - <core[a373ad73a504971]::panic::unwind_safe::AssertUnwindSafe<test[aada8e7e76ba119b]::run_test_in_process::{closure#0}> as core[a373ad73a504971]::ops::function::FnOnce<()>>::call_once
[INFO] [stdout]                                at /rustc/e3feeb59cd1bdd011a2bfcc0747b55125d9b8527/library/core/src/panic/unwind_safe.rs:275:9
[INFO] [stdout]   49:     0x6083aec0b6c5 - std[617be2ca0a6fd877]::panicking::catch_unwind::do_call::<core[a373ad73a504971]::panic::unwind_safe::AssertUnwindSafe<test[aada8e7e76ba119b]::run_test_in_process::{closure#0}>, core[a373ad73a504971]::result::Result<(), alloc[2e1b2a31b91974c5]::string::String>>
[INFO] [stdout]                                at /rustc/e3feeb59cd1bdd011a2bfcc0747b55125d9b8527/library/std/src/panicking.rs:573:43
[INFO] [stdout]   50:     0x6083aec0b6c5 - std[617be2ca0a6fd877]::panicking::catch_unwind::<core[a373ad73a504971]::result::Result<(), alloc[2e1b2a31b91974c5]::string::String>, core[a373ad73a504971]::panic::unwind_safe::AssertUnwindSafe<test[aada8e7e76ba119b]::run_test_in_process::{closure#0}>>
[INFO] [stdout]                                at /rustc/e3feeb59cd1bdd011a2bfcc0747b55125d9b8527/library/std/src/panicking.rs:541:19
[INFO] [stdout]   51:     0x6083aec0b6c5 - std[617be2ca0a6fd877]::panic::catch_unwind::<core[a373ad73a504971]::panic::unwind_safe::AssertUnwindSafe<test[aada8e7e76ba119b]::run_test_in_process::{closure#0}>, core[a373ad73a504971]::result::Result<(), alloc[2e1b2a31b91974c5]::string::String>>
[INFO] [stdout]                                at /rustc/e3feeb59cd1bdd011a2bfcc0747b55125d9b8527/library/std/src/panic.rs:359:14
[INFO] [stdout]   52:     0x6083aec0b6c5 - test[aada8e7e76ba119b]::run_test_in_process
[INFO] [stdout]                                at /rustc/e3feeb59cd1bdd011a2bfcc0747b55125d9b8527/library/test/src/lib.rs:724:27
[INFO] [stdout]   53:     0x6083aec0b6c5 - test[aada8e7e76ba119b]::run_test::{closure#0}
[INFO] [stdout]                                at /rustc/e3feeb59cd1bdd011a2bfcc0747b55125d9b8527/library/test/src/lib.rs:645:43
[INFO] [stdout]   54:     0x6083aec04fb4 - test[aada8e7e76ba119b]::run_test::{closure#1}
[INFO] [stdout]                                at /rustc/e3feeb59cd1bdd011a2bfcc0747b55125d9b8527/library/test/src/lib.rs:675:41
[INFO] [stdout]   55:     0x6083aec04fb4 - std[617be2ca0a6fd877]::sys::backtrace::__rust_begin_short_backtrace::<test[aada8e7e76ba119b]::run_test::{closure#1}, ()>
[INFO] [stdout]                                at /rustc/e3feeb59cd1bdd011a2bfcc0747b55125d9b8527/library/std/src/sys/backtrace.rs:166:18
[INFO] [stdout]   56:     0x6083aec0e752 - std[617be2ca0a6fd877]::thread::lifecycle::spawn_unchecked::<test[aada8e7e76ba119b]::run_test::{closure#1}, ()>::{closure#1}::{closure#0}
[INFO] [stdout]                                at /rustc/e3feeb59cd1bdd011a2bfcc0747b55125d9b8527/library/std/src/thread/lifecycle.rs:70:13
[INFO] [stdout]   57:     0x6083aec0e752 - <core[a373ad73a504971]::panic::unwind_safe::AssertUnwindSafe<std[617be2ca0a6fd877]::thread::lifecycle::spawn_unchecked<test[aada8e7e76ba119b]::run_test::{closure#1}, ()>::{closure#1}::{closure#0}> as core[a373ad73a504971]::ops::function::FnOnce<()>>::call_once
[INFO] [stdout]                                at /rustc/e3feeb59cd1bdd011a2bfcc0747b55125d9b8527/library/core/src/panic/unwind_safe.rs:275:9
[INFO] [stdout]   58:     0x6083aec0e752 - std[617be2ca0a6fd877]::panicking::catch_unwind::do_call::<core[a373ad73a504971]::panic::unwind_safe::AssertUnwindSafe<std[617be2ca0a6fd877]::thread::lifecycle::spawn_unchecked<test[aada8e7e76ba119b]::run_test::{closure#1}, ()>::{closure#1}::{closure#0}>, ()>
[INFO] [stdout]                                at /rustc/e3feeb59cd1bdd011a2bfcc0747b55125d9b8527/library/std/src/panicking.rs:573:43
[INFO] [stdout]   59:     0x6083aec0e752 - std[617be2ca0a6fd877]::panicking::catch_unwind::<(), core[a373ad73a504971]::panic::unwind_safe::AssertUnwindSafe<std[617be2ca0a6fd877]::thread::lifecycle::spawn_unchecked<test[aada8e7e76ba119b]::run_test::{closure#1}, ()>::{closure#1}::{closure#0}>>
[INFO] [stdout]                                at /rustc/e3feeb59cd1bdd011a2bfcc0747b55125d9b8527/library/std/src/panicking.rs:541:19
[INFO] [stdout]   60:     0x6083aec0e752 - std[617be2ca0a6fd877]::panic::catch_unwind::<core[a373ad73a504971]::panic::unwind_safe::AssertUnwindSafe<std[617be2ca0a6fd877]::thread::lifecycle::spawn_unchecked<test[aada8e7e76ba119b]::run_test::{closure#1}, ()>::{closure#1}::{closure#0}>, ()>
[INFO] [stdout]                                at /rustc/e3feeb59cd1bdd011a2bfcc0747b55125d9b8527/library/std/src/panic.rs:359:14
[INFO] [stdout]   61:     0x6083aec0e752 - std[617be2ca0a6fd877]::thread::lifecycle::spawn_unchecked::<test[aada8e7e76ba119b]::run_test::{closure#1}, ()>::{closure#1}
[INFO] [stdout]                                at /rustc/e3feeb59cd1bdd011a2bfcc0747b55125d9b8527/library/std/src/thread/lifecycle.rs:68:26
[INFO] [stdout]   62:     0x6083aec0e752 - <std[617be2ca0a6fd877]::thread::lifecycle::spawn_unchecked<test[aada8e7e76ba119b]::run_test::{closure#1}, ()>::{closure#1} as core[a373ad73a504971]::ops::function::FnOnce<()>>::call_once::{shim:vtable#0}
[INFO] [stdout]                                at /rustc/e3feeb59cd1bdd011a2bfcc0747b55125d9b8527/library/core/src/ops/function.rs:250:5
[INFO] [stdout]   63:     0x6083aed03aef - <alloc[2e1b2a31b91974c5]::boxed::Box<dyn core[a373ad73a504971]::ops::function::FnOnce<(), Output = ()> + core[a373ad73a504971]::marker::Send> as core[a373ad73a504971]::ops::function::FnOnce<()>>::call_once
[INFO] [stdout]                                at /rustc/e3feeb59cd1bdd011a2bfcc0747b55125d9b8527/library/alloc/src/boxed.rs:2314:9
[INFO] [stdout]   64:     0x6083aed03aef - <std[617be2ca0a6fd877]::sys::thread::unix::Thread>::new::thread_start
[INFO] [stdout]                                at /rustc/e3feeb59cd1bdd011a2bfcc0747b55125d9b8527/library/std/src/sys/thread/unix.rs:127:17
[INFO] [stdout]   65:     0x7af60c94ddfa - <unknown>
[INFO] [stdout]   66:     0x7af60c9e13d4 - clone
[INFO] [stdout]   67:                0x0 - <unknown>
[INFO] [stdout] 
[INFO] [stdout] 
[INFO] [stdout] failures:
[INFO] [stdout]     tests::test_commit_success
[INFO] [stdout]     tests::test_custom_commit_message
[INFO] [stdout]     tests::test_setup_repo_success
[INFO] [stdout] 
[INFO] [stdout] test result: FAILED. 7 passed; 3 failed; 0 ignored; 0 measured; 0 filtered out; finished in 0.11s
[INFO] [stdout] 
[INFO] running `Command { std: "docker" "inspect" "375055d2be21f37dfdc267bff872b62510abf826f4072bfe3f4fd007a1dab8dc", kill_on_drop: false }`
[INFO] running `Command { std: "docker" "rm" "-f" "375055d2be21f37dfdc267bff872b62510abf826f4072bfe3f4fd007a1dab8dc", kill_on_drop: false }`
[INFO] [stdout] 375055d2be21f37dfdc267bff872b62510abf826f4072bfe3f4fd007a1dab8dc
