[INFO] cloning repository https://github.com/Travis-Gilbert/Turvo
[INFO] running `Command { std: "git" "-c" "credential.helper=" "-c" "credential.helper=/workspace/cargo-home/bin/git-credential-null" "clone" "--bare" "https://github.com/Travis-Gilbert/Turvo" "/workspace/cache/git-repos/https%3A%2F%2Fgithub.com%2FTravis-Gilbert%2FTurvo", kill_on_drop: false }`
[INFO] [stderr] Cloning into bare repository '/workspace/cache/git-repos/https%3A%2F%2Fgithub.com%2FTravis-Gilbert%2FTurvo'...
[INFO] running `Command { std: "git" "rev-parse" "HEAD", kill_on_drop: false }`
[INFO] [stdout] 2f06bb965d6695718e05d0077a2bdba6aa0690cc
[INFO] testing Travis-Gilbert/Turvo/2f06bb965d6695718e05d0077a2bdba6aa0690cc against 1.100.0-beta.1 for beta-1.100-2
[INFO] running `Command { std: "git" "clone" "/workspace/cache/git-repos/https%3A%2F%2Fgithub.com%2FTravis-Gilbert%2FTurvo" "/workspace/builds/worker-0-tc2/source", kill_on_drop: false }`
[INFO] [stderr] Cloning into '/workspace/builds/worker-0-tc2/source'...
[INFO] [stderr] done.
[INFO] removed /workspace/builds/worker-0-tc2/source/rust-toolchain.toml
[INFO] started tweaking git repo https://github.com/Travis-Gilbert/Turvo
[INFO] finished tweaking git repo https://github.com/Travis-Gilbert/Turvo
[INFO] tweaked toml for git repo https://github.com/Travis-Gilbert/Turvo written to /workspace/builds/worker-0-tc2/source/Cargo.toml
[INFO] validating manifest of git repo https://github.com/Travis-Gilbert/Turvo on toolchain 1.100.0-beta.1
[INFO] running `Command { std: CARGO_HOME="/workspace/cargo-home" RUSTUP_HOME="/workspace/rustup-home" "/workspace/cargo-home/bin/cargo" "+1.100.0-beta.1" "metadata" "--manifest-path" "Cargo.toml" "--no-deps", kill_on_drop: false }`
[INFO] crate git repo https://github.com/Travis-Gilbert/Turvo already has a lockfile, it will not be regenerated
[INFO] running `Command { std: CARGO_HOME="/workspace/cargo-home" RUSTUP_HOME="/workspace/rustup-home" "/workspace/cargo-home/bin/cargo" "+1.100.0-beta.1" "fetch" "--manifest-path" "Cargo.toml", kill_on_drop: false }`
[INFO] [stderr] warning: `package.homepage` is redundant with `package.repository`
[INFO] [stderr]   --> crates/turvo/Cargo.toml:10:1
[INFO] [stderr]    |
[INFO] [stderr] 10 | homepage.workspace = true
[INFO] [stderr]    | ^^^^^^^^
[INFO] [stderr] 11 | repository.workspace = true
[INFO] [stderr]    | ----------
[INFO] [stderr]    |
[INFO] [stderr]    = note: `cargo::redundant_homepage` is set to `warn` by default
[INFO] [stderr] help: consider removing `package.homepage`
[INFO] [stderr] warning: `turvo` (manifest) generated 1 warning
[INFO] [stderr]     Blocking waiting for file lock on package cache
[INFO] [stderr]     Updating git repository `https://github.com/Travis-Gilbert/servo`
[ERROR] error running command: no output for 300 seconds
[INFO] testing Travis-Gilbert/Turvo/2f06bb965d6695718e05d0077a2bdba6aa0690cc against 1.100.0-beta.1 for beta-1.100-2
[INFO] running `Command { std: "git" "clone" "/workspace/cache/git-repos/https%3A%2F%2Fgithub.com%2FTravis-Gilbert%2FTurvo" "/workspace/builds/worker-0-tc2/source", kill_on_drop: false }`
[INFO] [stderr] Cloning into '/workspace/builds/worker-0-tc2/source'...
[INFO] [stderr] done.
[INFO] removed /workspace/builds/worker-0-tc2/source/rust-toolchain.toml
[INFO] started tweaking git repo https://github.com/Travis-Gilbert/Turvo
[INFO] finished tweaking git repo https://github.com/Travis-Gilbert/Turvo
[INFO] tweaked toml for git repo https://github.com/Travis-Gilbert/Turvo written to /workspace/builds/worker-0-tc2/source/Cargo.toml
[INFO] validating manifest of git repo https://github.com/Travis-Gilbert/Turvo on toolchain 1.100.0-beta.1
[INFO] running `Command { std: CARGO_HOME="/workspace/cargo-home" RUSTUP_HOME="/workspace/rustup-home" "/workspace/cargo-home/bin/cargo" "+1.100.0-beta.1" "metadata" "--manifest-path" "Cargo.toml" "--no-deps", kill_on_drop: false }`
[INFO] crate git repo https://github.com/Travis-Gilbert/Turvo already has a lockfile, it will not be regenerated
[INFO] running `Command { std: CARGO_HOME="/workspace/cargo-home" RUSTUP_HOME="/workspace/rustup-home" "/workspace/cargo-home/bin/cargo" "+1.100.0-beta.1" "fetch" "--manifest-path" "Cargo.toml", kill_on_drop: false }`
[INFO] [stderr] warning: `package.homepage` is redundant with `package.repository`
[INFO] [stderr]   --> crates/turvo/Cargo.toml:10:1
[INFO] [stderr]    |
[INFO] [stderr] 10 | homepage.workspace = true
[INFO] [stderr]    | ^^^^^^^^
[INFO] [stderr] 11 | repository.workspace = true
[INFO] [stderr]    | ----------
[INFO] [stderr]    |
[INFO] [stderr]    = note: `cargo::redundant_homepage` is set to `warn` by default
[INFO] [stderr] help: consider removing `package.homepage`
[INFO] [stderr] warning: `turvo` (manifest) generated 1 warning
[INFO] [stderr]     Updating git repository `https://github.com/Travis-Gilbert/servo`
[ERROR] error running command: no output for 300 seconds
[INFO] testing Travis-Gilbert/Turvo/2f06bb965d6695718e05d0077a2bdba6aa0690cc against 1.100.0-beta.1 for beta-1.100-2
[INFO] running `Command { std: "git" "clone" "/workspace/cache/git-repos/https%3A%2F%2Fgithub.com%2FTravis-Gilbert%2FTurvo" "/workspace/builds/worker-0-tc2/source", kill_on_drop: false }`
[INFO] [stderr] Cloning into '/workspace/builds/worker-0-tc2/source'...
[INFO] [stderr] done.
[INFO] removed /workspace/builds/worker-0-tc2/source/rust-toolchain.toml
[INFO] started tweaking git repo https://github.com/Travis-Gilbert/Turvo
[INFO] finished tweaking git repo https://github.com/Travis-Gilbert/Turvo
[INFO] tweaked toml for git repo https://github.com/Travis-Gilbert/Turvo written to /workspace/builds/worker-0-tc2/source/Cargo.toml
[INFO] validating manifest of git repo https://github.com/Travis-Gilbert/Turvo on toolchain 1.100.0-beta.1
[INFO] running `Command { std: CARGO_HOME="/workspace/cargo-home" RUSTUP_HOME="/workspace/rustup-home" "/workspace/cargo-home/bin/cargo" "+1.100.0-beta.1" "metadata" "--manifest-path" "Cargo.toml" "--no-deps", kill_on_drop: false }`
[INFO] crate git repo https://github.com/Travis-Gilbert/Turvo already has a lockfile, it will not be regenerated
[INFO] running `Command { std: CARGO_HOME="/workspace/cargo-home" RUSTUP_HOME="/workspace/rustup-home" "/workspace/cargo-home/bin/cargo" "+1.100.0-beta.1" "fetch" "--manifest-path" "Cargo.toml", kill_on_drop: false }`
[INFO] [stderr] warning: `package.homepage` is redundant with `package.repository`
[INFO] [stderr]   --> crates/turvo/Cargo.toml:10:1
[INFO] [stderr]    |
[INFO] [stderr] 10 | homepage.workspace = true
[INFO] [stderr]    | ^^^^^^^^
[INFO] [stderr] 11 | repository.workspace = true
[INFO] [stderr]    | ----------
[INFO] [stderr]    |
[INFO] [stderr]    = note: `cargo::redundant_homepage` is set to `warn` by default
[INFO] [stderr] help: consider removing `package.homepage`
[INFO] [stderr] warning: `turvo` (manifest) generated 1 warning
[INFO] [stderr]     Blocking waiting for file lock on package cache
[INFO] [stderr]     Updating git repository `https://github.com/Travis-Gilbert/servo`
[ERROR] error running command: no output for 300 seconds
[INFO] testing Travis-Gilbert/Turvo/2f06bb965d6695718e05d0077a2bdba6aa0690cc against 1.100.0-beta.1 for beta-1.100-2
[INFO] running `Command { std: "git" "clone" "/workspace/cache/git-repos/https%3A%2F%2Fgithub.com%2FTravis-Gilbert%2FTurvo" "/workspace/builds/worker-0-tc2/source", kill_on_drop: false }`
[INFO] [stderr] Cloning into '/workspace/builds/worker-0-tc2/source'...
[INFO] [stderr] done.
[INFO] removed /workspace/builds/worker-0-tc2/source/rust-toolchain.toml
[INFO] started tweaking git repo https://github.com/Travis-Gilbert/Turvo
[INFO] finished tweaking git repo https://github.com/Travis-Gilbert/Turvo
[INFO] tweaked toml for git repo https://github.com/Travis-Gilbert/Turvo written to /workspace/builds/worker-0-tc2/source/Cargo.toml
[INFO] validating manifest of git repo https://github.com/Travis-Gilbert/Turvo on toolchain 1.100.0-beta.1
[INFO] running `Command { std: CARGO_HOME="/workspace/cargo-home" RUSTUP_HOME="/workspace/rustup-home" "/workspace/cargo-home/bin/cargo" "+1.100.0-beta.1" "metadata" "--manifest-path" "Cargo.toml" "--no-deps", kill_on_drop: false }`
[INFO] crate git repo https://github.com/Travis-Gilbert/Turvo already has a lockfile, it will not be regenerated
[INFO] running `Command { std: CARGO_HOME="/workspace/cargo-home" RUSTUP_HOME="/workspace/rustup-home" "/workspace/cargo-home/bin/cargo" "+1.100.0-beta.1" "fetch" "--manifest-path" "Cargo.toml", kill_on_drop: false }`
[INFO] [stderr] warning: `package.homepage` is redundant with `package.repository`
[INFO] [stderr]   --> crates/turvo/Cargo.toml:10:1
[INFO] [stderr]    |
[INFO] [stderr] 10 | homepage.workspace = true
[INFO] [stderr]    | ^^^^^^^^
[INFO] [stderr] 11 | repository.workspace = true
[INFO] [stderr]    | ----------
[INFO] [stderr]    |
[INFO] [stderr]    = note: `cargo::redundant_homepage` is set to `warn` by default
[INFO] [stderr] help: consider removing `package.homepage`
[INFO] [stderr] warning: `turvo` (manifest) generated 1 warning
[INFO] [stderr]     Blocking waiting for file lock on package cache
[INFO] [stderr]     Updating git repository `https://github.com/Travis-Gilbert/tauri`
[INFO] [stderr]     Updating crates.io index
[INFO] [stderr]     Blocking waiting for file lock on package cache
[INFO] [stderr]  Downloading crates ...
[INFO] [stderr]   Downloaded urlpattern v0.3.0
[INFO] [stderr]   Downloaded unic-ucd-ident v0.9.0
[INFO] [stderr]   Downloaded swift-rs v1.0.8
[INFO] [stderr]   Downloaded ureq-proto v0.6.1
[INFO] [stderr]   Downloaded serde_with_macros v3.22.0
[INFO] [stderr]   Downloaded ureq v3.4.0
[INFO] [stderr]   Downloaded serde_with v3.22.0
[INFO] [stderr]   Downloaded schemars v0.9.0
[INFO] [stderr]   Downloaded serde-untagged v0.1.9
[INFO] [stderr]   Downloaded plist v1.9.0
[INFO] [stderr]   Downloaded json-patch v3.0.1
[INFO] [stderr]   Downloaded jsonptr v0.6.3
[INFO] [stderr]   Downloaded infer v0.19.0
[INFO] [stderr]   Downloaded cfb v0.7.3
[INFO] [stderr]   Downloaded markup5ever v0.38.0
[INFO] [stderr]   Downloaded soup3-sys v0.5.0
[INFO] [stderr]   Downloaded gobject-sys v0.18.0
[INFO] [stderr]   Downloaded cairo-sys-rs v0.18.2
[INFO] [stderr]   Downloaded gtk3-macros v0.18.2
[INFO] [stderr]   Downloaded dom_query v0.27.0
[INFO] [stderr]   Downloaded tendril v0.5.1
[INFO] [stderr]   Downloaded selectors v0.36.1
[INFO] [stderr]   Downloaded html5ever v0.38.0
[INFO] [stderr]   Downloaded web_atoms v0.2.6
[INFO] [stderr]   Downloaded ctor v0.8.0
[INFO] [stderr]   Downloaded dtor v0.3.0
[INFO] [stderr]   Downloaded dtor-proc-macro v0.0.6
[INFO] [stderr]   Downloaded ctor-proc-macro v0.0.7
[INFO] [stderr]   Downloaded cargo_metadata v0.19.2
[INFO] [stderr]   Downloaded camino v1.2.5
[INFO] [stderr]   Downloaded webview2-com v0.38.2
[INFO] [stderr]   Downloaded webview2-com-macros v0.8.1
[INFO] [stderr]   Downloaded webkit2gtk-sys v2.0.2
[INFO] [stderr]   Downloaded glib-sys v0.18.1
[INFO] [stderr]   Downloaded javascriptcore-rs-sys v1.1.1
[INFO] [stderr]   Downloaded pango-sys v0.18.0
[INFO] [stderr]   Downloaded gdk-pixbuf-sys v0.18.0
[INFO] [stderr]   Downloaded atk-sys v0.18.2
[INFO] [stderr]   Downloaded soup3 v0.5.0
[INFO] [stderr]   Downloaded proc-macro-crate v2.0.0
[INFO] [stderr]   Downloaded pango v0.18.3
[INFO] [stderr]   Downloaded webkit2gtk v2.0.2
[INFO] [stderr]   Downloaded gio-sys v0.18.1
[INFO] [stderr]   Downloaded gtk-sys v0.18.2
[INFO] [stderr]   Downloaded gdk-sys v0.18.2
[INFO] [stderr]   Downloaded glib v0.18.5
[INFO] [stderr]   Downloaded glib-macros v0.18.5
[INFO] [stderr]   Downloaded toml_edit v0.20.7
[INFO] [stderr]   Downloaded gio v0.18.4
[INFO] [stderr]   Downloaded javascriptcore-rs v1.1.2
[INFO] [stderr]   Downloaded gtk v0.18.2
[INFO] [stderr]   Downloaded gdk-pixbuf v0.18.5
[INFO] [stderr]   Downloaded cairo-rs v0.18.5
[INFO] [stderr]   Downloaded atk v0.18.2
[INFO] [stderr]   Downloaded objc2-web-kit v0.3.2
[INFO] [stderr]   Downloaded objc2-exception-helper v0.1.1
[INFO] [stderr]   Downloaded objc2-user-notifications v0.3.2
[INFO] [stderr]   Downloaded gdk v0.18.2
[INFO] [stderr]   Downloaded objc2-core-text v0.3.2
[INFO] [stderr]   Downloaded objc2-core-location v0.3.2
[INFO] [stderr]   Downloaded objc2-core-image v0.3.2
[INFO] [stderr]   Downloaded objc2-core-data v0.3.2
[INFO] [stderr]   Downloaded objc2-cloud-kit v0.3.2
[INFO] [stderr]   Downloaded webview2-com-sys v0.38.2
[INFO] [stderr]   Downloaded cookie v0.18.2
[INFO] [stderr]   Downloaded windows-version v0.1.7
[INFO] [stderr]   Downloaded tray-icon v0.24.2
[INFO] [stderr]   Downloaded muda v0.19.3
[INFO] [stderr]   Downloaded keyboard-types v0.7.0
[INFO] [stderr]   Downloaded libappindicator-sys v0.9.0
[INFO] [stderr]   Downloaded gdkwayland-sys v0.18.2
[INFO] [stderr]   Downloaded window-vibrancy v0.6.0
[INFO] [stderr]   Downloaded libappindicator v0.9.0
[INFO] [stderr]   Downloaded libredox v0.1.21
[INFO] [stderr]   Downloaded wry v0.55.1
[INFO] [stderr]   Downloaded tao-macros v0.1.4
[INFO] [stderr]   Downloaded tao v0.35.3
[INFO] [stderr]   Downloaded dlopen2 v0.8.2
[INFO] [stderr]   Downloaded dlopen2_derive v0.4.3
[INFO] [stderr]   Downloaded core-graphics v0.25.0
[INFO] [stderr]   Downloaded softbuffer v0.4.8
[INFO] [stderr]   Downloaded bytemuck_derive v1.12.0
[INFO] [stderr]   Downloaded ico v0.5.0
[INFO] [stderr]   Downloaded tauri-winres v0.3.6
[INFO] [stderr]   Downloaded embed-resource v3.0.11
[INFO] [stderr]   Downloaded winreg v0.55.0
[INFO] [stderr]   Downloaded vswhom v0.1.0
[INFO] [stderr]   Downloaded vswhom-sys v0.1.3
[INFO] [stderr]   Downloaded cargo_toml v0.22.3
[INFO] [stderr]   Downloaded serialize-to-javascript v0.1.2
[INFO] [stderr]   Downloaded serialize-to-javascript-impl v0.1.2
[INFO] [stderr]   Downloaded embed_plist v1.2.2
[INFO] [stderr]   Downloaded dbus v0.9.12
[INFO] [stderr]   Downloaded wr_malloc_size_of v0.2.2
[INFO] [stderr]   Downloaded app_units v0.7.8
[INFO] [stderr]   Downloaded webrender_api v0.70.0
[INFO] [stderr]   Downloaded zeitstempel v0.2.2
[INFO] [stderr]   Downloaded peek-poke v0.3.0
[INFO] [stderr]   Downloaded malloc_size_of_derive v0.1.3
[INFO] [stderr]   Downloaded wr_glyph_rasterizer v0.70.0
[INFO] [stderr]   Downloaded tracy-rs v0.1.2
[INFO] [stderr]   Downloaded topological-sort v0.1.0
[INFO] [stderr]   Downloaded tao v0.37.0
[INFO] [stderr]   Downloaded gdkx11-sys v0.18.2
[INFO] [stderr]   Downloaded peek-poke-derive v0.3.0
[INFO] [stderr]   Downloaded freetype v0.8.0
[INFO] [stderr]   Downloaded dwrote v0.11.5
[INFO] [stderr]   Downloaded webrender_build v0.70.0
[INFO] [stderr]   Downloaded ron v0.12.2
[INFO] [stderr]   Downloaded plane-split v0.18.0
[INFO] [stderr]   Downloaded gleam v0.15.1
[INFO] [stderr]   Downloaded xml-rs v0.8.29
[INFO] [stderr]   Downloaded build-parallel v0.1.2
[INFO] [stderr]   Downloaded unicode-script v0.5.8
[INFO] [stderr]   Downloaded taffy v0.12.2
[INFO] [stderr]   Downloaded grid v1.0.1
[INFO] [stderr]   Downloaded stylo_malloc_size_of v0.20.0
[INFO] [stderr]   Downloaded thin-vec v0.2.19
[INFO] [stderr]   Downloaded smallbitvec v2.6.1
[INFO] [stderr]   Downloaded webrender v0.70.0
[INFO] [stderr]   Downloaded stylo_traits v0.20.0
[INFO] [stderr]   Downloaded fontdb v0.24.0
[INFO] [stderr]   Downloaded reborrow v0.5.5
[INFO] [stderr]   Downloaded pulp-wasm-simd-flag v0.1.1
[INFO] [stderr]   Downloaded sea-query-rusqlite v0.8.0
[INFO] [stderr]   Downloaded speexdsp-resampler v0.1.0
[INFO] [stderr]   Downloaded x448 v0.14.0-pre.12
[INFO] [stderr]   Downloaded glslopt v0.1.14
[INFO] [stderr]   Downloaded selectors v0.40.0
[INFO] [stderr]   Downloaded to_shmem_derive v0.1.0
[INFO] [stderr]   Downloaded to_shmem v0.5.0
[INFO] [stderr]   Downloaded cssparser v0.37.0
[INFO] [stderr]   Downloaded cssparser-macros v0.7.0
[INFO] [stderr]   Downloaded stylo_dom v0.20.0
[INFO] [stderr]   Downloaded uluru v3.1.0
[INFO] [stderr]   Downloaded stylo_atoms v0.20.0
[INFO] [stderr]   Downloaded stylo_static_prefs v0.20.0
[INFO] [stderr]   Downloaded icu_locale_fallback v2.3.0
[INFO] [stderr]   Downloaded icu_locale_fallback_data v2.3.0
[INFO] [stderr]   Downloaded atomic_refcell v0.1.14
[INFO] [stderr]   Downloaded tikv-jemallocator v0.5.4
[INFO] [stderr]   Downloaded resvg v0.48.1
[INFO] [stderr]   Downloaded xmlwriter v0.1.0
[INFO] [stderr]   Downloaded unicode-vo v0.1.0
[INFO] [stderr]   Downloaded tiny-skia-path v0.12.0
[INFO] [stderr]   Downloaded svgtypes v0.16.1
[INFO] [stderr]   Downloaded font-types v0.12.4
[INFO] [stderr]   Downloaded simplecss v0.2.2
[INFO] [stderr]   Downloaded lebe v0.5.3
[INFO] [stderr]   Downloaded objc2-core-video v0.3.2
[INFO] [stderr]   Downloaded icu_decimal_data v1.5.1
[INFO] [stderr]   Downloaded stylo_derive v0.20.0
[INFO] [stderr]   Downloaded zune-core v0.5.3
[INFO] [stderr]   Downloaded usvg v0.48.1
[INFO] [stderr]   Downloaded imagesize v0.15.0
[INFO] [stderr]   Downloaded data-url v0.3.2
[INFO] [stderr]   Downloaded image-webp v0.2.4
[INFO] [stderr]   Downloaded markup5ever v0.39.0
[INFO] [stderr]   Downloaded webdriver v0.53.0
[INFO] [stderr]   Downloaded xml5ever v0.39.0
[INFO] [stderr]   Downloaded hash2curve v0.14.0
[INFO] [stderr]   Downloaded icu_list v1.5.0
[INFO] [stderr]   Downloaded icu_list_data v1.5.1
[INFO] [stderr]   Downloaded icu_pattern v0.2.0
[INFO] [stderr]   Downloaded icu_decimal v1.5.0
[INFO] [stderr]   Downloaded tiny-skia v0.12.0
[INFO] [stderr]   Downloaded rgb v0.8.53
[INFO] [stderr]   Downloaded gif v0.14.2
[INFO] [stderr]   Downloaded ed448-goldilocks v0.14.0-pre.15
[INFO] [stderr]   Downloaded strck_ident v0.1.2
[INFO] [stderr]   Downloaded strck v0.1.2
[INFO] [stderr]   Downloaded ohos-deviceinfo-sys v0.1.7
[INFO] [stderr]   Downloaded wuff-capi v0.2.0
[INFO] [stderr]   Downloaded imgref v1.12.3
[INFO] [stderr]   Downloaded avif-serialize v0.8.9
[INFO] [stderr]   Downloaded raw-cpuid v11.6.0
[INFO] [stderr]   Downloaded icu_casemap_data v1.5.1
[INFO] [stderr]   Downloaded diplomat-runtime v0.8.3
[INFO] [stderr]   Downloaded diplomat v0.8.0
[INFO] [stderr]   Downloaded encoding_c_mem v0.2.6
[INFO] [stderr]   Downloaded encoding_c v0.9.8
[INFO] [stderr]   Downloaded yeslogic-fontconfig-sys v6.0.1
[INFO] [stderr]   Downloaded wuff v0.2.8
[INFO] [stderr]   Downloaded k12 v0.5.1
[INFO] [stderr]   Downloaded buf-read-ext v0.4.0
[INFO] [stderr]   Downloaded stylo v0.20.0
[INFO] [stderr]   Downloaded tikv-jemalloc-sys v0.5.4+5.3.0-patched
[INFO] [stderr]   Downloaded as-slice v0.2.1
[INFO] [stderr]   Downloaded exr v1.74.2
[INFO] [stderr]   Downloaded pulp v0.22.3
[INFO] [stderr]   Downloaded icu_casemap v1.5.1
[INFO] [stderr]   Downloaded xml v1.4.0
[INFO] [stderr]   Downloaded poly1305 v0.9.1
[INFO] [stderr]   Downloaded keyboard-types v0.8.3
[INFO] [stderr]   Downloaded ipc-channel v0.22.0
[INFO] [stderr]   Downloaded diplomat_core v0.8.1
[INFO] [stderr]   Downloaded ml-dsa v0.1.1
[INFO] [stderr]   Downloaded ed25519-dalek v3.0.0
[INFO] [stderr]   Downloaded chacha20poly1305 v0.11.0
[INFO] [stderr]   Downloaded freetype-sys v0.23.0
[INFO] [stderr]   Downloaded icu_datetime v1.5.1
[INFO] [stderr]   Downloaded phc v0.6.1
[INFO] [stderr]   Downloaded icu_segmenter v2.3.0
[INFO] [stderr]   Downloaded icu_segmenter_data v2.3.0
[INFO] [stderr]   Downloaded built v0.8.1
[INFO] [stderr]   Downloaded bitstream-io v4.10.0
[INFO] [stderr]   Downloaded no_std_io2 v0.9.4
[INFO] [stderr]   Downloaded av1-grain v0.2.5
[INFO] [stderr]   Downloaded y4m v0.8.0
[INFO] [stderr]   Downloaded pastey v0.1.1
[INFO] [stderr]   Downloaded aligned v0.4.3
[INFO] [stderr]   Downloaded argon2 v0.6.0-rc.8
[INFO] [stderr]   Downloaded password-hash v0.6.1
[INFO] [stderr]   Downloaded zerovec-derive v0.10.4
[INFO] [stderr]   Downloaded content-security-policy v0.8.1
[INFO] [stderr]   Downloaded mach2 v0.6.0
[INFO] [stderr]   Downloaded enumn v0.1.14
[INFO] [stderr]   Downloaded ravif v0.13.0
[INFO] [stderr]   Downloaded v_frame v0.3.9
[INFO] [stderr]   Downloaded av-scenechange v0.14.1
[INFO] [stderr]   Downloaded surfman v0.13.0
[INFO] [stderr]   Downloaded x25519-dalek v3.0.0
[INFO] [stderr]   Downloaded icu_calendar_data v1.5.1
[INFO] [stderr]   Downloaded blake2 v0.11.0-rc.6
[INFO] [stderr]   Downloaded aligned-vec v0.6.4
[INFO] [stderr]   Downloaded equator v0.4.2
[INFO] [stderr]   Downloaded equator-macro v0.4.2
[INFO] [stderr]   Downloaded profiling-procmacros v1.0.18
[INFO] [stderr]   Downloaded ed448 v0.5.0
[INFO] [stderr]   Downloaded turboshake v0.7.1
[INFO] [stderr]   Downloaded swapper v0.1.0
[INFO] [stderr]   Downloaded html5ever v0.39.0
[INFO] [stderr]   Downloaded icu_capi v1.5.0
[INFO] [stderr]   Downloaded icu_timezone v1.5.0
[INFO] [stderr]   Downloaded zerotrie v0.1.3
[INFO] [stderr]   Downloaded icu_timezone_data v1.5.1
[INFO] [stderr]   Downloaded calendrical_calculations v0.1.3
[INFO] [stderr]   Downloaded icu_provider_adapters v1.5.0
[INFO] [stderr]   Downloaded icu_plurals_data v1.5.1
[INFO] [stderr]   Downloaded fixed_decimal v0.5.6
[INFO] [stderr]   Downloaded icu_experimental v0.1.0
[INFO] [stderr]   Downloaded tungstenite v0.30.0
[INFO] [stderr]   Downloaded rav1e v0.8.1
[INFO] [stderr]   Downloaded libfuzzer-sys v0.4.13
[INFO] [stderr]   Downloaded sea-query v1.0.2
[INFO] [stderr]   Downloaded curve25519-dalek v5.0.0
[INFO] [stderr]   Downloaded mozjs v0.21.6
[INFO] [stderr]   Downloaded icu_calendar v1.5.2
[INFO] [stderr]   Downloaded icu_plurals v1.5.0
[INFO] [stderr]   Downloaded fontsan v0.7.0
[INFO] [stderr]   Downloaded p521 v0.14.0
[INFO] [stderr]   Downloaded primeorder v0.14.0
[INFO] [stderr]   Downloaded wnaf v0.14.0
[INFO] [stderr]   Downloaded ecdsa v0.17.0
[INFO] [stderr]   Downloaded p384 v0.14.0
[INFO] [stderr]   Downloaded p256 v0.14.0
[INFO] [stderr]   Downloaded ocb3 v0.2.0-rc.3
[INFO] [stderr]   Downloaded dbl v0.5.0
[INFO] [stderr]   Downloaded aead-stream v0.6.0
[INFO] [stderr]   Downloaded nom-rfc8288 v0.4.0
[INFO] [stderr]   Downloaded ml-kem v0.3.2
[INFO] [stderr]   Downloaded kem v0.3.0
[INFO] [stderr]   Downloaded rfc6979 v0.6.0
[INFO] [stderr]   Downloaded nom-language v0.1.0
[INFO] [stderr]   Downloaded shake v0.1.0
[INFO] [stderr]   Downloaded module-lattice v0.2.3
[INFO] [stderr]   Downloaded aes v0.9.1
[INFO] [stderr]   Downloaded regex-automata v0.2.0
[INFO] [stderr]   Downloaded sha3 v0.11.0
[INFO] [stderr]   Downloaded aes-gcm v0.11.1
[INFO] [stderr]   Downloaded aws-lc-rs v1.18.0
[INFO] [stderr]   Downloaded cshake v0.2.1
[INFO] [stderr]   Downloaded imsz v0.4.1
[INFO] [stderr]   Downloaded compression-core v0.4.32
[INFO] [stderr]   Downloaded compression-codecs v0.4.38
[INFO] [stderr]   Downloaded ohos-sys-opaque-types v0.1.11
[INFO] [stderr]   Downloaded async-tungstenite v0.35.0
[INFO] [stderr]   Downloaded ohos-window-sys v0.1.7
[INFO] [stderr]   Downloaded quick_cache v0.6.24
[INFO] [stderr]   Downloaded ohos-media-sys v0.1.1
[INFO] [stderr]   Downloaded vello_cpu v0.0.9
[INFO] [stderr]   Downloaded async-compression v0.4.43
[INFO] [stderr]   Downloaded vello_common v0.0.9
[INFO] [stderr]   Downloaded glifo v0.1.1
[INFO] [stderr]   Downloaded icu_segmenter v1.5.0
[INFO] [stderr]   Downloaded icu_collator_data v1.5.1
[INFO] [stderr]   Downloaded yuv v0.8.17
[INFO] [stderr]   Downloaded font-types v0.11.3
[INFO] [stderr]   Downloaded ordered-channel v1.2.0
[INFO] [stderr]   Downloaded skrifa v0.42.1
[INFO] [stderr]   Downloaded gaol v0.2.1
[INFO] [stderr]   Downloaded mozangle v0.6.0
[INFO] [stderr]   Downloaded read-fonts v0.39.2
[INFO] [stderr]   Downloaded fst v0.4.7
[INFO] [stderr]   Downloaded icu_collator v1.5.0
[INFO] [stderr]   Downloaded error-code v3.4.0
[INFO] [stderr]   Downloaded chunked_transfer v1.5.0
[INFO] [stderr]   Downloaded tauri-plugin-shell v2.3.6
[INFO] [stderr]   Downloaded open v5.4.3
[INFO] [stderr]   Downloaded tiny_http v0.12.0
[INFO] [stderr]   Downloaded ascii v1.1.0
[INFO] [stderr]   Downloaded tauri-plugin v2.6.3
[INFO] [stderr]   Downloaded shared_child v1.1.2
[INFO] [stderr]   Downloaded is-wsl v0.4.0
[INFO] [stderr]   Downloaded sigchld v0.2.5
[INFO] [stderr]   Downloaded is-docker v0.2.0
[INFO] [stderr]   Downloaded signal-hook v0.4.4
[INFO] [stderr]   Downloaded icu_experimental_data v0.1.1
[INFO] [stderr]   Downloaded harfbuzz-sys v0.7.0
[INFO] [stderr]   Downloaded icu_segmenter_data v1.5.1
[INFO] [stderr]   Downloaded icu_datetime_data v1.5.1
[INFO] [stderr]   Downloaded aws-lc-sys v0.44.0
[INFO] [stderr]   Downloaded mozjs_sys v140.14.0-0
[INFO] running `Command { std: "docker" "create" "-v" "/var/lib/crater-agent-workspace/builds/worker-0-tc2/source:/opt/rustwide/workdir:ro,Z" "-v" "/var/lib/crater-agent-workspace/builds/worker-0-tc2/target:/opt/rustwide/target:rw,Z" "-v" "/var/lib/crater-agent-workspace/cargo-home:/opt/rustwide/cargo-home:ro,Z" "-v" "/var/lib/crater-agent-workspace/rustup-home:/opt/rustwide/rustup-home:ro,Z" "-m" "1610612736" "--network" "none" "ghcr.io/rust-lang/crates-build-env/linux@sha256:3111399a4047eeb3a02b7a90e478d715f38a8c6669b5c4b49d30a17385265909" "sleep" "infinity", kill_on_drop: false }`
[INFO] [stdout] 112ea0c1e119e351d8b2acb696128097d93b5e5555c6c4269266a31c02951ce0
[INFO] running `Command { std: "docker" "start" "112ea0c1e119e351d8b2acb696128097d93b5e5555c6c4269266a31c02951ce0", kill_on_drop: false }`
[INFO] running `Command { std: "docker" "inspect" "112ea0c1e119e351d8b2acb696128097d93b5e5555c6c4269266a31c02951ce0", kill_on_drop: false }`
[INFO] running `Command { std: "docker" "exec" "-e" "SOURCE_DIR=/opt/rustwide/workdir" "-e" "CARGO_HOME=/opt/rustwide/cargo-home" "-e" "RUSTUP_HOME=/opt/rustwide/rustup-home" "-e" "CARGO_TARGET_DIR=/opt/rustwide/target" "-w" "/opt/rustwide/workdir" "--user" "0:0" "112ea0c1e119e351d8b2acb696128097d93b5e5555c6c4269266a31c02951ce0" "/opt/rustwide/cargo-home/bin/cargo" "+1.100.0-beta.1" "metadata" "--no-deps" "--format-version=1", kill_on_drop: false }`
[INFO] running `Command { std: "docker" "inspect" "112ea0c1e119e351d8b2acb696128097d93b5e5555c6c4269266a31c02951ce0", kill_on_drop: false }`
[INFO] running `Command { std: "docker" "exec" "-e" "SOURCE_DIR=/opt/rustwide/workdir" "-e" "CARGO_HOME=/opt/rustwide/cargo-home" "-e" "RUSTUP_HOME=/opt/rustwide/rustup-home" "-e" "CARGO_TARGET_DIR=/opt/rustwide/target" "-e" "CARGO_INCREMENTAL=0" "-e" "RUST_BACKTRACE=full" "-e" "RUSTFLAGS=--cap-lints=warn" "-e" "RUSTDOCFLAGS=--cap-lints=warn" "-w" "/opt/rustwide/workdir" "--user" "0:0" "112ea0c1e119e351d8b2acb696128097d93b5e5555c6c4269266a31c02951ce0" "/opt/rustwide/cargo-home/bin/cargo" "+1.100.0-beta.1" "build" "--frozen" "--message-format=json", kill_on_drop: false }`
[INFO] [stderr] warning: `package.homepage` is redundant with `package.repository`
[INFO] [stderr]   --> crates/turvo/Cargo.toml:10:1
[INFO] [stderr]    |
[INFO] [stderr] 10 | homepage.workspace = true
[INFO] [stderr]    | ^^^^^^^^
[INFO] [stderr] 11 | repository.workspace = true
[INFO] [stderr]    | ----------
[INFO] [stderr]    |
[INFO] [stderr]    = note: `cargo::redundant_homepage` is set to `warn` by default
[INFO] [stderr] help: consider removing `package.homepage`
[INFO] [stderr] warning: `turvo` (manifest) generated 1 warning
[INFO] [stderr]    Compiling unicode-ident v1.0.24
[INFO] [stderr]    Compiling proc-macro2 v1.0.107
[INFO] [stderr]    Compiling quote v1.0.47
[INFO] [stderr]    Compiling libc v0.2.189
[INFO] [stderr]    Compiling cfg-if v1.0.4
[INFO] [stderr]    Compiling serde_core v1.0.229
[INFO] [stderr]    Compiling pkg-config v0.3.34
[INFO] [stderr]    Compiling equivalent v1.0.2
[INFO] [stderr]    Compiling serde v1.0.229
[INFO] [stderr]    Compiling autocfg v1.5.1
[INFO] [stderr]    Compiling memchr v2.8.3
[INFO] [stderr]    Compiling hashbrown v0.17.1
[INFO] [stderr]    Compiling stable_deref_trait v1.2.1
[INFO] [stderr]    Compiling find-msvc-tools v0.1.11
[INFO] [stderr]    Compiling shlex v2.0.1
[INFO] [stderr]    Compiling heck v0.5.0
[INFO] [stderr]    Compiling log v0.4.34
[INFO] [stderr]    Compiling typenum v1.20.1
[INFO] [stderr]    Compiling rand_core v0.10.1
[INFO] [stderr]    Compiling getrandom v0.4.3
[INFO] [stderr]    Compiling siphasher v1.0.3
[INFO] [stderr]    Compiling itoa v1.0.18
[INFO] [stderr]    Compiling phf_shared v0.13.1
[INFO] [stderr]    Compiling indexmap v2.14.1
[INFO] [stderr]    Compiling version_check v0.9.5
[INFO] [stderr]    Compiling fastrand v2.5.0
[INFO] [stderr]    Compiling syn v2.0.119
[INFO] [stderr]    Compiling syn v3.0.4
[INFO] [stderr]    Compiling phf_generator v0.13.1
[INFO] [stderr]    Compiling smallvec v1.15.2
[INFO] [stderr]    Compiling jobserver v0.1.35
[INFO] [stderr]    Compiling once_cell v1.21.4
[INFO] [stderr]    Compiling cc v1.4.4
[INFO] [stderr]    Compiling num-traits v0.2.19
[INFO] [stderr]    Compiling fnv v1.0.7
[INFO] [stderr]    Compiling utf8_iter v1.0.4
[INFO] [stderr]    Compiling bytes v1.12.1
[INFO] [stderr]    Compiling parking_lot_core v0.9.12
[INFO] [stderr]    Compiling phf_codegen v0.13.1
[INFO] [stderr]    Compiling scopeguard v1.2.0
[INFO] [stderr]    Compiling subtle v2.6.1
[INFO] [stderr]    Compiling ident_case v1.0.1
[INFO] [stderr]    Compiling new_debug_unreachable v1.0.6
[INFO] [stderr]    Compiling icu_normalizer_data v2.3.0
[INFO] [stderr]    Compiling icu_properties_data v2.3.0
[INFO] [stderr]    Compiling precomputed-hash v0.1.1
[INFO] [stderr]    Compiling aho-corasick v1.1.5
[INFO] [stderr]    Compiling thiserror v2.0.20
[INFO] [stderr]    Compiling bitflags v2.13.1
[INFO] [stderr]    Compiling regex-syntax v0.8.11
[INFO] [stderr]    Compiling rustc-hash v2.1.3
[INFO] [stderr]    Compiling cmov v0.5.4
[INFO] [stderr]    Compiling string_cache_codegen v0.6.1
[INFO] [stderr]    Compiling same-file v1.0.6
[INFO] [stderr]    Compiling ctutils v0.4.2
[INFO] [stderr]    Compiling walkdir v2.5.0
[INFO] [stderr]    Compiling http v1.5.0
[INFO] [stderr]    Compiling winnow v0.7.15
[INFO] [stderr]    Compiling winnow v1.0.4
[INFO] [stderr]    Compiling pin-project-lite v0.2.17
[INFO] [stderr]    Compiling toml_writer v1.1.2+spec-1.1.0
[INFO] [stderr]    Compiling toml_parser v1.1.3+spec-1.1.0
[INFO] [stderr]    Compiling web_atoms v0.2.6
[INFO] [stderr]    Compiling byteorder v1.5.0
[INFO] [stderr]    Compiling time-core v0.1.9
[INFO] [stderr]    Compiling num-conv v0.2.2
[INFO] [stderr]    Compiling futures-core v0.3.34
[INFO] [stderr]    Compiling dtoa v1.0.11
[INFO] [stderr]    Compiling dtoa-short v0.3.5
[INFO] [stderr]    Compiling serde_spanned v1.1.1
[INFO] [stderr]    Compiling powerfmt v0.2.0
[INFO] [stderr]    Compiling typeid v1.0.3
[INFO] [stderr]    Compiling zmij v1.0.23
[INFO] [stderr]    Compiling base64 v0.22.1
[INFO] [stderr]    Compiling futures-sink v0.3.34
[INFO] [stderr]    Compiling foldhash v0.2.0
[INFO] [stderr]    Compiling regex-automata v0.4.18
[INFO] [stderr]    Compiling unic-char-range v0.9.0
[INFO] [stderr]    Compiling unic-common v0.9.0
[INFO] [stderr]    Compiling simd-adler32 v0.3.10
[INFO] [stderr]    Compiling unic-ucd-version v0.9.0
[INFO] [stderr]    Compiling unic-char-property v0.9.0
[INFO] [stderr]    Compiling adler2 v2.0.1
[INFO] [stderr]    Compiling synstructure v0.13.2
[INFO] [stderr]    Compiling unic-ucd-ident v0.9.0
[INFO] [stderr]    Compiling crc32fast v1.5.1
[INFO] [stderr]    Compiling toml_datetime v1.1.1+spec-1.1.0
[INFO] [stderr]    Compiling crossbeam-utils v0.8.22
[INFO] [stderr]    Compiling miniz_oxide v0.9.1
[INFO] [stderr]    Compiling toml v1.1.4+spec-1.1.0
[INFO] [stderr]    Compiling futures-channel v0.3.34
[INFO] [stderr]    Compiling writeable v0.6.4
[INFO] [stderr]    Compiling flate2 v1.1.10
[INFO] [stderr]    Compiling vcpkg v0.2.15
[INFO] [stderr]    Compiling generic-array v0.14.7
[INFO] [stderr]    Compiling litemap v0.8.3
[INFO] [stderr]    Compiling thiserror v1.0.69
[INFO] [stderr]    Compiling winnow v0.5.40
[INFO] [stderr]    Compiling target-lexicon v0.12.16
[INFO] [stderr]    Compiling percent-encoding v2.3.2
[INFO] [stderr]    Compiling serde_derive v1.0.229
[INFO] [stderr]    Compiling displaydoc v0.2.7
[INFO] [stderr]    Compiling zerovec-derive v0.11.6
[INFO] [stderr]    Compiling thiserror-impl v2.0.20
[INFO] [stderr]    Compiling zerofrom-derive v0.1.7
[INFO] [stderr]    Compiling yoke-derive v0.8.2
[INFO] [stderr]    Compiling zeroize_derive v1.5.0
[INFO] [stderr]    Compiling phf_macros v0.13.1
[INFO] [stderr]    Compiling zeroize v1.9.0
[INFO] [stderr]    Compiling regex v1.13.1
[INFO] [stderr]    Compiling hybrid-array v0.4.14
[INFO] [stderr]    Compiling derive_more-impl v2.1.1
[INFO] [stderr]    Compiling zerofrom v0.1.8
[INFO] [stderr]    Compiling yoke v0.8.3
[INFO] [stderr]    Compiling phf v0.13.1
[INFO] [stderr]    Compiling bytemuck_derive v1.12.0
[INFO] [stderr]    Compiling thiserror-impl v1.0.69
[INFO] [stderr]    Compiling zerovec v0.11.8
[INFO] [stderr]    Compiling zerotrie v0.2.5
[INFO] [stderr]    Compiling yoke-derive v0.7.5
[INFO] [stderr]    Compiling miniz_oxide v0.8.9
[INFO] [stderr]    Compiling crypto-common v0.2.2
[INFO] [stderr]    Compiling block-buffer v0.12.1
[INFO] [stderr]    Compiling yoke v0.7.5
[INFO] [stderr]    Compiling bytemuck v1.25.2
[INFO] [stderr]    Compiling tinystr v0.8.4
[INFO] [stderr]    Compiling potential_utf v0.1.6
[INFO] [stderr]    Compiling icu_locale_core v2.3.0
[INFO] [stderr]    Compiling zerovec-derive v0.10.4
[INFO] [stderr]    Compiling icu_collections v2.3.0
[INFO] [stderr]    Compiling libz-sys v1.1.29
[INFO] [stderr]    Compiling fdeflate v0.3.7
[INFO] [stderr]    Compiling mio v1.2.2
[INFO] [stderr]    Compiling cfg-expr v0.15.8
[INFO] [stderr]    Compiling tokio-macros v2.7.2
[INFO] [stderr]    Compiling socket2 v0.6.5
[INFO] [stderr]    Compiling version-compare v0.2.1
[INFO] [stderr]    Compiling arrayvec v0.7.8
[INFO] [stderr]    Compiling rayon-core v1.13.0
[INFO] [stderr]    Compiling darling_core v0.20.11
[INFO] [stderr]    Compiling libm v0.2.16
[INFO] [stderr]    Compiling toml_datetime v0.6.11
[INFO] [stderr]    Compiling serde_spanned v0.6.9
[INFO] [stderr]    Compiling tokio v1.53.1
[INFO] [stderr]    Compiling form_urlencoded v1.2.2
[INFO] [stderr]    Compiling litemap v0.7.5
[INFO] [stderr]    Compiling euclid v0.22.14
[INFO] [stderr]    Compiling lock_api v0.4.14
[INFO] [stderr]    Compiling toml_edit v0.22.27
[INFO] [stderr]    Compiling zerovec v0.10.4
[INFO] [stderr]    Compiling encoding_rs v0.8.35
[INFO] [stderr]    Compiling icu_provider v2.3.1
[INFO] [stderr]    Compiling parking_lot v0.12.5
[INFO] [stderr]    Compiling icu_properties v2.3.0
[INFO] [stderr]    Compiling icu_normalizer v2.3.0
[INFO] [stderr]    Compiling string_cache v0.9.0
[INFO] [stderr]    Compiling tinystr v0.7.6
[INFO] [stderr]    Compiling lazy_static v1.5.0
[INFO] [stderr]    Compiling crossbeam-epoch v0.9.20
[INFO] [stderr]    Compiling writeable v0.5.5
[INFO] [stderr]    Compiling icu_locid v1.5.0
[INFO] [stderr]    Compiling crossbeam-channel v0.5.16
[INFO] [stderr]    Compiling time-macros v0.2.32
[INFO] [stderr]    Compiling toml v0.8.23
[INFO] [stderr]    Compiling deranged v0.5.8
[INFO] [stderr]    Compiling system-deps v6.2.2
[INFO] [stderr]    Compiling idna_adapter v1.2.2
[INFO] [stderr]    Compiling darling_macro v0.20.11
[INFO] [stderr]    Compiling cpufeatures v0.2.17
[INFO] [stderr]    Compiling idna v1.1.0
[INFO] [stderr]    Compiling either v1.18.0
[INFO] [stderr]    Compiling darling v0.20.11
[INFO] [stderr]    Compiling khronos_api v3.1.0
[INFO] [stderr]    Compiling num_threads v0.1.7
[INFO] [stderr]    Compiling url v2.5.8
[INFO] [stderr]    Compiling crossbeam-deque v0.8.7
[INFO] [stderr]    Compiling core_maths v0.1.1
[INFO] [stderr]    Compiling sha1_smol v1.0.1
[INFO] [stderr]    Compiling uuid v1.26.0
[INFO] [stderr]    Compiling app_units v0.7.8
[INFO] [stderr]    Compiling polycool v0.4.0
[INFO] [stderr]    Compiling xml-rs v0.8.29
[INFO] [stderr]    Compiling kurbo v0.13.1
[INFO] [stderr]    Compiling time v0.3.55
[INFO] [stderr]    Compiling png v0.18.1
[INFO] [stderr]    Compiling cssparser-macros v0.7.0
[INFO] [stderr]    Compiling gl_generator v0.14.0
[INFO] [stderr]    Compiling freetype-sys v0.23.0
[INFO] [stderr]    Compiling rustix v1.1.4
[INFO] [stderr] error: failed to run custom build command for `freetype-sys v0.23.0`
[INFO] [stderr] note: To improve backtraces for build dependencies, set the CARGO_PROFILE_DEV_BUILD_OVERRIDE_DEBUG=true environment variable to enable debug information generation.
[INFO] [stderr] 
[INFO] [stderr] Caused by:
[INFO] [stderr]   process didn't exit successfully: `/opt/rustwide/target/debug/build/freetype-sys/a4bef729ad2dbfab/out/build_script_build` (exit status: 101)
[INFO] [stderr]   --- stderr
[INFO] [stderr] 
[INFO] [stderr]   thread 'main' (2614) panicked at /opt/rustwide/cargo-home/registry/src/index.crates.io-1949cf8c6b5b557f/freetype-sys-0.23.0/build.rs:32:6:
[INFO] [stderr]   called `Result::unwrap()` on an `Err` value: Os { code: 30, kind: ReadOnlyFilesystem, message: "Read-only file system" }
[INFO] [stderr]   stack backtrace:
[INFO] [stderr]      0:     0x5c4c0628f541 - <<std[617be2ca0a6fd877]::sys::backtrace::BacktraceLock>::print::DisplayBacktrace as core[a373ad73a504971]::fmt::Display>::fmt
[INFO] [stderr]      1:     0x5c4c062a431a - core[a373ad73a504971]::fmt::write
[INFO] [stderr]      2:     0x5c4c0629560c - <std[617be2ca0a6fd877]::sys::stdio::unix::Stderr as core[a373ad73a504971]::io::write::Write>::write_fmt
[INFO] [stderr]      3:     0x5c4c062687d6 - std[617be2ca0a6fd877]::panicking::default_hook::{closure#0}
[INFO] [stderr]      4:     0x5c4c06286da1 - std[617be2ca0a6fd877]::panicking::default_hook
[INFO] [stderr]      5:     0x5c4c06286f5b - std[617be2ca0a6fd877]::panicking::panic_with_hook
[INFO] [stderr]      6:     0x5c4c06268882 - std[617be2ca0a6fd877]::panicking::panic_handler::{closure#0}
[INFO] [stderr]      7:     0x5c4c06261409 - std[617be2ca0a6fd877]::sys::backtrace::__rust_end_short_backtrace::<std[617be2ca0a6fd877]::panicking::panic_handler::{closure#0}, !>
[INFO] [stderr]      8:     0x5c4c0626956d - __rustc[ea4f61d10b84890b]::rust_begin_unwind
[INFO] [stderr]      9:     0x5c4c062a4b0c - core[a373ad73a504971]::panicking::panic_fmt
[INFO] [stderr]     10:     0x5c4c062a4862 - core[a373ad73a504971]::result::unwrap_failed
[INFO] [stderr]     11:     0x5c4c061c3721 - build_script_build[7b849b86bcb9697d]::main
[INFO] [stderr]     12:     0x5c4c061c423b - <fn() as core[a373ad73a504971]::ops::function::FnOnce<()>>::call_once
[INFO] [stderr]     13:     0x5c4c061c352e - std[617be2ca0a6fd877]::sys::backtrace::__rust_begin_short_backtrace::<fn(), ()>
[INFO] [stderr]     14:     0x5c4c061c3549 - std[617be2ca0a6fd877]::rt::lang_start::<()>::{closure#0}
[INFO] [stderr]     15:     0x5c4c062860a8 - std[617be2ca0a6fd877]::rt::lang_start_internal
[INFO] [stderr]     16:     0x5c4c061c3521 - std[617be2ca0a6fd877]::rt::lang_start::<()>
[INFO] [stderr]     17:     0x5c4c061c42a5 - main
[INFO] [stderr]     18:     0x787df3d2f601 - <unknown>
[INFO] [stderr]     19:     0x787df3d2f718 - __libc_start_main
[INFO] [stderr]     20:     0x5c4c061c2e95 - _start
[INFO] [stderr]     21:                0x0 - <unknown>
[INFO] [stderr] warning: build failed, waiting for other jobs to finish...
[INFO] running `Command { std: "docker" "inspect" "112ea0c1e119e351d8b2acb696128097d93b5e5555c6c4269266a31c02951ce0", kill_on_drop: false }`
[INFO] running `Command { std: "docker" "rm" "-f" "112ea0c1e119e351d8b2acb696128097d93b5e5555c6c4269266a31c02951ce0", kill_on_drop: false }`
[INFO] [stdout] 112ea0c1e119e351d8b2acb696128097d93b5e5555c6c4269266a31c02951ce0
