[INFO] fetching crate tez 0.0.3...
[INFO] testing tez-0.0.3 against 1.99.0-beta.8 for beta-1.100-2
[INFO] extracting crate tez 0.0.3 into /workspace/builds/worker-7-tc1/source
[INFO] started tweaking crates.io crate tez 0.0.3
[INFO] removed 0 missing examples
[INFO] removed 0 missing tests
[INFO] finished tweaking crates.io crate tez 0.0.3
[INFO] tweaked toml for crates.io crate tez 0.0.3 written to /workspace/builds/worker-7-tc1/source/Cargo.toml
[INFO] validating manifest of crates.io crate tez 0.0.3 on toolchain 1.99.0-beta.8
[INFO] running `Command { std: CARGO_HOME="/workspace/cargo-home" RUSTUP_HOME="/workspace/rustup-home" "/workspace/cargo-home/bin/cargo" "+1.99.0-beta.8" "metadata" "--manifest-path" "Cargo.toml" "--no-deps", kill_on_drop: false }`
[INFO] crate crates.io crate tez 0.0.3 already has a lockfile, it will not be regenerated
[INFO] running `Command { std: CARGO_HOME="/workspace/cargo-home" RUSTUP_HOME="/workspace/rustup-home" "/workspace/cargo-home/bin/cargo" "+1.99.0-beta.8" "fetch" "--manifest-path" "Cargo.toml", kill_on_drop: false }`
[INFO] [stderr]     Updating crates.io index
[INFO] [stderr]  Downloading crates ...
[INFO] [stderr]   Downloaded ureq-proto v0.6.1
[INFO] [stderr]   Downloaded find-msvc-tools v0.1.10
[INFO] [stderr]   Downloaded cc v1.4.2
[INFO] [stderr]   Downloaded futures-rustls v0.26.0
[INFO] [stderr]   Downloaded codspeed-divan-compat v5.0.1
[INFO] [stderr]   Downloaded codspeed-divan-compat-macros v5.0.1
[INFO] [stderr]   Downloaded divan-macros v0.1.17
[INFO] [stderr]   Downloaded codspeed-divan-compat-walltime v5.0.1
[INFO] [stderr]   Downloaded async-compression v0.4.43
[INFO] [stderr]   Downloaded ureq v3.4.0
[INFO] [stderr]   Downloaded statrs v0.18.0
[INFO] [stderr]   Downloaded aws-lc-rs v1.18.0
[INFO] [stderr]   Downloaded codspeed v5.0.1
[INFO] [stderr]   Downloaded aws-lc-sys v0.44.0
[INFO] running `Command { std: "docker" "create" "-v" "/var/lib/crater-agent-workspace/builds/worker-7-tc1/source:/opt/rustwide/workdir:ro,Z" "-v" "/var/lib/crater-agent-workspace/builds/worker-7-tc1/target:/opt/rustwide/target:rw,Z" "-v" "/var/lib/crater-agent-workspace/cargo-home:/opt/rustwide/cargo-home:ro,Z" "-v" "/var/lib/crater-agent-workspace/rustup-home:/opt/rustwide/rustup-home:ro,Z" "-m" "1610612736" "--network" "none" "ghcr.io/rust-lang/crates-build-env/linux@sha256:3111399a4047eeb3a02b7a90e478d715f38a8c6669b5c4b49d30a17385265909" "sleep" "infinity", kill_on_drop: false }`
[INFO] [stdout] 23c8b3489ed277f6b948e76ad76964c34305754d369e9beef46daec0816ec01a
[INFO] running `Command { std: "docker" "start" "23c8b3489ed277f6b948e76ad76964c34305754d369e9beef46daec0816ec01a", kill_on_drop: false }`
[INFO] running `Command { std: "docker" "inspect" "23c8b3489ed277f6b948e76ad76964c34305754d369e9beef46daec0816ec01a", kill_on_drop: false }`
[INFO] running `Command { std: "docker" "exec" "-e" "SOURCE_DIR=/opt/rustwide/workdir" "-e" "CARGO_HOME=/opt/rustwide/cargo-home" "-e" "RUSTUP_HOME=/opt/rustwide/rustup-home" "-e" "CARGO_TARGET_DIR=/opt/rustwide/target" "-w" "/opt/rustwide/workdir" "--user" "0:0" "23c8b3489ed277f6b948e76ad76964c34305754d369e9beef46daec0816ec01a" "/opt/rustwide/cargo-home/bin/cargo" "+1.99.0-beta.8" "metadata" "--no-deps" "--format-version=1", kill_on_drop: false }`
[INFO] running `Command { std: "docker" "inspect" "23c8b3489ed277f6b948e76ad76964c34305754d369e9beef46daec0816ec01a", kill_on_drop: false }`
[INFO] running `Command { std: "docker" "exec" "-e" "SOURCE_DIR=/opt/rustwide/workdir" "-e" "CARGO_HOME=/opt/rustwide/cargo-home" "-e" "RUSTUP_HOME=/opt/rustwide/rustup-home" "-e" "CARGO_TARGET_DIR=/opt/rustwide/target" "-e" "CARGO_INCREMENTAL=0" "-e" "RUST_BACKTRACE=full" "-e" "RUSTFLAGS=--cap-lints=warn" "-e" "RUSTDOCFLAGS=--cap-lints=warn" "-w" "/opt/rustwide/workdir" "--user" "0:0" "23c8b3489ed277f6b948e76ad76964c34305754d369e9beef46daec0816ec01a" "/opt/rustwide/cargo-home/bin/cargo" "+1.99.0-beta.8" "build" "--frozen" "--message-format=json", kill_on_drop: false }`
[INFO] [stderr]    Compiling find-msvc-tools v0.1.10
[INFO] [stderr]    Compiling crossbeam-utils v0.8.22
[INFO] [stderr]    Compiling syn v2.0.119
[INFO] [stderr]    Compiling aws-lc-rs v1.18.0
[INFO] [stderr]    Compiling displaydoc v0.2.7
[INFO] [stderr]    Compiling rustix v1.1.4
[INFO] [stderr]    Compiling smallvec v1.15.2
[INFO] [stderr]    Compiling rustls v0.23.43
[INFO] [stderr]    Compiling bitflags v2.13.1
[INFO] [stderr]    Compiling cc v1.4.2
[INFO] [stderr]    Compiling linux-raw-sys v0.12.1
[INFO] [stderr]    Compiling miniz_oxide v0.8.9
[INFO] [stderr]    Compiling piper v0.2.5
[INFO] [stderr]    Compiling concurrent-queue v2.5.0
[INFO] [stderr]    Compiling tokio v1.53.1
[INFO] [stderr]    Compiling indexmap v2.13.1
[INFO] [stderr]    Compiling async-channel v2.5.0
[INFO] [stderr]    Compiling form_urlencoded v1.2.2
[INFO] [stderr]    Compiling blocking v1.6.2
[INFO] [stderr]    Compiling tracing v0.1.44
[INFO] [stderr]    Compiling compression-core v0.4.32
[INFO] [stderr]    Compiling serde_json v1.0.151
[INFO] [stderr]    Compiling flate2 v1.1.9
[INFO] [stderr]    Compiling async-lock v3.4.2
[INFO] [stderr]    Compiling futures-util v0.3.34
[INFO] [stderr]    Compiling cmake v0.1.58
[INFO] [stderr]    Compiling compression-codecs v0.4.38
[INFO] [stderr]    Compiling async-compression v0.4.43
[INFO] [stderr]    Compiling async-fs v2.2.0
[INFO] [stderr]    Compiling serde_urlencoded v0.7.1
[INFO] [stderr]    Compiling http-body-util v0.1.4
[INFO] [stderr]    Compiling aws-lc-sys v0.44.0
[INFO] [stderr]    Compiling async-executor v1.14.0
[INFO] [stderr]    Compiling socket2 v0.6.5
[INFO] [stderr]    Compiling tokio-util v0.7.19
[INFO] [stderr]    Compiling synstructure v0.13.2
[INFO] [stderr]    Compiling h2 v0.4.15
[INFO] [stderr]    Compiling zerofrom-derive v0.1.7
[INFO] [stderr]    Compiling yoke-derive v0.8.2
[INFO] [stderr]    Compiling zerovec-derive v0.11.3
[INFO] [stderr]    Compiling zerofrom v0.1.8
[INFO] [stderr]    Compiling yoke v0.8.3
[INFO] [stderr]    Compiling zerotrie v0.2.4
[INFO] [stderr]    Compiling zerovec v0.11.6
[INFO] [stderr]    Compiling tinystr v0.8.3
[INFO] [stderr]    Compiling potential_utf v0.1.5
[INFO] [stderr]    Compiling icu_locale_core v2.2.0
[INFO] [stderr]    Compiling icu_collections v2.2.0
[INFO] [stderr]    Compiling hyper v1.11.0
[INFO] [stderr]    Compiling icu_provider v2.2.0
[INFO] [stderr]    Compiling polling v3.11.0
[INFO] [stderr]    Compiling async-io v2.6.0
[INFO] [stderr]    Compiling icu_normalizer v2.2.0
[INFO] [stderr]    Compiling icu_properties v2.2.0
[INFO] [stderr]    Compiling async-net v2.0.0
[INFO] [stderr]    Compiling idna_adapter v1.2.2
[INFO] [stderr]    Compiling idna v1.1.0
[INFO] [stderr]    Compiling url v2.5.8
[INFO] [stderr]    Compiling rustls-webpki v0.103.14
[INFO] [stderr]    Compiling futures-rustls v0.26.0
[INFO] [stderr]    Compiling rustls-platform-verifier v0.7.0
[INFO] [stderr]    Compiling tez v0.0.3 (/opt/rustwide/workdir)
[INFO] [stderr]     Finished `dev` profile [unoptimized + debuginfo] target(s) in 1m 41s
[INFO] running `Command { std: "docker" "inspect" "23c8b3489ed277f6b948e76ad76964c34305754d369e9beef46daec0816ec01a", kill_on_drop: false }`
[INFO] running `Command { std: "docker" "exec" "-e" "SOURCE_DIR=/opt/rustwide/workdir" "-e" "CARGO_HOME=/opt/rustwide/cargo-home" "-e" "RUSTUP_HOME=/opt/rustwide/rustup-home" "-e" "CARGO_TARGET_DIR=/opt/rustwide/target" "-e" "CARGO_INCREMENTAL=0" "-e" "RUST_BACKTRACE=full" "-e" "RUSTFLAGS=--cap-lints=warn" "-e" "RUSTDOCFLAGS=--cap-lints=warn" "-w" "/opt/rustwide/workdir" "--user" "0:0" "23c8b3489ed277f6b948e76ad76964c34305754d369e9beef46daec0816ec01a" "/opt/rustwide/cargo-home/bin/cargo" "+1.99.0-beta.8" "test" "--frozen" "--no-run" "--message-format=json", kill_on_drop: false }`
[INFO] [stderr]    Compiling syn v3.0.3
[INFO] [stderr]    Compiling syn v2.0.119
[INFO] [stderr]    Compiling cc v1.4.2
[INFO] [stderr]    Compiling mio v1.2.2
[INFO] [stderr]    Compiling rustix v1.1.4
[INFO] [stderr]    Compiling zlib-rs v0.6.7
[INFO] [stderr]    Compiling nix v0.31.3
[INFO] [stderr]    Compiling winnow v1.0.4
[INFO] [stderr]    Compiling approx v0.5.1
[INFO] [stderr]    Compiling getrandom v0.4.3
[INFO] [stderr]    Compiling statrs v0.18.0
[INFO] [stderr]    Compiling colored v3.1.1
[INFO] [stderr]    Compiling cmake v0.1.58
[INFO] [stderr]    Compiling toml_parser v1.1.3+spec-1.1.0
[INFO] [stderr]    Compiling either v1.17.0
[INFO] [stderr]    Compiling regex-automata v0.4.18
[INFO] [stderr]    Compiling toml_edit v0.25.13+spec-1.1.0
[INFO] [stderr]    Compiling aws-lc-sys v0.44.0
[INFO] [stderr]    Compiling codspeed v5.0.1
[INFO] [stderr]    Compiling proc-macro-crate v3.5.0
[INFO] [stderr]    Compiling itertools v0.14.0
[INFO] [stderr]    Compiling synstructure v0.13.2
[INFO] [stderr]    Compiling displaydoc v0.2.7
[INFO] [stderr]    Compiling tokio-macros v2.7.2
[INFO] [stderr]    Compiling serde_derive v1.0.229
[INFO] [stderr]    Compiling tokio v1.53.1
[INFO] [stderr]    Compiling flate2 v1.1.9
[INFO] [stderr]    Compiling compression-codecs v0.4.38
[INFO] [stderr]    Compiling zerofrom-derive v0.1.7
[INFO] [stderr]    Compiling yoke-derive v0.8.2
[INFO] [stderr]    Compiling zerovec-derive v0.11.3
[INFO] [stderr]    Compiling terminal_size v0.4.4
[INFO] [stderr]    Compiling clap_builder v4.6.6
[INFO] [stderr]    Compiling divan-macros v0.1.17
[INFO] [stderr]    Compiling zerofrom v0.1.8
[INFO] [stderr]    Compiling yoke v0.8.3
[INFO] [stderr]    Compiling polling v3.11.0
[INFO] [stderr]    Compiling zerovec v0.11.6
[INFO] [stderr]    Compiling zerotrie v0.2.4
[INFO] [stderr]    Compiling async-io v2.6.0
[INFO] [stderr]    Compiling condtype v1.3.0
[INFO] [stderr]    Compiling tinystr v0.8.3
[INFO] [stderr]    Compiling potential_utf v0.1.5
[INFO] [stderr]    Compiling icu_collections v2.2.0
[INFO] [stderr]    Compiling icu_locale_core v2.2.0
[INFO] [stderr]    Compiling regex-lite v0.1.9
[INFO] [stderr]    Compiling codspeed-divan-compat v5.0.1
[INFO] [stderr]    Compiling async-net v2.0.0
[INFO] [stderr]    Compiling serde v1.0.229
[INFO] [stderr]    Compiling icu_provider v2.2.0
[INFO] [stderr]    Compiling clap v4.6.6
[INFO] [stderr]    Compiling codspeed-divan-compat-macros v5.0.1
[INFO] [stderr]    Compiling icu_normalizer v2.2.0
[INFO] [stderr]    Compiling icu_properties v2.2.0
[INFO] [stderr]    Compiling serde_urlencoded v0.7.1
[INFO] [stderr]    Compiling regex v1.13.1
[INFO] [stderr]    Compiling ureq-proto v0.6.1
[INFO] [stderr]    Compiling tokio-util v0.7.19
[INFO] [stderr]    Compiling async-compression v0.4.43
[INFO] [stderr]    Compiling tower v0.5.3
[INFO] [stderr]    Compiling codspeed-divan-compat-walltime v5.0.1
[INFO] [stderr]    Compiling idna_adapter v1.2.2
[INFO] [stderr]    Compiling h2 v0.4.15
[INFO] [stderr]    Compiling idna v1.1.0
[INFO] [stderr]    Compiling webpki-roots v1.0.9
[INFO] [stderr]    Compiling utf8-zero v0.8.1
[INFO] [stderr]    Compiling tempfile v3.27.0
[INFO] [stderr]    Compiling url v2.5.8
[INFO] [stderr]    Compiling tower-http v0.6.11
[INFO] [stderr]    Compiling hyper v1.11.0
[INFO] [stderr]    Compiling hyper-util v0.1.20
[INFO] [stderr]    Compiling aws-lc-rs v1.18.0
[INFO] [stderr]    Compiling rustls v0.23.43
[INFO] [stderr]    Compiling rustls-webpki v0.103.14
[INFO] [stderr]    Compiling tokio-rustls v0.26.4
[INFO] [stderr]    Compiling rustls-platform-verifier v0.7.0
[INFO] [stderr]    Compiling futures-rustls v0.26.0
[INFO] [stderr]    Compiling ureq v3.4.0
[INFO] [stderr]    Compiling tez v0.0.3 (/opt/rustwide/workdir)
[INFO] [stderr]    Compiling hyper-rustls v0.27.9
[INFO] [stderr]    Compiling reqwest v0.13.4
[INFO] [stderr]     Finished `test` profile [unoptimized + debuginfo] target(s) in 3m 26s
[INFO] running `Command { std: "docker" "inspect" "23c8b3489ed277f6b948e76ad76964c34305754d369e9beef46daec0816ec01a", kill_on_drop: false }`
[INFO] running `Command { std: "docker" "exec" "-e" "SOURCE_DIR=/opt/rustwide/workdir" "-e" "CARGO_HOME=/opt/rustwide/cargo-home" "-e" "RUSTUP_HOME=/opt/rustwide/rustup-home" "-e" "CARGO_TARGET_DIR=/opt/rustwide/target" "-e" "CARGO_INCREMENTAL=0" "-e" "RUST_BACKTRACE=full" "-e" "RUSTFLAGS=--cap-lints=warn" "-e" "RUSTDOCFLAGS=--cap-lints=warn" "-w" "/opt/rustwide/workdir" "--user" "0:0" "23c8b3489ed277f6b948e76ad76964c34305754d369e9beef46daec0816ec01a" "/opt/rustwide/cargo-home/bin/cargo" "+1.99.0-beta.8" "test" "--frozen", kill_on_drop: false }`
[INFO] [stderr]     Finished `test` profile [unoptimized + debuginfo] target(s) in 0.40s
[INFO] [stderr]      Running unittests src/lib.rs (/opt/rustwide/target/debug/deps/tez-a10ed0f7dd692606)
[INFO] [stdout] 
[INFO] [stdout] running 87 tests
[INFO] [stdout] test auth::tests::generated_values_are_sensitive ... ok
[INFO] [stdout] test auth::tests::authentication_redacts_its_credentials ... ok
[INFO] [stdout] test body::tests::an_exact_reader_reports_early_eof_and_stops_at_its_length ... ok
[INFO] [stdout] test body::tests::byte_streams_preserve_chunks_and_enforce_an_exact_length ... ok
[INFO] [stdout] test auth::tests::bearer_tokens_follow_rfc_6750_syntax ... ok
[INFO] [stdout] test auth::tests::api_key_debug_is_redacted ... ok
[INFO] [stdout] test body::tests::byte_streams_end_after_their_first_error ... ok
[INFO] [stdout] test client::tests::client_builder_debug_reports_user_agent_policy_without_its_value ... ok
[INFO] [stdout] test body::tests::wrapped_http_body_preserves_standard_frames ... ok
[INFO] [stdout] test body::tests::validated_lengths_reject_a_source_that_breaks_its_size_contract ... ok
[INFO] [stdout] test client::tests::absolute_targets_are_revalidated_at_the_client_boundary ... ok
[INFO] [stdout] test blocking::tests::exact_blocking_uploads_leave_trailing_reader_bytes_unread ... ok
[INFO] [stdout] test blocking::tests::blocking_collection_rejects_an_oversized_hint_before_reading ... ok
[INFO] [stdout] test client::tests::manual_framing_requires_one_matching_exact_length ... ok
[INFO] [stdout] test client::tests::request_headers_replace_client_defaults_by_name ... ok
[INFO] [stdout] test client::tests::resolves_paths_inside_the_base_url_prefix ... ok
[INFO] [stdout] test client::tests::client_builder_defers_default_header_errors_and_retains_the_first ... ok
[INFO] [stdout] test compression::tests::advertised_encodings_match_compiled_features ... ok
[INFO] [stdout] test compression::tests::transport_errors_survive_the_decoder_boundary ... ok
[INFO] [stdout] test config::tests::invalid_limits_and_zero_timeouts_are_rejected ... ok
[INFO] [stdout] test config::tests::defaults_bound_collection_connections_and_connection_setup ... ok
[INFO] [stdout] test connection::client::tests::low_level_builder_rejects_invalid_resource_policy ... ok
[INFO] [stdout] test connection::handshake::tests::socks_targets_preserve_ip_address_types ... ok
[INFO] [stdout] test connection::pool::tests::configured_proxy_credentials_are_only_added_for_the_proxy_hop ... ok
[INFO] [stdout] test connection::pool::tests::caller_proxy_credentials_never_reach_a_connection ... ok
[INFO] [stdout] test connection::pool::tests::http2_requests_drop_connection_specific_headers ... ok
[INFO] [stdout] test body::tests::bytes_body_yields_one_data_frame ... ok
[INFO] [stdout] test dispatch::tests::bodyless_responses_are_not_candidates_for_decompression ... ok
[INFO] [stdout] test connection::tests::origins_default_ports_and_format_ipv6_authorities ... ok
[INFO] [stdout] test error::tests::formatting_does_not_expose_callers_input ... ok
[INFO] [stdout] test dns::tests::resolved_addresses_alternate_families_without_reordering_them ... ok
[INFO] [stdout] test error::tests::predicates_expose_only_the_stable_error_categories ... ok
[INFO] [stdout] test event::tests::debug_never_exposes_event_contents ... ok
[INFO] [stdout] test redirect::tests::only_redirect_statuses_can_create_follow_up_requests ... ok
[INFO] [stdout] test redirect::tests::origins_include_scheme_host_and_effective_port ... ok
[INFO] [stdout] test connection::settings::tests::defaults_favor_small_writes_without_forcing_keepalive ... ok
[INFO] [stdout] test connection::settings::tests::invalid_socket_and_protocol_values_are_rejected ... ok
[INFO] [stdout] test dns::tests::a_local_address_selects_only_matching_destinations ... ok
[INFO] [stdout] test redirect::tests::crossing_origins_removes_authority_bound_headers ... ok
[INFO] [stdout] test client::tests::client_builder_rejects_invalid_configuration_without_echoing_it ... ok
[INFO] [stdout] test request::tests::accepts_only_unambiguous_targets ... ok
[INFO] [stdout] test response::tests::collecting_one_data_frame_reuses_its_bytes ... ok
[INFO] [stdout] test response::tests::collection_does_not_treat_an_upper_hint_as_actual_length ... ok
[INFO] [stdout] test request::tests::header_map_replaces_only_the_names_it_contains ... ok
[INFO] [stdout] test dispatch::tests::retry_delay_that_reaches_the_deadline_fails_immediately ... ok
[INFO] [stdout] test response::tests::debug_never_includes_header_values_or_body_data ... ok
[INFO] [stdout] test request::tests::query_appends_parameters_and_retains_the_first_error ... ok
[INFO] [stdout] test request::tests::generated_content_type_does_not_survive_a_raw_body ... ok
[INFO] [stdout] test retry::tests::backoff_never_exceeds_its_attempt_ceiling ... ok
[INFO] [stdout] test retry::tests::only_connection_errors_are_retried ... ok
[INFO] [stdout] test retry::tests::retry_after_is_parsed_and_capped ... ok
[INFO] [stdout] test retry::tests::standard_idempotent_methods_are_eligible ... ok
[INFO] [stdout] test runtime::deadline::tests::expired_deadlines_do_not_poll_the_operation ... ok
[INFO] [stdout] test retry::tests::only_transient_statuses_are_retried ... ok
[INFO] [stdout] test response::tests::text_decoding_honors_declared_charsets_and_rejects_malformed_data ... ok
[INFO] [stdout] test response::tests::decoders_consume_the_body_and_classify_invalid_data ... ok
[INFO] [stdout] test runtime::deadline::tests::missing_deadlines_are_unbounded ... ok
[INFO] [stdout] test runtime::deadline::tests::overflowing_deadlines_do_not_become_unbounded ... ok
[INFO] [stdout] test runtime::io::tests::buffered_reads_reserve_capacity_instead_of_reporting_eof ... ok
[INFO] [stdout] test runtime::io::tests::futures_reader_cannot_advance_past_hypers_buffer ... ok
[INFO] [stdout] test runtime::io::tests::futures_reader_fills_hypers_buffer_through_initialized_storage ... ok
[INFO] [stdout] test runtime::timer::tests::durations_beyond_the_platform_clock_wait_indefinitely ... ok
[INFO] [stdout] test stream::json::tests::array_encoder_frames_a_valid_document_without_collecting_the_sequence ... ok
[INFO] [stdout] test stream::json::tests::decoders_enforce_the_item_limit ... ok
[INFO] [stdout] test stream::json::tests::document_decoder_preserves_json_split_across_body_frames ... ok
[INFO] [stdout] test stream::json::tests::encoder_serializes_one_value_per_body_frame ... ok
[INFO] [stdout] test stream::json::tests::encoders_reject_one_value_beyond_the_item_limit ... ok
[INFO] [stdout] test stream::json::tests::line_decoder_preserves_records_split_across_body_frames ... ok
[INFO] [stdout] test stream::sse::tests::decoder_classifies_invalid_utf8_and_oversized_events_as_decode_errors ... ok
[INFO] [stdout] test stream::sse::tests::decoder_follows_event_stream_conformance_cases ... ok
[INFO] [stdout] test stream::sse::tests::decoder_handles_chunked_bom_line_endings_and_persistent_fields ... ok
[INFO] [stdout] test runtime::deadline::tests::expired_deadlines_fail_before_work_starts ... ok
[INFO] [stdout] test stream::sse::tests::encoder_preserves_metadata_and_normalizes_data_line_endings ... ok
[INFO] [stdout] test runtime::executor::tests::default_executor_drives_detached_connections ... ok
[INFO] [stdout] test stream::sse::tests::encoder_rejects_fields_that_could_inject_protocol_lines ... ok
[INFO] [stdout] test stream::sse::tests::encoder_rejects_one_event_beyond_the_item_limit ... ok
[INFO] [stdout] test tls::tests::protocol_version_bounds_select_an_ordered_supported_set ... ok
[INFO] [stdout] test transport::tests::explicit_proxy_bypass_is_independent_of_process_settings ... ok
[INFO] [stdout] test transport::tests::no_proxy_supports_domains_ports_ipv6_and_cidr_networks ... ok
[INFO] [stdout] test transport::tests::proxy_credentials_are_percent_decoded_before_authentication ... ok
[INFO] [stdout] test transport::tests::socks_credentials_remain_outside_the_proxy_endpoint ... ok
[INFO] [stdout] test transport::tests::proxy_credentials_are_encoded_without_entering_debug_output ... ok
[INFO] [stdout] test request::tests::request_builder_modifies_the_owned_request ... ok
[INFO] [stdout] test response::tests::collection_limit_accepts_the_boundary_and_rejects_the_next_byte ... ok
[INFO] [stdout] test stream::sse::tests::decoder_handles_seeded_mutations_across_chunk_boundaries ... ok
[INFO] [stdout] test request::tests::zero_timeout_is_retained_without_echoing_the_request ... ok
[INFO] [stdout] test client::tests::client_builder_uses_the_default_or_explicit_total_deadline ... ok
[INFO] [stdout] 
[INFO] [stdout] test result: ok. 87 passed; 0 failed; 0 ignored; 0 measured; 0 filtered out; finished in 0.85s
[INFO] [stdout] 
[INFO] [stderr]      Running tests/blocking.rs (/opt/rustwide/target/debug/deps/blocking-fcbd3b0d4ff26354)
[INFO] [stdout] 
[INFO] [stdout] running 7 tests
[INFO] [stdout] test blocking_clients_stream_structured_requests_and_responses ... ok
[INFO] [stdout] test blocking_response_copy_to_preserves_timeout_errors ... ok
[INFO] [stdout] test blocking_response_discard_preserves_timeout_errors ... ok
[INFO] [stdout] test blocking_clients_reuse_http1_connections_after_bodies_are_consumed ... ok
[INFO] [stdout] test blocking_readers_stream_with_unknown_or_exact_request_lengths ... ok
[INFO] [stdout] test blocking_clients_share_tls_http2_redirect_and_body_policy ... ok
[INFO] [stdout] test blocking_response_reads_observe_the_total_request_deadline ... ok
[INFO] [stdout] 
[INFO] [stdout] test result: ok. 7 passed; 0 failed; 0 ignored; 0 measured; 0 filtered out; finished in 0.36s
[INFO] [stdout] 
[INFO] [stderr]      Running tests/client.rs (/opt/rustwide/target/debug/deps/client-027e5c2d81a4942a)
[INFO] [stdout] 
[INFO] [stdout] running 16 tests
[INFO] [stdout] test client_builds_without_a_runtime ... ok
[INFO] [stdout] test custom_authentication_failures_use_the_redacted_error_contract ... ok
[INFO] [stdout] test a_custom_runtime_supplies_every_async_capability ... ok
[INFO] [stdout] test a_silently_closed_idle_connection_is_replaced_before_sending ... ok
[INFO] [stdout] test debug_output_does_not_print_request_or_transport_secrets ... ok
[INFO] [stdout] test ambiguous_transport_failure_is_not_retried ... ok
[INFO] [stdout] test cloned_clients_share_one_pool_after_body_consumption ... ok
[INFO] [stdout] test connection_limits_apply_backpressure_until_an_http1_body_is_released ... ok
[INFO] [stdout] test low_level_connection_client_preserves_standard_http_types ... ok
[INFO] [stdout] test cold_http1_connections_open_concurrently_after_protocol_discovery ... ok
[INFO] [stdout] test custom_authentication_refreshes_and_owns_the_headers_it_applies ... ok
[INFO] [stdout] test custom_resolver_controls_origin_address_lookup ... ok
[INFO] [stdout] test requests_run_on_the_futures_executor_without_tokio_or_smol ... ok
[INFO] [stdout] test public_types_and_send_futures_are_send ... ok
[INFO] [stdout] test numeric_ipv6_origins_use_unbracketed_dns_and_bracketed_host_headers ... ok
[INFO] [stdout] test idle_http1_connections_expire_before_the_next_request ... ok
[INFO] [stdout] 
[INFO] [stdout] test result: ok. 16 passed; 0 failed; 0 ignored; 0 measured; 0 filtered out; finished in 1.01s
[INFO] [stdout] 
[INFO] [stderr]      Running tests/compression.rs (/opt/rustwide/target/debug/deps/compression-32ee1d77308be976)
[INFO] [stdout] 
[INFO] [stdout] running 9 tests
[INFO] [stdout] test range_responses_are_not_transparently_decoded ... ok
[INFO] [stdout] test decoded_responses_preserve_http_trailers_after_the_data ... ok
[INFO] [stdout] test enabled_features_are_advertised_and_decoded ... ok
[INFO] [stdout] test disable_compression_preserves_encoded_responses ... ok
[INFO] [stdout] test explicit_accept_encoding_is_decoded_when_compression_is_enabled ... ok
[INFO] [stdout] test range_requests_do_not_implicitly_advertise_compression ... ok
[INFO] [stdout] test bodyless_responses_are_not_transparently_decoded ... ok
[INFO] [stdout] test compressed_body_timeouts_remain_timeouts ... ok
[INFO] [stdout] test repeated_content_encoding_fields_are_decoded_in_wire_order ... ok
[INFO] [stdout] 
[INFO] [stdout] test result: ok. 9 passed; 0 failed; 0 ignored; 0 measured; 0 filtered out; finished in 0.59s
[INFO] [stdout] 
[INFO] [stderr]      Running tests/cookies.rs (/opt/rustwide/target/debug/deps/cookies-44a38881f747472b)
[INFO] [stderr]      Running tests/events.rs (/opt/rustwide/target/debug/deps/events-9645a70bf8ae5333)
[INFO] [stdout] 
[INFO] [stdout] running 0 tests
[INFO] [stdout] 
[INFO] [stdout] test result: ok. 0 passed; 0 failed; 0 ignored; 0 measured; 0 filtered out; finished in 0.00s
[INFO] [stdout] 
[INFO] [stdout] 
[INFO] [stdout] running 11 tests
[INFO] [stdout] test json_documents_stream_as_one_typed_value ... ok
[INFO] [stdout] test json_events_do_not_hide_an_unconfigured_done_sentinel ... ok
[INFO] [stdout] test explicit_stream_decoders_reject_malformed_records_and_events ... ok
[INFO] [stdout] test event_streams_observe_the_response_deadline ... ok
[INFO] [stdout] test explicit_json_streaming_does_not_depend_on_content_type ... ok
[INFO] [stdout] test ndjson_and_json_lines_stream_records_as_they_complete ... ok
[INFO] [stdout] test raw_events_keep_the_done_sentinel_visible ... ok
[INFO] [stdout] test server_sent_events_preserve_metadata_and_json_data ... ok
[INFO] [stdout] test requests_can_remove_the_default_deadline_for_event_streams ... ok
[INFO] [stdout] test structured_streams_enforce_the_configured_item_limit ... ok
[INFO] [stdout] test typed_events_stop_at_the_conventional_done_sentinel ... ok
[INFO] [stdout] 
[INFO] [stdout] test result: ok. 11 passed; 0 failed; 0 ignored; 0 measured; 0 filtered out; finished in 0.70s
[INFO] [stdout] 
[INFO] [stderr]      Running tests/multipart.rs (/opt/rustwide/target/debug/deps/multipart-9a47d6f78ab1a843)
[INFO] [stdout] 
[INFO] [stdout] running 9 tests
[INFO] [stdout] test multipart_owns_its_content_type_until_its_body_is_replaced ... ok
[INFO] [stdout] test multipart_body_failures_use_the_redacted_body_error ... ok
[INFO] [stdout] test buffered_multipart_is_replayed_across_body_preserving_redirects ... ok
[INFO] [stdout] test multipart_escapes_field_names_and_file_names ... ok
[INFO] [stdout] test a_file_part_streams_with_its_name_and_exact_form_length ... ok
[INFO] [stdout] test multipart_is_not_replayed_across_body_preserving_redirects ... ok
[INFO] [stdout] test multipart_rejects_manual_length_before_transport ... ok
[INFO] [stdout] test multipart_preserves_parts_metadata_and_streamed_data_on_the_wire ... ok
[INFO] [stdout] test multipart_validation_errors_are_redacted ... ok
[INFO] [stdout] 
[INFO] [stdout] test result: ok. 9 passed; 0 failed; 0 ignored; 0 measured; 0 filtered out; finished in 0.54s
[INFO] [stdout] 
[INFO] [stderr]      Running tests/protocols.rs (/opt/rustwide/target/debug/deps/protocols-d6861d7359f5b095)
[INFO] [stdout] 
[INFO] [stdout] running 7 tests
[INFO] [stdout] test a_socks5h_proxy_resolves_the_destination_and_authenticates ... ok
[INFO] [stdout] test cleartext_http2_prior_knowledge_uses_http2_without_an_upgrade ... ok
[INFO] [stdout] test an_http_upgrade_returns_the_connection_with_prefetched_bytes ... ok
[INFO] [stdout] test a_blocking_http_upgrade_returns_a_readable_and_writable_connection ... ok
[INFO] [stdout] test slow_http2_response_bodies_report_timeouts ... ok
[INFO] [stdout] test an_http2_connect_returns_a_duplex_stream_and_keeps_the_connection_reusable ... ok
[INFO] [stdout] test a_blocking_http2_connect_returns_a_readable_and_writable_stream ... ok
[INFO] [stdout] 
[INFO] [stdout] test result: ok. 7 passed; 0 failed; 0 ignored; 0 measured; 0 filtered out; finished in 0.58s
[INFO] [stdout] 
[INFO] [stderr]      Running tests/proxies.rs (/opt/rustwide/target/debug/deps/proxies-2c445db423e8318f)
[INFO] [stdout] 
[INFO] [stdout] running 9 tests
[INFO] [stdout] 
[INFO] [stdout] running 1 test
[INFO] [stdout] test invalid_proxy_urls_are_request_errors_and_redacted ... ok
[INFO] [stdout] test https_requests_tunnel_through_http_proxies_without_forwarding_credentials ... ok
[INFO] [stdout] test https_proxies_use_the_clients_configured_trust_roots ... ok
[INFO] [stdout] test proxy_debug_output_reports_only_the_policy ... ok
[INFO] [stdout] test http_proxy_credentials_are_sent_only_to_the_proxy ... ok
[INFO] [stdout] test all_policy_forwards_http_requests_in_absolute_form ... ok
[INFO] [stdout] test all_policy_ignores_no_proxy ... ok
[INFO] [stdout] 
[INFO] [stdout] test result: ok. 1 passed; 0 failed; 0 ignored; 0 measured; 8 filtered out; finished in 0.45s
[INFO] [stdout] 
[INFO] [stdout] test all_policy_ignores_no_proxy ... ok
[INFO] [stdout] test the_last_proxy_policy_call_wins ... ok
[INFO] [stdout] test all_policy_accepts_both_proxy_schemes ... ok
[INFO] [stdout] 
[INFO] [stdout] test result: ok. 9 passed; 0 failed; 0 ignored; 0 measured; 0 filtered out; finished in 0.65s
[INFO] [stdout] 
[INFO] [stderr]      Running tests/redirects.rs (/opt/rustwide/target/debug/deps/redirects-fa1cc8a47076b045)
[INFO] [stdout] 
[INFO] [stdout] running 8 tests
[INFO] [stdout] test location_headers_on_non_redirect_statuses_are_not_followed ... ok
[INFO] [stdout] test cross_origin_redirects_are_not_followed ... ok
[INFO] [stdout] test redirects_rewrite_or_replay_the_request_as_needed ... ok
[INFO] [stdout] test cross_origin_redirects_remove_headers_marked_sensitive ... ok
[INFO] [stdout] test follows_relative_redirects_and_reports_the_hop_limit ... ok
[INFO] [stdout] test disabled_redirects_return_malformed_locations_unchanged ... ok
[INFO] [stdout] test same_origin_redirects_follow_ten_hops_and_reject_the_eleventh ... ok
[INFO] [stdout] test redirects_are_returned_by_default_or_when_explicitly_disabled ... ok
[INFO] [stdout] 
[INFO] [stdout] test result: ok. 8 passed; 0 failed; 0 ignored; 0 measured; 0 filtered out; finished in 0.60s
[INFO] [stdout] 
[INFO] [stderr]      Running tests/requests.rs (/opt/rustwide/target/debug/deps/requests-01d9c784a611e067)
[INFO] [stdout] 
[INFO] [stdout] running 9 tests
[INFO] [stdout] test invalid_authentication_is_rejected_without_exposing_credentials ... ok
[INFO] [stdout] test client_applies_defaults_and_resolves_base_paths_on_the_wire ... ok
[INFO] [stdout] test streaming_upload_uses_standard_http_body_framing ... ok
[INFO] [stdout] test invalid_manual_framing_stops_before_transport ... ok
[INFO] [stdout] test raw_and_fluent_requests_share_the_client_pipeline ... ok
[INFO] [stdout] test body_content_sets_its_media_type_and_streams_incrementally ... ok
[INFO] [stdout] test authentication_owns_its_headers_regardless_of_builder_call_order ... ok
[INFO] [stdout] test built_in_authentication_applies_defaults_and_request_overrides ... ok
[INFO] [stdout] test client_user_agent_can_be_configured_or_omitted ... ok
[INFO] [stdout] 
[INFO] [stdout] test result: ok. 9 passed; 0 failed; 0 ignored; 0 measured; 0 filtered out; finished in 0.79s
[INFO] [stdout] 
[INFO] [stderr]      Running tests/responses.rs (/opt/rustwide/target/debug/deps/responses-2980169a2fc9ffa1)
[INFO] [stdout] 
[INFO] [stdout] running 13 tests
[INFO] [stdout] test non_success_status_remains_a_response ... ok
[INFO] [stdout] test collection_uses_the_client_limit_and_allows_a_one_response_override ... ok
[INFO] [stdout] test head_metadata_describes_the_empty_exposed_body ... ok
[INFO] [stdout] test request_deadline_can_be_shorter_than_the_client_default ... ok
[INFO] [stdout] test content_decoders_share_explicit_collection_limits ... ok
[INFO] [stdout] test read_timeout_restarts_after_each_body_frame ... ok
[INFO] [stdout] test read_timeout_does_not_count_time_between_caller_reads ... ok
[INFO] [stdout] test raw_request_inherits_the_client_deadline ... ok
[INFO] [stdout] test response_metadata_describes_the_decoded_body_and_transport_peer ... ok
[INFO] [stdout] test response_copy_streams_into_an_async_writer ... ok
[INFO] [stdout] test total_deadline_continues_after_response_headers ... ok
[INFO] [stdout] test streaming_response_preserves_trailers ... ok
[INFO] [stdout] test streaming_bypasses_the_collector_limit ... ok
[INFO] [stdout] 
[INFO] [stdout] test result: ok. 13 passed; 0 failed; 0 ignored; 0 measured; 0 filtered out; finished in 1.04s
[INFO] [stdout] 
[INFO] [stderr]      Running tests/retries.rs (/opt/rustwide/target/debug/deps/retries-6b5a9ac256a539b6)
[INFO] [stdout] 
[INFO] [stdout] running 7 tests
[INFO] [stdout] test overlong_retry_wait_stops_without_another_request ... ok
[INFO] [stdout] test retries_do_not_repeat_non_idempotent_or_streaming_requests ... ok
[INFO] [stdout] test default_policy_does_not_schedule_another_request ... ok
[INFO] [stdout] test retry_after_is_honored_before_an_idempotent_retry ... ok
[INFO] [stdout] test retries_reuse_one_authenticated_request ... ok
[INFO] [stdout] test idempotent_retries_replay_buffered_requests_and_return_the_final_response ... ok
[INFO] [stdout] test idempotent_retries_return_the_last_response_after_three_attempts ... ok
[INFO] [stdout] 
[INFO] [stdout] test result: ok. 7 passed; 0 failed; 0 ignored; 0 measured; 0 filtered out; finished in 0.86s
[INFO] [stdout] 
[INFO] [stderr]      Running tests/tls.rs (/opt/rustwide/target/debug/deps/tls-df1b3170af82b87a)
[INFO] [stdout] 
[INFO] [stdout] running 9 tests
[INFO] [stdout] test private_trust_and_identity_enable_mutual_tls ... ok
[INFO] [stdout] test http2_is_negotiated_and_multiplexed_over_one_tls_connection ... ok
[INFO] [stdout] test cross_origin_redirects_never_downgrade_https_to_http ... ok
[INFO] [stdout] test private_tls_rejects_untrusted_anonymous_and_wrong_host_peers ... ok
[INFO] [stdout] test abandoning_an_http2_body_keeps_other_streams_usable ... ok
[INFO] [stdout] test https_only_rejects_downgrade_redirects_when_same_origin_following_is_enabled ... ok
[INFO] [stdout] test trust_and_identity_configuration_is_replaced_deferred_and_redacted ... ok
[INFO] [stdout] test https_only_rejects_http_before_transport ... ok
[INFO] [stdout] test closed_http2_connections_are_replaced_before_unsent_requests ... FAILED
[INFO] [stdout] 
[INFO] [stdout] failures:
[INFO] [stdout] 
[INFO] [stdout] ---- closed_http2_connections_are_replaced_before_unsent_requests stdout ----
[INFO] [stdout] 
[INFO] [stdout] thread 'closed_http2_connections_are_replaced_before_unsent_requests' (5244) panicked at tests/tls.rs:89:67:
[INFO] [stdout] called `Result::unwrap()` on an `Err` value: Error { class: Connect, message: "could not establish an HTTP connection" }
[INFO] [stdout] stack backtrace:
[INFO] [stdout]    0:     0x62084e7a5171 - std[70759c8f55707aa4]::backtrace_rs::backtrace::libunwind::trace
[INFO] [stdout]                                at /rustc/dfb0accb7f508ae8be965d8629557221c889dd98/library/std/src/../../backtrace/src/backtrace/libunwind.rs:117:9
[INFO] [stdout]    1:     0x62084e7a5171 - std[70759c8f55707aa4]::backtrace_rs::backtrace::trace_unsynchronized::<std[70759c8f55707aa4]::sys::backtrace::_print_fmt::{closure#1}>
[INFO] [stdout]                                at /rustc/dfb0accb7f508ae8be965d8629557221c889dd98/library/std/src/../../backtrace/src/backtrace/mod.rs:66:14
[INFO] [stdout]    2:     0x62084e7a5171 - std[70759c8f55707aa4]::sys::backtrace::_print_fmt
[INFO] [stdout]                                at /rustc/dfb0accb7f508ae8be965d8629557221c889dd98/library/std/src/sys/backtrace.rs:74:9
[INFO] [stdout]    3:     0x62084e7a5171 - <<std[70759c8f55707aa4]::sys::backtrace::BacktraceLock>::print::DisplayBacktrace as core[df12db4294e9bfd3]::fmt::Display>::fmt
[INFO] [stdout]                                at /rustc/dfb0accb7f508ae8be965d8629557221c889dd98/library/std/src/sys/backtrace.rs:44:26
[INFO] [stdout]    4:     0x62084e7bc05a - <core[df12db4294e9bfd3]::fmt::rt::Argument>::fmt
[INFO] [stdout]                                at /rustc/dfb0accb7f508ae8be965d8629557221c889dd98/library/core/src/fmt/rt.rs:152:76
[INFO] [stdout]    5:     0x62084e7bc05a - core[df12db4294e9bfd3]::fmt::write
[INFO] [stdout]    6:     0x62084e7aa3cc - core[df12db4294e9bfd3]::io::write::default_write_fmt::<alloc[2182bb758b4b3781]::vec::Vec<u8>>
[INFO] [stdout]                                at /rustc/dfb0accb7f508ae8be965d8629557221c889dd98/library/core/src/io/write.rs:402:11
[INFO] [stdout]    7:     0x62084e7aa3cc - <alloc[2182bb758b4b3781]::vec::Vec<u8> as core[df12db4294e9bfd3]::io::write::Write>::write_fmt
[INFO] [stdout]                                at /rustc/dfb0accb7f508ae8be965d8629557221c889dd98/library/core/src/io/write.rs:335:13
[INFO] [stdout]    8:     0x62084e780166 - <std[70759c8f55707aa4]::sys::backtrace::BacktraceLock>::print
[INFO] [stdout]                                at /rustc/dfb0accb7f508ae8be965d8629557221c889dd98/library/std/src/sys/backtrace.rs:47:9
[INFO] [stdout]    9:     0x62084e780166 - std[70759c8f55707aa4]::panicking::default_hook::{closure#0}
[INFO] [stdout]                                at /rustc/dfb0accb7f508ae8be965d8629557221c889dd98/library/std/src/panicking.rs:292:27
[INFO] [stdout]   10:     0x62084e79cfa9 - std[70759c8f55707aa4]::panicking::default_hook
[INFO] [stdout]                                at /rustc/dfb0accb7f508ae8be965d8629557221c889dd98/library/std/src/panicking.rs:316:9
[INFO] [stdout]   11:     0x62084df2cd50 - <alloc[2182bb758b4b3781]::boxed::Box<dyn for<'a, 'b> core[df12db4294e9bfd3]::ops::function::Fn<(&'a std[70759c8f55707aa4]::panic::PanicHookInfo<'b>,), Output = ()> + core[df12db4294e9bfd3]::marker::Send + core[df12db4294e9bfd3]::marker::Sync> as core[df12db4294e9bfd3]::ops::function::Fn<(&std[70759c8f55707aa4]::panic::PanicHookInfo,)>>::call
[INFO] [stdout]                                at /rustc/dfb0accb7f508ae8be965d8629557221c889dd98/library/alloc/src/boxed.rs:2334:9
[INFO] [stdout]   12:     0x62084df2cd50 - test[9d35eded1c95d3be]::test_main_inner::<test[9d35eded1c95d3be]::test_main_static::{closure#0}>::{closure#0}
[INFO] [stdout]                                at /rustc/dfb0accb7f508ae8be965d8629557221c889dd98/library/test/src/lib.rs:155:21
[INFO] [stdout]   13:     0x62084e79d2d2 - <alloc[2182bb758b4b3781]::boxed::Box<dyn for<'a, 'b> core[df12db4294e9bfd3]::ops::function::Fn<(&'a std[70759c8f55707aa4]::panic::PanicHookInfo<'b>,), Output = ()> + core[df12db4294e9bfd3]::marker::Send + core[df12db4294e9bfd3]::marker::Sync> as core[df12db4294e9bfd3]::ops::function::Fn<(&std[70759c8f55707aa4]::panic::PanicHookInfo,)>>::call
[INFO] [stdout]                                at /rustc/dfb0accb7f508ae8be965d8629557221c889dd98/library/alloc/src/boxed.rs:2334:9
[INFO] [stdout]   14:     0x62084e79d2d2 - std[70759c8f55707aa4]::panicking::panic_with_hook
[INFO] [stdout]                                at /rustc/dfb0accb7f508ae8be965d8629557221c889dd98/library/std/src/panicking.rs:823:13
[INFO] [stdout]   15:     0x62084e780212 - std[70759c8f55707aa4]::panicking::panic_handler::{closure#0}
[INFO] [stdout]                                at /rustc/dfb0accb7f508ae8be965d8629557221c889dd98/library/std/src/panicking.rs:688:13
[INFO] [stdout]   16:     0x62084e778e19 - std[70759c8f55707aa4]::sys::backtrace::__rust_end_short_backtrace::<std[70759c8f55707aa4]::panicking::panic_handler::{closure#0}, !>
[INFO] [stdout]                                at /rustc/dfb0accb7f508ae8be965d8629557221c889dd98/library/std/src/sys/backtrace.rs:182:18
[INFO] [stdout]   17:     0x62084e780ffd - __rustc[8fa7c3cbc660c2b3]::rust_begin_unwind
[INFO] [stdout]                                at /rustc/dfb0accb7f508ae8be965d8629557221c889dd98/library/std/src/panicking.rs:679:5
[INFO] [stdout]   18:     0x62084e7bc87c - core[df12db4294e9bfd3]::panicking::panic_fmt
[INFO] [stdout]                                at /rustc/dfb0accb7f508ae8be965d8629557221c889dd98/library/core/src/panicking.rs:80:14
[INFO] [stdout]   19:     0x62084e7bc5d2 - core[df12db4294e9bfd3]::result::unwrap_failed
[INFO] [stdout]                                at /rustc/dfb0accb7f508ae8be965d8629557221c889dd98/library/core/src/result.rs:1871:5
[INFO] [stdout]   20:     0x62084df0d864 - <core[df12db4294e9bfd3]::result::Result<tez[6af76422af5b1f9]::response::Response, tez[6af76422af5b1f9]::error::Error>>::unwrap
[INFO] [stdout]                                at /rustc/dfb0accb7f508ae8be965d8629557221c889dd98/library/core/src/result.rs:1232:23
[INFO] [stdout]   21:     0x62084df0d864 - tls[e42c6b0ca9961a19]::closed_http2_connections_are_replaced_before_unsent_requests::{closure#0}
[INFO] [stdout]                                at /opt/rustwide/workdir/tests/tls.rs:89:67
[INFO] [stdout]   22:     0x62084df05cc2 - <core[df12db4294e9bfd3]::pin::Pin<&mut dyn core[df12db4294e9bfd3]::future::future::Future<Output = ()>> as core[df12db4294e9bfd3]::future::future::Future>::poll
[INFO] [stdout]                                at /rustc/dfb0accb7f508ae8be965d8629557221c889dd98/library/core/src/future/future.rs:133:9
[INFO] [stdout]   23:     0x62084df05d3d - <core[df12db4294e9bfd3]::pin::Pin<&mut core[df12db4294e9bfd3]::pin::Pin<&mut dyn core[df12db4294e9bfd3]::future::future::Future<Output = ()>>> as core[df12db4294e9bfd3]::future::future::Future>::poll
[INFO] [stdout]                                at /rustc/dfb0accb7f508ae8be965d8629557221c889dd98/library/core/src/future/future.rs:133:9
[INFO] [stdout]   24:     0x62084de99ced - <tokio[ff0bc5c9a312bd4d]::runtime::scheduler::current_thread::CoreGuard>::block_on::<core[df12db4294e9bfd3]::pin::Pin<&mut core[df12db4294e9bfd3]::pin::Pin<&mut dyn core[df12db4294e9bfd3]::future::future::Future<Output = ()>>>>::{closure#0}::{closure#0}::{closure#0}
[INFO] [stdout]                                at /opt/rustwide/cargo-home/registry/src/index.crates.io-1949cf8c6b5b557f/tokio-1.53.1/src/runtime/scheduler/current_thread/mod.rs:830:70
[INFO] [stdout]   25:     0x62084de99c25 - tokio[ff0bc5c9a312bd4d]::task::coop::with_budget::<core[df12db4294e9bfd3]::task::poll::Poll<()>, <tokio[ff0bc5c9a312bd4d]::runtime::scheduler::current_thread::CoreGuard>::block_on<core[df12db4294e9bfd3]::pin::Pin<&mut core[df12db4294e9bfd3]::pin::Pin<&mut dyn core[df12db4294e9bfd3]::future::future::Future<Output = ()>>>>::{closure#0}::{closure#0}::{closure#0}>
[INFO] [stdout]                                at /opt/rustwide/cargo-home/registry/src/index.crates.io-1949cf8c6b5b557f/tokio-1.53.1/src/task/coop/mod.rs:167:5
[INFO] [stdout]   26:     0x62084de99c25 - tokio[ff0bc5c9a312bd4d]::task::coop::budget::<core[df12db4294e9bfd3]::task::poll::Poll<()>, <tokio[ff0bc5c9a312bd4d]::runtime::scheduler::current_thread::CoreGuard>::block_on<core[df12db4294e9bfd3]::pin::Pin<&mut core[df12db4294e9bfd3]::pin::Pin<&mut dyn core[df12db4294e9bfd3]::future::future::Future<Output = ()>>>>::{closure#0}::{closure#0}::{closure#0}>
[INFO] [stdout]                                at /opt/rustwide/cargo-home/registry/src/index.crates.io-1949cf8c6b5b557f/tokio-1.53.1/src/task/coop/mod.rs:133:5
[INFO] [stdout]   27:     0x62084de99c25 - <tokio[ff0bc5c9a312bd4d]::runtime::scheduler::current_thread::CoreGuard>::block_on::<core[df12db4294e9bfd3]::pin::Pin<&mut core[df12db4294e9bfd3]::pin::Pin<&mut dyn core[df12db4294e9bfd3]::future::future::Future<Output = ()>>>>::{closure#0}::{closure#0}
[INFO] [stdout]                                at /opt/rustwide/cargo-home/registry/src/index.crates.io-1949cf8c6b5b557f/tokio-1.53.1/src/runtime/scheduler/current_thread/mod.rs:830:25
[INFO] [stdout]   28:     0x62084de93ff2 - <tokio[ff0bc5c9a312bd4d]::runtime::scheduler::current_thread::Context>::enter::<core[df12db4294e9bfd3]::task::poll::Poll<()>, <tokio[ff0bc5c9a312bd4d]::runtime::scheduler::current_thread::CoreGuard>::block_on<core[df12db4294e9bfd3]::pin::Pin<&mut core[df12db4294e9bfd3]::pin::Pin<&mut dyn core[df12db4294e9bfd3]::future::future::Future<Output = ()>>>>::{closure#0}::{closure#0}>
[INFO] [stdout]                                at /opt/rustwide/cargo-home/registry/src/index.crates.io-1949cf8c6b5b557f/tokio-1.53.1/src/runtime/scheduler/current_thread/mod.rs:488:19
[INFO] [stdout]   29:     0x62084de990dd - <tokio[ff0bc5c9a312bd4d]::runtime::scheduler::current_thread::CoreGuard>::block_on::<core[df12db4294e9bfd3]::pin::Pin<&mut core[df12db4294e9bfd3]::pin::Pin<&mut dyn core[df12db4294e9bfd3]::future::future::Future<Output = ()>>>>::{closure#0}
[INFO] [stdout]                                at /opt/rustwide/cargo-home/registry/src/index.crates.io-1949cf8c6b5b557f/tokio-1.53.1/src/runtime/scheduler/current_thread/mod.rs:829:44
[INFO] [stdout]   30:     0x62084de98374 - <tokio[ff0bc5c9a312bd4d]::runtime::scheduler::current_thread::CoreGuard>::enter::<<tokio[ff0bc5c9a312bd4d]::runtime::scheduler::current_thread::CoreGuard>::block_on<core[df12db4294e9bfd3]::pin::Pin<&mut core[df12db4294e9bfd3]::pin::Pin<&mut dyn core[df12db4294e9bfd3]::future::future::Future<Output = ()>>>>::{closure#0}, core[df12db4294e9bfd3]::option::Option<()>>::{closure#0}
[INFO] [stdout]                                at /opt/rustwide/cargo-home/registry/src/index.crates.io-1949cf8c6b5b557f/tokio-1.53.1/src/runtime/scheduler/current_thread/mod.rs:906:68
[INFO] [stdout]   31:     0x62084de7bcfb - <tokio[ff0bc5c9a312bd4d]::runtime::context::scoped::Scoped<tokio[ff0bc5c9a312bd4d]::runtime::scheduler::Context>>::set::<<tokio[ff0bc5c9a312bd4d]::runtime::scheduler::current_thread::CoreGuard>::enter<<tokio[ff0bc5c9a312bd4d]::runtime::scheduler::current_thread::CoreGuard>::block_on<core[df12db4294e9bfd3]::pin::Pin<&mut core[df12db4294e9bfd3]::pin::Pin<&mut dyn core[df12db4294e9bfd3]::future::future::Future<Output = ()>>>>::{closure#0}, core[df12db4294e9bfd3]::option::Option<()>>::{closure#0}, (alloc[2182bb758b4b3781]::boxed::Box<tokio[ff0bc5c9a312bd4d]::runtime::scheduler::current_thread::Core>, core[df12db4294e9bfd3]::option::Option<()>)>
[INFO] [stdout]                                at /opt/rustwide/cargo-home/registry/src/index.crates.io-1949cf8c6b5b557f/tokio-1.53.1/src/runtime/context/scoped.rs:40:9
[INFO] [stdout]   32:     0x62084def0599 - tokio[ff0bc5c9a312bd4d]::runtime::context::set_scheduler::<(alloc[2182bb758b4b3781]::boxed::Box<tokio[ff0bc5c9a312bd4d]::runtime::scheduler::current_thread::Core>, core[df12db4294e9bfd3]::option::Option<()>), <tokio[ff0bc5c9a312bd4d]::runtime::scheduler::current_thread::CoreGuard>::enter<<tokio[ff0bc5c9a312bd4d]::runtime::scheduler::current_thread::CoreGuard>::block_on<core[df12db4294e9bfd3]::pin::Pin<&mut core[df12db4294e9bfd3]::pin::Pin<&mut dyn core[df12db4294e9bfd3]::future::future::Future<Output = ()>>>>::{closure#0}, core[df12db4294e9bfd3]::option::Option<()>>::{closure#0}>::{closure#0}
[INFO] [stdout]                                at /opt/rustwide/cargo-home/registry/src/index.crates.io-1949cf8c6b5b557f/tokio-1.53.1/src/runtime/context.rs:187:38
[INFO] [stdout]   33:     0x62084deed60f - <std[70759c8f55707aa4]::thread::local::LocalKey<tokio[ff0bc5c9a312bd4d]::runtime::context::Context>>::try_with::<tokio[ff0bc5c9a312bd4d]::runtime::context::set_scheduler<(alloc[2182bb758b4b3781]::boxed::Box<tokio[ff0bc5c9a312bd4d]::runtime::scheduler::current_thread::Core>, core[df12db4294e9bfd3]::option::Option<()>), <tokio[ff0bc5c9a312bd4d]::runtime::scheduler::current_thread::CoreGuard>::enter<<tokio[ff0bc5c9a312bd4d]::runtime::scheduler::current_thread::CoreGuard>::block_on<core[df12db4294e9bfd3]::pin::Pin<&mut core[df12db4294e9bfd3]::pin::Pin<&mut dyn core[df12db4294e9bfd3]::future::future::Future<Output = ()>>>>::{closure#0}, core[df12db4294e9bfd3]::option::Option<()>>::{closure#0}>::{closure#0}, (alloc[2182bb758b4b3781]::boxed::Box<tokio[ff0bc5c9a312bd4d]::runtime::scheduler::current_thread::Core>, core[df12db4294e9bfd3]::option::Option<()>)>
[INFO] [stdout]                                at /rustc/dfb0accb7f508ae8be965d8629557221c889dd98/library/std/src/thread/local.rs:463:12
[INFO] [stdout]   34:     0x62084deed1be - <std[70759c8f55707aa4]::thread::local::LocalKey<tokio[ff0bc5c9a312bd4d]::runtime::context::Context>>::with::<tokio[ff0bc5c9a312bd4d]::runtime::context::set_scheduler<(alloc[2182bb758b4b3781]::boxed::Box<tokio[ff0bc5c9a312bd4d]::runtime::scheduler::current_thread::Core>, core[df12db4294e9bfd3]::option::Option<()>), <tokio[ff0bc5c9a312bd4d]::runtime::scheduler::current_thread::CoreGuard>::enter<<tokio[ff0bc5c9a312bd4d]::runtime::scheduler::current_thread::CoreGuard>::block_on<core[df12db4294e9bfd3]::pin::Pin<&mut core[df12db4294e9bfd3]::pin::Pin<&mut dyn core[df12db4294e9bfd3]::future::future::Future<Output = ()>>>>::{closure#0}, core[df12db4294e9bfd3]::option::Option<()>>::{closure#0}>::{closure#0}, (alloc[2182bb758b4b3781]::boxed::Box<tokio[ff0bc5c9a312bd4d]::runtime::scheduler::current_thread::Core>, core[df12db4294e9bfd3]::option::Option<()>)>
[INFO] [stdout]                                at /rustc/dfb0accb7f508ae8be965d8629557221c889dd98/library/std/src/thread/local.rs:427:20
[INFO] [stdout]   35:     0x62084deef18d - tokio[ff0bc5c9a312bd4d]::runtime::context::set_scheduler::<(alloc[2182bb758b4b3781]::boxed::Box<tokio[ff0bc5c9a312bd4d]::runtime::scheduler::current_thread::Core>, core[df12db4294e9bfd3]::option::Option<()>), <tokio[ff0bc5c9a312bd4d]::runtime::scheduler::current_thread::CoreGuard>::enter<<tokio[ff0bc5c9a312bd4d]::runtime::scheduler::current_thread::CoreGuard>::block_on<core[df12db4294e9bfd3]::pin::Pin<&mut core[df12db4294e9bfd3]::pin::Pin<&mut dyn core[df12db4294e9bfd3]::future::future::Future<Output = ()>>>>::{closure#0}, core[df12db4294e9bfd3]::option::Option<()>>::{closure#0}>
[INFO] [stdout]                                at /opt/rustwide/cargo-home/registry/src/index.crates.io-1949cf8c6b5b557f/tokio-1.53.1/src/runtime/context.rs:187:17
[INFO] [stdout]   36:     0x62084de97560 - <tokio[ff0bc5c9a312bd4d]::runtime::scheduler::current_thread::CoreGuard>::enter::<<tokio[ff0bc5c9a312bd4d]::runtime::scheduler::current_thread::CoreGuard>::block_on<core[df12db4294e9bfd3]::pin::Pin<&mut core[df12db4294e9bfd3]::pin::Pin<&mut dyn core[df12db4294e9bfd3]::future::future::Future<Output = ()>>>>::{closure#0}, core[df12db4294e9bfd3]::option::Option<()>>
[INFO] [stdout]                                at /opt/rustwide/cargo-home/registry/src/index.crates.io-1949cf8c6b5b557f/tokio-1.53.1/src/runtime/scheduler/current_thread/mod.rs:906:27
[INFO] [stdout]   37:     0x62084de97856 - <tokio[ff0bc5c9a312bd4d]::runtime::scheduler::current_thread::CoreGuard>::block_on::<core[df12db4294e9bfd3]::pin::Pin<&mut core[df12db4294e9bfd3]::pin::Pin<&mut dyn core[df12db4294e9bfd3]::future::future::Future<Output = ()>>>>
[INFO] [stdout]                                at /opt/rustwide/cargo-home/registry/src/index.crates.io-1949cf8c6b5b557f/tokio-1.53.1/src/runtime/scheduler/current_thread/mod.rs:817:24
[INFO] [stdout]   38:     0x62084de98120 - <tokio[ff0bc5c9a312bd4d]::runtime::scheduler::current_thread::CurrentThread>::block_on::<core[df12db4294e9bfd3]::pin::Pin<&mut dyn core[df12db4294e9bfd3]::future::future::Future<Output = ()>>>::{closure#0}
[INFO] [stdout]                                at /opt/rustwide/cargo-home/registry/src/index.crates.io-1949cf8c6b5b557f/tokio-1.53.1/src/runtime/scheduler/current_thread/mod.rs:218:33
[INFO] [stdout]   39:     0x62084de7c358 - tokio[ff0bc5c9a312bd4d]::runtime::context::runtime::enter_runtime::<<tokio[ff0bc5c9a312bd4d]::runtime::scheduler::current_thread::CurrentThread>::block_on<core[df12db4294e9bfd3]::pin::Pin<&mut dyn core[df12db4294e9bfd3]::future::future::Future<Output = ()>>>::{closure#0}, ()>
[INFO] [stdout]                                at /opt/rustwide/cargo-home/registry/src/index.crates.io-1949cf8c6b5b557f/tokio-1.53.1/src/runtime/context/runtime.rs:65:16
[INFO] [stdout]   40:     0x62084de93bb4 - <tokio[ff0bc5c9a312bd4d]::runtime::scheduler::current_thread::CurrentThread>::block_on::<core[df12db4294e9bfd3]::pin::Pin<&mut dyn core[df12db4294e9bfd3]::future::future::Future<Output = ()>>>
[INFO] [stdout]                                at /opt/rustwide/cargo-home/registry/src/index.crates.io-1949cf8c6b5b557f/tokio-1.53.1/src/runtime/scheduler/current_thread/mod.rs:206:9
[INFO] [stdout]   41:     0x62084de9cd2f - <tokio[ff0bc5c9a312bd4d]::runtime::runtime::Runtime>::block_on_inner::<core[df12db4294e9bfd3]::pin::Pin<&mut dyn core[df12db4294e9bfd3]::future::future::Future<Output = ()>>>
[INFO] [stdout]                                at /opt/rustwide/cargo-home/registry/src/index.crates.io-1949cf8c6b5b557f/tokio-1.53.1/src/runtime/runtime.rs:374:52
[INFO] [stdout]   42:     0x62084de9ce7b - <tokio[ff0bc5c9a312bd4d]::runtime::runtime::Runtime>::block_on::<core[df12db4294e9bfd3]::pin::Pin<&mut dyn core[df12db4294e9bfd3]::future::future::Future<Output = ()>>>
[INFO] [stdout]                                at /opt/rustwide/cargo-home/registry/src/index.crates.io-1949cf8c6b5b557f/tokio-1.53.1/src/runtime/runtime.rs:343:18
[INFO] [stdout]   43:     0x62084df1193d - tls[e42c6b0ca9961a19]::closed_http2_connections_are_replaced_before_unsent_requests
[INFO] [stdout]                                at /opt/rustwide/workdir/tests/tls.rs:102:28
[INFO] [stdout]   44:     0x62084df07cd7 - tls[e42c6b0ca9961a19]::closed_http2_connections_are_replaced_before_unsent_requests::{closure#0}
[INFO] [stdout]                                at /opt/rustwide/workdir/tests/tls.rs:81:72
[INFO] [stdout]   45:     0x62084de916d6 - <tls[e42c6b0ca9961a19]::closed_http2_connections_are_replaced_before_unsent_requests::{closure#0} as core[df12db4294e9bfd3]::ops::function::FnOnce<()>>::call_once
[INFO] [stdout]                                at /rustc/dfb0accb7f508ae8be965d8629557221c889dd98/library/core/src/ops/function.rs:250:5
[INFO] [stdout]   46:     0x62084df2003b - <fn() -> core[df12db4294e9bfd3]::result::Result<(), alloc[2182bb758b4b3781]::string::String> as core[df12db4294e9bfd3]::ops::function::FnOnce<()>>::call_once
[INFO] [stdout]                                at /rustc/dfb0accb7f508ae8be965d8629557221c889dd98/library/core/src/ops/function.rs:250:5
[INFO] [stdout]   47:     0x62084df2003b - test[9d35eded1c95d3be]::__rust_begin_short_backtrace::<core[df12db4294e9bfd3]::result::Result<(), alloc[2182bb758b4b3781]::string::String>, fn() -> core[df12db4294e9bfd3]::result::Result<(), alloc[2182bb758b4b3781]::string::String>>
[INFO] [stdout]                                at /rustc/dfb0accb7f508ae8be965d8629557221c889dd98/library/test/src/lib.rs:733:18
[INFO] [stdout]   48:     0x62084df2d6a5 - test[9d35eded1c95d3be]::run_test_in_process::{closure#0}
[INFO] [stdout]                                at /rustc/dfb0accb7f508ae8be965d8629557221c889dd98/library/test/src/lib.rs:756:74
[INFO] [stdout]   49:     0x62084df2d6a5 - <core[df12db4294e9bfd3]::panic::unwind_safe::AssertUnwindSafe<test[9d35eded1c95d3be]::run_test_in_process::{closure#0}> as core[df12db4294e9bfd3]::ops::function::FnOnce<()>>::call_once
[INFO] [stdout]                                at /rustc/dfb0accb7f508ae8be965d8629557221c889dd98/library/core/src/panic/unwind_safe.rs:275:9
[INFO] [stdout]   50:     0x62084df2d6a5 - std[70759c8f55707aa4]::panicking::catch_unwind::do_call::<core[df12db4294e9bfd3]::panic::unwind_safe::AssertUnwindSafe<test[9d35eded1c95d3be]::run_test_in_process::{closure#0}>, core[df12db4294e9bfd3]::result::Result<(), alloc[2182bb758b4b3781]::string::String>>
[INFO] [stdout]                                at /rustc/dfb0accb7f508ae8be965d8629557221c889dd98/library/std/src/panicking.rs:576:43
[INFO] [stdout]   51:     0x62084df2d6a5 - std[70759c8f55707aa4]::panicking::catch_unwind::<core[df12db4294e9bfd3]::result::Result<(), alloc[2182bb758b4b3781]::string::String>, core[df12db4294e9bfd3]::panic::unwind_safe::AssertUnwindSafe<test[9d35eded1c95d3be]::run_test_in_process::{closure#0}>>
[INFO] [stdout]                                at /rustc/dfb0accb7f508ae8be965d8629557221c889dd98/library/std/src/panicking.rs:544:19
[INFO] [stdout]   52:     0x62084df2d6a5 - std[70759c8f55707aa4]::panic::catch_unwind::<core[df12db4294e9bfd3]::panic::unwind_safe::AssertUnwindSafe<test[9d35eded1c95d3be]::run_test_in_process::{closure#0}>, core[df12db4294e9bfd3]::result::Result<(), alloc[2182bb758b4b3781]::string::String>>
[INFO] [stdout]                                at /rustc/dfb0accb7f508ae8be965d8629557221c889dd98/library/std/src/panic.rs:359:14
[INFO] [stdout]   53:     0x62084df2d6a5 - test[9d35eded1c95d3be]::run_test_in_process
[INFO] [stdout]                                at /rustc/dfb0accb7f508ae8be965d8629557221c889dd98/library/test/src/lib.rs:756:27
[INFO] [stdout]   54:     0x62084df2d6a5 - test[9d35eded1c95d3be]::run_test::{closure#0}
[INFO] [stdout]                                at /rustc/dfb0accb7f508ae8be965d8629557221c889dd98/library/test/src/lib.rs:677:43
[INFO] [stdout]   55:     0x62084df26f64 - test[9d35eded1c95d3be]::run_test::{closure#1}
[INFO] [stdout]                                at /rustc/dfb0accb7f508ae8be965d8629557221c889dd98/library/test/src/lib.rs:707:41
[INFO] [stdout]   56:     0x62084df26f64 - std[70759c8f55707aa4]::sys::backtrace::__rust_begin_short_backtrace::<test[9d35eded1c95d3be]::run_test::{closure#1}, ()>
[INFO] [stdout]                                at /rustc/dfb0accb7f508ae8be965d8629557221c889dd98/library/std/src/sys/backtrace.rs:166:18
[INFO] [stdout]   57:     0x62084df30802 - std[70759c8f55707aa4]::thread::lifecycle::spawn_unchecked::<test[9d35eded1c95d3be]::run_test::{closure#1}, ()>::{closure#1}::{closure#0}
[INFO] [stdout]                                at /rustc/dfb0accb7f508ae8be965d8629557221c889dd98/library/std/src/thread/lifecycle.rs:70:13
[INFO] [stdout]   58:     0x62084df30802 - <core[df12db4294e9bfd3]::panic::unwind_safe::AssertUnwindSafe<std[70759c8f55707aa4]::thread::lifecycle::spawn_unchecked<test[9d35eded1c95d3be]::run_test::{closure#1}, ()>::{closure#1}::{closure#0}> as core[df12db4294e9bfd3]::ops::function::FnOnce<()>>::call_once
[INFO] [stdout]                                at /rustc/dfb0accb7f508ae8be965d8629557221c889dd98/library/core/src/panic/unwind_safe.rs:275:9
[INFO] [stdout]   59:     0x62084df30802 - std[70759c8f55707aa4]::panicking::catch_unwind::do_call::<core[df12db4294e9bfd3]::panic::unwind_safe::AssertUnwindSafe<std[70759c8f55707aa4]::thread::lifecycle::spawn_unchecked<test[9d35eded1c95d3be]::run_test::{closure#1}, ()>::{closure#1}::{closure#0}>, ()>
[INFO] [stdout]                                at /rustc/dfb0accb7f508ae8be965d8629557221c889dd98/library/std/src/panicking.rs:576:43
[INFO] [stdout]   60:     0x62084df30802 - std[70759c8f55707aa4]::panicking::catch_unwind::<(), core[df12db4294e9bfd3]::panic::unwind_safe::AssertUnwindSafe<std[70759c8f55707aa4]::thread::lifecycle::spawn_unchecked<test[9d35eded1c95d3be]::run_test::{closure#1}, ()>::{closure#1}::{closure#0}>>
[INFO] [stdout]                                at /rustc/dfb0accb7f508ae8be965d8629557221c889dd98/library/std/src/panicking.rs:544:19
[INFO] [stdout]   61:     0x62084df30802 - std[70759c8f55707aa4]::panic::catch_unwind::<core[df12db4294e9bfd3]::panic::unwind_safe::AssertUnwindSafe<std[70759c8f55707aa4]::thread::lifecycle::spawn_unchecked<test[9d35eded1c95d3be]::run_test::{closure#1}, ()>::{closure#1}::{closure#0}>, ()>
[INFO] [stdout]                                at /rustc/dfb0accb7f508ae8be965d8629557221c889dd98/library/std/src/panic.rs:359:14
[INFO] [stdout]   62:     0x62084df30802 - std[70759c8f55707aa4]::thread::lifecycle::spawn_unchecked::<test[9d35eded1c95d3be]::run_test::{closure#1}, ()>::{closure#1}
[INFO] [stdout]                                at /rustc/dfb0accb7f508ae8be965d8629557221c889dd98/library/std/src/thread/lifecycle.rs:68:26
[INFO] [stdout]   63:     0x62084df30802 - <std[70759c8f55707aa4]::thread::lifecycle::spawn_unchecked<test[9d35eded1c95d3be]::run_test::{closure#1}, ()>::{closure#1} as core[df12db4294e9bfd3]::ops::function::FnOnce<()>>::call_once::{shim:vtable#0}
[INFO] [stdout]                                at /rustc/dfb0accb7f508ae8be965d8629557221c889dd98/library/core/src/ops/function.rs:250:5
[INFO] [stdout]   64:     0x62084e7a4699 - <alloc[2182bb758b4b3781]::boxed::Box<dyn core[df12db4294e9bfd3]::ops::function::FnOnce<(), Output = ()> + core[df12db4294e9bfd3]::marker::Send> as core[df12db4294e9bfd3]::ops::function::FnOnce<()>>::call_once
[INFO] [stdout]                                at /rustc/dfb0accb7f508ae8be965d8629557221c889dd98/library/alloc/src/boxed.rs:2320:9
[INFO] [stdout]   65:     0x62084e7a4699 - <std[70759c8f55707aa4]::sys::thread::unix::Thread>::new::thread_start
[INFO] [stdout]                                at /rustc/dfb0accb7f508ae8be965d8629557221c889dd98/library/std/src/sys/thread/unix.rs:123:17
[INFO] [stdout]   66:     0x76f837618dfa - <unknown>
[INFO] [stdout]   67:     0x76f8376ac3d4 - clone
[INFO] [stdout]   68:                0x0 - <unknown>
[INFO] [stdout] 
[INFO] [stdout] 
[INFO] [stdout] failures:
[INFO] [stdout]     closed_http2_connections_are_replaced_before_unsent_requests
[INFO] [stdout] 
[INFO] [stdout] test result: FAILED. 8 passed; 1 failed; 0 ignored; 0 measured; 0 filtered out; finished in 0.38s
[INFO] [stdout] 
[INFO] [stderr] error: test failed, to rerun pass `--test tls`
[INFO] running `Command { std: "docker" "inspect" "23c8b3489ed277f6b948e76ad76964c34305754d369e9beef46daec0816ec01a", kill_on_drop: false }`
[INFO] running `Command { std: "docker" "rm" "-f" "23c8b3489ed277f6b948e76ad76964c34305754d369e9beef46daec0816ec01a", kill_on_drop: false }`
[INFO] [stdout] 23c8b3489ed277f6b948e76ad76964c34305754d369e9beef46daec0816ec01a
