[INFO] fetching crate taskbeep 0.3.0...
[INFO] testing taskbeep-0.3.0 against 1.99.0-beta.8 for beta-1.100-2
[INFO] extracting crate taskbeep 0.3.0 into /workspace/builds/worker-2-tc1/source
[INFO] started tweaking crates.io crate taskbeep 0.3.0
[INFO] removed 0 missing tests
[INFO] finished tweaking crates.io crate taskbeep 0.3.0
[INFO] tweaked toml for crates.io crate taskbeep 0.3.0 written to /workspace/builds/worker-2-tc1/source/Cargo.toml
[INFO] validating manifest of crates.io crate taskbeep 0.3.0 on toolchain 1.99.0-beta.8
[INFO] running `Command { std: CARGO_HOME="/workspace/cargo-home" RUSTUP_HOME="/workspace/rustup-home" "/workspace/cargo-home/bin/cargo" "+1.99.0-beta.8" "metadata" "--manifest-path" "Cargo.toml" "--no-deps", kill_on_drop: false }`
[INFO] crate crates.io crate taskbeep 0.3.0 already has a lockfile, it will not be regenerated
[INFO] running `Command { std: CARGO_HOME="/workspace/cargo-home" RUSTUP_HOME="/workspace/rustup-home" "/workspace/cargo-home/bin/cargo" "+1.99.0-beta.8" "fetch" "--manifest-path" "Cargo.toml", kill_on_drop: false }`
[INFO] [stderr]     Updating crates.io index
[INFO] [stderr]  Downloading crates ...
[INFO] [stderr]   Downloaded symphonia-core v0.5.5
[INFO] [stderr]   Downloaded symphonia-bundle-flac v0.5.5
[INFO] [stderr]   Downloaded serde_spanned v1.0.4
[INFO] [stderr]   Downloaded symphonia-utils-xiph v0.5.5
[INFO] [stderr]   Downloaded toml_writer v1.0.6+spec-1.1.0
[INFO] [stderr]   Downloaded toml v0.9.11+spec-1.1.0
[INFO] [stderr]   Downloaded proc-macro2 v1.0.105
[INFO] [stderr]   Downloaded symphonia-metadata v0.5.5
[INFO] [stderr]   Downloaded zmij v1.0.13
[INFO] [stderr]   Downloaded quote v1.0.43
[INFO] [stderr]   Downloaded symphonia v0.5.5
[INFO] [stderr]   Downloaded symphonia-format-ogg v0.5.5
[INFO] [stderr]   Downloaded symphonia-codec-pcm v0.5.5
[INFO] [stderr]   Downloaded windows-core v0.54.0
[INFO] [stderr]   Downloaded ratatui-core v0.1.0
[INFO] [stderr]   Downloaded extended v0.1.0
[INFO] [stderr]   Downloaded dasp_sample v0.11.0
[INFO] [stderr]   Downloaded symphonia-codec-aac v0.5.5
[INFO] [stderr]   Downloaded bytemuck v1.24.0
[INFO] [stderr]   Downloaded cpal v0.16.0
[INFO] [stderr]   Downloaded rodio v0.21.1
[INFO] [stderr]   Downloaded ratatui v0.30.0
[INFO] [stderr]   Downloaded clap_builder v4.5.54
[INFO] [stderr]   Downloaded symphonia-format-riff v0.5.5
[INFO] [stderr]   Downloaded symphonia-codec-vorbis v0.5.5
[INFO] [stderr]   Downloaded windows-result v0.1.2
[INFO] [stderr]   Downloaded alsa-sys v0.3.1
[INFO] [stderr]   Downloaded line-clipping v0.3.5
[INFO] [stderr]   Downloaded symphonia-bundle-mp3 v0.5.5
[INFO] [stderr]   Downloaded ratatui-crossterm v0.1.0
[INFO] [stderr]   Downloaded hound v3.5.1
[INFO] [stderr]   Downloaded ctrlc v3.5.1
[INFO] [stderr]   Downloaded daemonize v0.5.0
[INFO] [stderr]   Downloaded coreaudio-rs v0.13.0
[INFO] [stderr]   Downloaded compact_str v0.9.0
[INFO] [stderr]   Downloaded objc2-audio-toolbox v0.3.2
[INFO] [stderr]   Downloaded clap v4.5.54
[INFO] [stderr]   Downloaded alsa v0.9.1
[INFO] [stderr]   Downloaded symphonia-format-isomp4 v0.5.5
[INFO] [stderr]   Downloaded ratatui-widgets v0.3.0
[INFO] [stderr]   Downloaded windows v0.54.0
[INFO] running `Command { std: "docker" "create" "-v" "/var/lib/crater-agent-workspace/builds/worker-2-tc1/source:/opt/rustwide/workdir:ro,Z" "-v" "/var/lib/crater-agent-workspace/builds/worker-2-tc1/target:/opt/rustwide/target:rw,Z" "-v" "/var/lib/crater-agent-workspace/cargo-home:/opt/rustwide/cargo-home:ro,Z" "-v" "/var/lib/crater-agent-workspace/rustup-home:/opt/rustwide/rustup-home:ro,Z" "-m" "1610612736" "--network" "none" "ghcr.io/rust-lang/crates-build-env/linux@sha256:3111399a4047eeb3a02b7a90e478d715f38a8c6669b5c4b49d30a17385265909" "sleep" "infinity", kill_on_drop: false }`
[INFO] [stdout] 0d6163b0a7c281fe20579a3efbc2023297b39348eb847489fb6a5b9d879686c3
[INFO] running `Command { std: "docker" "start" "0d6163b0a7c281fe20579a3efbc2023297b39348eb847489fb6a5b9d879686c3", kill_on_drop: false }`
[INFO] running `Command { std: "docker" "inspect" "0d6163b0a7c281fe20579a3efbc2023297b39348eb847489fb6a5b9d879686c3", kill_on_drop: false }`
[INFO] running `Command { std: "docker" "exec" "-e" "SOURCE_DIR=/opt/rustwide/workdir" "-e" "CARGO_HOME=/opt/rustwide/cargo-home" "-e" "RUSTUP_HOME=/opt/rustwide/rustup-home" "-e" "CARGO_TARGET_DIR=/opt/rustwide/target" "-w" "/opt/rustwide/workdir" "--user" "0:0" "0d6163b0a7c281fe20579a3efbc2023297b39348eb847489fb6a5b9d879686c3" "/opt/rustwide/cargo-home/bin/cargo" "+1.99.0-beta.8" "metadata" "--no-deps" "--format-version=1", kill_on_drop: false }`
[INFO] running `Command { std: "docker" "inspect" "0d6163b0a7c281fe20579a3efbc2023297b39348eb847489fb6a5b9d879686c3", kill_on_drop: false }`
[INFO] running `Command { std: "docker" "exec" "-e" "SOURCE_DIR=/opt/rustwide/workdir" "-e" "CARGO_HOME=/opt/rustwide/cargo-home" "-e" "RUSTUP_HOME=/opt/rustwide/rustup-home" "-e" "CARGO_TARGET_DIR=/opt/rustwide/target" "-e" "CARGO_INCREMENTAL=0" "-e" "RUST_BACKTRACE=full" "-e" "RUSTFLAGS=--cap-lints=warn" "-e" "RUSTDOCFLAGS=--cap-lints=warn" "-w" "/opt/rustwide/workdir" "--user" "0:0" "0d6163b0a7c281fe20579a3efbc2023297b39348eb847489fb6a5b9d879686c3" "/opt/rustwide/cargo-home/bin/cargo" "+1.99.0-beta.8" "build" "--frozen" "--message-format=json", kill_on_drop: false }`
[INFO] [stderr]    Compiling bytemuck v1.24.0
[INFO] [stderr]    Compiling log v0.4.29
[INFO] [stderr]    Compiling arrayvec v0.7.6
[INFO] [stderr]    Compiling libc v0.2.180
[INFO] [stderr]    Compiling proc-macro2 v1.0.105
[INFO] [stderr]    Compiling quote v1.0.43
[INFO] [stderr]    Compiling serde_core v1.0.228
[INFO] [stderr]    Compiling pkg-config v0.3.32
[INFO] [stderr]    Compiling bitflags v2.10.0
[INFO] [stderr]    Compiling nix v0.30.1
[INFO] [stderr]    Compiling zmij v1.0.13
[INFO] [stderr]    Compiling anstyle-query v1.1.5
[INFO] [stderr]    Compiling cpal v0.16.0
[INFO] [stderr]    Compiling extended v0.1.0
[INFO] [stderr]    Compiling num-bigint v0.4.6
[INFO] [stderr]    Compiling winnow v0.7.14
[INFO] [stderr]    Compiling dasp_sample v0.11.0
[INFO] [stderr]    Compiling anstream v0.6.21
[INFO] [stderr]    Compiling deranged v0.5.8
[INFO] [stderr]    Compiling num_threads v0.1.7
[INFO] [stderr]    Compiling num-conv v0.2.0
[INFO] [stderr]    Compiling memchr v2.7.6
[INFO] [stderr]    Compiling time-core v0.1.8
[INFO] [stderr]    Compiling symphonia-core v0.5.5
[INFO] [stderr]    Compiling toml_writer v1.0.6+spec-1.1.0
[INFO] [stderr]    Compiling hound v3.5.1
[INFO] [stderr]    Compiling clap_builder v4.5.54
[INFO] [stderr]    Compiling alsa-sys v0.3.1
[INFO] [stderr]    Compiling syn v2.0.114
[INFO] [stderr]    Compiling num-rational v0.4.2
[INFO] [stderr]    Compiling symphonia-metadata v0.5.5
[INFO] [stderr]    Compiling symphonia-codec-pcm v0.5.5
[INFO] [stderr]    Compiling symphonia-codec-aac v0.5.5
[INFO] [stderr]    Compiling symphonia-utils-xiph v0.5.5
[INFO] [stderr]    Compiling symphonia-format-riff v0.5.5
[INFO] [stderr]    Compiling symphonia-bundle-mp3 v0.5.5
[INFO] [stderr]    Compiling symphonia-codec-vorbis v0.5.5
[INFO] [stderr]    Compiling symphonia-format-ogg v0.5.5
[INFO] [stderr]    Compiling symphonia-bundle-flac v0.5.5
[INFO] [stderr]    Compiling symphonia-format-isomp4 v0.5.5
[INFO] [stderr]    Compiling toml_parser v1.0.6+spec-1.1.0
[INFO] [stderr]    Compiling time v0.3.47
[INFO] [stderr]    Compiling daemonize v0.5.0
[INFO] [stderr]    Compiling symphonia v0.5.5
[INFO] [stderr]    Compiling toml_datetime v0.7.5+spec-1.1.0
[INFO] [stderr]    Compiling serde_spanned v1.0.4
[INFO] [stderr]    Compiling serde_json v1.0.149
[INFO] [stderr]    Compiling toml v0.9.11+spec-1.1.0
[INFO] [stderr]    Compiling alsa v0.9.1
[INFO] [stderr]    Compiling ctrlc v3.5.1
[INFO] [stderr]    Compiling serde_derive v1.0.228
[INFO] [stderr]    Compiling clap_derive v4.5.49
[INFO] [stderr]    Compiling thiserror-impl v2.0.17
[INFO] [stderr]    Compiling rodio v0.21.1
[INFO] [stderr]    Compiling thiserror v2.0.17
[INFO] [stderr]    Compiling clap v4.5.54
[INFO] [stderr]    Compiling serde v1.0.228
[INFO] [stderr]    Compiling taskbeep v0.3.0 (/opt/rustwide/workdir)
[INFO] [stderr]     Finished `dev` profile [unoptimized + debuginfo] target(s) in 40.37s
[INFO] running `Command { std: "docker" "inspect" "0d6163b0a7c281fe20579a3efbc2023297b39348eb847489fb6a5b9d879686c3", kill_on_drop: false }`
[INFO] running `Command { std: "docker" "exec" "-e" "SOURCE_DIR=/opt/rustwide/workdir" "-e" "CARGO_HOME=/opt/rustwide/cargo-home" "-e" "RUSTUP_HOME=/opt/rustwide/rustup-home" "-e" "CARGO_TARGET_DIR=/opt/rustwide/target" "-e" "CARGO_INCREMENTAL=0" "-e" "RUST_BACKTRACE=full" "-e" "RUSTFLAGS=--cap-lints=warn" "-e" "RUSTDOCFLAGS=--cap-lints=warn" "-w" "/opt/rustwide/workdir" "--user" "0:0" "0d6163b0a7c281fe20579a3efbc2023297b39348eb847489fb6a5b9d879686c3" "/opt/rustwide/cargo-home/bin/cargo" "+1.99.0-beta.8" "test" "--frozen" "--no-run" "--message-format=json", kill_on_drop: false }`
[INFO] [stderr]    Compiling taskbeep v0.3.0 (/opt/rustwide/workdir)
[INFO] [stderr]     Finished `test` profile [unoptimized + debuginfo] target(s) in 2.86s
[INFO] running `Command { std: "docker" "inspect" "0d6163b0a7c281fe20579a3efbc2023297b39348eb847489fb6a5b9d879686c3", kill_on_drop: false }`
[INFO] running `Command { std: "docker" "exec" "-e" "SOURCE_DIR=/opt/rustwide/workdir" "-e" "CARGO_HOME=/opt/rustwide/cargo-home" "-e" "RUSTUP_HOME=/opt/rustwide/rustup-home" "-e" "CARGO_TARGET_DIR=/opt/rustwide/target" "-e" "CARGO_INCREMENTAL=0" "-e" "RUST_BACKTRACE=full" "-e" "RUSTFLAGS=--cap-lints=warn" "-e" "RUSTDOCFLAGS=--cap-lints=warn" "-w" "/opt/rustwide/workdir" "--user" "0:0" "0d6163b0a7c281fe20579a3efbc2023297b39348eb847489fb6a5b9d879686c3" "/opt/rustwide/cargo-home/bin/cargo" "+1.99.0-beta.8" "test" "--frozen", kill_on_drop: false }`
[INFO] [stderr]     Finished `test` profile [unoptimized + debuginfo] target(s) in 0.16s
[INFO] [stderr]      Running unittests src/main.rs (/opt/rustwide/target/debug/deps/taskbeep-5b8261fe363a073a)
[INFO] [stdout] 
[INFO] [stdout] running 91 tests
[INFO] [stdout] test config::tests::test_beep_frequency_negative ... ok
[INFO] [stdout] test config::tests::test_beep_frequency_zero ... ok
[INFO] [stdout] test config::tests::test_session_duration_at_max ... ok
[INFO] [stdout] test config::tests::test_beep_frequency_nan ... ok
[INFO] [stdout] test config::tests::test_session_duration_exceeds_max ... ok
[INFO] [stdout] test config::tests::test_volume_negative ... ok
[INFO] [stdout] test config::tests::test_session_duration_zero ... ok
[INFO] [stdout] test config::tests::test_first_beep_duration_zero ... ok
[INFO] [stdout] test config::tests::test_volume_nan ... ok
[INFO] [stdout] test config::tests::test_first_beep_duration_negative ... ok
[INFO] [stdout] test config::tests::test_gap_duration_negative ... ok
[INFO] [stdout] test config::tests::test_volume_infinity ... ok
[INFO] [stdout] test config::tests::test_volume_exceeds_max ... ok
[INFO] [stdout] test config::tests::test_default_config_is_valid ... ok
[INFO] [stdout] test stats::tests::logged_end_time_is_beep_time_not_response_time ... ok
[INFO] [stdout] test heatmap::tests::start_of_week_aligns_to_sunday ... ok
[INFO] [stdout] test config::tests::test_gap_duration_zero_is_valid ... ok
[INFO] [stdout] test heatmap::tests::aggregates_working_time_by_local_day ... ok
[INFO] [stdout] test protocol::tests::test_status_enum_equality ... ok
[INFO] [stdout] test protocol::tests::test_status_enum_conversion ... ok
[INFO] [stdout] test protocol::tests::test_status_response_deserialization_invalid ... ok
[INFO] [stdout] test stats::tests::test_calculate_total_duration ... ok
[INFO] [stdout] test stats::tests::test_explicit_date_range_expression ... ok
[INFO] [stdout] test stats::tests::test_diff_zero_produces_single_period ... ok
[INFO] [stdout] test stats::tests::test_bidirectional_delta_range_is_equivalent ... ok
[INFO] [stdout] test protocol::tests::test_status_response_serialization ... ok
[INFO] [stdout] test heatmap::tests::year_padding_days_are_blank_and_month_labels_are_unique ... ok
[INFO] [stdout] test stats::tests::test_heatmap_maximum_window_validation ... ok
[INFO] [stdout] test stats::tests::logged_duration_is_interval_not_wall_clock ... ok
[INFO] [stdout] test heatmap::tests::intensity_is_based_on_working_time ... ok
[INFO] [stdout] test config::tests::test_pause_duration_nan ... ok
[INFO] [stdout] test heatmap::tests::plain_renderer_includes_month_labels_and_legend ... ok
[INFO] [stdout] test stats::tests::test_filter_dates ... ok
[INFO] [stdout] test stats::tests::test_heatmap_explicit_range_detection ... ok
[INFO] [stdout] test stats::tests::test_heatmap_minimum_window_validation ... ok
[INFO] [stdout] test timer::tests::session_and_log_invariants_are_consistent_after_pause ... ok
[INFO] [stdout] test stats::tests::test_parse_shift_range_spec ... ok
[INFO] [stdout] test timer::tests::monotonic_target_extends_by_pause_duration ... ok
[INFO] [stdout] test stats::tests::test_heatmap_window_within_limits_is_valid ... ok
[INFO] [stdout] test timer::tests::monotonic_target_ignores_wall_clock_jump ... ok
[INFO] [stdout] test timer::tests::pause_multiple_cycles_accumulate_correctly ... ok
[INFO] [stdout] test timer::tests::test_pause_state_pause_resume ... ok
[INFO] [stdout] test stats::tests::test_stats_entry_duration ... ok
[INFO] [stdout] test timer::tests::session_target_time_extends_by_pause_duration ... ok
[INFO] [stdout] test stats::tests::test_stats_entry_deserialization_invalid ... ok
[INFO] [stdout] test stats::tests::test_year_range_from_git_style_expression ... ok
[INFO] [stdout] test timer::tests::session_target_time_no_pause_equals_start_plus_interval ... ok
[INFO] [stdout] test stats::tests::test_stats_entry_serialization ... ok
[INFO] [stdout] test timer::tests::test_pause_state_new ... ok
[INFO] [stdout] test timer::tests::logged_pause_duration_reflects_only_paused_time ... ok
[INFO] [stdout] test timer::tests::pause_resume_without_prior_pause_is_noop ... ok
[INFO] [stdout] test stats::tests::test_month_range_from_git_style_expression ... ok
[INFO] [stdout] test timer::tests::pause_double_pause_is_noop ... ok
[INFO] [stdout] test timer::tests::pause_ongoing_pause_not_counted_in_total_until_resumed ... ok
[INFO] [stdout] test timer::tests::test_response_state_new ... ok
[INFO] [stdout] test timer::tests::test_response_state_try_respond_when_waiting ... ok
[INFO] [stdout] test utils::tests::parse_calendar_date_invalid ... ok
[INFO] [stdout] test timer::tests::test_response_state_take_response ... ok
[INFO] [stdout] test utils::tests::sunday_start_of_week_returns_sunday ... ok
[INFO] [stdout] test timer::tests::test_response_state_race_condition_prevented ... ok
[INFO] [stdout] test utils::tests::parse_shift_range_spec_ordered ... ok
[INFO] [stdout] test timer::tests::test_response_state_atomicity ... ok
[INFO] [stdout] test timer::tests::test_session_state_new ... ok
[INFO] [stdout] test utils::tests::parse_shift_spec_values ... ok
[INFO] [stdout] test timer::tests::test_response_state_try_respond_when_not_waiting ... ok
[INFO] [stdout] test utils::tests::test_format_duration_no_allocations ... ok
[INFO] [stdout] test utils::tests::heatmap_intensity_zero_cases ... ok
[INFO] [stdout] test timer::tests::test_response_state_start_waiting ... ok
[INFO] [stdout] test utils::tests::test_format_duration_zero ... ok
[INFO] [stdout] test utils::tests::test_format_duration_complex ... ok
[INFO] [stdout] test utils::tests::test_format_duration_seconds ... ok
[INFO] [stdout] test utils::tests::heatmap_intensity_levels_are_monotone ... ok
[INFO] [stdout] test utils::tests::heatmap_intensity_max_is_four ... ok
[INFO] [stdout] test utils::tests::topic_matches_exact_prefix_case_sensitive ... ok
[INFO] [stdout] test utils::tests::monday_start_of_week_returns_monday ... ok
[INFO] [stdout] test timer::tests::test_response_state_start_waiting_clears_old_response ... ok
[INFO] [stdout] test utils::tests::topic_matches_glob_question_mark ... ok
[INFO] [stdout] test utils::tests::test_format_duration_minutes ... ok
[INFO] [stdout] test utils::tests::topic_matches_substring_no_match ... ok
[INFO] [stdout] test utils::tests::wildcard_empty_pattern_matches_empty_text ... ok
[INFO] [stdout] test utils::tests::test_now_ms ... ok
[INFO] [stdout] test utils::tests::topic_matches_glob_case_insensitive ... ok
[INFO] [stdout] test utils::tests::topic_matches_exact_empty_after_prefix ... ok
[INFO] [stdout] test utils::tests::test_format_duration_hours ... ok
[INFO] [stdout] test utils::tests::topic_matches_glob_star ... ok
[INFO] [stdout] test utils::tests::topic_matches_substring_case_insensitive ... ok
[INFO] [stdout] test utils::tests::wildcard_question_mark_at_boundaries ... ok
[INFO] [stdout] test utils::tests::wildcard_empty_text_only_stars_match ... ok
[INFO] [stdout] test utils::tests::wildcard_multiple_consecutive_stars ... ok
[INFO] [stdout] test utils::tests::wildcard_pattern_only_star ... ok
[INFO] [stdout] test utils::tests::parse_calendar_date_valid ... ok
[INFO] [stderr]      Running tests/e2e_smoke.rs (/opt/rustwide/target/debug/deps/e2e_smoke-11680fbad4603ba0)
[INFO] [stdout] 
[INFO] [stdout] test result: ok. 91 passed; 0 failed; 0 ignored; 0 measured; 0 filtered out; finished in 0.03s
[INFO] [stdout] 
[INFO] [stdout] 
[INFO] [stdout] running 4 tests
[INFO] [stdout] test pause_is_rejected_while_waiting ... ok
[INFO] [stdout] test toggle_is_rejected_while_waiting ... ok
[INFO] [stdout] test stop_while_paused_logs_consistent_timing_fields ... FAILED
[INFO] [stdout] test daemon_socket_cli_smoke_flow ... ok
[INFO] [stdout] 
[INFO] [stdout] failures:
[INFO] [stdout] 
[INFO] [stdout] ---- stop_while_paused_logs_consistent_timing_fields stdout ----
[INFO] [stdout] 
[INFO] [stdout] thread 'stop_while_paused_logs_consistent_timing_fields' (1173) panicked at tests/e2e_smoke.rs:49:9:
[INFO] [stdout] command failed: taskbeep stop --working
[INFO] [stdout] exit: Some(1)
[INFO] [stdout] stdout:
[INFO] [stdout] 
[INFO] [stdout] stderr:
[INFO] [stdout] Error: Timer error: Failed to stop timer
[INFO] [stdout] 
[INFO] [stdout] stack backtrace:
[INFO] [stdout]    0:     0x6329414c2791 - std[70759c8f55707aa4]::backtrace_rs::backtrace::libunwind::trace
[INFO] [stdout]                                at /rustc/dfb0accb7f508ae8be965d8629557221c889dd98/library/std/src/../../backtrace/src/backtrace/libunwind.rs:117:9
[INFO] [stdout]    1:     0x6329414c2791 - std[70759c8f55707aa4]::backtrace_rs::backtrace::trace_unsynchronized::<std[70759c8f55707aa4]::sys::backtrace::_print_fmt::{closure#1}>
[INFO] [stdout]                                at /rustc/dfb0accb7f508ae8be965d8629557221c889dd98/library/std/src/../../backtrace/src/backtrace/mod.rs:66:14
[INFO] [stdout]    2:     0x6329414c2791 - std[70759c8f55707aa4]::sys::backtrace::_print_fmt
[INFO] [stdout]                                at /rustc/dfb0accb7f508ae8be965d8629557221c889dd98/library/std/src/sys/backtrace.rs:74:9
[INFO] [stdout]    3:     0x6329414c2791 - <<std[70759c8f55707aa4]::sys::backtrace::BacktraceLock>::print::DisplayBacktrace as core[df12db4294e9bfd3]::fmt::Display>::fmt
[INFO] [stderr] error: test failed, to rerun pass `--test e2e_smoke`
[INFO] [stdout]                                at /rustc/dfb0accb7f508ae8be965d8629557221c889dd98/library/std/src/sys/backtrace.rs:44:26
[INFO] [stdout]    4:     0x6329414d70fa - <core[df12db4294e9bfd3]::fmt::rt::Argument>::fmt
[INFO] [stdout]                                at /rustc/dfb0accb7f508ae8be965d8629557221c889dd98/library/core/src/fmt/rt.rs:152:76
[INFO] [stdout]    5:     0x6329414d70fa - core[df12db4294e9bfd3]::fmt::write
[INFO] [stdout]    6:     0x6329414c6e8c - core[df12db4294e9bfd3]::io::write::default_write_fmt::<alloc[2182bb758b4b3781]::vec::Vec<u8>>
[INFO] [stdout]                                at /rustc/dfb0accb7f508ae8be965d8629557221c889dd98/library/core/src/io/write.rs:402:11
[INFO] [stdout]    7:     0x6329414c6e8c - <alloc[2182bb758b4b3781]::vec::Vec<u8> as core[df12db4294e9bfd3]::io::write::Write>::write_fmt
[INFO] [stdout]                                at /rustc/dfb0accb7f508ae8be965d8629557221c889dd98/library/core/src/io/write.rs:335:13
[INFO] [stdout]    8:     0x63294149d5a6 - <std[70759c8f55707aa4]::sys::backtrace::BacktraceLock>::print
[INFO] [stdout]                                at /rustc/dfb0accb7f508ae8be965d8629557221c889dd98/library/std/src/sys/backtrace.rs:47:9
[INFO] [stdout]    9:     0x63294149d5a6 - std[70759c8f55707aa4]::panicking::default_hook::{closure#0}
[INFO] [stdout]                                at /rustc/dfb0accb7f508ae8be965d8629557221c889dd98/library/std/src/panicking.rs:292:27
[INFO] [stdout]   10:     0x6329414ba409 - std[70759c8f55707aa4]::panicking::default_hook
[INFO] [stdout]                                at /rustc/dfb0accb7f508ae8be965d8629557221c889dd98/library/std/src/panicking.rs:316:9
[INFO] [stdout]   11:     0x632941455460 - <alloc[2182bb758b4b3781]::boxed::Box<dyn for<'a, 'b> core[df12db4294e9bfd3]::ops::function::Fn<(&'a std[70759c8f55707aa4]::panic::PanicHookInfo<'b>,), Output = ()> + core[df12db4294e9bfd3]::marker::Send + core[df12db4294e9bfd3]::marker::Sync> as core[df12db4294e9bfd3]::ops::function::Fn<(&std[70759c8f55707aa4]::panic::PanicHookInfo,)>>::call
[INFO] [stdout]                                at /rustc/dfb0accb7f508ae8be965d8629557221c889dd98/library/alloc/src/boxed.rs:2334:9
[INFO] [stdout]   12:     0x632941455460 - test[9d35eded1c95d3be]::test_main_inner::<test[9d35eded1c95d3be]::test_main_static::{closure#0}>::{closure#0}
[INFO] [stdout]                                at /rustc/dfb0accb7f508ae8be965d8629557221c889dd98/library/test/src/lib.rs:155:21
[INFO] [stdout]   13:     0x6329414ba5c2 - <alloc[2182bb758b4b3781]::boxed::Box<dyn for<'a, 'b> core[df12db4294e9bfd3]::ops::function::Fn<(&'a std[70759c8f55707aa4]::panic::PanicHookInfo<'b>,), Output = ()> + core[df12db4294e9bfd3]::marker::Send + core[df12db4294e9bfd3]::marker::Sync> as core[df12db4294e9bfd3]::ops::function::Fn<(&std[70759c8f55707aa4]::panic::PanicHookInfo,)>>::call
[INFO] [stdout]                                at /rustc/dfb0accb7f508ae8be965d8629557221c889dd98/library/alloc/src/boxed.rs:2334:9
[INFO] [stdout]   14:     0x6329414ba5c2 - std[70759c8f55707aa4]::panicking::panic_with_hook
[INFO] [stdout]                                at /rustc/dfb0accb7f508ae8be965d8629557221c889dd98/library/std/src/panicking.rs:823:13
[INFO] [stdout]   15:     0x63294149d652 - std[70759c8f55707aa4]::panicking::panic_handler::{closure#0}
[INFO] [stdout]                                at /rustc/dfb0accb7f508ae8be965d8629557221c889dd98/library/std/src/panicking.rs:688:13
[INFO] [stdout]   16:     0x632941496129 - std[70759c8f55707aa4]::sys::backtrace::__rust_end_short_backtrace::<std[70759c8f55707aa4]::panicking::panic_handler::{closure#0}, !>
[INFO] [stdout]                                at /rustc/dfb0accb7f508ae8be965d8629557221c889dd98/library/std/src/sys/backtrace.rs:182:18
[INFO] [stdout]   17:     0x63294149e24d - __rustc[8fa7c3cbc660c2b3]::rust_begin_unwind
[INFO] [stdout]                                at /rustc/dfb0accb7f508ae8be965d8629557221c889dd98/library/std/src/panicking.rs:679:5
[INFO] [stdout]   18:     0x6329414d786c - core[df12db4294e9bfd3]::panicking::panic_fmt
[INFO] [stdout]                                at /rustc/dfb0accb7f508ae8be965d8629557221c889dd98/library/core/src/panicking.rs:80:14
[INFO] [stdout]   19:     0x63294143fb4a - <e2e_smoke[b33298eb35c590f6]::TestEnv>::run_ok
[INFO] [stdout]                                at /opt/rustwide/workdir/tests/e2e_smoke.rs:49:9
[INFO] [stdout]   20:     0x63294143e7f6 - e2e_smoke[b33298eb35c590f6]::stop_while_paused_logs_consistent_timing_fields
[INFO] [stdout]                                at /opt/rustwide/workdir/tests/e2e_smoke.rs:205:9
[INFO] [stdout]   21:     0x63294143d847 - e2e_smoke[b33298eb35c590f6]::stop_while_paused_logs_consistent_timing_fields::{closure#0}
[INFO] [stdout]                                at /opt/rustwide/workdir/tests/e2e_smoke.rs:179:53
[INFO] [stdout]   22:     0x632941448636 - <e2e_smoke[b33298eb35c590f6]::stop_while_paused_logs_consistent_timing_fields::{closure#0} as core[df12db4294e9bfd3]::ops::function::FnOnce<()>>::call_once
[INFO] [stdout]                                at /rustc/dfb0accb7f508ae8be965d8629557221c889dd98/library/core/src/ops/function.rs:250:5
[INFO] [stdout]   23:     0x63294144874b - <fn() -> core[df12db4294e9bfd3]::result::Result<(), alloc[2182bb758b4b3781]::string::String> as core[df12db4294e9bfd3]::ops::function::FnOnce<()>>::call_once
[INFO] [stdout]                                at /rustc/dfb0accb7f508ae8be965d8629557221c889dd98/library/core/src/ops/function.rs:250:5
[INFO] [stdout]   24:     0x63294144874b - test[9d35eded1c95d3be]::__rust_begin_short_backtrace::<core[df12db4294e9bfd3]::result::Result<(), alloc[2182bb758b4b3781]::string::String>, fn() -> core[df12db4294e9bfd3]::result::Result<(), alloc[2182bb758b4b3781]::string::String>>
[INFO] [stdout]                                at /rustc/dfb0accb7f508ae8be965d8629557221c889dd98/library/test/src/lib.rs:733:18
[INFO] [stdout]   25:     0x632941455db5 - test[9d35eded1c95d3be]::run_test_in_process::{closure#0}
[INFO] [stdout]                                at /rustc/dfb0accb7f508ae8be965d8629557221c889dd98/library/test/src/lib.rs:756:74
[INFO] [stdout]   26:     0x632941455db5 - <core[df12db4294e9bfd3]::panic::unwind_safe::AssertUnwindSafe<test[9d35eded1c95d3be]::run_test_in_process::{closure#0}> as core[df12db4294e9bfd3]::ops::function::FnOnce<()>>::call_once
[INFO] [stdout]                                at /rustc/dfb0accb7f508ae8be965d8629557221c889dd98/library/core/src/panic/unwind_safe.rs:275:9
[INFO] [stdout]   27:     0x632941455db5 - std[70759c8f55707aa4]::panicking::catch_unwind::do_call::<core[df12db4294e9bfd3]::panic::unwind_safe::AssertUnwindSafe<test[9d35eded1c95d3be]::run_test_in_process::{closure#0}>, core[df12db4294e9bfd3]::result::Result<(), alloc[2182bb758b4b3781]::string::String>>
[INFO] [stdout]                                at /rustc/dfb0accb7f508ae8be965d8629557221c889dd98/library/std/src/panicking.rs:576:43
[INFO] [stdout]   28:     0x632941455db5 - std[70759c8f55707aa4]::panicking::catch_unwind::<core[df12db4294e9bfd3]::result::Result<(), alloc[2182bb758b4b3781]::string::String>, core[df12db4294e9bfd3]::panic::unwind_safe::AssertUnwindSafe<test[9d35eded1c95d3be]::run_test_in_process::{closure#0}>>
[INFO] [stdout]                                at /rustc/dfb0accb7f508ae8be965d8629557221c889dd98/library/std/src/panicking.rs:544:19
[INFO] [stdout]   29:     0x632941455db5 - std[70759c8f55707aa4]::panic::catch_unwind::<core[df12db4294e9bfd3]::panic::unwind_safe::AssertUnwindSafe<test[9d35eded1c95d3be]::run_test_in_process::{closure#0}>, core[df12db4294e9bfd3]::result::Result<(), alloc[2182bb758b4b3781]::string::String>>
[INFO] [stdout]                                at /rustc/dfb0accb7f508ae8be965d8629557221c889dd98/library/std/src/panic.rs:359:14
[INFO] [stdout]   30:     0x632941455db5 - test[9d35eded1c95d3be]::run_test_in_process
[INFO] [stdout]                                at /rustc/dfb0accb7f508ae8be965d8629557221c889dd98/library/test/src/lib.rs:756:27
[INFO] [stdout]   31:     0x632941455db5 - test[9d35eded1c95d3be]::run_test::{closure#0}
[INFO] [stdout]                                at /rustc/dfb0accb7f508ae8be965d8629557221c889dd98/library/test/src/lib.rs:677:43
[INFO] [stdout]   32:     0x63294144f674 - test[9d35eded1c95d3be]::run_test::{closure#1}
[INFO] [stdout]                                at /rustc/dfb0accb7f508ae8be965d8629557221c889dd98/library/test/src/lib.rs:707:41
[INFO] [stdout]   33:     0x63294144f674 - std[70759c8f55707aa4]::sys::backtrace::__rust_begin_short_backtrace::<test[9d35eded1c95d3be]::run_test::{closure#1}, ()>
[INFO] [stdout]                                at /rustc/dfb0accb7f508ae8be965d8629557221c889dd98/library/std/src/sys/backtrace.rs:166:18
[INFO] [stdout]   34:     0x632941458f12 - std[70759c8f55707aa4]::thread::lifecycle::spawn_unchecked::<test[9d35eded1c95d3be]::run_test::{closure#1}, ()>::{closure#1}::{closure#0}
[INFO] [stdout]                                at /rustc/dfb0accb7f508ae8be965d8629557221c889dd98/library/std/src/thread/lifecycle.rs:70:13
[INFO] [stdout]   35:     0x632941458f12 - <core[df12db4294e9bfd3]::panic::unwind_safe::AssertUnwindSafe<std[70759c8f55707aa4]::thread::lifecycle::spawn_unchecked<test[9d35eded1c95d3be]::run_test::{closure#1}, ()>::{closure#1}::{closure#0}> as core[df12db4294e9bfd3]::ops::function::FnOnce<()>>::call_once
[INFO] [stdout]                                at /rustc/dfb0accb7f508ae8be965d8629557221c889dd98/library/core/src/panic/unwind_safe.rs:275:9
[INFO] [stdout]   36:     0x632941458f12 - std[70759c8f55707aa4]::panicking::catch_unwind::do_call::<core[df12db4294e9bfd3]::panic::unwind_safe::AssertUnwindSafe<std[70759c8f55707aa4]::thread::lifecycle::spawn_unchecked<test[9d35eded1c95d3be]::run_test::{closure#1}, ()>::{closure#1}::{closure#0}>, ()>
[INFO] [stdout]                                at /rustc/dfb0accb7f508ae8be965d8629557221c889dd98/library/std/src/panicking.rs:576:43
[INFO] [stdout]   37:     0x632941458f12 - std[70759c8f55707aa4]::panicking::catch_unwind::<(), core[df12db4294e9bfd3]::panic::unwind_safe::AssertUnwindSafe<std[70759c8f55707aa4]::thread::lifecycle::spawn_unchecked<test[9d35eded1c95d3be]::run_test::{closure#1}, ()>::{closure#1}::{closure#0}>>
[INFO] [stdout]                                at /rustc/dfb0accb7f508ae8be965d8629557221c889dd98/library/std/src/panicking.rs:544:19
[INFO] [stdout]   38:     0x632941458f12 - std[70759c8f55707aa4]::panic::catch_unwind::<core[df12db4294e9bfd3]::panic::unwind_safe::AssertUnwindSafe<std[70759c8f55707aa4]::thread::lifecycle::spawn_unchecked<test[9d35eded1c95d3be]::run_test::{closure#1}, ()>::{closure#1}::{closure#0}>, ()>
[INFO] [stdout]                                at /rustc/dfb0accb7f508ae8be965d8629557221c889dd98/library/std/src/panic.rs:359:14
[INFO] [stdout]   39:     0x632941458f12 - std[70759c8f55707aa4]::thread::lifecycle::spawn_unchecked::<test[9d35eded1c95d3be]::run_test::{closure#1}, ()>::{closure#1}
[INFO] [stdout]                                at /rustc/dfb0accb7f508ae8be965d8629557221c889dd98/library/std/src/thread/lifecycle.rs:68:26
[INFO] [stdout]   40:     0x632941458f12 - <std[70759c8f55707aa4]::thread::lifecycle::spawn_unchecked<test[9d35eded1c95d3be]::run_test::{closure#1}, ()>::{closure#1} as core[df12db4294e9bfd3]::ops::function::FnOnce<()>>::call_once::{shim:vtable#0}
[INFO] [stdout]                                at /rustc/dfb0accb7f508ae8be965d8629557221c889dd98/library/core/src/ops/function.rs:250:5
[INFO] [stdout]   41:     0x6329414c1cf9 - <alloc[2182bb758b4b3781]::boxed::Box<dyn core[df12db4294e9bfd3]::ops::function::FnOnce<(), Output = ()> + core[df12db4294e9bfd3]::marker::Send> as core[df12db4294e9bfd3]::ops::function::FnOnce<()>>::call_once
[INFO] [stdout]                                at /rustc/dfb0accb7f508ae8be965d8629557221c889dd98/library/alloc/src/boxed.rs:2320:9
[INFO] [stdout]   42:     0x6329414c1cf9 - <std[70759c8f55707aa4]::sys::thread::unix::Thread>::new::thread_start
[INFO] [stdout]                                at /rustc/dfb0accb7f508ae8be965d8629557221c889dd98/library/std/src/sys/thread/unix.rs:123:17
[INFO] [stdout]   43:     0x7747c0291dfa - <unknown>
[INFO] [stdout]   44:     0x7747c03253d4 - clone
[INFO] [stdout]   45:                0x0 - <unknown>
[INFO] [stdout] 
[INFO] [stdout] 
[INFO] [stdout] failures:
[INFO] [stdout]     stop_while_paused_logs_consistent_timing_fields
[INFO] [stdout] 
[INFO] [stdout] test result: FAILED. 3 passed; 1 failed; 0 ignored; 0 measured; 0 filtered out; finished in 3.46s
[INFO] [stdout] 
[INFO] running `Command { std: "docker" "inspect" "0d6163b0a7c281fe20579a3efbc2023297b39348eb847489fb6a5b9d879686c3", kill_on_drop: false }`
[INFO] running `Command { std: "docker" "rm" "-f" "0d6163b0a7c281fe20579a3efbc2023297b39348eb847489fb6a5b9d879686c3", kill_on_drop: false }`
[INFO] [stdout] 0d6163b0a7c281fe20579a3efbc2023297b39348eb847489fb6a5b9d879686c3
