[INFO] fetching crate source_sdk_2013 0.1.0-alpha.4...
[INFO] testing source_sdk_2013-0.1.0-alpha.4 against 1.100.0-beta.1 for beta-1.100-2
[INFO] extracting crate source_sdk_2013 0.1.0-alpha.4 into /workspace/builds/worker-7-tc2/source
[INFO] started tweaking crates.io crate source_sdk_2013 0.1.0-alpha.4
[INFO] finished tweaking crates.io crate source_sdk_2013 0.1.0-alpha.4
[INFO] tweaked toml for crates.io crate source_sdk_2013 0.1.0-alpha.4 written to /workspace/builds/worker-7-tc2/source/Cargo.toml
[INFO] validating manifest of crates.io crate source_sdk_2013 0.1.0-alpha.4 on toolchain 1.100.0-beta.1
[INFO] running `Command { std: CARGO_HOME="/workspace/cargo-home" RUSTUP_HOME="/workspace/rustup-home" "/workspace/cargo-home/bin/cargo" "+1.100.0-beta.1" "metadata" "--manifest-path" "Cargo.toml" "--no-deps", kill_on_drop: false }`
[INFO] crate crates.io crate source_sdk_2013 0.1.0-alpha.4 already has a lockfile, it will not be regenerated
[INFO] running `Command { std: CARGO_HOME="/workspace/cargo-home" RUSTUP_HOME="/workspace/rustup-home" "/workspace/cargo-home/bin/cargo" "+1.100.0-beta.1" "fetch" "--manifest-path" "Cargo.toml", kill_on_drop: false }`
[INFO] running `Command { std: "docker" "create" "-v" "/var/lib/crater-agent-workspace/builds/worker-7-tc2/source:/opt/rustwide/workdir:ro,Z" "-v" "/var/lib/crater-agent-workspace/builds/worker-7-tc2/target:/opt/rustwide/target:rw,Z" "-v" "/var/lib/crater-agent-workspace/cargo-home:/opt/rustwide/cargo-home:ro,Z" "-v" "/var/lib/crater-agent-workspace/rustup-home:/opt/rustwide/rustup-home:ro,Z" "-m" "1610612736" "--network" "none" "ghcr.io/rust-lang/crates-build-env/linux@sha256:3111399a4047eeb3a02b7a90e478d715f38a8c6669b5c4b49d30a17385265909" "sleep" "infinity", kill_on_drop: false }`
[INFO] [stdout] 4adeea6a737be954d442d2fa322459e03689f95e43d283991b95ceae8143f9be
[INFO] running `Command { std: "docker" "start" "4adeea6a737be954d442d2fa322459e03689f95e43d283991b95ceae8143f9be", kill_on_drop: false }`
[INFO] running `Command { std: "docker" "inspect" "4adeea6a737be954d442d2fa322459e03689f95e43d283991b95ceae8143f9be", kill_on_drop: false }`
[INFO] running `Command { std: "docker" "exec" "-e" "SOURCE_DIR=/opt/rustwide/workdir" "-e" "CARGO_HOME=/opt/rustwide/cargo-home" "-e" "RUSTUP_HOME=/opt/rustwide/rustup-home" "-e" "CARGO_TARGET_DIR=/opt/rustwide/target" "-w" "/opt/rustwide/workdir" "--user" "0:0" "4adeea6a737be954d442d2fa322459e03689f95e43d283991b95ceae8143f9be" "/opt/rustwide/cargo-home/bin/cargo" "+1.100.0-beta.1" "metadata" "--no-deps" "--format-version=1", kill_on_drop: false }`
[INFO] running `Command { std: "docker" "inspect" "4adeea6a737be954d442d2fa322459e03689f95e43d283991b95ceae8143f9be", kill_on_drop: false }`
[INFO] running `Command { std: "docker" "exec" "-e" "SOURCE_DIR=/opt/rustwide/workdir" "-e" "CARGO_HOME=/opt/rustwide/cargo-home" "-e" "RUSTUP_HOME=/opt/rustwide/rustup-home" "-e" "CARGO_TARGET_DIR=/opt/rustwide/target" "-e" "CARGO_INCREMENTAL=0" "-e" "RUST_BACKTRACE=full" "-e" "RUSTFLAGS=--cap-lints=warn" "-e" "RUSTDOCFLAGS=--cap-lints=warn" "-w" "/opt/rustwide/workdir" "--user" "0:0" "4adeea6a737be954d442d2fa322459e03689f95e43d283991b95ceae8143f9be" "/opt/rustwide/cargo-home/bin/cargo" "+1.100.0-beta.1" "build" "--frozen" "--message-format=json", kill_on_drop: false }`
[INFO] [stderr]    Compiling proc-macro2 v1.0.107
[INFO] [stderr]    Compiling prettyplease v0.3.0
[INFO] [stderr]    Compiling source_sdk_2013_sys_x64_linux v0.1.0-alpha.4
[INFO] [stderr]    Compiling glam v0.33.12
[INFO] [stderr]    Compiling chrono v0.4.45
[INFO] [stderr]    Compiling quote v1.0.47
[INFO] [stderr]    Compiling syn v3.0.6
[INFO] [stderr]    Compiling thiserror-impl v2.0.21
[INFO] [stderr]    Compiling thiserror v2.0.21
[INFO] [stderr]    Compiling source_sdk_2013_raw v0.1.0-alpha.4
[INFO] [stderr]    Compiling crys_bricks v0.2.0
[INFO] [stderr]    Compiling source_sdk_2013_declmacros v0.1.0-alpha.4
[INFO] [stderr]    Compiling source_sdk_2013_sys v0.1.0-alpha.4
[INFO] [stderr]    Compiling source_sdk_2013 v0.1.0-alpha.4 (/opt/rustwide/workdir)
[INFO] [stderr]     Finished `dev` profile [unoptimized + debuginfo] target(s) in 20.76s
[INFO] running `Command { std: "docker" "inspect" "4adeea6a737be954d442d2fa322459e03689f95e43d283991b95ceae8143f9be", kill_on_drop: false }`
[INFO] running `Command { std: "docker" "exec" "-e" "SOURCE_DIR=/opt/rustwide/workdir" "-e" "CARGO_HOME=/opt/rustwide/cargo-home" "-e" "RUSTUP_HOME=/opt/rustwide/rustup-home" "-e" "CARGO_TARGET_DIR=/opt/rustwide/target" "-e" "CARGO_INCREMENTAL=0" "-e" "RUST_BACKTRACE=full" "-e" "RUSTFLAGS=--cap-lints=warn" "-e" "RUSTDOCFLAGS=--cap-lints=warn" "-w" "/opt/rustwide/workdir" "--user" "0:0" "4adeea6a737be954d442d2fa322459e03689f95e43d283991b95ceae8143f9be" "/opt/rustwide/cargo-home/bin/cargo" "+1.100.0-beta.1" "test" "--frozen" "--no-run" "--message-format=json", kill_on_drop: false }`
[INFO] [stderr]    Compiling source_sdk_2013 v0.1.0-alpha.4 (/opt/rustwide/workdir)
[INFO] [stderr]     Finished `test` profile [unoptimized + debuginfo] target(s) in 5.66s
[INFO] running `Command { std: "docker" "inspect" "4adeea6a737be954d442d2fa322459e03689f95e43d283991b95ceae8143f9be", kill_on_drop: false }`
[INFO] running `Command { std: "docker" "exec" "-e" "SOURCE_DIR=/opt/rustwide/workdir" "-e" "CARGO_HOME=/opt/rustwide/cargo-home" "-e" "RUSTUP_HOME=/opt/rustwide/rustup-home" "-e" "CARGO_TARGET_DIR=/opt/rustwide/target" "-e" "CARGO_INCREMENTAL=0" "-e" "RUST_BACKTRACE=full" "-e" "RUSTFLAGS=--cap-lints=warn" "-e" "RUSTDOCFLAGS=--cap-lints=warn" "-w" "/opt/rustwide/workdir" "--user" "0:0" "4adeea6a737be954d442d2fa322459e03689f95e43d283991b95ceae8143f9be" "/opt/rustwide/cargo-home/bin/cargo" "+1.100.0-beta.1" "test" "--frozen", kill_on_drop: false }`
[INFO] [stderr]     Finished `test` profile [unoptimized + debuginfo] target(s) in 0.06s
[INFO] [stderr]      Running unittests src/lib.rs (/opt/rustwide/target/debug/build/source_sdk_2013/a9d61703a148c366/out/source_sdk_2013-a9d61703a148c366)
[INFO] [stdout] 
[INFO] [stdout] running 128 tests
[INFO] [stdout] test abi::tests::msvc_non_deleting_destructor_drops_the_concrete_type ... ok
[INFO] [stdout] test bitbuf::tests::angles_are_fractions_of_a_turn ... ok
[INFO] [stdout] test ambient_sounds::tests::unexpected_layouts_and_other_classes_are_refused ... ok
[INFO] [stdout] test abi::tests::itanium_complete_destructor_drops_the_concrete_type ... ok
[INFO] [stdout] test bitbuf::tests::buffers_append_at_any_offset ... ok
[INFO] [stdout] test bitbuf::tests::strings_end_with_their_terminator ... ok
[INFO] [stdout] test bitbuf::tests::engine_buffers_take_bits_without_disturbing_their_contents ... ok
[INFO] [stdout] test bitbuf::tests::fields_are_packed_low_bit_first_across_words ... ok
[INFO] [stdout] test bitbuf::tests::variable_length_integers_round_trip ... ok
[INFO] [stdout] test commands::tests::change_callbacks_get_the_interface_and_the_old_value ... ok
[INFO] [stdout] test commands::tests::client_only_commands_refuse_the_server ... ok
[INFO] [stdout] test bitbuf::tests::signed_fields_use_twos_complement ... ok
[INFO] [stdout] test ambient_sounds::tests::fields_outside_the_datamap_are_read_and_written_in_place ... ok
[INFO] [stdout] test ambient_sounds::tests::the_file_name_pins_the_source_name ... ok
[INFO] [stdout] test attributes::tests::player_and_item_attributes_dispatch_typed_methods_and_reject_invalid_values ... ok
[INFO] [stdout] test commands::tests::destructors_and_completion_leave_the_command_intact ... ok
[INFO] [stdout] test commands::tests::clients_reach_only_commands_they_may_run ... ok
[INFO] [stdout] test commands::tests::handlers_with_state_dispatch_through_the_whole_command ... ok
[INFO] [stdout] test commands::tests::clients_need_cheats_for_cheat_commands ... ok
[INFO] [stdout] test bitbuf::tests::written_buffers_expose_the_writers_bits ... ok
[INFO] [stdout] test bitbuf::tests::coordinates_match_the_engines_encoding ... ok
[INFO] [stdout] test commands::args::tests::raw_arguments_match_args ... ok
[INFO] [stdout] test bitbuf::tests::engine_buffers_overflow_instead_of_growing ... ok
[INFO] [stdout] test commands::tests::names_are_validated ... ok
[INFO] [stdout] test commands::tests::handlers_can_leave_client_invocations_to_the_game ... ok
[INFO] [stdout] test commands::tests::handlers_may_unregister_their_own_command ... ok
[INFO] [stdout] test commands::tests::nested_invocations_keep_their_own_invoker_and_arguments ... ok
[INFO] [stdout] test commands::tests::names_in_use_are_refused ... ok
[INFO] [stdout] test commands::tests::quiet_changes_are_not_announced ... ok
[INFO] [stdout] test commands::tests::the_engine_dispatches_server_invocations ... ok
[INFO] [stdout] test commands::tests::the_engine_never_sees_the_game_dll_flag ... ok
[INFO] [stdout] test commands::tests::the_engine_sets_variables_through_their_interface ... ok
[INFO] [stdout] test commands::tests::the_primary_vtable_sets_values_without_adjusting_this ... ok
[INFO] [stdout] test commands::args::tests::malformed_commands_are_refused ... ok
[INFO] [stdout] test commands::args::tests::copies_are_validated_and_indexed ... ok
[INFO] [stdout] test bitbuf::tests::normals_clamp_to_the_fraction_bits ... ok
[INFO] [stdout] test commands::tests::registration_links_once_and_unregisters ... ok
[INFO] [stdout] test commands::tests::replies_are_terminated_lines_without_nul ... ok
[INFO] [stdout] test commands::tests::server_replies_use_the_console_display_functions_without_tier0 ... ok
[INFO] [stdout] test commands::tests::the_vtable_fills_its_page ... ok
[INFO] [stdout] test conditions::tests::duration_cannot_pass_invalid_floats_to_the_engine ... ok
[INFO] [stdout] test damage::tests::copies_change_owned_data_and_preserve_unknown_bits_and_handles ... ok
[INFO] [stdout] test commands::tests::unlisted_commands_are_reported ... ok
[INFO] [stdout] test commands::tests::variables_hold_long_floats_as_tier1_does ... ok
[INFO] [stdout] test damage::tests::independent_policies_remove_bonus_only_once ... ok
[INFO] [stdout] test damage::tests::critical_policy_clamps_overlarge_recorded_bonus ... ok
[INFO] [stdout] test commands::tests::variables_hold_their_default_and_register_as_variables ... ok
[INFO] [stdout] test conditions::tests::identifiers_exclude_sentinels_and_include_extended_conditions ... ok
[INFO] [stdout] test damage::tests::incoming_crit_changes_are_exclusive_and_do_not_scale_damage ... ok
[INFO] [stdout] test datatables::tests::lookups_follow_nested_tables_and_report_why_they_fail ... ok
[INFO] [stdout] test commands::tests::values_parse_as_c_does ... ok
[INFO] [stdout] test commands::tests::variable_vtables_share_their_page ... ok
[INFO] [stdout] test datatables::tests::variables_are_read_and_written_only_as_stored ... ok
[INFO] [stdout] test edicts::tests::state_changes_follow_the_engines_change_tracking ... ok
[INFO] [stdout] test entities::tests::hammer_ids_are_read_from_the_member ... ok
[INFO] [stdout] test edicts::tests::reads_the_cached_index_and_free_flag ... ok
[INFO] [stdout] test entities::tests::handles_split_into_slot_and_serial_number ... ok
[INFO] [stdout] test ffi::tests::buffers_round_trip_strings ... ok
[INFO] [stdout] test entities::tests::entities_read_native_properties_and_teleport ... ok
[INFO] [stdout] test host_timescale::scan::tests::candidates_at_nonzero_section_offsets_are_found ... ok
[INFO] [stdout] test inputs::tests::inputs_are_found_and_checked_as_accept_input_would ... ok
[INFO] [stdout] test inputs::tests::declared_types_describe_themselves ... ok
[INFO] [stdout] test host_timescale::scan::tests::every_candidate_in_a_section_is_validated ... ok
[INFO] [stdout] test inputs::tests::failed_pooling_sends_nothing_and_restores_the_worlds_name ... ok
[INFO] [stdout] test host_timescale::scan::tests::relocation_targets_must_be_the_registered_variables ... ok
[INFO] [stdout] test host_timescale::scan::tests::rejection_branches_and_replacement_destination_are_checked ... ok
[INFO] [stdout] test host_timescale::scan::tests::selects_only_the_verified_gate ... ok
[INFO] [stdout] test host_timescale::scan::tests::truncated_or_already_patched_code_is_refused ... ok
[INFO] [stdout] test interfaces::server_tools::tests::key_values_of_string_fields_are_read_from_the_field ... ok
[INFO] [stdout] test inputs::tests::values_reach_accept_input_as_variants_by_address ... ok
[INFO] [stdout] test interfaces::game_event::tests::listeners_register_by_address_and_receive_fired_events ... ok
[INFO] [stdout] test inputs::tests::inputs_known_to_break_the_server_are_only_sent_unchecked ... ok
[INFO] [stdout] test inputs::tests::strings_are_pooled_only_for_inputs_that_may_keep_them ... ok
[INFO] [stdout] test interfaces::game_event::tests::int_values_unwrap_as_user_ids ... ok
[INFO] [stdout] test interfaces::valve_engine::tests::edict_lookup::lookup_ignores_free_slots_even_if_the_engine_returns_them ... ok
[INFO] [stdout] test interfaces::valve_engine::tests::edict_lookup::invalid_user_ids_from_the_engine_are_rejected ... ok
[INFO] [stdout] test net::incoming::tests::handler_slots_follow_the_abi ... ok
[INFO] [stdout] test net::incoming::tests::kinds_map_to_indices ... ok
[INFO] [stdout] test net::messages::tests::decals_on_entities_carry_their_model ... ok
[INFO] [stdout] test net::messages::tests::payloads_are_prefixed_with_their_length_in_bits ... ok
[INFO] [stdout] test interfaces::server_game_dll::tests::methods_convert_the_games_answers ... ok
[INFO] [stdout] test interfaces::server_tools::tests::tools_find_iterate_and_remove_entities ... ok
[INFO] [stdout] test interfaces::valve_engine::tests::edict_lookup::out_of_range_indices_never_reach_the_engine ... ok
[INFO] [stdout] test interfaces::valve_engine::tests::methods_forward_the_interface_and_arguments ... ok
[INFO] [stdout] test interfaces::valve_engine::tests::edict_lookup::user_ids_and_player_edicts_round_trip ... ok
[INFO] [stdout] test net::messages::tests::limits_are_checked_before_writing ... ok
[INFO] [stdout] test net::messages::tests::views_and_angles ... ok
[INFO] [stdout] test net::tests::a_full_stream_is_an_error ... ok
[INFO] [stdout] test net::tests::messages_are_sent_as_their_type_then_fields ... ok
[INFO] [stdout] test net::tests::types_fit_in_six_bits ... ok
[INFO] [stdout] test players::tests::invalid_user_ids_describe_why_they_are_invalid ... ok
[INFO] [stdout] test players::tests::raw_conversion_accepts_only_non_zero_16_bit_values ... ok
[INFO] [stdout] test rtti::tests::names_follow_the_abi ... ok
[INFO] [stdout] test script_binding::tests::native_adapter_receives_typed_arguments_and_void_has_no_return_pointer ... ok
[INFO] [stdout] test server::tests::interfaces_resolve_by_exact_version_from_their_own_module ... ok
[INFO] [stdout] test sigscan::tests::a_partial_match_does_not_hide_a_later_match ... ok
[INFO] [stdout] test sigscan::tests::empty_or_short_inputs_have_no_matches ... ok
[INFO] [stdout] test sigscan::tests::matches_at_zero_and_the_last_possible_offset ... ok
[INFO] [stdout] test sigscan::tests::overlapping_matches_are_all_returned ... ok
[INFO] [stdout] test sigscan::tests::wildcards_each_consume_one_byte ... ok
[INFO] [stdout] test sigscan::tests::zero_and_ff_are_literal_bytes ... ok
[INFO] [stdout] test soundscapes::tests::fields_outside_the_datamap_are_read_and_written_in_place ... ok
[INFO] [stdout] test user_messages::messages::tests::fade_times_clamp_to_their_range ... ok
[INFO] [stdout] test user_messages::messages::tests::fixed_size_messages_have_their_registered_sizes ... ok
[INFO] [stdout] test user_messages::messages::tests::text_messages_carry_every_argument ... ok
[INFO] [stdout] test user_messages::tests::filters_report_their_recipients_through_the_vtable ... ok
[INFO] [stdout] test voting::tests::accepted_ballot_keeps_entity_index_and_vote_id ... ok
[INFO] [stdout] test soundscapes::tests::soundscapes_cannot_be_removed ... ok
[INFO] [stdout] test soundscapes::tests::unassigned_ids_are_none ... ok
[INFO] [stdout] test soundscapes::tests::unexpected_layouts_and_other_classes_are_refused ... ok
[INFO] [stdout] test weapons::native::platform::tests::retail_item_generation_symbols ... ignored, set TF2_SERVER_IMAGE to an authorized unstripped retail server_srv.so for binary validation
[INFO] [stdout] test voting::tests::starts_preserve_option_order_and_distinct_vote_ids ... ok
[INFO] [stdout] test weapons::tests::failed_replacement_restores_inventory_and_rejected_pickup_does_not_leak_weapon ... ok
[INFO] [stdout] test voting::tests::rejects_missing_and_invalid_fields_without_defaulting_to_yes ... ok
[INFO] [stdout] test weapons::tests::native_inventory_slots_use_validated_classes_and_refuse_deleted_entities ... ok
[INFO] [stdout] test weapons::tests::weapon_creation_rejects_nonweapon_entities_and_negative_subtypes ... ok
[INFO] [stdout] test user_messages::messages::tests::view_angles_are_coordinates ... ok
[INFO] [stdout] test bitbuf::tests::oversized_signed_values_are_refused - should panic ... ok
[INFO] [stdout] test net::messages::tests::small_messages ... ok
[INFO] [stdout] test net::messages::tests::string_commands_and_convars ... ok
[INFO] [stdout] test commands::tests::invalid_variable_names_panic - should panic ... ok
[INFO] [stdout] test bitbuf::tests::oversized_values_are_refused - should panic ... ok
[INFO] [stdout] test commands::tests::errors_and_panics_are_reported_to_the_invoker ... ok
[INFO] [stdout] test commands::tests::invalid_names_panic - should panic ... ok
[INFO] [stdout] test commands::tests::casts_to_the_engines_classes_fail ... FAILED
[INFO] [stdout] test damage::tests::invalid_edits_leave_the_prior_record_intact ... ok
[INFO] [stdout] test interfaces::game_event::tests::unwrapping_the_no_player_zero_as_a_user_id_panics - should panic ... ok
[INFO] [stdout] test damage::tests::all_editable_damage_scalars_are_bounded_except_the_base_damage_sentinel ... ok
[INFO] [stdout] 
[INFO] [stdout] failures:
[INFO] [stdout] 
[INFO] [stdout] ---- commands::tests::casts_to_the_engines_classes_fail stdout ----
[INFO] [stdout] 
[INFO] [stdout] thread 'commands::tests::casts_to_the_engines_classes_fail' (414) panicked at src/commands/tests.rs:844:5:
[INFO] [stdout] assertion failed: cast(object, (&raw const convar).cast(), type_info(), 0).is_null()
[INFO] [stdout] stack backtrace:
[INFO] [stdout]    0:     0x6373a941f3f1 - std[617be2ca0a6fd877]::backtrace_rs::backtrace::libunwind::trace
[INFO] [stdout]                                at /rustc/e3feeb59cd1bdd011a2bfcc0747b55125d9b8527/library/std/src/../../backtrace/src/backtrace/libunwind.rs:117:9
[INFO] [stdout]    1:     0x6373a941f3f1 - std[617be2ca0a6fd877]::backtrace_rs::backtrace::trace_unsynchronized::<std[617be2ca0a6fd877]::sys::backtrace::_print_fmt::{closure#1}>
[INFO] [stdout]                                at /rustc/e3feeb59cd1bdd011a2bfcc0747b55125d9b8527/library/std/src/../../backtrace/src/backtrace/mod.rs:66:14
[INFO] [stdout]    2:     0x6373a941f3f1 - std[617be2ca0a6fd877]::sys::backtrace::_print_fmt
[INFO] [stdout]                                at /rustc/e3feeb59cd1bdd011a2bfcc0747b55125d9b8527/library/std/src/sys/backtrace.rs:74:9
[INFO] [stdout]    3:     0x6373a941f3f1 - <<std[617be2ca0a6fd877]::sys::backtrace::BacktraceLock>::print::DisplayBacktrace as core[a373ad73a504971]::fmt::Display>::fmt
[INFO] [stdout]                                at /rustc/e3feeb59cd1bdd011a2bfcc0747b55125d9b8527/library/std/src/sys/backtrace.rs:44:26
[INFO] [stdout]    4:     0x6373a9434d0a - <core[a373ad73a504971]::fmt::rt::Argument>::fmt
[INFO] [stdout]                                at /rustc/e3feeb59cd1bdd011a2bfcc0747b55125d9b8527/library/core/src/fmt/rt.rs:152:76
[INFO] [stdout]    5:     0x6373a9434d0a - core[a373ad73a504971]::fmt::write
[INFO] [stdout]    6:     0x6373a942360c - core[a373ad73a504971]::io::write::default_write_fmt::<alloc[2e1b2a31b91974c5]::vec::Vec<u8>>
[INFO] [stdout]                                at /rustc/e3feeb59cd1bdd011a2bfcc0747b55125d9b8527/library/core/src/io/write.rs:402:11
[INFO] [stdout]    7:     0x6373a942360c - <alloc[2e1b2a31b91974c5]::vec::Vec<u8> as core[a373ad73a504971]::io::write::Write>::write_fmt
[INFO] [stdout]                                at /rustc/e3feeb59cd1bdd011a2bfcc0747b55125d9b8527/library/core/src/io/write.rs:335:13
[INFO] [stdout]    8:     0x6373a93fb546 - <std[617be2ca0a6fd877]::sys::backtrace::BacktraceLock>::print
[INFO] [stdout]                                at /rustc/e3feeb59cd1bdd011a2bfcc0747b55125d9b8527/library/std/src/sys/backtrace.rs:47:9
[INFO] [stdout]    9:     0x6373a93fb546 - std[617be2ca0a6fd877]::panicking::default_hook::{closure#0}
[INFO] [stdout]                                at /rustc/e3feeb59cd1bdd011a2bfcc0747b55125d9b8527/library/std/src/panicking.rs:289:27
[INFO] [stdout]   10:     0x6373a9417779 - std[617be2ca0a6fd877]::panicking::default_hook
[INFO] [stdout]                                at /rustc/e3feeb59cd1bdd011a2bfcc0747b55125d9b8527/library/std/src/panicking.rs:313:9
[INFO] [stdout]   11:     0x6373a93a4a70 - <alloc[2e1b2a31b91974c5]::boxed::Box<dyn for<'a, 'b> core[a373ad73a504971]::ops::function::Fn<(&'a std[617be2ca0a6fd877]::panic::PanicHookInfo<'b>,), Output = ()> + core[a373ad73a504971]::marker::Sync + core[a373ad73a504971]::marker::Send> as core[a373ad73a504971]::ops::function::Fn<(&std[617be2ca0a6fd877]::panic::PanicHookInfo,)>>::call
[INFO] [stdout]                                at /rustc/e3feeb59cd1bdd011a2bfcc0747b55125d9b8527/library/alloc/src/boxed.rs:2328:9
[INFO] [stdout]   12:     0x6373a93a4a70 - test[aada8e7e76ba119b]::test_main_inner::{closure#0}
[INFO] [stdout]                                at /rustc/e3feeb59cd1bdd011a2bfcc0747b55125d9b8527/library/test/src/lib.rs:137:21
[INFO] [stdout]   13:     0x6373a9417932 - <alloc[2e1b2a31b91974c5]::boxed::Box<dyn for<'a, 'b> core[a373ad73a504971]::ops::function::Fn<(&'a std[617be2ca0a6fd877]::panic::PanicHookInfo<'b>,), Output = ()> + core[a373ad73a504971]::marker::Sync + core[a373ad73a504971]::marker::Send> as core[a373ad73a504971]::ops::function::Fn<(&std[617be2ca0a6fd877]::panic::PanicHookInfo,)>>::call
[INFO] [stdout]                                at /rustc/e3feeb59cd1bdd011a2bfcc0747b55125d9b8527/library/alloc/src/boxed.rs:2328:9
[INFO] [stdout]   14:     0x6373a9417932 - std[617be2ca0a6fd877]::panicking::panic_with_hook
[INFO] [stdout]                                at /rustc/e3feeb59cd1bdd011a2bfcc0747b55125d9b8527/library/std/src/panicking.rs:819:13
[INFO] [stdout]   15:     0x6373a93fb624 - std[617be2ca0a6fd877]::panicking::panic_handler::{closure#0}
[INFO] [stdout]                                at /rustc/e3feeb59cd1bdd011a2bfcc0747b55125d9b8527/library/std/src/panicking.rs:678:13
[INFO] [stdout]   16:     0x6373a93f4179 - std[617be2ca0a6fd877]::sys::backtrace::__rust_end_short_backtrace::<std[617be2ca0a6fd877]::panicking::panic_handler::{closure#0}, !>
[INFO] [stdout]                                at /rustc/e3feeb59cd1bdd011a2bfcc0747b55125d9b8527/library/std/src/sys/backtrace.rs:182:18
[INFO] [stdout]   17:     0x6373a93fc1fd - __rustc[ea4f61d10b84890b]::rust_begin_unwind
[INFO] [stdout]                                at /rustc/e3feeb59cd1bdd011a2bfcc0747b55125d9b8527/library/std/src/panicking.rs:676:5
[INFO] [stdout]   18:     0x6373a943552c - core[a373ad73a504971]::panicking::panic_fmt
[INFO] [stdout]                                at /rustc/e3feeb59cd1bdd011a2bfcc0747b55125d9b8527/library/core/src/panicking.rs:80:14
[INFO] [stdout]   19:     0x6373a94354f2 - core[a373ad73a504971]::panicking::panic
[INFO] [stdout]                                at /rustc/e3feeb59cd1bdd011a2bfcc0747b55125d9b8527/library/core/src/panicking.rs:150:5
[INFO] [stdout]   20:     0x6373a92cbece - source_sdk_2013[efffc9cfe1871925]::commands::tests::casts_to_the_engines_classes_fail
[INFO] [stdout]                                at /opt/rustwide/workdir/src/commands/tests.rs:844:2
[INFO] [stdout]   21:     0x6373a92c6e37 - source_sdk_2013[efffc9cfe1871925]::commands::tests::casts_to_the_engines_classes_fail::{closure#0}
[INFO] [stdout]                                at /opt/rustwide/workdir/src/commands/tests.rs:782:39
[INFO] [stdout]   22:     0x6373a9380f06 - <source_sdk_2013[efffc9cfe1871925]::commands::tests::casts_to_the_engines_classes_fail::{closure#0} as core[a373ad73a504971]::ops::function::FnOnce<()>>::call_once
[INFO] [stdout]                                at /rustc/e3feeb59cd1bdd011a2bfcc0747b55125d9b8527/library/core/src/ops/function.rs:250:5
[INFO] [stdout]   23:     0x6373a9397ebb - <fn() -> core[a373ad73a504971]::result::Result<(), alloc[2e1b2a31b91974c5]::string::String> as core[a373ad73a504971]::ops::function::FnOnce<()>>::call_once
[INFO] [stdout]                                at /rustc/e3feeb59cd1bdd011a2bfcc0747b55125d9b8527/library/core/src/ops/function.rs:250:5
[INFO] [stdout]   24:     0x6373a9397ebb - test[aada8e7e76ba119b]::__rust_begin_short_backtrace::<core[a373ad73a504971]::result::Result<(), alloc[2e1b2a31b91974c5]::string::String>, fn() -> core[a373ad73a504971]::result::Result<(), alloc[2e1b2a31b91974c5]::string::String>>
[INFO] [stdout]                                at /rustc/e3feeb59cd1bdd011a2bfcc0747b55125d9b8527/library/test/src/lib.rs:701:18
[INFO] [stdout]   25:     0x6373a93a5095 - test[aada8e7e76ba119b]::run_test_in_process::{closure#0}
[INFO] [stdout]                                at /rustc/e3feeb59cd1bdd011a2bfcc0747b55125d9b8527/library/test/src/lib.rs:724:74
[INFO] [stdout]   26:     0x6373a93a5095 - <core[a373ad73a504971]::panic::unwind_safe::AssertUnwindSafe<test[aada8e7e76ba119b]::run_test_in_process::{closure#0}> as core[a373ad73a504971]::ops::function::FnOnce<()>>::call_once
[INFO] [stdout]                                at /rustc/e3feeb59cd1bdd011a2bfcc0747b55125d9b8527/library/core/src/panic/unwind_safe.rs:275:9
[INFO] [stdout]   27:     0x6373a93a5095 - std[617be2ca0a6fd877]::panicking::catch_unwind::do_call::<core[a373ad73a504971]::panic::unwind_safe::AssertUnwindSafe<test[aada8e7e76ba119b]::run_test_in_process::{closure#0}>, core[a373ad73a504971]::result::Result<(), alloc[2e1b2a31b91974c5]::string::String>>
[INFO] [stdout]                                at /rustc/e3feeb59cd1bdd011a2bfcc0747b55125d9b8527/library/std/src/panicking.rs:573:43
[INFO] [stdout]   28:     0x6373a93a5095 - std[617be2ca0a6fd877]::panicking::catch_unwind::<core[a373ad73a504971]::result::Result<(), alloc[2e1b2a31b91974c5]::string::String>, core[a373ad73a504971]::panic::unwind_safe::AssertUnwindSafe<test[aada8e7e76ba119b]::run_test_in_process::{closure#0}>>
[INFO] [stdout]                                at /rustc/e3feeb59cd1bdd011a2bfcc0747b55125d9b8527/library/std/src/panicking.rs:541:19
[INFO] [stdout]   29:     0x6373a93a5095 - std[617be2ca0a6fd877]::panic::catch_unwind::<core[a373ad73a504971]::panic::unwind_safe::AssertUnwindSafe<test[aada8e7e76ba119b]::run_test_in_process::{closure#0}>, core[a373ad73a504971]::result::Result<(), alloc[2e1b2a31b91974c5]::string::String>>
[INFO] [stdout]                                at /rustc/e3feeb59cd1bdd011a2bfcc0747b55125d9b8527/library/std/src/panic.rs:359:14
[INFO] [stdout]   30:     0x6373a93a5095 - test[aada8e7e76ba119b]::run_test_in_process
[INFO] [stdout]                                at /rustc/e3feeb59cd1bdd011a2bfcc0747b55125d9b8527/library/test/src/lib.rs:724:27
[INFO] [stdout]   31:     0x6373a93a5095 - test[aada8e7e76ba119b]::run_test::{closure#0}
[INFO] [stdout]                                at /rustc/e3feeb59cd1bdd011a2bfcc0747b55125d9b8527/library/test/src/lib.rs:645:43
[INFO] [stdout]   32:     0x6373a939e984 - test[aada8e7e76ba119b]::run_test::{closure#1}
[INFO] [stdout]                                at /rustc/e3feeb59cd1bdd011a2bfcc0747b55125d9b8527/library/test/src/lib.rs:675:41
[INFO] [stdout]   33:     0x6373a939e984 - std[617be2ca0a6fd877]::sys::backtrace::__rust_begin_short_backtrace::<test[aada8e7e76ba119b]::run_test::{closure#1}, ()>
[INFO] [stdout]                                at /rustc/e3feeb59cd1bdd011a2bfcc0747b55125d9b8527/library/std/src/sys/backtrace.rs:166:18
[INFO] [stdout]   34:     0x6373a93a8122 - std[617be2ca0a6fd877]::thread::lifecycle::spawn_unchecked::<test[aada8e7e76ba119b]::run_test::{closure#1}, ()>::{closure#1}::{closure#0}
[INFO] [stdout]                                at /rustc/e3feeb59cd1bdd011a2bfcc0747b55125d9b8527/library/std/src/thread/lifecycle.rs:70:13
[INFO] [stdout]   35:     0x6373a93a8122 - <core[a373ad73a504971]::panic::unwind_safe::AssertUnwindSafe<std[617be2ca0a6fd877]::thread::lifecycle::spawn_unchecked<test[aada8e7e76ba119b]::run_test::{closure#1}, ()>::{closure#1}::{closure#0}> as core[a373ad73a504971]::ops::function::FnOnce<()>>::call_once
[INFO] [stdout]                                at /rustc/e3feeb59cd1bdd011a2bfcc0747b55125d9b8527/library/core/src/panic/unwind_safe.rs:275:9
[INFO] [stdout]   36:     0x6373a93a8122 - std[617be2ca0a6fd877]::panicking::catch_unwind::do_call::<core[a373ad73a504971]::panic::unwind_safe::AssertUnwindSafe<std[617be2ca0a6fd877]::thread::lifecycle::spawn_unchecked<test[aada8e7e76ba119b]::run_test::{closure#1}, ()>::{closure#1}::{closure#0}>, ()>
[INFO] [stdout]                                at /rustc/e3feeb59cd1bdd011a2bfcc0747b55125d9b8527/library/std/src/panicking.rs:573:43
[INFO] [stdout]   37:     0x6373a93a8122 - std[617be2ca0a6fd877]::panicking::catch_unwind::<(), core[a373ad73a504971]::panic::unwind_safe::AssertUnwindSafe<std[617be2ca0a6fd877]::thread::lifecycle::spawn_unchecked<test[aada8e7e76ba119b]::run_test::{closure#1}, ()>::{closure#1}::{closure#0}>>
[INFO] [stdout]                                at /rustc/e3feeb59cd1bdd011a2bfcc0747b55125d9b8527/library/std/src/panicking.rs:541:19
[INFO] [stdout]   38:     0x6373a93a8122 - std[617be2ca0a6fd877]::panic::catch_unwind::<core[a373ad73a504971]::panic::unwind_safe::AssertUnwindSafe<std[617be2ca0a6fd877]::thread::lifecycle::spawn_unchecked<test[aada8e7e76ba119b]::run_test::{closure#1}, ()>::{closure#1}::{closure#0}>, ()>
[INFO] [stdout]                                at /rustc/e3feeb59cd1bdd011a2bfcc0747b55125d9b8527/library/std/src/panic.rs:359:14
[INFO] [stdout]   39:     0x6373a93a8122 - std[617be2ca0a6fd877]::thread::lifecycle::spawn_unchecked::<test[aada8e7e76ba119b]::run_test::{closure#1}, ()>::{closure#1}
[INFO] [stdout]                                at /rustc/e3feeb59cd1bdd011a2bfcc0747b55125d9b8527/library/std/src/thread/lifecycle.rs:68:26
[INFO] [stdout]   40:     0x6373a93a8122 - <std[617be2ca0a6fd877]::thread::lifecycle::spawn_unchecked<test[aada8e7e76ba119b]::run_test::{closure#1}, ()>::{closure#1} as core[a373ad73a504971]::ops::function::FnOnce<()>>::call_once::{shim:vtable#0}
[INFO] [stdout]                                at /rustc/e3feeb59cd1bdd011a2bfcc0747b55125d9b8527/library/core/src/ops/function.rs:250:5
[INFO] [stdout]   41:     0x6373a941e93f - <alloc[2e1b2a31b91974c5]::boxed::Box<dyn core[a373ad73a504971]::ops::function::FnOnce<(), Output = ()> + core[a373ad73a504971]::marker::Send> as core[a373ad73a504971]::ops::function::FnOnce<()>>::call_once
[INFO] [stdout]                                at /rustc/e3feeb59cd1bdd011a2bfcc0747b55125d9b8527/library/alloc/src/boxed.rs:2314:9
[INFO] [stdout]   42:     0x6373a941e93f - <std[617be2ca0a6fd877]::sys::thread::unix::Thread>::new::thread_start
[INFO] [stdout]                                at /rustc/e3feeb59cd1bdd011a2bfcc0747b55125d9b8527/library/std/src/sys/thread/unix.rs:127:17
[INFO] [stdout]   43:     0x763f7bd64dfa - <unknown>
[INFO] [stdout]   44:     0x763f7bdf83d4 - clone
[INFO] [stdout]   45:                0x0 - <unknown>
[INFO] [stdout] 
[INFO] [stdout] 
[INFO] [stdout] failures:
[INFO] [stdout]     commands::tests::casts_to_the_engines_classes_fail
[INFO] [stdout] 
[INFO] [stdout] test result: FAILED. 126 passed; 1 failed; 1 ignored; 0 measured; 0 filtered out; finished in 0.08s
[INFO] [stdout] 
[INFO] [stderr] error: test failed, to rerun pass `--lib`
[INFO] running `Command { std: "docker" "inspect" "4adeea6a737be954d442d2fa322459e03689f95e43d283991b95ceae8143f9be", kill_on_drop: false }`
[INFO] running `Command { std: "docker" "rm" "-f" "4adeea6a737be954d442d2fa322459e03689f95e43d283991b95ceae8143f9be", kill_on_drop: false }`
[INFO] [stdout] 4adeea6a737be954d442d2fa322459e03689f95e43d283991b95ceae8143f9be
