[INFO] fetching crate rolldown-notify 11.0.0...
[INFO] testing rolldown-notify-11.0.0 against 1.99.0-beta.8 for beta-1.100-2
[INFO] extracting crate rolldown-notify 11.0.0 into /workspace/builds/worker-3-tc1/source
[INFO] started tweaking crates.io crate rolldown-notify 11.0.0
[INFO] finished tweaking crates.io crate rolldown-notify 11.0.0
[INFO] tweaked toml for crates.io crate rolldown-notify 11.0.0 written to /workspace/builds/worker-3-tc1/source/Cargo.toml
[INFO] validating manifest of crates.io crate rolldown-notify 11.0.0 on toolchain 1.99.0-beta.8
[INFO] running `Command { std: CARGO_HOME="/workspace/cargo-home" RUSTUP_HOME="/workspace/rustup-home" "/workspace/cargo-home/bin/cargo" "+1.99.0-beta.8" "metadata" "--manifest-path" "Cargo.toml" "--no-deps", kill_on_drop: false }`
[INFO] crate crates.io crate rolldown-notify 11.0.0 already has a lockfile, it will not be regenerated
[INFO] running `Command { std: CARGO_HOME="/workspace/cargo-home" RUSTUP_HOME="/workspace/rustup-home" "/workspace/cargo-home/bin/cargo" "+1.99.0-beta.8" "fetch" "--manifest-path" "Cargo.toml", kill_on_drop: false }`
[INFO] [stderr] warning: Cargo.toml: `lints.clippy.redundant-pub-crate` is deprecated in favor of `lints.clippy.redundant_pub_crate` and will not work in a future edition
[INFO] [stderr] warning: Cargo.toml: duplicate lint `redundant-pub-crate` in `[lints.clippy]`, conflicts with `redundant_pub_crate` and will not work in a future edition
[INFO] [stderr] warning: `rolldown-notify` (manifest) generated 2 warnings
[INFO] [stderr]     Updating crates.io index
[INFO] [stderr]  Downloading crates ...
[INFO] [stderr]   Downloaded rolldown-notify-types v2.0.3
[INFO] [stderr]   Downloaded trash v5.2.9
[INFO] [stderr]   Downloaded cc v1.2.45
[INFO] [stderr]   Downloaded objc2-core-services v0.3.2
[INFO] [stderr]   Downloaded syn v3.0.0
[INFO] running `Command { std: "docker" "create" "-v" "/var/lib/crater-agent-workspace/builds/worker-3-tc1/source:/opt/rustwide/workdir:ro,Z" "-v" "/var/lib/crater-agent-workspace/builds/worker-3-tc1/target:/opt/rustwide/target:rw,Z" "-v" "/var/lib/crater-agent-workspace/cargo-home:/opt/rustwide/cargo-home:ro,Z" "-v" "/var/lib/crater-agent-workspace/rustup-home:/opt/rustwide/rustup-home:ro,Z" "-m" "1610612736" "--network" "none" "ghcr.io/rust-lang/crates-build-env/linux@sha256:3111399a4047eeb3a02b7a90e478d715f38a8c6669b5c4b49d30a17385265909" "sleep" "infinity", kill_on_drop: false }`
[INFO] [stdout] 11dc03ceb903ab4e18e04668283713f733b156561eebb04b5881b8d17d0139eb
[INFO] running `Command { std: "docker" "start" "11dc03ceb903ab4e18e04668283713f733b156561eebb04b5881b8d17d0139eb", kill_on_drop: false }`
[INFO] running `Command { std: "docker" "inspect" "11dc03ceb903ab4e18e04668283713f733b156561eebb04b5881b8d17d0139eb", kill_on_drop: false }`
[INFO] running `Command { std: "docker" "exec" "-e" "SOURCE_DIR=/opt/rustwide/workdir" "-e" "CARGO_HOME=/opt/rustwide/cargo-home" "-e" "RUSTUP_HOME=/opt/rustwide/rustup-home" "-e" "CARGO_TARGET_DIR=/opt/rustwide/target" "-w" "/opt/rustwide/workdir" "--user" "0:0" "11dc03ceb903ab4e18e04668283713f733b156561eebb04b5881b8d17d0139eb" "/opt/rustwide/cargo-home/bin/cargo" "+1.99.0-beta.8" "metadata" "--no-deps" "--format-version=1", kill_on_drop: false }`
[INFO] running `Command { std: "docker" "inspect" "11dc03ceb903ab4e18e04668283713f733b156561eebb04b5881b8d17d0139eb", kill_on_drop: false }`
[INFO] running `Command { std: "docker" "exec" "-e" "SOURCE_DIR=/opt/rustwide/workdir" "-e" "CARGO_HOME=/opt/rustwide/cargo-home" "-e" "RUSTUP_HOME=/opt/rustwide/rustup-home" "-e" "CARGO_TARGET_DIR=/opt/rustwide/target" "-e" "CARGO_INCREMENTAL=0" "-e" "RUST_BACKTRACE=full" "-e" "RUSTFLAGS=--cap-lints=warn" "-e" "RUSTDOCFLAGS=--cap-lints=warn" "-w" "/opt/rustwide/workdir" "--user" "0:0" "11dc03ceb903ab4e18e04668283713f733b156561eebb04b5881b8d17d0139eb" "/opt/rustwide/cargo-home/bin/cargo" "+1.99.0-beta.8" "build" "--frozen" "--message-format=json", kill_on_drop: false }`
[INFO] [stderr] warning: Cargo.toml: `lints.clippy.redundant-pub-crate` is deprecated in favor of `lints.clippy.redundant_pub_crate` and will not work in a future edition
[INFO] [stderr] warning: Cargo.toml: duplicate lint `redundant-pub-crate` in `[lints.clippy]`, conflicts with `redundant_pub_crate` and will not work in a future edition
[INFO] [stderr] warning: `rolldown-notify` (manifest) generated 2 warnings
[INFO] [stderr]    Compiling proc-macro2 v1.0.103
[INFO] [stderr]    Compiling unicode-ident v1.0.22
[INFO] [stderr]    Compiling quote v1.0.42
[INFO] [stderr]    Compiling inotify-sys v0.1.8
[INFO] [stderr]    Compiling bitflags v2.13.2
[INFO] [stderr]    Compiling log v0.4.28
[INFO] [stderr]    Compiling rolldown-notify-types v2.0.3
[INFO] [stderr]    Compiling tracing-core v0.1.36
[INFO] [stderr]    Compiling mio v1.2.3
[INFO] [stderr]    Compiling inotify v0.11.5
[INFO] [stderr]    Compiling syn v2.0.110
[INFO] [stderr]    Compiling tracing-attributes v0.1.31
[INFO] [stderr]    Compiling tracing v0.1.44
[INFO] [stderr]    Compiling rolldown-notify v11.0.0 (/opt/rustwide/workdir)
[INFO] [stderr]     Finished `dev` profile [unoptimized + debuginfo] target(s) in 9.72s
[INFO] running `Command { std: "docker" "inspect" "11dc03ceb903ab4e18e04668283713f733b156561eebb04b5881b8d17d0139eb", kill_on_drop: false }`
[INFO] running `Command { std: "docker" "exec" "-e" "SOURCE_DIR=/opt/rustwide/workdir" "-e" "CARGO_HOME=/opt/rustwide/cargo-home" "-e" "RUSTUP_HOME=/opt/rustwide/rustup-home" "-e" "CARGO_TARGET_DIR=/opt/rustwide/target" "-e" "CARGO_INCREMENTAL=0" "-e" "RUST_BACKTRACE=full" "-e" "RUSTFLAGS=--cap-lints=warn" "-e" "RUSTDOCFLAGS=--cap-lints=warn" "-w" "/opt/rustwide/workdir" "--user" "0:0" "11dc03ceb903ab4e18e04668283713f733b156561eebb04b5881b8d17d0139eb" "/opt/rustwide/cargo-home/bin/cargo" "+1.99.0-beta.8" "test" "--frozen" "--no-run" "--message-format=json", kill_on_drop: false }`
[INFO] [stderr] warning: Cargo.toml: `lints.clippy.redundant-pub-crate` is deprecated in favor of `lints.clippy.redundant_pub_crate` and will not work in a future edition
[INFO] [stderr] warning: Cargo.toml: duplicate lint `redundant-pub-crate` in `[lints.clippy]`, conflicts with `redundant_pub_crate` and will not work in a future edition
[INFO] [stderr] warning: `rolldown-notify` (manifest) generated 2 warnings
[INFO] [stderr]    Compiling serde_core v1.0.229
[INFO] [stderr]    Compiling zerocopy v0.8.40
[INFO] [stderr]    Compiling find-msvc-tools v0.1.4
[INFO] [stderr]    Compiling serde v1.0.229
[INFO] [stderr]    Compiling either v1.15.0
[INFO] [stderr]    Compiling num-traits v0.2.19
[INFO] [stderr]    Compiling clap_lex v1.0.0
[INFO] [stderr]    Compiling anstyle v1.0.13
[INFO] [stderr]    Compiling syn v2.0.110
[INFO] [stderr]    Compiling syn v3.0.0
[INFO] [stderr]    Compiling memchr v2.7.6
[INFO] [stderr]    Compiling getrandom v0.3.4
[INFO] [stderr]    Compiling regex-automata v0.4.13
[INFO] [stderr]    Compiling rustix v1.1.4
[INFO] [stderr]    Compiling inotify v0.11.5
[INFO] [stderr]    Compiling page_size v0.6.0
[INFO] [stderr]    Compiling cc v1.2.45
[INFO] [stderr]    Compiling clap_builder v4.5.60
[INFO] [stderr]    Compiling itertools v0.13.0
[INFO] [stderr]    Compiling rayon v1.11.0
[INFO] [stderr]    Compiling plotters v0.3.7
[INFO] [stderr]    Compiling serde_derive v1.0.229
[INFO] [stderr]    Compiling criterion-plot v0.8.2
[INFO] [stderr]    Compiling alloca v0.4.0
[INFO] [stderr]    Compiling clap v4.5.60
[INFO] [stderr]    Compiling regex v1.12.2
[INFO] [stderr]    Compiling tempfile v3.27.0
[INFO] [stderr]    Compiling serde_json v1.0.151
[INFO] [stderr]    Compiling zerocopy-derive v0.8.40
[INFO] [stderr]    Compiling tracing-attributes v0.1.31
[INFO] [stderr]    Compiling tinytemplate v1.2.1
[INFO] [stderr]    Compiling tracing v0.1.44
[INFO] [stderr]    Compiling rolldown-notify v11.0.0 (/opt/rustwide/workdir)
[INFO] [stderr]    Compiling half v2.7.1
[INFO] [stderr]    Compiling ciborium-ll v0.2.2
[INFO] [stderr]    Compiling ciborium v0.2.2
[INFO] [stderr]    Compiling criterion v0.8.2
[INFO] [stderr]     Finished `test` profile [unoptimized + debuginfo] target(s) in 33.61s
[INFO] running `Command { std: "docker" "inspect" "11dc03ceb903ab4e18e04668283713f733b156561eebb04b5881b8d17d0139eb", kill_on_drop: false }`
[INFO] running `Command { std: "docker" "exec" "-e" "SOURCE_DIR=/opt/rustwide/workdir" "-e" "CARGO_HOME=/opt/rustwide/cargo-home" "-e" "RUSTUP_HOME=/opt/rustwide/rustup-home" "-e" "CARGO_TARGET_DIR=/opt/rustwide/target" "-e" "CARGO_INCREMENTAL=0" "-e" "RUST_BACKTRACE=full" "-e" "RUSTFLAGS=--cap-lints=warn" "-e" "RUSTDOCFLAGS=--cap-lints=warn" "-w" "/opt/rustwide/workdir" "--user" "0:0" "11dc03ceb903ab4e18e04668283713f733b156561eebb04b5881b8d17d0139eb" "/opt/rustwide/cargo-home/bin/cargo" "+1.99.0-beta.8" "test" "--frozen", kill_on_drop: false }`
[INFO] [stderr] warning: Cargo.toml: `lints.clippy.redundant-pub-crate` is deprecated in favor of `lints.clippy.redundant_pub_crate` and will not work in a future edition
[INFO] [stderr] warning: Cargo.toml: duplicate lint `redundant-pub-crate` in `[lints.clippy]`, conflicts with `redundant_pub_crate` and will not work in a future edition
[INFO] [stderr] warning: `rolldown-notify` (manifest) generated 2 warnings
[INFO] [stderr]     Finished `test` profile [unoptimized + debuginfo] target(s) in 0.13s
[INFO] [stderr]      Running unittests src/lib.rs (/opt/rustwide/target/debug/deps/notify-9afaff8ba1567ba4)
[INFO] [stdout] 
[INFO] [stdout] running 100 tests
[INFO] [stdout] test consolidating_path_trie::tests::consolidate_at_depth_basic ... ok
[INFO] [stdout] test consolidating_path_trie::tests::consolidate_to_single_parent_nested1 ... ok
[INFO] [stdout] test consolidating_path_trie::tests::consolidate_no_siblings ... ok
[INFO] [stdout] test consolidating_path_trie::tests::consolidate_parent ... ok
[INFO] [stdout] test consolidating_path_trie::tests::consolidate_children ... ok
[INFO] [stdout] test consolidating_path_trie::tests::consolidate_no_siblings2 ... ok
[INFO] [stdout] test bimap::tests::test_contains ... ok
[INFO] [stdout] test bimap::tests::test_get ... ok
[INFO] [stdout] test consolidating_path_trie::tests::consolidate_to_single_parent ... ok
[INFO] [stdout] test consolidating_path_trie::tests::consolidate_to_single_parent_nested2 ... ok
[INFO] [stdout] test consolidating_path_trie::tests::count_values_basic ... ok
[INFO] [stdout] test consolidating_path_trie::tests::consolidate_at_depth_respects_min_depth ... ok
[INFO] [stdout] test consolidating_path_trie::tests::max_value_depth_basic ... ok
[INFO] [stdout] test consolidating_path_trie::tests::max_paths_multi_level_consolidation ... ok
[INFO] [stdout] test consolidating_path_trie::tests::max_paths_cannot_consolidate_above_divergence ... ok
[INFO] [stdout] test consolidating_path_trie::tests::max_paths_no_consolidation_when_under_limit ... ok
[INFO] [stdout] test filter::tests::is_path_ignored_looks_up_the_kind ... ok
[INFO] [stdout] test consolidating_path_trie::tests::max_paths_consolidates_deepest_first ... ok
[INFO] [stdout] test consolidating_path_trie::tests::max_paths_none_no_consolidation ... ok
[INFO] [stdout] test bimap::tests::test_insert ... ok
[INFO] [stdout] test consolidating_path_trie::tests::basic ... ok
[INFO] [stdout] test filter::tests::walk_does_not_descend_into_ignored_directories ... ok
[INFO] [stdout] test bimap::tests::test_remove ... ok
[INFO] [stdout] test consolidating_path_trie::tests::max_paths_respects_subtree_roots ... ok
[INFO] [stdout] test consolidating_path_trie::tests::max_paths_single_root_deep ... ok
[INFO] [stdout] test consolidating_path_trie::tests::max_value_depth_flat ... ok
[INFO] [stdout] test error::display_formatted_errors ... ok
[INFO] [stdout] test error::invalid_config_does_not_keep_ignore_filter ... ok
[INFO] [stdout] test filter::tests::default_filter_ignores_nothing ... ok
[INFO] [stdout] test inotify::tests::create_self_file_nested ... ignored, TODO: not implemented
[INFO] [stdout] test inotify::tests::chmod_dir ... ok
[INFO] [stdout] test consolidating_path_trie::tests::max_paths_large_scale_multiple_roots ... ok
[INFO] [stdout] test inotify::tests::create_file ... ok
[INFO] [stdout] test inotify::tests::create_dir ... ok
[INFO] [stdout] test inotify::tests::create_self_file_no_track ... ok
[INFO] [stdout] test inotify::tests::chmod_file ... ok
[INFO] [stdout] test inotify::tests::delete_dir ... ok
[INFO] [stdout] test inotify::tests::create_self_write_overwrite_no_track ... ok
[INFO] [stdout] test inotify::tests::create_write_write_rename_write_remove ... ok
[INFO] [stdout] test inotify::tests::create_self_write_overwrite ... ok
[INFO] [stdout] test inotify::tests::inotify_watcher_is_send_and_sync ... ok
[INFO] [stdout] test inotify::tests::create_write_overwrite ... ok
[INFO] [stdout] test inotify::tests::create_self_file ... ok
[INFO] [stdout] test inotify::tests::move_out_of_watched_dir ... ok
[INFO] [stdout] test inotify::tests::recursive_creation ... ignored, see https://github.com/notify-rs/notify/issues/727
[INFO] [stdout] test inotify::tests::recursive_watch_calls_handler_if_creating_a_file_raises_max_files_watch ... ignored, requires changing sysctl fs.inotify.max_user_watches while test is running
[INFO] [stdout] test inotify::tests::delete_file ... ok
[INFO] [stdout] test inotify::tests::create_file_nested_in_recursive_watch ... ok
[INFO] [stdout] test inotify::tests::delete_self_file ... ok
[INFO] [stdout] test inotify::tests::rename_self_file_no_track ... ok
[INFO] [stdout] test inotify::tests::rename_self_file ... ok
[INFO] [stdout] test inotify::tests::rename_twice ... ok
[INFO] [stdout] test inotify::tests::set_file_mtime ... ok
[INFO] [stdout] test inotify::tests::native_error_type_on_missing_path ... ok
[INFO] [stdout] test inotify::tests::ignored_directory_created_at_runtime_is_not_watched ... ok
[INFO] [stdout] test inotify::tests::watch_recursively_then_unwatch_child_stops_events_from_child ... ok
[INFO] [stdout] test inotify::tests::write_file ... ok
[INFO] [stdout] test inotify::tests::delete_self_file_no_track ... ok
[INFO] [stdout] test inotify::tests::delete_self_dir_no_track ... ok
[INFO] [stdout] test inotify::tests::write_file_non_recursive_watch ... ok
[INFO] [stdout] test poll::tests::create_dir ... ok
[INFO] [stdout] test inotify::tests::write_to_a_hardlink_pointed_to_the_watched_file_triggers_an_event ... ok
[INFO] [stdout] test inotify::tests::rename_dir ... ok
[INFO] [stdout] test inotify::tests::write_to_a_hardlink_pointed_to_the_watched_file_triggers_an_event_even_if_the_parent_is_watched ... ok
[INFO] [stdout] test inotify::tests::rename_file ... ok
[INFO] [stdout] test inotify::tests::ignored_directory_is_not_watched ... ok
[INFO] [stdout] test poll::tests::create_file ... ok
[INFO] [stdout] test poll::tests::create_self_file ... ok
[INFO] [stdout] test poll::tests::create_self_file_no_track ... ok
[INFO] [stdout] test poll::tests::create_self_file_nested ... ok
[INFO] [stdout] test poll::tests::create_write_overwrite ... ok
[INFO] [stdout] test poll::tests::delete_self_file ... ok
[INFO] [stdout] test poll::tests::poll_watcher_is_send_and_sync ... ok
[INFO] [stdout] test inotify::tests::upgrade_to_recursive ... ok
[INFO] [stdout] test poll::tests::rename_file ... ok
[INFO] [stdout] test poll::tests::rename_self_file ... ok
[INFO] [stdout] test poll::tests::modify_file ... ok
[INFO] [stdout] test tests::create_dir ... ok
[INFO] [stdout] test tests::create_file ... ok
[INFO] [stdout] test tests::integration ... ok
[INFO] [stdout] test poll::tests::ignored_directory_is_not_scanned ... ok
[INFO] [stdout] test tests::remove_file ... ok
[INFO] [stdout] test tests::test_paths_mut ... ok
[INFO] [stdout] test tests_other::test_debug_impl ... ok
[INFO] [stdout] test tests_other::test_object_safe ... ok
[INFO] [stdout] test inotify::tests::rename_dir_twice ... ok
[INFO] [stdout] test tests::modify_file ... ok
[INFO] [stdout] test poll::tests::delete_self_file_no_track ... FAILED
[INFO] [stdout] test inotify::tests::race_condition_on_unwatch_and_pending_events_with_deleted_descriptor ... ok
[INFO] [stdout] test filter::watcher_tests::watching_an_ignored_path_does_nothing ... ok
[INFO] [stdout] test filter::watcher_tests::ignored_paths_are_not_reported ... ok
[INFO] [stdout] test filter::watcher_tests::rename_to_an_ignored_path_only_reports_the_other_path ... ok
[INFO] [stdout] test inotify::tests::track_path_continues_after_recreating_file_in_nested_directory ... ok
[INFO] [stdout] test inotify::tests::write_to_a_hardlink_pointed_to_the_file_in_the_watched_dir_doesnt_trigger_an_event ... ok
[INFO] [stdout] test inotify::tests::delete_self_dir ... ok
[INFO] [stdout] test inotify::tests::track_path_upgrade_continues_after_recreating_file_in_nested_directory ... ok
[INFO] [stdout] test poll::tests::delete_file ... ok
[INFO] [stdout] test poll::tests::rename_self_file_no_track ... ok
[INFO] [stdout] test poll::tests::track_path_continues_after_recreating_file_in_nested_directory ... ok
[INFO] [stdout] test poll::tests::track_path_upgrade_continues_after_recreating_file_in_nested_directory ... ok
[INFO] [stdout] 
[INFO] [stdout] failures:
[INFO] [stdout] 
[INFO] [stdout] ---- poll::tests::delete_self_file_no_track stdout ----
[INFO] [stdout] 
[INFO] [stdout] thread 'poll::tests::delete_self_file_no_track' (1205) panicked at src/test.rs:152:13:
[INFO] [stdout] Unexpected event was received: Ok(
[INFO] [stdout]     Event {
[INFO] [stdout]         kind: Create(
[INFO] [stdout]             File,
[INFO] [stdout]         ),
[INFO] [stdout]         paths: [
[INFO] [stdout]             "/tmp/.tmpdI3DSX/nested/entry",
[INFO] [stdout]         ],
[INFO] [stdout]         attr:tracker: None,
[INFO] [stdout]         attr:flag: None,
[INFO] [stdout]         attr:info: None,
[INFO] [stdout]         attr:source: None,
[INFO] [stdout]     },
[INFO] [stdout] )
[INFO] [stdout] stack backtrace:
[INFO] [stdout]    0:     0x6304ad9c3631 - std[70759c8f55707aa4]::backtrace_rs::backtrace::libunwind::trace
[INFO] [stdout]                                at /rustc/dfb0accb7f508ae8be965d8629557221c889dd98/library/std/src/../../backtrace/src/backtrace/libunwind.rs:117:9
[INFO] [stdout]    1:     0x6304ad9c3631 - std[70759c8f55707aa4]::backtrace_rs::backtrace::trace_unsynchronized::<std[70759c8f55707aa4]::sys::backtrace::_print_fmt::{closure#1}>
[INFO] [stdout]                                at /rustc/dfb0accb7f508ae8be965d8629557221c889dd98/library/std/src/../../backtrace/src/backtrace/mod.rs:66:14
[INFO] [stdout]    2:     0x6304ad9c3631 - std[70759c8f55707aa4]::sys::backtrace::_print_fmt
[INFO] [stdout]                                at /rustc/dfb0accb7f508ae8be965d8629557221c889dd98/library/std/src/sys/backtrace.rs:74:9
[INFO] [stdout]    3:     0x6304ad9c3631 - <<std[70759c8f55707aa4]::sys::backtrace::BacktraceLock>::print::DisplayBacktrace as core[df12db4294e9bfd3]::fmt::Display>::fmt
[INFO] [stdout]                                at /rustc/dfb0accb7f508ae8be965d8629557221c889dd98/library/std/src/sys/backtrace.rs:44:26
[INFO] [stdout]    4:     0x6304ad9d847a - <core[df12db4294e9bfd3]::fmt::rt::Argument>::fmt
[INFO] [stdout]                                at /rustc/dfb0accb7f508ae8be965d8629557221c889dd98/library/core/src/fmt/rt.rs:152:76
[INFO] [stdout]    5:     0x6304ad9d847a - core[df12db4294e9bfd3]::fmt::write
[INFO] [stdout]    6:     0x6304ad9c7e2c - core[df12db4294e9bfd3]::io::write::default_write_fmt::<alloc[2182bb758b4b3781]::vec::Vec<u8>>
[INFO] [stdout]                                at /rustc/dfb0accb7f508ae8be965d8629557221c889dd98/library/core/src/io/write.rs:402:11
[INFO] [stdout]    7:     0x6304ad9c7e2c - <alloc[2182bb758b4b3781]::vec::Vec<u8> as core[df12db4294e9bfd3]::io::write::Write>::write_fmt
[INFO] [stdout]                                at /rustc/dfb0accb7f508ae8be965d8629557221c889dd98/library/core/src/io/write.rs:335:13
[INFO] [stdout]    8:     0x6304ad99bab6 - <std[70759c8f55707aa4]::sys::backtrace::BacktraceLock>::print
[INFO] [stdout]                                at /rustc/dfb0accb7f508ae8be965d8629557221c889dd98/library/std/src/sys/backtrace.rs:47:9
[INFO] [stdout]    9:     0x6304ad99bab6 - std[70759c8f55707aa4]::panicking::default_hook::{closure#0}
[INFO] [stdout]                                at /rustc/dfb0accb7f508ae8be965d8629557221c889dd98/library/std/src/panicking.rs:292:27
[INFO] [stdout]   10:     0x6304ad9b96f9 - std[70759c8f55707aa4]::panicking::default_hook
[INFO] [stdout]                                at /rustc/dfb0accb7f508ae8be965d8629557221c889dd98/library/std/src/panicking.rs:316:9
[INFO] [stdout]   11:     0x6304ad916060 - <alloc[2182bb758b4b3781]::boxed::Box<dyn for<'a, 'b> core[df12db4294e9bfd3]::ops::function::Fn<(&'a std[70759c8f55707aa4]::panic::PanicHookInfo<'b>,), Output = ()> + core[df12db4294e9bfd3]::marker::Send + core[df12db4294e9bfd3]::marker::Sync> as core[df12db4294e9bfd3]::ops::function::Fn<(&std[70759c8f55707aa4]::panic::PanicHookInfo,)>>::call
[INFO] [stdout]                                at /rustc/dfb0accb7f508ae8be965d8629557221c889dd98/library/alloc/src/boxed.rs:2334:9
[INFO] [stdout]   12:     0x6304ad916060 - test[9d35eded1c95d3be]::test_main_inner::<test[9d35eded1c95d3be]::test_main_static::{closure#0}>::{closure#0}
[INFO] [stdout]                                at /rustc/dfb0accb7f508ae8be965d8629557221c889dd98/library/test/src/lib.rs:155:21
[INFO] [stdout]   13:     0x6304ad9b98b2 - <alloc[2182bb758b4b3781]::boxed::Box<dyn for<'a, 'b> core[df12db4294e9bfd3]::ops::function::Fn<(&'a std[70759c8f55707aa4]::panic::PanicHookInfo<'b>,), Output = ()> + core[df12db4294e9bfd3]::marker::Send + core[df12db4294e9bfd3]::marker::Sync> as core[df12db4294e9bfd3]::ops::function::Fn<(&std[70759c8f55707aa4]::panic::PanicHookInfo,)>>::call
[INFO] [stdout]                                at /rustc/dfb0accb7f508ae8be965d8629557221c889dd98/library/alloc/src/boxed.rs:2334:9
[INFO] [stdout]   14:     0x6304ad9b98b2 - std[70759c8f55707aa4]::panicking::panic_with_hook
[INFO] [stdout]                                at /rustc/dfb0accb7f508ae8be965d8629557221c889dd98/library/std/src/panicking.rs:823:13
[INFO] [stdout]   15:     0x6304ad99bb62 - std[70759c8f55707aa4]::panicking::panic_handler::{closure#0}
[INFO] [stdout]                                at /rustc/dfb0accb7f508ae8be965d8629557221c889dd98/library/std/src/panicking.rs:688:13
[INFO] [stdout]   16:     0x6304ad9944c9 - std[70759c8f55707aa4]::sys::backtrace::__rust_end_short_backtrace::<std[70759c8f55707aa4]::panicking::panic_handler::{closure#0}, !>
[INFO] [stdout]                                at /rustc/dfb0accb7f508ae8be965d8629557221c889dd98/library/std/src/sys/backtrace.rs:182:18
[INFO] [stdout]   17:     0x6304ad99c9fd - __rustc[8fa7c3cbc660c2b3]::rust_begin_unwind
[INFO] [stdout]                                at /rustc/dfb0accb7f508ae8be965d8629557221c889dd98/library/std/src/panicking.rs:679:5
[INFO] [stdout]   18:     0x6304ad9d8c9c - core[df12db4294e9bfd3]::panicking::panic_fmt
[INFO] [stdout]                                at /rustc/dfb0accb7f508ae8be965d8629557221c889dd98/library/core/src/panicking.rs:80:14
[INFO] [stdout]   19:     0x6304ad826370 - <notify[6cd3bb16fdaf60a]::test::Receiver>::ensure_empty
[INFO] [stdout]                                at /opt/rustwide/workdir/src/test.rs:152:13
[INFO] [stdout]   20:     0x6304ad82641d - <notify[6cd3bb16fdaf60a]::test::Receiver>::ensure_empty_with_wait
[INFO] [stdout]                                at /opt/rustwide/workdir/src/test.rs:159:14
[INFO] [stdout]   21:     0x6304ad884d44 - notify[6cd3bb16fdaf60a]::poll::tests::delete_self_file_no_track
[INFO] [stdout]                                at /opt/rustwide/workdir/src/poll.rs:1211:12
[INFO] [stdout]   22:     0x6304ad87ec97 - notify[6cd3bb16fdaf60a]::poll::tests::delete_self_file_no_track::{closure#0}
[INFO] [stdout]                                at /opt/rustwide/workdir/src/poll.rs:1183:35
[INFO] [stdout]   23:     0x6304ad8bd416 - <notify[6cd3bb16fdaf60a]::poll::tests::delete_self_file_no_track::{closure#0} as core[df12db4294e9bfd3]::ops::function::FnOnce<()>>::call_once
[INFO] [stdout]                                at /rustc/dfb0accb7f508ae8be965d8629557221c889dd98/library/core/src/ops/function.rs:250:5
[INFO] [stdout]   24:     0x6304ad90934b - <fn() -> core[df12db4294e9bfd3]::result::Result<(), alloc[2182bb758b4b3781]::string::String> as core[df12db4294e9bfd3]::ops::function::FnOnce<()>>::call_once
[INFO] [stdout]                                at /rustc/dfb0accb7f508ae8be965d8629557221c889dd98/library/core/src/ops/function.rs:250:5
[INFO] [stdout]   25:     0x6304ad90934b - test[9d35eded1c95d3be]::__rust_begin_short_backtrace::<core[df12db4294e9bfd3]::result::Result<(), alloc[2182bb758b4b3781]::string::String>, fn() -> core[df12db4294e9bfd3]::result::Result<(), alloc[2182bb758b4b3781]::string::String>>
[INFO] [stdout]                                at /rustc/dfb0accb7f508ae8be965d8629557221c889dd98/library/test/src/lib.rs:733:18
[INFO] [stdout]   26:     0x6304ad9169b5 - test[9d35eded1c95d3be]::run_test_in_process::{closure#0}
[INFO] [stdout]                                at /rustc/dfb0accb7f508ae8be965d8629557221c889dd98/library/test/src/lib.rs:756:74
[INFO] [stdout]   27:     0x6304ad9169b5 - <core[df12db4294e9bfd3]::panic::unwind_safe::AssertUnwindSafe<test[9d35eded1c95d3be]::run_test_in_process::{closure#0}> as core[df12db4294e9bfd3]::ops::function::FnOnce<()>>::call_once
[INFO] [stdout]                                at /rustc/dfb0accb7f508ae8be965d8629557221c889dd98/library/core/src/panic/unwind_safe.rs:275:9
[INFO] [stdout]   28:     0x6304ad9169b5 - std[70759c8f55707aa4]::panicking::catch_unwind::do_call::<core[df12db4294e9bfd3]::panic::unwind_safe::AssertUnwindSafe<test[9d35eded1c95d3be]::run_test_in_process::{closure#0}>, core[df12db4294e9bfd3]::result::Result<(), alloc[2182bb758b4b3781]::string::String>>
[INFO] [stdout]                                at /rustc/dfb0accb7f508ae8be965d8629557221c889dd98/library/std/src/panicking.rs:576:43
[INFO] [stdout]   29:     0x6304ad9169b5 - std[70759c8f55707aa4]::panicking::catch_unwind::<core[df12db4294e9bfd3]::result::Result<(), alloc[2182bb758b4b3781]::string::String>, core[df12db4294e9bfd3]::panic::unwind_safe::AssertUnwindSafe<test[9d35eded1c95d3be]::run_test_in_process::{closure#0}>>
[INFO] [stdout]                                at /rustc/dfb0accb7f508ae8be965d8629557221c889dd98/library/std/src/panicking.rs:544:19
[INFO] [stdout]   30:     0x6304ad9169b5 - std[70759c8f55707aa4]::panic::catch_unwind::<core[df12db4294e9bfd3]::panic::unwind_safe::AssertUnwindSafe<test[9d35eded1c95d3be]::run_test_in_process::{closure#0}>, core[df12db4294e9bfd3]::result::Result<(), alloc[2182bb758b4b3781]::string::String>>
[INFO] [stdout]                                at /rustc/dfb0accb7f508ae8be965d8629557221c889dd98/library/std/src/panic.rs:359:14
[INFO] [stdout]   31:     0x6304ad9169b5 - test[9d35eded1c95d3be]::run_test_in_process
[INFO] [stdout]                                at /rustc/dfb0accb7f508ae8be965d8629557221c889dd98/library/test/src/lib.rs:756:27
[INFO] [stdout]   32:     0x6304ad9169b5 - test[9d35eded1c95d3be]::run_test::{closure#0}
[INFO] [stdout]                                at /rustc/dfb0accb7f508ae8be965d8629557221c889dd98/library/test/src/lib.rs:677:43
[INFO] [stdout]   33:     0x6304ad910274 - test[9d35eded1c95d3be]::run_test::{closure#1}
[INFO] [stdout]                                at /rustc/dfb0accb7f508ae8be965d8629557221c889dd98/library/test/src/lib.rs:707:41
[INFO] [stdout]   34:     0x6304ad910274 - std[70759c8f55707aa4]::sys::backtrace::__rust_begin_short_backtrace::<test[9d35eded1c95d3be]::run_test::{closure#1}, ()>
[INFO] [stdout]                                at /rustc/dfb0accb7f508ae8be965d8629557221c889dd98/library/std/src/sys/backtrace.rs:166:18
[INFO] [stdout]   35:     0x6304ad919b12 - std[70759c8f55707aa4]::thread::lifecycle::spawn_unchecked::<test[9d35eded1c95d3be]::run_test::{closure#1}, ()>::{closure#1}::{closure#0}
[INFO] [stdout]                                at /rustc/dfb0accb7f508ae8be965d8629557221c889dd98/library/std/src/thread/lifecycle.rs:70:13
[INFO] [stdout]   36:     0x6304ad919b12 - <core[df12db4294e9bfd3]::panic::unwind_safe::AssertUnwindSafe<std[70759c8f55707aa4]::thread::lifecycle::spawn_unchecked<test[9d35eded1c95d3be]::run_test::{closure#1}, ()>::{closure#1}::{closure#0}> as core[df12db4294e9bfd3]::ops::function::FnOnce<()>>::call_once
[INFO] [stdout]                                at /rustc/dfb0accb7f508ae8be965d8629557221c889dd98/library/core/src/panic/unwind_safe.rs:275:9
[INFO] [stdout]   37:     0x6304ad919b12 - std[70759c8f55707aa4]::panicking::catch_unwind::do_call::<core[df12db4294e9bfd3]::panic::unwind_safe::AssertUnwindSafe<std[70759c8f55707aa4]::thread::lifecycle::spawn_unchecked<test[9d35eded1c95d3be]::run_test::{closure#1}, ()>::{closure#1}::{closure#0}>, ()>
[INFO] [stdout]                                at /rustc/dfb0accb7f508ae8be965d8629557221c889dd98/library/std/src/panicking.rs:576:43
[INFO] [stdout]   38:     0x6304ad919b12 - std[70759c8f55707aa4]::panicking::catch_unwind::<(), core[df12db4294e9bfd3]::panic::unwind_safe::AssertUnwindSafe<std[70759c8f55707aa4]::thread::lifecycle::spawn_unchecked<test[9d35eded1c95d3be]::run_test::{closure#1}, ()>::{closure#1}::{closure#0}>>
[INFO] [stdout]                                at /rustc/dfb0accb7f508ae8be965d8629557221c889dd98/library/std/src/panicking.rs:544:19
[INFO] [stdout]   39:     0x6304ad919b12 - std[70759c8f55707aa4]::panic::catch_unwind::<core[df12db4294e9bfd3]::panic::unwind_safe::AssertUnwindSafe<std[70759c8f55707aa4]::thread::lifecycle::spawn_unchecked<test[9d35eded1c95d3be]::run_test::{closure#1}, ()>::{closure#1}::{closure#0}>, ()>
[INFO] [stdout]                                at /rustc/dfb0accb7f508ae8be965d8629557221c889dd98/library/std/src/panic.rs:359:14
[INFO] [stdout]   40:     0x6304ad919b12 - std[70759c8f55707aa4]::thread::lifecycle::spawn_unchecked::<test[9d35eded1c95d3be]::run_test::{closure#1}, ()>::{closure#1}
[INFO] [stdout]                                at /rustc/dfb0accb7f508ae8be965d8629557221c889dd98/library/std/src/thread/lifecycle.rs:68:26
[INFO] [stdout]   41:     0x6304ad919b12 - <std[70759c8f55707aa4]::thread::lifecycle::spawn_unchecked<test[9d35eded1c95d3be]::run_test::{closure#1}, ()>::{closure#1} as core[df12db4294e9bfd3]::ops::function::FnOnce<()>>::call_once::{shim:vtable#0}
[INFO] [stdout]                                at /rustc/dfb0accb7f508ae8be965d8629557221c889dd98/library/core/src/ops/function.rs:250:5
[INFO] [stdout]   42:     0x6304ad9c28b9 - <alloc[2182bb758b4b3781]::boxed::Box<dyn core[df12db4294e9bfd3]::ops::function::FnOnce<(), Output = ()> + core[df12db4294e9bfd3]::marker::Send> as core[df12db4294e9bfd3]::ops::function::FnOnce<()>>::call_once
[INFO] [stdout]                                at /rustc/dfb0accb7f508ae8be965d8629557221c889dd98/library/alloc/src/boxed.rs:2320:9
[INFO] [stdout]   43:     0x6304ad9c28b9 - <std[70759c8f55707aa4]::sys::thread::unix::Thread>::new::thread_start
[INFO] [stdout]                                at /rustc/dfb0accb7f508ae8be965d8629557221c889dd98/library/std/src/sys/thread/unix.rs:123:17
[INFO] [stdout]   44:     0x7537646c2dfa - <unknown>
[INFO] [stdout]   45:     0x7537647563d4 - clone
[INFO] [stdout]   46:                0x0 - <unknown>
[INFO] [stdout] 
[INFO] [stdout] 
[INFO] [stdout] failures:
[INFO] [stdout]     poll::tests::delete_self_file_no_track
[INFO] [stdout] 
[INFO] [stdout] test result: FAILED. 96 passed; 1 failed; 3 ignored; 0 measured; 0 filtered out; finished in 1.10s
[INFO] [stdout] 
[INFO] [stderr] error: test failed, to rerun pass `--lib`
[INFO] running `Command { std: "docker" "inspect" "11dc03ceb903ab4e18e04668283713f733b156561eebb04b5881b8d17d0139eb", kill_on_drop: false }`
[INFO] running `Command { std: "docker" "rm" "-f" "11dc03ceb903ab4e18e04668283713f733b156561eebb04b5881b8d17d0139eb", kill_on_drop: false }`
[INFO] [stdout] 11dc03ceb903ab4e18e04668283713f733b156561eebb04b5881b8d17d0139eb
