[INFO] fetching crate r2e-scheduler 0.4.0...
[INFO] testing r2e-scheduler-0.4.0 against 1.99.0-beta.8 for beta-1.100-2
[INFO] extracting crate r2e-scheduler 0.4.0 into /workspace/builds/worker-4-tc1/source
[INFO] started tweaking crates.io crate r2e-scheduler 0.4.0
[INFO] removed 0 missing tests
[INFO] finished tweaking crates.io crate r2e-scheduler 0.4.0
[INFO] tweaked toml for crates.io crate r2e-scheduler 0.4.0 written to /workspace/builds/worker-4-tc1/source/Cargo.toml
[INFO] validating manifest of crates.io crate r2e-scheduler 0.4.0 on toolchain 1.99.0-beta.8
[INFO] running `Command { std: CARGO_HOME="/workspace/cargo-home" RUSTUP_HOME="/workspace/rustup-home" "/workspace/cargo-home/bin/cargo" "+1.99.0-beta.8" "metadata" "--manifest-path" "Cargo.toml" "--no-deps", kill_on_drop: false }`
[INFO] crate crates.io crate r2e-scheduler 0.4.0 already has a lockfile, it will not be regenerated
[INFO] running `Command { std: CARGO_HOME="/workspace/cargo-home" RUSTUP_HOME="/workspace/rustup-home" "/workspace/cargo-home/bin/cargo" "+1.99.0-beta.8" "fetch" "--manifest-path" "Cargo.toml", kill_on_drop: false }`
[INFO] [stderr]     Updating crates.io index
[INFO] [stderr]  Downloading crates ...
[INFO] [stderr]   Downloaded valuable v0.1.1
[INFO] [stderr]   Downloaded tracing-serde v0.2.0
[INFO] [stderr]   Downloaded quote v1.0.46
[INFO] [stderr]   Downloaded matchers v0.2.0
[INFO] [stderr]   Downloaded siphasher v1.0.3
[INFO] [stderr]   Downloaded wasm-bindgen-shared v0.2.126
[INFO] [stderr]   Downloaded wasm-bindgen-macro v0.2.126
[INFO] [stderr]   Downloaded phf_shared v0.11.3
[INFO] [stderr]   Downloaded castaway v0.2.4
[INFO] [stderr]   Downloaded phf_generator v0.11.3
[INFO] [stderr]   Downloaded phf v0.11.3
[INFO] [stderr]   Downloaded phf_macros v0.11.3
[INFO] [stderr]   Downloaded thread_local v1.1.9
[INFO] [stderr]   Downloaded nu-ansi-term v0.50.3
[INFO] [stderr]   Downloaded garde_derive v0.23.0
[INFO] [stderr]   Downloaded dashmap v6.2.1
[INFO] [stderr]   Downloaded smallvec v1.15.2
[INFO] [stderr]   Downloaded r2e-executor v0.4.0
[INFO] [stderr]   Downloaded toml_parser v1.1.2+spec-1.1.0
[INFO] [stderr]   Downloaded r2e-rt v0.4.0
[INFO] [stderr]   Downloaded r2e-http v0.4.0
[INFO] [stderr]   Downloaded serde_path_to_error v0.1.20
[INFO] [stderr]   Downloaded cron v0.17.0
[INFO] [stderr]   Downloaded bitflags v2.13.0
[INFO] [stderr]   Downloaded tokio-stream v0.1.18
[INFO] [stderr]   Downloaded garde v0.23.0
[INFO] [stderr]   Downloaded tracing-subscriber v0.3.23
[INFO] [stderr]   Downloaded log v0.4.33
[INFO] [stderr]   Downloaded socket2 v0.6.4
[INFO] [stderr]   Downloaded toml_edit v0.25.12+spec-1.1.0
[INFO] [stderr]   Downloaded wasm-bindgen v0.2.126
[INFO] [stderr]   Downloaded uuid v1.23.4
[INFO] [stderr]   Downloaded arc-swap v1.9.2
[INFO] [stderr]   Downloaded bytes v1.12.0
[INFO] [stderr]   Downloaded rand v0.8.6
[INFO] [stderr]   Downloaded compact_str v0.9.1
[INFO] [stderr]   Downloaded memchr v2.8.2
[INFO] [stderr]   Downloaded mio v1.2.1
[INFO] [stderr]   Downloaded wasm-bindgen-macro-support v0.2.126
[INFO] [stderr]   Downloaded js-sys v0.3.103
[INFO] [stderr]   Downloaded cc v1.2.65
[INFO] [stderr]   Downloaded http v1.4.2
[INFO] [stderr]   Downloaded serde_json v1.0.150
[INFO] [stderr]   Downloaded hashbrown v0.14.5
[INFO] [stderr]   Downloaded hyper v1.10.1
[INFO] [stderr]   Downloaded regex v1.12.4
[INFO] [stderr]   Downloaded winnow v0.7.15
[INFO] [stderr]   Downloaded winnow v1.0.3
[INFO] [stderr]   Downloaded tower-http v0.7.0
[INFO] [stderr]   Downloaded r2e-macros v0.4.0
[INFO] [stderr]   Downloaded syn v2.0.118
[INFO] [stderr]   Downloaded r2e-core v0.4.0
[INFO] [stderr]   Downloaded tokio v1.52.3
[INFO] [stderr]   Downloaded libc v0.2.186
[INFO] running `Command { std: "docker" "create" "-v" "/var/lib/crater-agent-workspace/builds/worker-4-tc1/source:/opt/rustwide/workdir:ro,Z" "-v" "/var/lib/crater-agent-workspace/builds/worker-4-tc1/target:/opt/rustwide/target:rw,Z" "-v" "/var/lib/crater-agent-workspace/cargo-home:/opt/rustwide/cargo-home:ro,Z" "-v" "/var/lib/crater-agent-workspace/rustup-home:/opt/rustwide/rustup-home:ro,Z" "-m" "1610612736" "--network" "none" "ghcr.io/rust-lang/crates-build-env/linux@sha256:3111399a4047eeb3a02b7a90e478d715f38a8c6669b5c4b49d30a17385265909" "sleep" "infinity", kill_on_drop: false }`
[INFO] [stdout] 087c3814bb47d4b11debdae526d17ef621ec5c3937a532ee1280c991aa8c7539
[INFO] running `Command { std: "docker" "start" "087c3814bb47d4b11debdae526d17ef621ec5c3937a532ee1280c991aa8c7539", kill_on_drop: false }`
[INFO] running `Command { std: "docker" "inspect" "087c3814bb47d4b11debdae526d17ef621ec5c3937a532ee1280c991aa8c7539", kill_on_drop: false }`
[INFO] running `Command { std: "docker" "exec" "-e" "SOURCE_DIR=/opt/rustwide/workdir" "-e" "CARGO_HOME=/opt/rustwide/cargo-home" "-e" "RUSTUP_HOME=/opt/rustwide/rustup-home" "-e" "CARGO_TARGET_DIR=/opt/rustwide/target" "-w" "/opt/rustwide/workdir" "--user" "0:0" "087c3814bb47d4b11debdae526d17ef621ec5c3937a532ee1280c991aa8c7539" "/opt/rustwide/cargo-home/bin/cargo" "+1.99.0-beta.8" "metadata" "--no-deps" "--format-version=1", kill_on_drop: false }`
[INFO] running `Command { std: "docker" "inspect" "087c3814bb47d4b11debdae526d17ef621ec5c3937a532ee1280c991aa8c7539", kill_on_drop: false }`
[INFO] running `Command { std: "docker" "exec" "-e" "SOURCE_DIR=/opt/rustwide/workdir" "-e" "CARGO_HOME=/opt/rustwide/cargo-home" "-e" "RUSTUP_HOME=/opt/rustwide/rustup-home" "-e" "CARGO_TARGET_DIR=/opt/rustwide/target" "-e" "CARGO_INCREMENTAL=0" "-e" "RUST_BACKTRACE=full" "-e" "RUSTFLAGS=--cap-lints=warn" "-e" "RUSTDOCFLAGS=--cap-lints=warn" "-w" "/opt/rustwide/workdir" "--user" "0:0" "087c3814bb47d4b11debdae526d17ef621ec5c3937a532ee1280c991aa8c7539" "/opt/rustwide/cargo-home/bin/cargo" "+1.99.0-beta.8" "build" "--frozen" "--message-format=json", kill_on_drop: false }`
[INFO] [stderr]    Compiling proc-macro2 v1.0.106
[INFO] [stderr]    Compiling quote v1.0.46
[INFO] [stderr]    Compiling unicode-ident v1.0.24
[INFO] [stderr]    Compiling libc v0.2.186
[INFO] [stderr]    Compiling once_cell v1.21.4
[INFO] [stderr]    Compiling itoa v1.0.18
[INFO] [stderr]    Compiling pin-project-lite v0.2.17
[INFO] [stderr]    Compiling bytes v1.12.0
[INFO] [stderr]    Compiling smallvec v1.15.2
[INFO] [stderr]    Compiling futures-core v0.3.32
[INFO] [stderr]    Compiling serde_core v1.0.228
[INFO] [stderr]    Compiling log v0.4.33
[INFO] [stderr]    Compiling autocfg v1.5.1
[INFO] [stderr]    Compiling lock_api v0.4.14
[INFO] [stderr]    Compiling regex-syntax v0.8.11
[INFO] [stderr]    Compiling rand_core v0.6.4
[INFO] [stderr]    Compiling siphasher v1.0.3
[INFO] [stderr]    Compiling zmij v1.0.21
[INFO] [stderr]    Compiling httparse v1.10.1
[INFO] [stderr]    Compiling ryu v1.0.23
[INFO] [stderr]    Compiling rand v0.8.6
[INFO] [stderr]    Compiling tower-service v0.3.3
[INFO] [stderr]    Compiling slab v0.4.12
[INFO] [stderr]    Compiling iana-time-zone v0.1.65
[INFO] [stderr]    Compiling tracing-core v0.1.36
[INFO] [stderr]    Compiling num-traits v0.2.19
[INFO] [stderr]    Compiling phf_shared v0.11.3
[INFO] [stderr]    Compiling futures-task v0.3.32
[INFO] [stderr]    Compiling hashbrown v0.17.1
[INFO] [stderr]    Compiling tower-layer v0.3.3
[INFO] [stderr]    Compiling serde_json v1.0.150
[INFO] [stderr]    Compiling futures-channel v0.3.32
[INFO] [stderr]    Compiling memchr v2.8.2
[INFO] [stderr]    Compiling atomic-waker v1.1.2
[INFO] [stderr]    Compiling winnow v1.0.3
[INFO] [stderr]    Compiling sync_wrapper v1.0.2
[INFO] [stderr]    Compiling httpdate v1.0.3
[INFO] [stderr]    Compiling form_urlencoded v1.2.2
[INFO] [stderr]    Compiling futures-sink v0.3.32
[INFO] [stderr]    Compiling winnow v0.7.15
[INFO] [stderr]    Compiling mime v0.3.17
[INFO] [stderr]    Compiling getrandom v0.4.3
[INFO] [stderr]    Compiling toml_datetime v1.1.1+spec-1.1.0
[INFO] [stderr]    Compiling http v1.4.2
[INFO] [stderr]    Compiling castaway v0.2.4
[INFO] [stderr]    Compiling lazy_static v1.5.0
[INFO] [stderr]    Compiling phf_generator v0.11.3
[INFO] [stderr]    Compiling static_assertions v1.1.0
[INFO] [stderr]    Compiling matchit v0.8.4
[INFO] [stderr]    Compiling compact_str v0.9.1
[INFO] [stderr]    Compiling tracing-log v0.2.0
[INFO] [stderr]    Compiling sharded-slab v0.1.7
[INFO] [stderr]    Compiling thread_local v1.1.9
[INFO] [stderr]    Compiling hashbrown v0.14.5
[INFO] [stderr]    Compiling nu-ansi-term v0.50.3
[INFO] [stderr]    Compiling syn v2.0.118
[INFO] [stderr]    Compiling indexmap v2.14.0
[INFO] [stderr]    Compiling bitflags v2.13.0
[INFO] [stderr]    Compiling chrono v0.4.45
[INFO] [stderr]    Compiling unsafe-libyaml v0.2.11
[INFO] [stderr]    Compiling arc-swap v1.9.2
[INFO] [stderr]    Compiling http-body v1.0.1
[INFO] [stderr]    Compiling regex-automata v0.4.14
[INFO] [stderr]    Compiling http-body-util v0.1.3
[INFO] [stderr]    Compiling parking_lot_core v0.9.12
[INFO] [stderr]    Compiling errno v0.3.14
[INFO] [stderr]    Compiling socket2 v0.6.4
[INFO] [stderr]    Compiling mio v1.2.1
[INFO] [stderr]    Compiling toml_parser v1.1.2+spec-1.1.0
[INFO] [stderr]    Compiling parking_lot v0.12.5
[INFO] [stderr]    Compiling signal-hook-registry v1.4.8
[INFO] [stderr]    Compiling dashmap v6.2.1
[INFO] [stderr]    Compiling uuid v1.23.4
[INFO] [stderr]    Compiling dotenvy v0.15.7
[INFO] [stderr]    Compiling toml_edit v0.25.12+spec-1.1.0
[INFO] [stderr]    Compiling serde_path_to_error v0.1.20
[INFO] [stderr]    Compiling proc-macro-crate v3.5.0
[INFO] [stderr]    Compiling regex v1.12.4
[INFO] [stderr]    Compiling matchers v0.2.0
[INFO] [stderr]    Compiling tokio-macros v2.7.0
[INFO] [stderr]    Compiling tracing-attributes v0.1.31
[INFO] [stderr]    Compiling serde_derive v1.0.228
[INFO] [stderr]    Compiling futures-macro v0.3.32
[INFO] [stderr]    Compiling phf_macros v0.11.3
[INFO] [stderr]    Compiling garde_derive v0.23.0
[INFO] [stderr]    Compiling phf v0.11.3
[INFO] [stderr]    Compiling cron v0.17.0
[INFO] [stderr]    Compiling tokio v1.52.3
[INFO] [stderr]    Compiling futures-util v0.3.32
[INFO] [stderr]    Compiling garde v0.23.0
[INFO] [stderr]    Compiling r2e-macros v0.4.0
[INFO] [stderr]    Compiling tracing v0.1.44
[INFO] [stderr]    Compiling axum-core v0.5.6
[INFO] [stderr]    Compiling tower-http v0.7.0
[INFO] [stderr]    Compiling serde v1.0.228
[INFO] [stderr]    Compiling serde_urlencoded v0.7.1
[INFO] [stderr]    Compiling tracing-serde v0.2.0
[INFO] [stderr]    Compiling serde_yaml v0.9.34+deprecated
[INFO] [stderr]    Compiling tracing-subscriber v0.3.23
[INFO] [stderr]    Compiling hyper v1.10.1
[INFO] [stderr]    Compiling tower v0.5.3
[INFO] [stderr]    Compiling tokio-util v0.7.18
[INFO] [stderr]    Compiling tokio-stream v0.1.18
[INFO] [stderr]    Compiling r2e-rt v0.4.0
[INFO] [stderr]    Compiling hyper-util v0.1.20
[INFO] [stderr]    Compiling axum v0.8.9
[INFO] [stderr]    Compiling r2e-http v0.4.0
[INFO] [stderr]    Compiling r2e-core v0.4.0
[INFO] [stderr]    Compiling r2e-executor v0.4.0
[INFO] [stderr]    Compiling r2e-scheduler v0.4.0 (/opt/rustwide/workdir)
[INFO] [stderr]     Finished `dev` profile [unoptimized + debuginfo] target(s) in 53.12s
[INFO] running `Command { std: "docker" "inspect" "087c3814bb47d4b11debdae526d17ef621ec5c3937a532ee1280c991aa8c7539", kill_on_drop: false }`
[INFO] running `Command { std: "docker" "exec" "-e" "SOURCE_DIR=/opt/rustwide/workdir" "-e" "CARGO_HOME=/opt/rustwide/cargo-home" "-e" "RUSTUP_HOME=/opt/rustwide/rustup-home" "-e" "CARGO_TARGET_DIR=/opt/rustwide/target" "-e" "CARGO_INCREMENTAL=0" "-e" "RUST_BACKTRACE=full" "-e" "RUSTFLAGS=--cap-lints=warn" "-e" "RUSTDOCFLAGS=--cap-lints=warn" "-w" "/opt/rustwide/workdir" "--user" "0:0" "087c3814bb47d4b11debdae526d17ef621ec5c3937a532ee1280c991aa8c7539" "/opt/rustwide/cargo-home/bin/cargo" "+1.99.0-beta.8" "test" "--frozen" "--no-run" "--message-format=json", kill_on_drop: false }`
[INFO] [stderr]    Compiling tokio v1.52.3
[INFO] [stderr]    Compiling hyper v1.10.1
[INFO] [stderr]    Compiling tokio-util v0.7.18
[INFO] [stderr]    Compiling tower v0.5.3
[INFO] [stderr]    Compiling tokio-stream v0.1.18
[INFO] [stderr]    Compiling r2e-rt v0.4.0
[INFO] [stderr]    Compiling hyper-util v0.1.20
[INFO] [stderr]    Compiling axum v0.8.9
[INFO] [stderr]    Compiling r2e-http v0.4.0
[INFO] [stderr]    Compiling r2e-core v0.4.0
[INFO] [stderr]    Compiling r2e-executor v0.4.0
[INFO] [stderr]    Compiling r2e-scheduler v0.4.0 (/opt/rustwide/workdir)
[INFO] [stderr]     Finished `test` profile [unoptimized + debuginfo] target(s) in 37.50s
[INFO] running `Command { std: "docker" "inspect" "087c3814bb47d4b11debdae526d17ef621ec5c3937a532ee1280c991aa8c7539", kill_on_drop: false }`
[INFO] running `Command { std: "docker" "exec" "-e" "SOURCE_DIR=/opt/rustwide/workdir" "-e" "CARGO_HOME=/opt/rustwide/cargo-home" "-e" "RUSTUP_HOME=/opt/rustwide/rustup-home" "-e" "CARGO_TARGET_DIR=/opt/rustwide/target" "-e" "CARGO_INCREMENTAL=0" "-e" "RUST_BACKTRACE=full" "-e" "RUSTFLAGS=--cap-lints=warn" "-e" "RUSTDOCFLAGS=--cap-lints=warn" "-w" "/opt/rustwide/workdir" "--user" "0:0" "087c3814bb47d4b11debdae526d17ef621ec5c3937a532ee1280c991aa8c7539" "/opt/rustwide/cargo-home/bin/cargo" "+1.99.0-beta.8" "test" "--frozen", kill_on_drop: false }`
[INFO] [stderr]     Finished `test` profile [unoptimized + debuginfo] target(s) in 0.21s
[INFO] [stderr]      Running unittests src/lib.rs (/opt/rustwide/target/debug/deps/r2e_scheduler-a06793ff67470553)
[INFO] [stderr]      Running tests/driver_edge_test/main.rs (/opt/rustwide/target/debug/deps/driver_edge_test-b26bfd6cfc577e76)
[INFO] [stdout] 
[INFO] [stdout] running 0 tests
[INFO] [stdout] 
[INFO] [stdout] test result: ok. 0 passed; 0 failed; 0 ignored; 0 measured; 0 filtered out; finished in 0.00s
[INFO] [stdout] 
[INFO] [stdout] 
[INFO] [stdout] running 24 tests
[INFO] [stdout] [2m2026-10-06T17:24:52.370590Z[0m [32m INFO[0m [2mr2e_scheduler::driver[0m[2m:[0m Scheduler driver started [3mcount[0m[2m=[0m2
[INFO] [stdout] [2m2026-10-06T17:24:52.371463Z[0m [32m INFO[0m [2mr2e_scheduler::driver[0m[2m:[0m Scheduler driver started [3mcount[0m[2m=[0m1
[INFO] [stdout] [2m2026-10-06T17:24:52.372657Z[0m [32m INFO[0m [2mr2e_scheduler::driver[0m[2m:[0m Scheduler driver started [3mcount[0m[2m=[0m2
[INFO] [stdout] [2m2026-10-06T17:24:52.376872Z[0m [32m INFO[0m [2mr2e_scheduler::driver[0m[2m:[0m Scheduler driver started [3mcount[0m[2m=[0m1
[INFO] [stdout] [2m2026-10-06T17:24:52.377336Z[0m [32m INFO[0m [2mr2e_scheduler::driver[0m[2m:[0m Scheduler driver started [3mcount[0m[2m=[0m1
[INFO] [stdout] [2m2026-10-06T17:24:52.377640Z[0m [32m INFO[0m [2mr2e_scheduler::driver[0m[2m:[0m Scheduler driver started [3mcount[0m[2m=[0m1
[INFO] [stdout] [2m2026-10-06T17:24:52.393112Z[0m [32m INFO[0m [2mr2e_scheduler::driver[0m[2m:[0m Scheduler driver stopped [3mcount[0m[2m=[0m2
[INFO] [stdout] test next_run::next_run_is_none_while_a_skip_tick_holds_the_job_off_the_clock ... ok
[INFO] [stdout] [2m2026-10-06T17:24:52.396412Z[0m [32m INFO[0m [2mr2e_scheduler::driver[0m[2m:[0m Scheduler driver started [3mcount[0m[2m=[0m2
[INFO] [stdout] [2m2026-10-06T17:24:52.396737Z[0m [32m INFO[0m [2mr2e_scheduler::driver[0m[2m:[0m Scheduler driver started [3mcount[0m[2m=[0m2
[INFO] [stdout] [2m2026-10-06T17:24:52.396896Z[0m [32m INFO[0m [2mr2e_scheduler::driver[0m[2m:[0m Scheduler driver started [3mcount[0m[2m=[0m1
[INFO] [stdout] [2m2026-10-06T17:24:52.397615Z[0m [32m INFO[0m [2mr2e_scheduler::driver[0m[2m:[0m Scheduler driver started [3mcount[0m[2m=[0m1
[INFO] [stdout] [2m2026-10-06T17:24:52.397783Z[0m [33m WARN[0m [2mr2e_scheduler::driver[0m[2m:[0m No more upcoming cron executions [3mtask[0m[2m=[0mspent_cron
[INFO] [stdout] [2m2026-10-06T17:24:52.397882Z[0m [32m INFO[0m [2mr2e_scheduler::driver[0m[2m:[0m Scheduler driver stopped [3mcount[0m[2m=[0m1
[INFO] [stdout] [2m2026-10-06T17:24:52.398327Z[0m [32m INFO[0m [2mr2e_scheduler::driver[0m[2m:[0m Scheduler driver started [3mcount[0m[2m=[0m1
[INFO] [stdout] [2m2026-10-06T17:24:52.398600Z[0m [32m INFO[0m [2mr2e_scheduler::driver[0m[2m:[0m Executor shut down; stopping scheduler driver
[INFO] [stdout] [2m2026-10-06T17:24:52.398628Z[0m [32m INFO[0m [2mr2e_scheduler::driver[0m[2m:[0m Scheduler driver stopped [3mcount[0m[2m=[0m1
[INFO] [stdout] test next_run::a_pool_closed_submission_leaves_no_deadline_published ... ok
[INFO] [stdout] [2m2026-10-06T17:24:52.399464Z[0m [33m WARN[0m [2mr2e_scheduler::driver[0m[2m:[0m Initial delay overflows the monotonic clock; job never armed [3mtask[0m[2m=[0mnever_armed
[INFO] [stdout] [2m2026-10-06T17:24:52.399514Z[0m [32m INFO[0m [2mr2e_scheduler::driver[0m[2m:[0m Scheduler driver started [3mcount[0m[2m=[0m2
[INFO] [stdout] [2m2026-10-06T17:24:52.399687Z[0m [32m INFO[0m [2mr2e_scheduler::driver[0m[2m:[0m Scheduler driver stopped [3mcount[0m[2m=[0m2
[INFO] [stdout] [2m2026-10-06T17:24:52.400646Z[0m [32m INFO[0m [2mr2e_scheduler::driver[0m[2m:[0m Scheduler driver stopped [3mcount[0m[2m=[0m1
[INFO] [stdout] [2m2026-10-06T17:24:52.401836Z[0m [32m INFO[0m [2mr2e_scheduler::driver[0m[2m:[0m Scheduler driver started [3mcount[0m[2m=[0m1
[INFO] [stdout] [2m2026-10-06T17:24:52.404481Z[0m [32m INFO[0m [2mr2e_scheduler::driver[0m[2m:[0m Scheduler driver started [3mcount[0m[2m=[0m2
[INFO] [stdout] [2m2026-10-06T17:24:52.404708Z[0m [32m INFO[0m [2mr2e_scheduler::driver[0m[2m:[0m Scheduler driver stopped [3mcount[0m[2m=[0m2
[INFO] [stdout] [2m2026-10-06T17:24:52.406267Z[0m [32m INFO[0m [2mr2e_scheduler::driver[0m[2m:[0m Scheduler driver started [3mcount[0m[2m=[0m1
[INFO] [stdout] test next_run::a_stopped_driver_publishes_no_deadline_for_any_job ... ok
[INFO] [stdout] test resume::resume_reports_false_when_the_schedule_can_never_fire_again ... ok
[INFO] [stdout] [2m2026-10-06T17:24:52.412494Z[0m [32m INFO[0m [2mr2e_scheduler::driver[0m[2m:[0m Scheduler driver started [3mcount[0m[2m=[0m1
[INFO] [stdout] test arming::cron_pinned_to_the_past_never_arms ... ok
[INFO] [stdout] [2m2026-10-06T17:24:52.413726Z[0m [32m INFO[0m [2mr2e_scheduler::driver[0m[2m:[0m Executor shut down; stopping scheduler driver
[INFO] [stdout] [2m2026-10-06T17:24:52.413750Z[0m [32m INFO[0m [2mr2e_scheduler::driver[0m[2m:[0m Scheduler driver stopped [3mcount[0m[2m=[0m1
[INFO] [stdout] [2m2026-10-06T17:24:52.414479Z[0m [32m INFO[0m [2mr2e_scheduler::driver[0m[2m:[0m Scheduler driver started [3mcount[0m[2m=[0m1
[INFO] [stdout] [2m2026-10-06T17:24:52.416246Z[0m [32m INFO[0m [2mr2e_scheduler::driver[0m[2m:[0m Scheduler driver started [3mcount[0m[2m=[0m1
[INFO] [stdout] [2m2026-10-06T17:24:52.439305Z[0m [32m INFO[0m [2mr2e_scheduler::driver[0m[2m:[0m Scheduler driver started [3mcount[0m[2m=[0m1
[INFO] [stdout] [2m2026-10-06T17:24:52.439397Z[0m [32m INFO[0m [2mr2e_scheduler::driver[0m[2m:[0m Scheduler driver stopped [3mcount[0m[2m=[0m1
[INFO] [stdout] test arming::an_unrepresentable_initial_delay_leaves_the_job_unarmed ... ok
[INFO] [stdout] [2m2026-10-06T17:24:52.445465Z[0m [32m INFO[0m [2mr2e_scheduler::driver[0m[2m:[0m Scheduler driver started [3mcount[0m[2m=[0m1
[INFO] [stdout] [2m2026-10-06T17:24:52.445791Z[0m [32m INFO[0m [2mr2e_scheduler::driver[0m[2m:[0m Executor shut down; stopping scheduler driver
[INFO] [stdout] [2m2026-10-06T17:24:52.445815Z[0m [32m INFO[0m [2mr2e_scheduler::driver[0m[2m:[0m Scheduler driver stopped [3mcount[0m[2m=[0m1
[INFO] [stdout] [2m2026-10-06T17:24:52.467453Z[0m [32m INFO[0m [2mr2e_scheduler::driver[0m[2m:[0m Executor shut down; stopping scheduler driver
[INFO] [stdout] [2m2026-10-06T17:24:52.473346Z[0m [32m INFO[0m [2mr2e_scheduler::driver[0m[2m:[0m Scheduler driver started [3mcount[0m[2m=[0m1
[INFO] [stdout] [2m2026-10-06T17:24:52.473438Z[0m [32m INFO[0m [2mr2e_scheduler::driver[0m[2m:[0m Scheduler driver stopped [3mcount[0m[2m=[0m1
[INFO] [stdout] [2m2026-10-06T17:24:52.500311Z[0m [32m INFO[0m [2mr2e_scheduler::driver[0m[2m:[0m Scheduler driver started [3mcount[0m[2m=[0m1
[INFO] [stdout] [2m2026-10-06T17:24:52.500404Z[0m [32m INFO[0m [2mr2e_scheduler::driver[0m[2m:[0m Scheduler driver stopped [3mcount[0m[2m=[0m1
[INFO] [stdout] [2m2026-10-06T17:24:52.507604Z[0m [32m INFO[0m [2mr2e_scheduler::driver[0m[2m:[0m Scheduler driver stopped [3mcount[0m[2m=[0m1
[INFO] [stdout] test shutdown::a_command_issued_from_a_tick_during_shutdown_does_not_deadlock ... ok
[INFO] [stdout] [2m2026-10-06T17:24:52.521133Z[0m [32m INFO[0m [2mr2e_scheduler::driver[0m[2m:[0m Scheduler driver started [3mcount[0m[2m=[0m1
[INFO] [stdout] [2m2026-10-06T17:24:52.522011Z[0m [32m INFO[0m [2mr2e_scheduler::driver[0m[2m:[0m Scheduler driver started [3mcount[0m[2m=[0m1
[INFO] [stdout] [2m2026-10-06T17:24:52.522087Z[0m [32m INFO[0m [2mr2e_scheduler::driver[0m[2m:[0m Scheduler driver stopped [3mcount[0m[2m=[0m1
[INFO] [stdout] [2m2026-10-06T17:24:52.550359Z[0m [32m INFO[0m [2mr2e_scheduler::driver[0m[2m:[0m Scheduler driver started [3mcount[0m[2m=[0m1
[INFO] [stdout] [2m2026-10-06T17:24:52.550443Z[0m [32m INFO[0m [2mr2e_scheduler::driver[0m[2m:[0m Scheduler driver stopped [3mcount[0m[2m=[0m1
[INFO] [stdout] test shutdown::concurrent_job_stops_driver_when_executor_is_shut_down ... ok
[INFO] [stdout] [2m2026-10-06T17:24:52.567115Z[0m [32m INFO[0m [2mr2e_scheduler::driver[0m[2m:[0m Scheduler driver started [3mcount[0m[2m=[0m1
[INFO] [stdout] [2m2026-10-06T17:24:52.567217Z[0m [32m INFO[0m [2mr2e_scheduler::driver[0m[2m:[0m Executor shut down; stopping scheduler driver
[INFO] [stdout] [2m2026-10-06T17:24:52.567244Z[0m [32m INFO[0m [2mr2e_scheduler::driver[0m[2m:[0m Scheduler driver stopped [3mcount[0m[2m=[0m1
[INFO] [stdout] [2m2026-10-06T17:24:52.574344Z[0m [32m INFO[0m [2mr2e_scheduler::driver[0m[2m:[0m Scheduler driver started [3mcount[0m[2m=[0m1
[INFO] [stdout] [2m2026-10-06T17:24:52.574416Z[0m [32m INFO[0m [2mr2e_scheduler::driver[0m[2m:[0m Scheduler driver stopped [3mcount[0m[2m=[0m1
[INFO] [stdout] test trigger_now::trigger_now_against_a_closed_pool_stops_the_driver ... ok
[INFO] [stdout] [2m2026-10-06T17:24:52.596605Z[0m [32m INFO[0m [2mr2e_scheduler::driver[0m[2m:[0m Scheduler driver started [3mcount[0m[2m=[0m1
[INFO] [stdout] [2m2026-10-06T17:24:52.596678Z[0m [32m INFO[0m [2mr2e_scheduler::driver[0m[2m:[0m Scheduler driver stopped [3mcount[0m[2m=[0m1
[INFO] [stdout] [2m2026-10-06T17:24:52.618561Z[0m [32m INFO[0m [2mr2e_scheduler::driver[0m[2m:[0m Scheduler driver started [3mcount[0m[2m=[0m1
[INFO] [stdout] [2m2026-10-06T17:24:52.618643Z[0m [32m INFO[0m [2mr2e_scheduler::driver[0m[2m:[0m Scheduler driver stopped [3mcount[0m[2m=[0m1
[INFO] [stdout] test shutdown::skip_job_stops_driver_when_executor_is_shut_down ... ok
[INFO] [stdout] [2m2026-10-06T17:24:52.644329Z[0m [32m INFO[0m [2mr2e_scheduler::driver[0m[2m:[0m Scheduler driver started [3mcount[0m[2m=[0m1
[INFO] [stdout] [2m2026-10-06T17:24:52.644416Z[0m [32m INFO[0m [2mr2e_scheduler::driver[0m[2m:[0m Scheduler driver stopped [3mcount[0m[2m=[0m1
[INFO] [stdout] test overlap::skip_scheduled_ticks_yield_to_an_in_flight_oob_tick ... ok
[INFO] [stdout] [2m2026-10-06T17:24:52.721306Z[0m [32m INFO[0m [2mr2e_scheduler::driver[0m[2m:[0m Scheduler driver started [3mcount[0m[2m=[0m1
[INFO] [stdout] [2m2026-10-06T17:24:52.721396Z[0m [32m INFO[0m [2mr2e_scheduler::driver[0m[2m:[0m Scheduler driver stopped [3mcount[0m[2m=[0m1
[INFO] [stdout] [2m2026-10-06T17:24:52.742388Z[0m [31mERROR[0m [2mr2e::panic[0m[2m:[0m scheduled tick panicked [3mpanic_message[0m[2m=[0mtick factory exploded [3mtask[0m[2m=[0m"kept"
[INFO] [stdout] [2m2026-10-06T17:24:52.742461Z[0m [33m WARN[0m [2mr2e_scheduler::driver[0m[2m:[0m Scheduled tick factory panicked; disabling the job [3mtask[0m[2m=[0mkept
[INFO] [stdout] [2m2026-10-06T17:24:52.743944Z[0m [31mERROR[0m [2mr2e::panic[0m[2m:[0m scheduled tick panicked [3mpanic_message[0m[2m=[0mintentional panic in tick [3mtask[0m[2m=[0m"panicker"
[INFO] [stdout] [2m2026-10-06T17:24:52.744041Z[0m [32m INFO[0m [2mr2e_scheduler::driver[0m[2m:[0m Scheduler driver stopped [3mcount[0m[2m=[0m1
[INFO] [stdout] [2m2026-10-06T17:24:52.744904Z[0m [31mERROR[0m [2mr2e::panic[0m[2m:[0m scheduled tick panicked [3mpanic_message[0m[2m=[0mtick factory exploded [3mtask[0m[2m=[0m"panicky_factory"
[INFO] [stdout] [2m2026-10-06T17:24:52.745079Z[0m [33m WARN[0m [2mr2e_scheduler::driver[0m[2m:[0m Scheduled tick factory panicked; disabling the job [3mtask[0m[2m=[0mpanicky_factory
[INFO] [stdout] [2m2026-10-06T17:24:52.745525Z[0m [32m INFO[0m [2mr2e_scheduler::driver[0m[2m:[0m Scheduler driver started [3mcount[0m[2m=[0m1
[INFO] [stdout] [2m2026-10-06T17:24:52.745582Z[0m [32m INFO[0m [2mr2e_scheduler::driver[0m[2m:[0m Scheduler driver stopped [3mcount[0m[2m=[0m1
[INFO] [stdout] [2m2026-10-06T17:24:52.745886Z[0m [31mERROR[0m [2mr2e::panic[0m[2m:[0m scheduled tick panicked [3mpanic_message[0m[2m=[0mtick factory exploded [3mtask[0m[2m=[0m"revivable"
[INFO] [stdout] [2m2026-10-06T17:24:52.745913Z[0m [33m WARN[0m [2mr2e_scheduler::driver[0m[2m:[0m Scheduled tick factory panicked; disabling the job [3mtask[0m[2m=[0mrevivable
[INFO] [stdout] [2m2026-10-06T17:24:52.746533Z[0m [31mERROR[0m [2mr2e::panic[0m[2m:[0m scheduled tick panicked [3mpanic_message[0m[2m=[0mtick factory exploded [3mtask[0m[2m=[0m"oob_panic"
[INFO] [stdout] [2m2026-10-06T17:24:52.746558Z[0m [33m WARN[0m [2mr2e_scheduler::driver[0m[2m:[0m Scheduled tick factory panicked; disabling the job [3mtask[0m[2m=[0moob_panic
[INFO] [stdout] [2m2026-10-06T17:24:52.746893Z[0m [32m INFO[0m [2mr2e_scheduler::driver[0m[2m:[0m Scheduler driver stopped [3mcount[0m[2m=[0m1
[INFO] [stdout] test panics::panicking_tick_increments_panic_count ... FAILED
[INFO] [stdout] test trigger_now::a_trigger_now_factory_panic_leaves_the_cadence_deadline_alone ... ok
[INFO] [stdout] [2m2026-10-06T17:24:52.767586Z[0m [32m INFO[0m [2mr2e_scheduler::driver[0m[2m:[0m Scheduler driver started [3mcount[0m[2m=[0m1
[INFO] [stdout] [2m2026-10-06T17:24:52.767874Z[0m [32m INFO[0m [2mr2e_scheduler::driver[0m[2m:[0m Scheduler driver stopped [3mcount[0m[2m=[0m1
[INFO] [stdout] test shutdown::a_command_queued_before_cancellation_cannot_start_a_tick ... ok
[INFO] [stdout] [2m2026-10-06T17:24:52.783885Z[0m [32m INFO[0m [2mr2e_scheduler::driver[0m[2m:[0m Scheduler driver stopped [3mcount[0m[2m=[0m1
[INFO] [stdout] test resume::resume_reports_true_while_a_healthy_skip_tick_is_in_flight ... ok
[INFO] [stdout] [2m2026-10-06T17:24:52.802304Z[0m [32m INFO[0m [2mr2e_scheduler::driver[0m[2m:[0m Scheduler driver stopped [3mcount[0m[2m=[0m1
[INFO] [stdout] test resume::resume_revives_a_factory_disabled_skip_job ... ok
[INFO] [stdout] [2m2026-10-06T17:24:52.820152Z[0m [32m INFO[0m [2mr2e_scheduler::driver[0m[2m:[0m Scheduler driver stopped [3mcount[0m[2m=[0m1
[INFO] [stdout] test shutdown::executor_rejection_still_awaits_the_tick_already_in_flight ... ok
[INFO] [stdout] test panics::a_panicking_tick_reports_the_scheduled_origin_exactly_once ... ok
[INFO] [stdout] test panics::a_panicking_tick_factory_reports_the_scheduled_origin_once ... ok
[INFO] [stdout] [2m2026-10-06T17:24:53.199248Z[0m [32m INFO[0m [2mr2e_scheduler::driver[0m[2m:[0m Scheduler driver stopped [3mcount[0m[2m=[0m2
[INFO] [stdout] test panics::a_panicking_tick_factory_disables_its_job_without_killing_the_driver ... ok
[INFO] [stdout] [2m2026-10-06T17:24:54.000790Z[0m [33m WARN[0m [2mr2e_scheduler::driver[0m[2m:[0m No more upcoming cron executions [3mtask[0m[2m=[0mone_shot_cron
[INFO] [stdout] [2m2026-10-06T17:24:54.004214Z[0m [32m INFO[0m [2mr2e_scheduler::driver[0m[2m:[0m Scheduler driver stopped [3mcount[0m[2m=[0m2
[INFO] [stdout] test arming::cron_exhausts_after_its_single_occurrence ... ok
[INFO] [stdout] [2m2026-10-06T17:24:54.013391Z[0m [33m WARN[0m [2mr2e_scheduler::driver[0m[2m:[0m No more upcoming cron executions [3mtask[0m[2m=[0mlast_slot
[INFO] [stdout] [2m2026-10-06T17:24:54.013591Z[0m [33m WARN[0m [2mr2e_scheduler::driver[0m[2m:[0m No more upcoming cron executions [3mtask[0m[2m=[0mlast_slot
[INFO] [stdout] [2m2026-10-06T17:24:54.025232Z[0m [32m INFO[0m [2mr2e_scheduler::driver[0m[2m:[0m Scheduler driver stopped [3mcount[0m[2m=[0m2
[INFO] [stdout] test resume::resume_reports_false_when_the_in_flight_tick_is_the_last_occurrence ... ok
[INFO] [stdout] [2m2026-10-06T17:24:54.376165Z[0m [32m INFO[0m [2mr2e_scheduler::driver[0m[2m:[0m Scheduler driver stopped [3mcount[0m[2m=[0m1
[INFO] [stdout] test resume::pause_then_resume_does_not_double_arm ... ok
[INFO] [stdout] [2m2026-10-06T17:24:57.388285Z[0m [32m INFO[0m [2mr2e_scheduler::driver[0m[2m:[0m Scheduler driver stopped [3mcount[0m[2m=[0m1
[INFO] [stdout] test resume::a_concurrent_factory_panic_keeps_the_deadline_it_already_armed ... ok
[INFO] [stdout] 
[INFO] [stdout] failures:
[INFO] [stdout] 
[INFO] [stdout] ---- panics::panicking_tick_increments_panic_count stdout ----
[INFO] [stdout] 
[INFO] [stdout] thread 'tokio-rt-worker' (1914) panicked at tests/driver_edge_test/panics.rs:39:17:
[INFO] [stdout] intentional panic in tick
[INFO] [stdout] stack backtrace:
[INFO] [stdout]    0:     0x5b79bb1e9be1 - std[70759c8f55707aa4]::backtrace_rs::backtrace::libunwind::trace
[INFO] [stdout]                                at /rustc/dfb0accb7f508ae8be965d8629557221c889dd98/library/std/src/../../backtrace/src/backtrace/libunwind.rs:117:9
[INFO] [stdout]    1:     0x5b79bb1e9be1 - std[70759c8f55707aa4]::backtrace_rs::backtrace::trace_unsynchronized::<std[70759c8f55707aa4]::sys::backtrace::_print_fmt::{closure#1}>
[INFO] [stdout]                                at /rustc/dfb0accb7f508ae8be965d8629557221c889dd98/library/std/src/../../backtrace/src/backtrace/mod.rs:66:14
[INFO] [stdout]    2:     0x5b79bb1e9be1 - std[70759c8f55707aa4]::sys::backtrace::_print_fmt
[INFO] [stdout]                                at /rustc/dfb0accb7f508ae8be965d8629557221c889dd98/library/std/src/sys/backtrace.rs:74:9
[INFO] [stdout]    3:     0x5b79bb1e9be1 - <<std[70759c8f55707aa4]::sys::backtrace::BacktraceLock>::print::DisplayBacktrace as core[df12db4294e9bfd3]::fmt::Display>::fmt
[INFO] [stdout]                                at /rustc/dfb0accb7f508ae8be965d8629557221c889dd98/library/std/src/sys/backtrace.rs:44:26
[INFO] [stdout]    4:     0x5b79bb2011fa - <core[df12db4294e9bfd3]::fmt::rt::Argument>::fmt
[INFO] [stdout]                                at /rustc/dfb0accb7f508ae8be965d8629557221c889dd98/library/core/src/fmt/rt.rs:152:76
[INFO] [stdout]    5:     0x5b79bb2011fa - core[df12db4294e9bfd3]::fmt::write
[INFO] [stdout]    6:     0x5b79bb1ee50c - core[df12db4294e9bfd3]::io::write::default_write_fmt::<alloc[2182bb758b4b3781]::vec::Vec<u8>>
[INFO] [stdout]                                at /rustc/dfb0accb7f508ae8be965d8629557221c889dd98/library/core/src/io/write.rs:402:11
[INFO] [stdout]    7:     0x5b79bb1ee50c - <alloc[2182bb758b4b3781]::vec::Vec<u8> as core[df12db4294e9bfd3]::io::write::Write>::write_fmt
[INFO] [stdout]                                at /rustc/dfb0accb7f508ae8be965d8629557221c889dd98/library/core/src/io/write.rs:335:13
[INFO] [stdout]    8:     0x5b79bb1c4fa6 - <std[70759c8f55707aa4]::sys::backtrace::BacktraceLock>::print
[INFO] [stdout]                                at /rustc/dfb0accb7f508ae8be965d8629557221c889dd98/library/std/src/sys/backtrace.rs:47:9
[INFO] [stdout]    9:     0x5b79bb1c4fa6 - std[70759c8f55707aa4]::panicking::default_hook::{closure#0}
[INFO] [stdout]                                at /rustc/dfb0accb7f508ae8be965d8629557221c889dd98/library/std/src/panicking.rs:292:27
[INFO] [stdout]   10:     0x5b79bb1e1b19 - std[70759c8f55707aa4]::panicking::default_hook
[INFO] [stdout]                                at /rustc/dfb0accb7f508ae8be965d8629557221c889dd98/library/std/src/panicking.rs:316:9
[INFO] [stdout]   11:     0x5b79badd9ba0 - <alloc[2182bb758b4b3781]::boxed::Box<dyn for<'a, 'b> core[df12db4294e9bfd3]::ops::function::Fn<(&'a std[70759c8f55707aa4]::panic::PanicHookInfo<'b>,), Output = ()> + core[df12db4294e9bfd3]::marker::Send + core[df12db4294e9bfd3]::marker::Sync> as core[df12db4294e9bfd3]::ops::function::Fn<(&std[70759c8f55707aa4]::panic::PanicHookInfo,)>>::call
[INFO] [stdout]                                at /rustc/dfb0accb7f508ae8be965d8629557221c889dd98/library/alloc/src/boxed.rs:2334:9
[INFO] [stdout]   12:     0x5b79badd9ba0 - test[9d35eded1c95d3be]::test_main_inner::<test[9d35eded1c95d3be]::test_main_static::{closure#0}>::{closure#0}
[INFO] [stdout]                                at /rustc/dfb0accb7f508ae8be965d8629557221c889dd98/library/test/src/lib.rs:155:21
[INFO] [stdout]   13:     0x5b79bb1e1e42 - <alloc[2182bb758b4b3781]::boxed::Box<dyn for<'a, 'b> core[df12db4294e9bfd3]::ops::function::Fn<(&'a std[70759c8f55707aa4]::panic::PanicHookInfo<'b>,), Output = ()> + core[df12db4294e9bfd3]::marker::Send + core[df12db4294e9bfd3]::marker::Sync> as core[df12db4294e9bfd3]::ops::function::Fn<(&std[70759c8f55707aa4]::panic::PanicHookInfo,)>>::call
[INFO] [stdout]                                at /rustc/dfb0accb7f508ae8be965d8629557221c889dd98/library/alloc/src/boxed.rs:2334:9
[INFO] [stdout]   14:     0x5b79bb1e1e42 - std[70759c8f55707aa4]::panicking::panic_with_hook
[INFO] [stdout]                                at /rustc/dfb0accb7f508ae8be965d8629557221c889dd98/library/std/src/panicking.rs:823:13
[INFO] [stdout]   15:     0x5b79bb1c5084 - std[70759c8f55707aa4]::panicking::panic_handler::{closure#0}
[INFO] [stdout]                                at /rustc/dfb0accb7f508ae8be965d8629557221c889dd98/library/std/src/panicking.rs:681:13
[INFO] [stdout]   16:     0x5b79bb1bd9d9 - std[70759c8f55707aa4]::sys::backtrace::__rust_end_short_backtrace::<std[70759c8f55707aa4]::panicking::panic_handler::{closure#0}, !>
[INFO] [stdout]                                at /rustc/dfb0accb7f508ae8be965d8629557221c889dd98/library/std/src/sys/backtrace.rs:182:18
[INFO] [stdout]   17:     0x5b79bb1c5ced - __rustc[8fa7c3cbc660c2b3]::rust_begin_unwind
[INFO] [stdout]                                at /rustc/dfb0accb7f508ae8be965d8629557221c889dd98/library/std/src/panicking.rs:679:5
[INFO] [stdout]   18:     0x5b79bb201acc - core[df12db4294e9bfd3]::panicking::panic_fmt
[INFO] [stdout]                                at /rustc/dfb0accb7f508ae8be965d8629557221c889dd98/library/core/src/panicking.rs:80:14
[INFO] [stdout]   19:     0x5b79bad9a4b1 - driver_edge_test[6e6c5e04b6a8181]::panics::panicking_tick_increments_panic_count::{closure#1}::{closure#0}::{closure#0}
[INFO] [stdout]                                at /opt/rustwide/workdir/tests/driver_edge_test/panics.rs:39:17
[INFO] [stdout]   20:     0x5b79bae49db3 - <core[df12db4294e9bfd3]::pin::Pin<alloc[2182bb758b4b3781]::boxed::Box<dyn core[df12db4294e9bfd3]::future::future::Future<Output = ()> + core[df12db4294e9bfd3]::marker::Send>> as core[df12db4294e9bfd3]::future::future::Future>::poll
[INFO] [stdout]                                at /rustc/dfb0accb7f508ae8be965d8629557221c889dd98/library/core/src/future/future.rs:133:9
[INFO] [stdout]   21:     0x5b79bae2fe93 - r2e_executor[e485ad56fe0f6552]::catch_unwind::<core[df12db4294e9bfd3]::pin::Pin<alloc[2182bb758b4b3781]::boxed::Box<dyn core[df12db4294e9bfd3]::future::future::Future<Output = ()> + core[df12db4294e9bfd3]::marker::Send>>>::{closure#0}::{closure#0}::{closure#0}
[INFO] [stdout]                                at /opt/rustwide/cargo-home/registry/src/index.crates.io-1949cf8c6b5b557f/r2e-executor-0.4.0/src/lib.rs:163:73
[INFO] [stdout]   22:     0x5b79bae2bb79 - <r2e_executor[e485ad56fe0f6552]::catch_unwind<core[df12db4294e9bfd3]::pin::Pin<alloc[2182bb758b4b3781]::boxed::Box<dyn core[df12db4294e9bfd3]::future::future::Future<Output = ()> + core[df12db4294e9bfd3]::marker::Send>>>::{closure#0}::{closure#0}::{closure#0} as core[df12db4294e9bfd3]::ops::function::FnOnce<()>>::call_once
[INFO] [stdout]                                at /rustc/dfb0accb7f508ae8be965d8629557221c889dd98/library/core/src/ops/function.rs:250:5
[INFO] [stdout]   23:     0x5b79bae2b7c3 - <core[df12db4294e9bfd3]::panic::unwind_safe::AssertUnwindSafe<r2e_executor[e485ad56fe0f6552]::catch_unwind<core[df12db4294e9bfd3]::pin::Pin<alloc[2182bb758b4b3781]::boxed::Box<dyn core[df12db4294e9bfd3]::future::future::Future<Output = ()> + core[df12db4294e9bfd3]::marker::Send>>>::{closure#0}::{closure#0}::{closure#0}> as core[df12db4294e9bfd3]::ops::function::FnOnce<()>>::call_once
[INFO] [stdout]                                at /rustc/dfb0accb7f508ae8be965d8629557221c889dd98/library/core/src/panic/unwind_safe.rs:275:9
[INFO] [stdout]   24:     0x5b79bae3aa57 - std[70759c8f55707aa4]::panicking::catch_unwind::do_call::<core[df12db4294e9bfd3]::panic::unwind_safe::AssertUnwindSafe<r2e_executor[e485ad56fe0f6552]::catch_unwind<core[df12db4294e9bfd3]::pin::Pin<alloc[2182bb758b4b3781]::boxed::Box<dyn core[df12db4294e9bfd3]::future::future::Future<Output = ()> + core[df12db4294e9bfd3]::marker::Send>>>::{closure#0}::{closure#0}::{closure#0}>, core[df12db4294e9bfd3]::task::poll::Poll<()>>
[INFO] [stdout]                                at /rustc/dfb0accb7f508ae8be965d8629557221c889dd98/library/std/src/panicking.rs:576:43
[INFO] [stdout]   25:     0x5b79bae2bf9b - __rust_try
[INFO] [stdout]   26:     0x5b79bae269a9 - std[70759c8f55707aa4]::panicking::catch_unwind::<core[df12db4294e9bfd3]::task::poll::Poll<()>, core[df12db4294e9bfd3]::panic::unwind_safe::AssertUnwindSafe<r2e_executor[e485ad56fe0f6552]::catch_unwind<core[df12db4294e9bfd3]::pin::Pin<alloc[2182bb758b4b3781]::boxed::Box<dyn core[df12db4294e9bfd3]::future::future::Future<Output = ()> + core[df12db4294e9bfd3]::marker::Send>>>::{closure#0}::{closure#0}::{closure#0}>>
[INFO] [stdout]                                at /rustc/dfb0accb7f508ae8be965d8629557221c889dd98/library/std/src/panicking.rs:544:19
[INFO] [stdout]   27:     0x5b79bae269a9 - std[70759c8f55707aa4]::panic::catch_unwind::<core[df12db4294e9bfd3]::panic::unwind_safe::AssertUnwindSafe<r2e_executor[e485ad56fe0f6552]::catch_unwind<core[df12db4294e9bfd3]::pin::Pin<alloc[2182bb758b4b3781]::boxed::Box<dyn core[df12db4294e9bfd3]::future::future::Future<Output = ()> + core[df12db4294e9bfd3]::marker::Send>>>::{closure#0}::{closure#0}::{closure#0}>, core[df12db4294e9bfd3]::task::poll::Poll<()>>
[INFO] [stdout]                                at /rustc/dfb0accb7f508ae8be965d8629557221c889dd98/library/std/src/panic.rs:359:14
[INFO] [stdout]   28:     0x5b79bae2fa52 - r2e_executor[e485ad56fe0f6552]::catch_unwind::<core[df12db4294e9bfd3]::pin::Pin<alloc[2182bb758b4b3781]::boxed::Box<dyn core[df12db4294e9bfd3]::future::future::Future<Output = ()> + core[df12db4294e9bfd3]::marker::Send>>>::{closure#0}::{closure#0}
[INFO] [stdout]                                at /opt/rustwide/cargo-home/registry/src/index.crates.io-1949cf8c6b5b557f/r2e-executor-0.4.0/src/lib.rs:163:15
[INFO] [stdout]   29:     0x5b79bae3d4d1 - <core[df12db4294e9bfd3]::future::poll_fn::PollFn<r2e_executor[e485ad56fe0f6552]::catch_unwind<core[df12db4294e9bfd3]::pin::Pin<alloc[2182bb758b4b3781]::boxed::Box<dyn core[df12db4294e9bfd3]::future::future::Future<Output = ()> + core[df12db4294e9bfd3]::marker::Send>>>::{closure#0}::{closure#0}> as core[df12db4294e9bfd3]::future::future::Future>::poll
[INFO] [stdout]                                at /rustc/dfb0accb7f508ae8be965d8629557221c889dd98/library/core/src/future/poll_fn.rs:151:9
[INFO] [stdout]   30:     0x5b79bae2e831 - r2e_executor[e485ad56fe0f6552]::catch_unwind::<core[df12db4294e9bfd3]::pin::Pin<alloc[2182bb758b4b3781]::boxed::Box<dyn core[df12db4294e9bfd3]::future::future::Future<Output = ()> + core[df12db4294e9bfd3]::marker::Send>>>::{closure#0}
[INFO] [stdout]                                at /opt/rustwide/cargo-home/registry/src/index.crates.io-1949cf8c6b5b557f/r2e-executor-0.4.0/src/lib.rs:169:6
[INFO] [stdout]   31:     0x5b79bae2f47c - <r2e_executor[e485ad56fe0f6552]::PoolExecutor>::spawn_job::<core[df12db4294e9bfd3]::pin::Pin<alloc[2182bb758b4b3781]::boxed::Box<dyn core[df12db4294e9bfd3]::future::future::Future<Output = ()> + core[df12db4294e9bfd3]::marker::Send>>, ()>::{closure#0}
[INFO] [stdout]                                at /opt/rustwide/cargo-home/registry/src/index.crates.io-1949cf8c6b5b557f/r2e-executor-0.4.0/src/lib.rs:423:45
[INFO] [stdout]   32:     0x5b79bae1fd0c - <tokio[b7e603f5c0b30fbe]::runtime::task::core::Core<<r2e_executor[e485ad56fe0f6552]::PoolExecutor>::spawn_job<core[df12db4294e9bfd3]::pin::Pin<alloc[2182bb758b4b3781]::boxed::Box<dyn core[df12db4294e9bfd3]::future::future::Future<Output = ()> + core[df12db4294e9bfd3]::marker::Send>>, ()>::{closure#0}, alloc[2182bb758b4b3781]::sync::Arc<tokio[b7e603f5c0b30fbe]::runtime::scheduler::multi_thread::handle::Handle>>>::poll::{closure#0}
[INFO] [stdout]                                at /opt/rustwide/cargo-home/registry/src/index.crates.io-1949cf8c6b5b557f/tokio-1.52.3/src/runtime/task/core.rs:375:24
[INFO] [stdout]   33:     0x5b79bae24cee - <tokio[b7e603f5c0b30fbe]::loom::std::unsafe_cell::UnsafeCell<tokio[b7e603f5c0b30fbe]::runtime::task::core::Stage<<r2e_executor[e485ad56fe0f6552]::PoolExecutor>::spawn_job<core[df12db4294e9bfd3]::pin::Pin<alloc[2182bb758b4b3781]::boxed::Box<dyn core[df12db4294e9bfd3]::future::future::Future<Output = ()> + core[df12db4294e9bfd3]::marker::Send>>, ()>::{closure#0}>>>::with_mut::<core[df12db4294e9bfd3]::task::poll::Poll<()>, <tokio[b7e603f5c0b30fbe]::runtime::task::core::Core<<r2e_executor[e485ad56fe0f6552]::PoolExecutor>::spawn_job<core[df12db4294e9bfd3]::pin::Pin<alloc[2182bb758b4b3781]::boxed::Box<dyn core[df12db4294e9bfd3]::future::future::Future<Output = ()> + core[df12db4294e9bfd3]::marker::Send>>, ()>::{closure#0}, alloc[2182bb758b4b3781]::sync::Arc<tokio[b7e603f5c0b30fbe]::runtime::scheduler::multi_thread::handle::Handle>>>::poll::{closure#0}>
[INFO] [stdout]                                at /opt/rustwide/cargo-home/registry/src/index.crates.io-1949cf8c6b5b557f/tokio-1.52.3/src/loom/std/unsafe_cell.rs:16:9
[INFO] [stdout]   34:     0x5b79bae24cee - <tokio[b7e603f5c0b30fbe]::runtime::task::core::Core<<r2e_executor[e485ad56fe0f6552]::PoolExecutor>::spawn_job<core[df12db4294e9bfd3]::pin::Pin<alloc[2182bb758b4b3781]::boxed::Box<dyn core[df12db4294e9bfd3]::future::future::Future<Output = ()> + core[df12db4294e9bfd3]::marker::Send>>, ()>::{closure#0}, alloc[2182bb758b4b3781]::sync::Arc<tokio[b7e603f5c0b30fbe]::runtime::scheduler::multi_thread::handle::Handle>>>::poll
[INFO] [stdout]                                at /opt/rustwide/cargo-home/registry/src/index.crates.io-1949cf8c6b5b557f/tokio-1.52.3/src/runtime/task/core.rs:364:30
[INFO] [stdout]   35:     0x5b79bae4c3ce - tokio[b7e603f5c0b30fbe]::runtime::task::harness::poll_future::<<r2e_executor[e485ad56fe0f6552]::PoolExecutor>::spawn_job<core[df12db4294e9bfd3]::pin::Pin<alloc[2182bb758b4b3781]::boxed::Box<dyn core[df12db4294e9bfd3]::future::future::Future<Output = ()> + core[df12db4294e9bfd3]::marker::Send>>, ()>::{closure#0}, alloc[2182bb758b4b3781]::sync::Arc<tokio[b7e603f5c0b30fbe]::runtime::scheduler::multi_thread::handle::Handle>>::{closure#0}
[INFO] [stdout]                                at /opt/rustwide/cargo-home/registry/src/index.crates.io-1949cf8c6b5b557f/tokio-1.52.3/src/runtime/task/harness.rs:535:30
[INFO] [stdout]   36:     0x5b79bae2b681 - <core[df12db4294e9bfd3]::panic::unwind_safe::AssertUnwindSafe<tokio[b7e603f5c0b30fbe]::runtime::task::harness::poll_future<<r2e_executor[e485ad56fe0f6552]::PoolExecutor>::spawn_job<core[df12db4294e9bfd3]::pin::Pin<alloc[2182bb758b4b3781]::boxed::Box<dyn core[df12db4294e9bfd3]::future::future::Future<Output = ()> + core[df12db4294e9bfd3]::marker::Send>>, ()>::{closure#0}, alloc[2182bb758b4b3781]::sync::Arc<tokio[b7e603f5c0b30fbe]::runtime::scheduler::multi_thread::handle::Handle>>::{closure#0}> as core[df12db4294e9bfd3]::ops::function::FnOnce<()>>::call_once
[INFO] [stdout]                                at /rustc/dfb0accb7f508ae8be965d8629557221c889dd98/library/core/src/panic/unwind_safe.rs:275:9
[INFO] [stdout]   37:     0x5b79bae3a8ab - std[70759c8f55707aa4]::panicking::catch_unwind::do_call::<core[df12db4294e9bfd3]::panic::unwind_safe::AssertUnwindSafe<tokio[b7e603f5c0b30fbe]::runtime::task::harness::poll_future<<r2e_executor[e485ad56fe0f6552]::PoolExecutor>::spawn_job<core[df12db4294e9bfd3]::pin::Pin<alloc[2182bb758b4b3781]::boxed::Box<dyn core[df12db4294e9bfd3]::future::future::Future<Output = ()> + core[df12db4294e9bfd3]::marker::Send>>, ()>::{closure#0}, alloc[2182bb758b4b3781]::sync::Arc<tokio[b7e603f5c0b30fbe]::runtime::scheduler::multi_thread::handle::Handle>>::{closure#0}>, core[df12db4294e9bfd3]::task::poll::Poll<()>>
[INFO] [stdout]                                at /rustc/dfb0accb7f508ae8be965d8629557221c889dd98/library/std/src/panicking.rs:576:43
[INFO] [stdout]   38:     0x5b79bae2bf9b - __rust_try
[INFO] [stdout]   39:     0x5b79bae264c6 - std[70759c8f55707aa4]::panicking::catch_unwind::<core[df12db4294e9bfd3]::task::poll::Poll<()>, core[df12db4294e9bfd3]::panic::unwind_safe::AssertUnwindSafe<tokio[b7e603f5c0b30fbe]::runtime::task::harness::poll_future<<r2e_executor[e485ad56fe0f6552]::PoolExecutor>::spawn_job<core[df12db4294e9bfd3]::pin::Pin<alloc[2182bb758b4b3781]::boxed::Box<dyn core[df12db4294e9bfd3]::future::future::Future<Output = ()> + core[df12db4294e9bfd3]::marker::Send>>, ()>::{closure#0}, alloc[2182bb758b4b3781]::sync::Arc<tokio[b7e603f5c0b30fbe]::runtime::scheduler::multi_thread::handle::Handle>>::{closure#0}>>
[INFO] [stdout]                                at /rustc/dfb0accb7f508ae8be965d8629557221c889dd98/library/std/src/panicking.rs:544:19
[INFO] [stdout]   40:     0x5b79bae264c6 - std[70759c8f55707aa4]::panic::catch_unwind::<core[df12db4294e9bfd3]::panic::unwind_safe::AssertUnwindSafe<tokio[b7e603f5c0b30fbe]::runtime::task::harness::poll_future<<r2e_executor[e485ad56fe0f6552]::PoolExecutor>::spawn_job<core[df12db4294e9bfd3]::pin::Pin<alloc[2182bb758b4b3781]::boxed::Box<dyn core[df12db4294e9bfd3]::future::future::Future<Output = ()> + core[df12db4294e9bfd3]::marker::Send>>, ()>::{closure#0}, alloc[2182bb758b4b3781]::sync::Arc<tokio[b7e603f5c0b30fbe]::runtime::scheduler::multi_thread::handle::Handle>>::{closure#0}>, core[df12db4294e9bfd3]::task::poll::Poll<()>>
[INFO] [stdout]                                at /rustc/dfb0accb7f508ae8be965d8629557221c889dd98/library/std/src/panic.rs:359:14
[INFO] [stdout]   41:     0x5b79bae4b780 - tokio[b7e603f5c0b30fbe]::runtime::task::harness::poll_future::<<r2e_executor[e485ad56fe0f6552]::PoolExecutor>::spawn_job<core[df12db4294e9bfd3]::pin::Pin<alloc[2182bb758b4b3781]::boxed::Box<dyn core[df12db4294e9bfd3]::future::future::Future<Output = ()> + core[df12db4294e9bfd3]::marker::Send>>, ()>::{closure#0}, alloc[2182bb758b4b3781]::sync::Arc<tokio[b7e603f5c0b30fbe]::runtime::scheduler::multi_thread::handle::Handle>>
[INFO] [stdout]                                at /opt/rustwide/cargo-home/registry/src/index.crates.io-1949cf8c6b5b557f/tokio-1.52.3/src/runtime/task/harness.rs:523:18
[INFO] [stdout]   42:     0x5b79bae4f2b9 - <tokio[b7e603f5c0b30fbe]::runtime::task::harness::Harness<<r2e_executor[e485ad56fe0f6552]::PoolExecutor>::spawn_job<core[df12db4294e9bfd3]::pin::Pin<alloc[2182bb758b4b3781]::boxed::Box<dyn core[df12db4294e9bfd3]::future::future::Future<Output = ()> + core[df12db4294e9bfd3]::marker::Send>>, ()>::{closure#0}, alloc[2182bb758b4b3781]::sync::Arc<tokio[b7e603f5c0b30fbe]::runtime::scheduler::multi_thread::handle::Handle>>>::poll_inner
[INFO] [stdout]                                at /opt/rustwide/cargo-home/registry/src/index.crates.io-1949cf8c6b5b557f/tokio-1.52.3/src/runtime/task/harness.rs:210:27
[INFO] [stdout]   43:     0x5b79bae4f577 - <tokio[b7e603f5c0b30fbe]::runtime::task::harness::Harness<<r2e_executor[e485ad56fe0f6552]::PoolExecutor>::spawn_job<core[df12db4294e9bfd3]::pin::Pin<alloc[2182bb758b4b3781]::boxed::Box<dyn core[df12db4294e9bfd3]::future::future::Future<Output = ()> + core[df12db4294e9bfd3]::marker::Send>>, ()>::{closure#0}, alloc[2182bb758b4b3781]::sync::Arc<tokio[b7e603f5c0b30fbe]::runtime::scheduler::multi_thread::handle::Handle>>>::poll
[INFO] [stdout]                                at /opt/rustwide/cargo-home/registry/src/index.crates.io-1949cf8c6b5b557f/tokio-1.52.3/src/runtime/task/harness.rs:155:20
[INFO] [stdout]   44:     0x5b79bae362fd - tokio[b7e603f5c0b30fbe]::runtime::task::raw::poll::<<r2e_executor[e485ad56fe0f6552]::PoolExecutor>::spawn_job<core[df12db4294e9bfd3]::pin::Pin<alloc[2182bb758b4b3781]::boxed::Box<dyn core[df12db4294e9bfd3]::future::future::Future<Output = ()> + core[df12db4294e9bfd3]::marker::Send>>, ()>::{closure#0}, alloc[2182bb758b4b3781]::sync::Arc<tokio[b7e603f5c0b30fbe]::runtime::scheduler::multi_thread::handle::Handle>>
[INFO] [stdout]                                at /opt/rustwide/cargo-home/registry/src/index.crates.io-1949cf8c6b5b557f/tokio-1.52.3/src/runtime/task/raw.rs:337:13
[INFO] [stdout]   45:     0x5b79bb11eff7 - <tokio[b7e603f5c0b30fbe]::runtime::task::raw::RawTask>::poll
[INFO] [stdout]                                at /opt/rustwide/cargo-home/registry/src/index.crates.io-1949cf8c6b5b557f/tokio-1.52.3/src/runtime/task/raw.rs:267:18
[INFO] [stdout]   46:     0x5b79bb125a32 - <tokio[b7e603f5c0b30fbe]::runtime::task::LocalNotified<alloc[2182bb758b4b3781]::sync::Arc<tokio[b7e603f5c0b30fbe]::runtime::scheduler::multi_thread::handle::Handle>>>::run
[INFO] [stdout]                                at /opt/rustwide/cargo-home/registry/src/index.crates.io-1949cf8c6b5b557f/tokio-1.52.3/src/runtime/task/mod.rs:510:13
[INFO] [stdout]   47:     0x5b79bb0f7210 - <tokio[b7e603f5c0b30fbe]::runtime::scheduler::multi_thread::worker::Context>::run_task::{closure#0}
[INFO] [stdout]                                at /opt/rustwide/cargo-home/registry/src/index.crates.io-1949cf8c6b5b557f/tokio-1.52.3/src/runtime/scheduler/multi_thread/worker.rs:761:22
[INFO] [stdout]   48:     0x5b79bb0ff7cb - tokio[b7e603f5c0b30fbe]::task::coop::with_budget::<core[df12db4294e9bfd3]::result::Result<alloc[2182bb758b4b3781]::boxed::Box<tokio[b7e603f5c0b30fbe]::runtime::scheduler::multi_thread::worker::Core>, ()>, <tokio[b7e603f5c0b30fbe]::runtime::scheduler::multi_thread::worker::Context>::run_task::{closure#0}>
[INFO] [stdout]                                at /opt/rustwide/cargo-home/registry/src/index.crates.io-1949cf8c6b5b557f/tokio-1.52.3/src/task/coop/mod.rs:167:5
[INFO] [stdout]   49:     0x5b79bb0ff7cb - tokio[b7e603f5c0b30fbe]::task::coop::budget::<core[df12db4294e9bfd3]::result::Result<alloc[2182bb758b4b3781]::boxed::Box<tokio[b7e603f5c0b30fbe]::runtime::scheduler::multi_thread::worker::Core>, ()>, <tokio[b7e603f5c0b30fbe]::runtime::scheduler::multi_thread::worker::Context>::run_task::{closure#0}>
[INFO] [stdout]                                at /opt/rustwide/cargo-home/registry/src/index.crates.io-1949cf8c6b5b557f/tokio-1.52.3/src/task/coop/mod.rs:133:5
[INFO] [stdout]   50:     0x5b79bb0ff7cb - <tokio[b7e603f5c0b30fbe]::runtime::scheduler::multi_thread::worker::Context>::run_task
[INFO] [stdout]                                at /opt/rustwide/cargo-home/registry/src/index.crates.io-1949cf8c6b5b557f/tokio-1.52.3/src/runtime/scheduler/multi_thread/worker.rs:675:9
[INFO] [stdout]   51:     0x5b79bb0fe5b1 - <tokio[b7e603f5c0b30fbe]::runtime::scheduler::multi_thread::worker::Context>::run
[INFO] [stdout]                                at /opt/rustwide/cargo-home/registry/src/index.crates.io-1949cf8c6b5b557f/tokio-1.52.3/src/runtime/scheduler/multi_thread/worker.rs:585:29
[INFO] [stdout]   52:     0x5b79bb0f6269 - tokio[b7e603f5c0b30fbe]::runtime::scheduler::multi_thread::worker::run::{closure#0}::{closure#0}
[INFO] [stdout]                                at /opt/rustwide/cargo-home/registry/src/index.crates.io-1949cf8c6b5b557f/tokio-1.52.3/src/runtime/scheduler/multi_thread/worker.rs:550:24
[INFO] [stdout]   53:     0x5b79bb131e50 - <tokio[b7e603f5c0b30fbe]::runtime::context::scoped::Scoped<tokio[b7e603f5c0b30fbe]::runtime::scheduler::Context>>::set::<tokio[b7e603f5c0b30fbe]::runtime::scheduler::multi_thread::worker::run::{closure#0}::{closure#0}, ()>
[INFO] [stdout]                                at /opt/rustwide/cargo-home/registry/src/index.crates.io-1949cf8c6b5b557f/tokio-1.52.3/src/runtime/context/scoped.rs:40:9
[INFO] [stdout]   54:     0x5b79bb10dc4b - tokio[b7e603f5c0b30fbe]::runtime::context::set_scheduler::<(), tokio[b7e603f5c0b30fbe]::runtime::scheduler::multi_thread::worker::run::{closure#0}::{closure#0}>::{closure#0}
[INFO] [stdout]                                at /opt/rustwide/cargo-home/registry/src/index.crates.io-1949cf8c6b5b557f/tokio-1.52.3/src/runtime/context.rs:181:38
[INFO] [stdout]   55:     0x5b79bb112888 - <std[70759c8f55707aa4]::thread::local::LocalKey<tokio[b7e603f5c0b30fbe]::runtime::context::Context>>::try_with::<tokio[b7e603f5c0b30fbe]::runtime::context::set_scheduler<(), tokio[b7e603f5c0b30fbe]::runtime::scheduler::multi_thread::worker::run::{closure#0}::{closure#0}>::{closure#0}, ()>
[INFO] [stdout]                                at /rustc/dfb0accb7f508ae8be965d8629557221c889dd98/library/std/src/thread/local.rs:463:12
[INFO] [stdout]   56:     0x5b79bb11255f - <std[70759c8f55707aa4]::thread::local::LocalKey<tokio[b7e603f5c0b30fbe]::runtime::context::Context>>::with::<tokio[b7e603f5c0b30fbe]::runtime::context::set_scheduler<(), tokio[b7e603f5c0b30fbe]::runtime::scheduler::multi_thread::worker::run::{closure#0}::{closure#0}>::{closure#0}, ()>
[INFO] [stdout]                                at /rustc/dfb0accb7f508ae8be965d8629557221c889dd98/library/std/src/thread/local.rs:427:20
[INFO] [stdout]   57:     0x5b79bb10d194 - tokio[b7e603f5c0b30fbe]::runtime::context::set_scheduler::<(), tokio[b7e603f5c0b30fbe]::runtime::scheduler::multi_thread::worker::run::{closure#0}::{closure#0}>
[INFO] [stdout]                                at /opt/rustwide/cargo-home/registry/src/index.crates.io-1949cf8c6b5b557f/tokio-1.52.3/src/runtime/context.rs:181:17
[INFO] [stdout]   58:     0x5b79bb0f75a9 - tokio[b7e603f5c0b30fbe]::runtime::scheduler::multi_thread::worker::run::{closure#0}
[INFO] [stdout]                                at /opt/rustwide/cargo-home/registry/src/index.crates.io-1949cf8c6b5b557f/tokio-1.52.3/src/runtime/scheduler/multi_thread/worker.rs:545:9
[INFO] [stdout]   59:     0x5b79bb113def - tokio[b7e603f5c0b30fbe]::runtime::context::runtime::enter_runtime::<tokio[b7e603f5c0b30fbe]::runtime::scheduler::multi_thread::worker::run::{closure#0}, ()>
[INFO] [stdout]                                at /opt/rustwide/cargo-home/registry/src/index.crates.io-1949cf8c6b5b557f/tokio-1.52.3/src/runtime/context/runtime.rs:65:16
[INFO] [stdout]   60:     0x5b79bb100721 - tokio[b7e603f5c0b30fbe]::runtime::scheduler::multi_thread::worker::run
[INFO] [stdout]                                at /opt/rustwide/cargo-home/registry/src/index.crates.io-1949cf8c6b5b557f/tokio-1.52.3/src/runtime/scheduler/multi_thread/worker.rs:537:5
[INFO] [stdout]   61:     0x5b79bb0f63eb - <tokio[b7e603f5c0b30fbe]::runtime::scheduler::multi_thread::worker::Launch>::launch::{closure#0}
[INFO] [stdout]                                at /opt/rustwide/cargo-home/registry/src/index.crates.io-1949cf8c6b5b557f/tokio-1.52.3/src/runtime/scheduler/multi_thread/worker.rs:503:45
[INFO] [stdout]   62:     0x5b79bb0e936b - <tokio[b7e603f5c0b30fbe]::runtime::blocking::task::BlockingTask<<tokio[b7e603f5c0b30fbe]::runtime::scheduler::multi_thread::worker::Launch>::launch::{closure#0}> as core[df12db4294e9bfd3]::future::future::Future>::poll
[INFO] [stdout]                                at /opt/rustwide/cargo-home/registry/src/index.crates.io-1949cf8c6b5b557f/tokio-1.52.3/src/runtime/blocking/task.rs:42:21
[INFO] [stdout]   63:     0x5b79bb0d589c - <tokio[b7e603f5c0b30fbe]::runtime::task::core::Core<tokio[b7e603f5c0b30fbe]::runtime::blocking::task::BlockingTask<<tokio[b7e603f5c0b30fbe]::runtime::scheduler::multi_thread::worker::Launch>::launch::{closure#0}>, tokio[b7e603f5c0b30fbe]::runtime::blocking::schedule::BlockingSchedule>>::poll::{closure#0}
[INFO] [stdout]                                at /opt/rustwide/cargo-home/registry/src/index.crates.io-1949cf8c6b5b557f/tokio-1.52.3/src/runtime/task/core.rs:375:24
[INFO] [stdout]   64:     0x5b79bb0d6e0e - <tokio[b7e603f5c0b30fbe]::loom::std::unsafe_cell::UnsafeCell<tokio[b7e603f5c0b30fbe]::runtime::task::core::Stage<tokio[b7e603f5c0b30fbe]::runtime::blocking::task::BlockingTask<<tokio[b7e603f5c0b30fbe]::runtime::scheduler::multi_thread::worker::Launch>::launch::{closure#0}>>>>::with_mut::<core[df12db4294e9bfd3]::task::poll::Poll<()>, <tokio[b7e603f5c0b30fbe]::runtime::task::core::Core<tokio[b7e603f5c0b30fbe]::runtime::blocking::task::BlockingTask<<tokio[b7e603f5c0b30fbe]::runtime::scheduler::multi_thread::worker::Launch>::launch::{closure#0}>, tokio[b7e603f5c0b30fbe]::runtime::blocking::schedule::BlockingSchedule>>::poll::{closure#0}>
[INFO] [stdout]                                at /opt/rustwide/cargo-home/registry/src/index.crates.io-1949cf8c6b5b557f/tokio-1.52.3/src/loom/std/unsafe_cell.rs:16:9
[INFO] [stdout]   65:     0x5b79bb0d6e0e - <tokio[b7e603f5c0b30fbe]::runtime::task::core::Core<tokio[b7e603f5c0b30fbe]::runtime::blocking::task::BlockingTask<<tokio[b7e603f5c0b30fbe]::runtime::scheduler::multi_thread::worker::Launch>::launch::{closure#0}>, tokio[b7e603f5c0b30fbe]::runtime::blocking::schedule::BlockingSchedule>>::poll
[INFO] [stdout]                                at /opt/rustwide/cargo-home/registry/src/index.crates.io-1949cf8c6b5b557f/tokio-1.52.3/src/runtime/task/core.rs:364:30
[INFO] [stdout]   66:     0x5b79bb0d3bee - tokio[b7e603f5c0b30fbe]::runtime::task::harness::poll_future::<tokio[b7e603f5c0b30fbe]::runtime::blocking::task::BlockingTask<<tokio[b7e603f5c0b30fbe]::runtime::scheduler::multi_thread::worker::Launch>::launch::{closure#0}>, tokio[b7e603f5c0b30fbe]::runtime::blocking::schedule::BlockingSchedule>::{closure#0}
[INFO] [stdout]                                at /opt/rustwide/cargo-home/registry/src/index.crates.io-1949cf8c6b5b557f/tokio-1.52.3/src/runtime/task/harness.rs:535:30
[INFO] [stdout]   67:     0x5b79bb1389b1 - <core[df12db4294e9bfd3]::panic::unwind_safe::AssertUnwindSafe<tokio[b7e603f5c0b30fbe]::runtime::task::harness::poll_future<tokio[b7e603f5c0b30fbe]::runtime::blocking::task::BlockingTask<<tokio[b7e603f5c0b30fbe]::runtime::scheduler::multi_thread::worker::Launch>::launch::{closure#0}>, tokio[b7e603f5c0b30fbe]::runtime::blocking::schedule::BlockingSchedule>::{closure#0}> as core[df12db4294e9bfd3]::ops::function::FnOnce<()>>::call_once
[INFO] [stdout]                                at /rustc/dfb0accb7f508ae8be965d8629557221c889dd98/library/core/src/panic/unwind_safe.rs:275:9
[INFO] [stdout]   68:     0x5b79bb0e296b - std[70759c8f55707aa4]::panicking::catch_unwind::do_call::<core[df12db4294e9bfd3]::panic::unwind_safe::AssertUnwindSafe<tokio[b7e603f5c0b30fbe]::runtime::task::harness::poll_future<tokio[b7e603f5c0b30fbe]::runtime::blocking::task::BlockingTask<<tokio[b7e603f5c0b30fbe]::runtime::scheduler::multi_thread::worker::Launch>::launch::{closure#0}>, tokio[b7e603f5c0b30fbe]::runtime::blocking::schedule::BlockingSchedule>::{closure#0}>, core[df12db4294e9bfd3]::task::poll::Poll<()>>
[INFO] [stdout]                                at /rustc/dfb0accb7f508ae8be965d8629557221c889dd98/library/std/src/panicking.rs:576:43
[INFO] [stdout]   69:     0x5b79bb130d4b - __rust_try
[INFO] [stdout]   70:     0x5b79bb12dde6 - std[70759c8f55707aa4]::panicking::catch_unwind::<core[df12db4294e9bfd3]::task::poll::Poll<()>, core[df12db4294e9bfd3]::panic::unwind_safe::AssertUnwindSafe<tokio[b7e603f5c0b30fbe]::runtime::task::harness::poll_future<tokio[b7e603f5c0b30fbe]::runtime::blocking::task::BlockingTask<<tokio[b7e603f5c0b30fbe]::runtime::scheduler::multi_thread::worker::Launch>::launch::{closure#0}>, tokio[b7e603f5c0b30fbe]::runtime::blocking::schedule::BlockingSchedule>::{closure#0}>>
[INFO] [stdout]                                at /rustc/dfb0accb7f508ae8be965d8629557221c889dd98/library/std/src/panicking.rs:544:19
[INFO] [stdout]   71:     0x5b79bb12dde6 - std[70759c8f55707aa4]::panic::catch_unwind::<core[df12db4294e9bfd3]::panic::unwind_safe::AssertUnwindSafe<tokio[b7e603f5c0b30fbe]::runtime::task::harness::poll_future<tokio[b7e603f5c0b30fbe]::runtime::blocking::task::BlockingTask<<tokio[b7e603f5c0b30fbe]::runtime::scheduler::multi_thread::worker::Launch>::launch::{closure#0}>, tokio[b7e603f5c0b30fbe]::runtime::blocking::schedule::BlockingSchedule>::{closure#0}>, core[df12db4294e9bfd3]::task::poll::Poll<()>>
[INFO] [stdout]                                at /rustc/dfb0accb7f508ae8be965d8629557221c889dd98/library/std/src/panic.rs:359:14
[INFO] [stdout]   72:     0x5b79bb0d37f0 - tokio[b7e603f5c0b30fbe]::runtime::task::harness::poll_future::<tokio[b7e603f5c0b30fbe]::runtime::blocking::task::BlockingTask<<tokio[b7e603f5c0b30fbe]::runtime::scheduler::multi_thread::worker::Launch>::launch::{closure#0}>, tokio[b7e603f5c0b30fbe]::runtime::blocking::schedule::BlockingSchedule>
[INFO] [stdout]                                at /opt/rustwide/cargo-home/registry/src/index.crates.io-1949cf8c6b5b557f/tokio-1.52.3/src/runtime/task/harness.rs:523:18
[INFO] [stdout]   73:     0x5b79bb0d4729 - <tokio[b7e603f5c0b30fbe]::runtime::task::harness::Harness<tokio[b7e603f5c0b30fbe]::runtime::blocking::task::BlockingTask<<tokio[b7e603f5c0b30fbe]::runtime::scheduler::multi_thread::worker::Launch>::launch::{closure#0}>, tokio[b7e603f5c0b30fbe]::runtime::blocking::schedule::BlockingSchedule>>::poll_inner
[INFO] [stdout]                                at /opt/rustwide/cargo-home/registry/src/index.crates.io-1949cf8c6b5b557f/tokio-1.52.3/src/runtime/task/harness.rs:210:27
[INFO] [stdout]   74:     0x5b79bb0d49e7 - <tokio[b7e603f5c0b30fbe]::runtime::task::harness::Harness<tokio[b7e603f5c0b30fbe]::runtime::blocking::task::BlockingTask<<tokio[b7e603f5c0b30fbe]::runtime::scheduler::multi_thread::worker::Launch>::launch::{closure#0}>, tokio[b7e603f5c0b30fbe]::runtime::blocking::schedule::BlockingSchedule>>::poll
[INFO] [stdout]                                at /opt/rustwide/cargo-home/registry/src/index.crates.io-1949cf8c6b5b557f/tokio-1.52.3/src/runtime/task/harness.rs:155:20
[INFO] [stdout]   75:     0x5b79bb11b48d - tokio[b7e603f5c0b30fbe]::runtime::task::raw::poll::<tokio[b7e603f5c0b30fbe]::runtime::blocking::task::BlockingTask<<tokio[b7e603f5c0b30fbe]::runtime::scheduler::multi_thread::worker::Launch>::launch::{closure#0}>, tokio[b7e603f5c0b30fbe]::runtime::blocking::schedule::BlockingSchedule>
[INFO] [stdout]                                at /opt/rustwide/cargo-home/registry/src/index.crates.io-1949cf8c6b5b557f/tokio-1.52.3/src/runtime/task/raw.rs:337:13
[INFO] [stdout]   76:     0x5b79bb11eff7 - <tokio[b7e603f5c0b30fbe]::runtime::task::raw::RawTask>::poll
[INFO] [stdout]                                at /opt/rustwide/cargo-home/registry/src/index.crates.io-1949cf8c6b5b557f/tokio-1.52.3/src/runtime/task/raw.rs:267:18
[INFO] [stdout]   77:     0x5b79bb125a77 - <tokio[b7e603f5c0b30fbe]::runtime::task::UnownedTask<tokio[b7e603f5c0b30fbe]::runtime::blocking::schedule::BlockingSchedule>>::run
[INFO] [stdout]                                at /opt/rustwide/cargo-home/registry/src/index.crates.io-1949cf8c6b5b557f/tokio-1.52.3/src/runtime/task/mod.rs:547:13
[INFO] [stdout]   78:     0x5b79bb0e6397 - <tokio[b7e603f5c0b30fbe]::runtime::blocking::pool::Task>::run
[INFO] [stdout]                                at /opt/rustwide/cargo-home/registry/src/index.crates.io-1949cf8c6b5b557f/tokio-1.52.3/src/runtime/blocking/pool.rs:161:19
[INFO] [stdout]   79:     0x5b79bb0e8260 - <tokio[b7e603f5c0b30fbe]::runtime::blocking::pool::Inner>::run
[INFO] [stdout]                                at /opt/rustwide/cargo-home/registry/src/index.crates.io-1949cf8c6b5b557f/tokio-1.52.3/src/runtime/blocking/pool.rs:518:22
[INFO] [stdout]   80:     0x5b79bb0e5ab4 - <tokio[b7e603f5c0b30fbe]::runtime::blocking::pool::Spawner>::spawn_thread::{closure#0}
[INFO] [stdout]                                at /opt/rustwide/cargo-home/registry/src/index.crates.io-1949cf8c6b5b557f/tokio-1.52.3/src/runtime/blocking/pool.rs:474:47
[INFO] [stdout]   81:     0x5b79bb1223e6 - std[70759c8f55707aa4]::sys::backtrace::__rust_begin_short_backtrace::<<tokio[b7e603f5c0b30fbe]::runtime::blocking::pool::Spawner>::spawn_thread::{closure#0}, ()>
[INFO] [stdout]                                at /rustc/dfb0accb7f508ae8be965d8629557221c889dd98/library/std/src/sys/backtrace.rs:166:18
[INFO] [stdout]   82:     0x5b79bb10e602 - std[70759c8f55707aa4]::thread::lifecycle::spawn_unchecked::<<tokio[b7e603f5c0b30fbe]::runtime::blocking::pool::Spawner>::spawn_thread::{closure#0}, ()>::{closure#1}::{closure#0}
[INFO] [stdout]                                at /rustc/dfb0accb7f508ae8be965d8629557221c889dd98/library/std/src/thread/lifecycle.rs:70:13
[INFO] [stdout]   83:     0x5b79bb138a21 - <core[df12db4294e9bfd3]::panic::unwind_safe::AssertUnwindSafe<std[70759c8f55707aa4]::thread::lifecycle::spawn_unchecked<<tokio[b7e603f5c0b30fbe]::runtime::blocking::pool::Spawner>::spawn_thread::{closure#0}, ()>::{closure#1}::{closure#0}> as core[df12db4294e9bfd3]::ops::function::FnOnce<()>>::call_once
[INFO] [stdout]                                at /rustc/dfb0accb7f508ae8be965d8629557221c889dd98/library/core/src/panic/unwind_safe.rs:275:9
[INFO] [stdout]   84:     0x5b79bb0e29f6 - std[70759c8f55707aa4]::panicking::catch_unwind::do_call::<core[df12db4294e9bfd3]::panic::unwind_safe::AssertUnwindSafe<std[70759c8f55707aa4]::thread::lifecycle::spawn_unchecked<<tokio[b7e603f5c0b30fbe]::runtime::blocking::pool::Spawner>::spawn_thread::{closure#0}, ()>::{closure#1}::{closure#0}>, ()>
[INFO] [stdout]                                at /rustc/dfb0accb7f508ae8be965d8629557221c889dd98/library/std/src/panicking.rs:576:43
[INFO] [stdout]   85:     0x5b79bb1121cb - __rust_try
[INFO] [stdout]   86:     0x5b79bb10da64 - std[70759c8f55707aa4]::panicking::catch_unwind::<(), core[df12db4294e9bfd3]::panic::unwind_safe::AssertUnwindSafe<std[70759c8f55707aa4]::thread::lifecycle::spawn_unchecked<<tokio[b7e603f5c0b30fbe]::runtime::blocking::pool::Spawner>::spawn_thread::{closure#0}, ()>::{closure#1}::{closure#0}>>
[INFO] [stdout]                                at /rustc/dfb0accb7f508ae8be965d8629557221c889dd98/library/std/src/panicking.rs:544:19
[INFO] [stdout]   87:     0x5b79bb10da64 - std[70759c8f55707aa4]::panic::catch_unwind::<core[df12db4294e9bfd3]::panic::unwind_safe::AssertUnwindSafe<std[70759c8f55707aa4]::thread::lifecycle::spawn_unchecked<<tokio[b7e603f5c0b30fbe]::runtime::blocking::pool::Spawner>::spawn_thread::{closure#0}, ()>::{closure#1}::{closure#0}>, ()>
[INFO] [stdout]                                at /rustc/dfb0accb7f508ae8be965d8629557221c889dd98/library/std/src/panic.rs:359:14
[INFO] [stdout]   88:     0x5b79bb10da64 - std[70759c8f55707aa4]::thread::lifecycle::spawn_unchecked::<<tokio[b7e603f5c0b30fbe]::runtime::blocking::pool::Spawner>::spawn_thread::{closure#0}, ()>::{closure#1}
[INFO] [stdout]                                at /rustc/dfb0accb7f508ae8be965d8629557221c889dd98/library/std/src/thread/lifecycle.rs:68:26
[INFO] [stdout]   89:     0x5b79bb0dccbf - <std[70759c8f55707aa4]::thread::lifecycle::spawn_unchecked<<tokio[b7e603f5c0b30fbe]::runtime::blocking::pool::Spawner>::spawn_thread::{closure#0}, ()>::{closure#1} as core[df12db4294e9bfd3]::ops::function::FnOnce<()>>::call_once::{shim:vtable#0}
[INFO] [stdout]                                at /rustc/dfb0accb7f508ae8be965d8629557221c889dd98/library/core/src/ops/function.rs:250:5
[INFO] [stdout]   90:     0x5b79bb1e9109 - <alloc[2182bb758b4b3781]::boxed::Box<dyn core[df12db4294e9bfd3]::ops::function::FnOnce<(), Output = ()> + core[df12db4294e9bfd3]::marker::Send> as core[df12db4294e9bfd3]::ops::function::FnOnce<()>>::call_once
[INFO] [stdout]                                at /rustc/dfb0accb7f508ae8be965d8629557221c889dd98/library/alloc/src/boxed.rs:2320:9
[INFO] [stdout]   91:     0x5b79bb1e9109 - <std[70759c8f55707aa4]::sys::thread::unix::Thread>::new::thread_start
[INFO] [stdout]                                at /rustc/dfb0accb7f508ae8be965d8629557221c889dd98/library/std/src/sys/thread/unix.rs:123:17
[INFO] [stdout]   92:     0x77bf4eff1dfa - <unknown>
[INFO] [stdout]   93:     0x77bf4f0853d4 - clone
[INFO] [stdout]   94:                0x0 - <unknown>
[INFO] [stdout] 
[INFO] [stdout] thread 'panics::panicking_tick_increments_panic_count' (1878) panicked at tests/driver_edge_test/panics.rs:51:5:
[INFO] [stdout] at least one contained panic should be recorded, got 0
[INFO] [stdout] stack backtrace:
[INFO] [stdout]    0:     0x5b79bb1e9be1 - std[70759c8f55707aa4]::backtrace_rs::backtrace::libunwind::trace
[INFO] [stdout]                                at /rustc/dfb0accb7f508ae8be965d8629557221c889dd98/library/std/src/../../backtrace/src/backtrace/libunwind.rs:117:9
[INFO] [stdout]    1:     0x5b79bb1e9be1 - std[70759c8f55707aa4]::backtrace_rs::backtrace::trace_unsynchronized::<std[70759c8f55707aa4]::sys::backtrace::_print_fmt::{closure#1}>
[INFO] [stdout]                                at /rustc/dfb0accb7f508ae8be965d8629557221c889dd98/library/std/src/../../backtrace/src/backtrace/mod.rs:66:14
[INFO] [stdout]    2:     0x5b79bb1e9be1 - std[70759c8f55707aa4]::sys::backtrace::_print_fmt
[INFO] [stdout]                                at /rustc/dfb0accb7f508ae8be965d8629557221c889dd98/library/std/src/sys/backtrace.rs:74:9
[INFO] [stdout]    3:     0x5b79bb1e9be1 - <<std[70759c8f55707aa4]::sys::backtrace::BacktraceLock>::print::DisplayBacktrace as core[df12db4294e9bfd3]::fmt::Display>::fmt
[INFO] [stdout]                                at /rustc/dfb0accb7f508ae8be965d8629557221c889dd98/library/std/src/sys/backtrace.rs:44:26
[INFO] [stdout]    4:     0x5b79bb2011fa - <core[df12db4294e9bfd3]::fmt::rt::Argument>::fmt
[INFO] [stdout]                                at /rustc/dfb0accb7f508ae8be965d8629557221c889dd98/library/core/src/fmt/rt.rs:152:76
[INFO] [stdout]    5:     0x5b79bb2011fa - core[df12db4294e9bfd3]::fmt::write
[INFO] [stdout]    6:     0x5b79bb1ee50c - core[df12db4294e9bfd3]::io::write::default_write_fmt::<alloc[2182bb758b4b3781]::vec::Vec<u8>>
[INFO] [stdout]                                at /rustc/dfb0accb7f508ae8be965d8629557221c889dd98/library/core/src/io/write.rs:402:11
[INFO] [stdout]    7:     0x5b79bb1ee50c - <alloc[2182bb758b4b3781]::vec::Vec<u8> as core[df12db4294e9bfd3]::io::write::Write>::write_fmt
[INFO] [stdout]                                at /rustc/dfb0accb7f508ae8be965d8629557221c889dd98/library/core/src/io/write.rs:335:13
[INFO] [stdout]    8:     0x5b79bb1c4fa6 - <std[70759c8f55707aa4]::sys::backtrace::BacktraceLock>::print
[INFO] [stdout]                                at /rustc/dfb0accb7f508ae8be965d8629557221c889dd98/library/std/src/sys/backtrace.rs:47:9
[INFO] [stdout]    9:     0x5b79bb1c4fa6 - std[70759c8f55707aa4]::panicking::default_hook::{closure#0}
[INFO] [stdout]                                at /rustc/dfb0accb7f508ae8be965d8629557221c889dd98/library/std/src/panicking.rs:292:27
[INFO] [stdout]   10:     0x5b79bb1e1b19 - std[70759c8f55707aa4]::panicking::default_hook
[INFO] [stdout]                                at /rustc/dfb0accb7f508ae8be965d8629557221c889dd98/library/std/src/panicking.rs:316:9
[INFO] [stdout]   11:     0x5b79badd9ba0 - <alloc[2182bb758b4b3781]::boxed::Box<dyn for<'a, 'b> core[df12db4294e9bfd3]::ops::function::Fn<(&'a std[70759c8f55707aa4]::panic::PanicHookInfo<'b>,), Output = ()> + core[df12db4294e9bfd3]::marker::Send + core[df12db4294e9bfd3]::marker::Sync> as core[df12db4294e9bfd3]::ops::function::Fn<(&std[70759c8f55707aa4]::panic::PanicHookInfo,)>>::call
[INFO] [stdout]                                at /rustc/dfb0accb7f508ae8be965d8629557221c889dd98/library/alloc/src/boxed.rs:2334:9
[INFO] [stdout]   12:     0x5b79badd9ba0 - test[9d35eded1c95d3be]::test_main_inner::<test[9d35eded1c95d3be]::test_main_static::{closure#0}>::{closure#0}
[INFO] [stdout]                                at /rustc/dfb0accb7f508ae8be965d8629557221c889dd98/library/test/src/lib.rs:155:21
[INFO] [stdout]   13:     0x5b79bb1e1e42 - <alloc[2182bb758b4b3781]::boxed::Box<dyn for<'a, 'b> core[df12db4294e9bfd3]::ops::function::Fn<(&'a std[70759c8f55707aa4]::panic::PanicHookInfo<'b>,), Output = ()> + core[df12db4294e9bfd3]::marker::Send + core[df12db4294e9bfd3]::marker::Sync> as core[df12db4294e9bfd3]::ops::function::Fn<(&std[70759c8f55707aa4]::panic::PanicHookInfo,)>>::call
[INFO] [stdout]                                at /rustc/dfb0accb7f508ae8be965d8629557221c889dd98/library/alloc/src/boxed.rs:2334:9
[INFO] [stdout]   14:     0x5b79bb1e1e42 - std[70759c8f55707aa4]::panicking::panic_with_hook
[INFO] [stdout]                                at /rustc/dfb0accb7f508ae8be965d8629557221c889dd98/library/std/src/panicking.rs:823:13
[INFO] [stdout]   15:     0x5b79bb1c5052 - std[70759c8f55707aa4]::panicking::panic_handler::{closure#0}
[INFO] [stdout]                                at /rustc/dfb0accb7f508ae8be965d8629557221c889dd98/library/std/src/panicking.rs:688:13
[INFO] [stdout]   16:     0x5b79bb1bd9d9 - std[70759c8f55707aa4]::sys::backtrace::__rust_end_short_backtrace::<std[70759c8f55707aa4]::panicking::panic_handler::{closure#0}, !>
[INFO] [stdout]                                at /rustc/dfb0accb7f508ae8be965d8629557221c889dd98/library/std/src/sys/backtrace.rs:182:18
[INFO] [stdout]   17:     0x5b79bb1c5ced - __rustc[8fa7c3cbc660c2b3]::rust_begin_unwind
[INFO] [stdout]                                at /rustc/dfb0accb7f508ae8be965d8629557221c889dd98/library/std/src/panicking.rs:679:5
[INFO] [stdout]   18:     0x5b79bb201acc - core[df12db4294e9bfd3]::panicking::panic_fmt
[INFO] [stdout]                                at /rustc/dfb0accb7f508ae8be965d8629557221c889dd98/library/core/src/panicking.rs:80:14
[INFO] [stdout]   19:     0x5b79bad9ea65 - driver_edge_test[6e6c5e04b6a8181]::panics::panicking_tick_increments_panic_count::{closure#1}
[INFO] [stdout]                                at /opt/rustwide/workdir/tests/driver_edge_test/panics.rs:51:5
[INFO] [stdout]   20:     0x5b79bad2f03d - <tokio[b7e603f5c0b30fbe]::runtime::park::CachedParkThread>::block_on::<driver_edge_test[6e6c5e04b6a8181]::panics::panicking_tick_increments_panic_count::{closure#1}>::{closure#0}
[INFO] [stdout]                                at /opt/rustwide/cargo-home/registry/src/index.crates.io-1949cf8c6b5b557f/tokio-1.52.3/src/runtime/park.rs:284:71
[INFO] [stdout]   21:     0x5b79bad29a68 - tokio[b7e603f5c0b30fbe]::task::coop::with_budget::<core[df12db4294e9bfd3]::task::poll::Poll<()>, <tokio[b7e603f5c0b30fbe]::runtime::park::CachedParkThread>::block_on<driver_edge_test[6e6c5e04b6a8181]::panics::panicking_tick_increments_panic_count::{closure#1}>::{closure#0}>
[INFO] [stdout]                                at /opt/rustwide/cargo-home/registry/src/index.crates.io-1949cf8c6b5b557f/tokio-1.52.3/src/task/coop/mod.rs:167:5
[INFO] [stdout]   22:     0x5b79bad29a68 - tokio[b7e603f5c0b30fbe]::task::coop::budget::<core[df12db4294e9bfd3]::task::poll::Poll<()>, <tokio[b7e603f5c0b30fbe]::runtime::park::CachedParkThread>::block_on<driver_edge_test[6e6c5e04b6a8181]::panics::panicking_tick_increments_panic_count::{closure#1}>::{closure#0}>
[INFO] [stdout]                                at /opt/rustwide/cargo-home/registry/src/index.crates.io-1949cf8c6b5b557f/tokio-1.52.3/src/task/coop/mod.rs:133:5
[INFO] [stdout]   23:     0x5b79bad29a68 - <tokio[b7e603f5c0b30fbe]::runtime::park::CachedParkThread>::block_on::<driver_edge_test[6e6c5e04b6a8181]::panics::panicking_tick_increments_panic_count::{closure#1}>
[INFO] [stdout]                                at /opt/rustwide/cargo-home/registry/src/index.crates.io-1949cf8c6b5b557f/tokio-1.52.3/src/runtime/park.rs:284:31
[INFO] [stdout]   24:     0x5b79bad72905 - <tokio[b7e603f5c0b30fbe]::runtime::context::blocking::BlockingRegionGuard>::block_on::<driver_edge_test[6e6c5e04b6a8181]::panics::panicking_tick_increments_panic_count::{closure#1}>
[INFO] [stdout]                                at /opt/rustwide/cargo-home/registry/src/index.crates.io-1949cf8c6b5b557f/tokio-1.52.3/src/runtime/context/blocking.rs:66:14
[INFO] [stdout]   25:     0x5b79badad226 - <tokio[b7e603f5c0b30fbe]::runtime::scheduler::multi_thread::MultiThread>::block_on::<driver_edge_test[6e6c5e04b6a8181]::panics::panicking_tick_increments_panic_count::{closure#1}>::{closure#0}
[INFO] [stdout]                                at /opt/rustwide/cargo-home/registry/src/index.crates.io-1949cf8c6b5b557f/tokio-1.52.3/src/runtime/scheduler/multi_thread/mod.rs:92:22
[INFO] [stdout]   26:     0x5b79bad31c57 - tokio[b7e603f5c0b30fbe]::runtime::context::runtime::enter_runtime::<<tokio[b7e603f5c0b30fbe]::runtime::scheduler::multi_thread::MultiThread>::block_on<driver_edge_test[6e6c5e04b6a8181]::panics::panicking_tick_increments_panic_count::{closure#1}>::{closure#0}, ()>
[INFO] [stdout]                                at /opt/rustwide/cargo-home/registry/src/index.crates.io-1949cf8c6b5b557f/tokio-1.52.3/src/runtime/context/runtime.rs:65:16
[INFO] [stdout]   27:     0x5b79bada7891 - <tokio[b7e603f5c0b30fbe]::runtime::scheduler::multi_thread::MultiThread>::block_on::<driver_edge_test[6e6c5e04b6a8181]::panics::panicking_tick_increments_panic_count::{closure#1}>
[INFO] [stdout]                                at /opt/rustwide/cargo-home/registry/src/index.crates.io-1949cf8c6b5b557f/tokio-1.52.3/src/runtime/scheduler/multi_thread/mod.rs:91:9
[INFO] [stdout]   28:     0x5b79bad8f6b9 - <tokio[b7e603f5c0b30fbe]::runtime::runtime::Runtime>::block_on_inner::<driver_edge_test[6e6c5e04b6a8181]::panics::panicking_tick_increments_panic_count::{closure#1}>
[INFO] [stdout]                                at /opt/rustwide/cargo-home/registry/src/index.crates.io-1949cf8c6b5b557f/tokio-1.52.3/src/runtime/runtime.rs:373:50
[INFO] [stdout]   29:     0x5b79bad9247b - <tokio[b7e603f5c0b30fbe]::runtime::runtime::Runtime>::block_on::<driver_edge_test[6e6c5e04b6a8181]::panics::panicking_tick_increments_panic_count::{closure#1}>
[INFO] [stdout]                                at /opt/rustwide/cargo-home/registry/src/index.crates.io-1949cf8c6b5b557f/tokio-1.52.3/src/runtime/runtime.rs:345:18
[INFO] [stdout]   30:     0x5b79badbdc44 - <r2e_rt[960626f8ccb597f7]::Runtime>::block_on::<driver_edge_test[6e6c5e04b6a8181]::panics::panicking_tick_increments_panic_count::{closure#1}>
[INFO] [stdout]                                at /opt/rustwide/cargo-home/registry/src/index.crates.io-1949cf8c6b5b557f/r2e-rt-0.4.0/src/lib.rs:775:16
[INFO] [stdout]   31:     0x5b79bada4964 - driver_edge_test[6e6c5e04b6a8181]::panics::panicking_tick_increments_panic_count
[INFO] [stdout]                                at /opt/rustwide/workdir/tests/driver_edge_test/panics.rs:22:1
[INFO] [stdout]   32:     0x5b79bad9e147 - driver_edge_test[6e6c5e04b6a8181]::panics::panicking_tick_increments_panic_count::{closure#0}
[INFO] [stdout]                                at /opt/rustwide/workdir/tests/driver_edge_test/panics.rs:22:18
[INFO] [stdout]   33:     0x5b79bad4d4d6 - <driver_edge_test[6e6c5e04b6a8181]::panics::panicking_tick_increments_panic_count::{closure#0} as core[df12db4294e9bfd3]::ops::function::FnOnce<()>>::call_once
[INFO] [stdout]                                at /rustc/dfb0accb7f508ae8be965d8629557221c889dd98/library/core/src/ops/function.rs:250:5
[INFO] [stdout]   34:     0x5b79badcce8b - <fn() -> core[df12db4294e9bfd3]::result::Result<(), alloc[2182bb758b4b3781]::string::String> as core[df12db4294e9bfd3]::ops::function::FnOnce<()>>::call_once
[INFO] [stdout]                                at /rustc/dfb0accb7f508ae8be965d8629557221c889dd98/library/core/src/ops/function.rs:250:5
[INFO] [stdout]   35:     0x5b79badcce8b - test[9d35eded1c95d3be]::__rust_begin_short_backtrace::<core[df12db4294e9bfd3]::result::Result<(), alloc[2182bb758b4b3781]::string::String>, fn() -> core[df12db4294e9bfd3]::result::Result<(), alloc[2182bb758b4b3781]::string::String>>
[INFO] [stdout]                                at /rustc/dfb0accb7f508ae8be965d8629557221c889dd98/library/test/src/lib.rs:733:18
[INFO] [stdout]   36:     0x5b79badda4f5 - test[9d35eded1c95d3be]::run_test_in_process::{closure#0}
[INFO] [stdout]                                at /rustc/dfb0accb7f508ae8be965d8629557221c889dd98/library/test/src/lib.rs:756:74
[INFO] [stdout]   37:     0x5b79badda4f5 - <core[df12db4294e9bfd3]::panic::unwind_safe::AssertUnwindSafe<test[9d35eded1c95d3be]::run_test_in_process::{closure#0}> as core[df12db4294e9bfd3]::ops::function::FnOnce<()>>::call_once
[INFO] [stdout]                                at /rustc/dfb0accb7f508ae8be965d8629557221c889dd98/library/core/src/panic/unwind_safe.rs:275:9
[INFO] [stdout]   38:     0x5b79badda4f5 - std[70759c8f55707aa4]::panicking::catch_unwind::do_call::<core[df12db4294e9bfd3]::panic::unwind_safe::AssertUnwindSafe<test[9d35eded1c95d3be]::run_test_in_process::{closure#0}>, core[df12db4294e9bfd3]::result::Result<(), alloc[2182bb758b4b3781]::string::String>>
[INFO] [stdout]                                at /rustc/dfb0accb7f508ae8be965d8629557221c889dd98/library/std/src/panicking.rs:576:43
[INFO] [stdout]   39:     0x5b79badda4f5 - std[70759c8f55707aa4]::panicking::catch_unwind::<core[df12db4294e9bfd3]::result::Result<(), alloc[2182bb758b4b3781]::string::String>, core[df12db4294e9bfd3]::panic::unwind_safe::AssertUnwindSafe<test[9d35eded1c95d3be]::run_test_in_process::{closure#0}>>
[INFO] [stdout]                                at /rustc/dfb0accb7f508ae8be965d8629557221c889dd98/library/std/src/panicking.rs:544:19
[INFO] [stdout]   40:     0x5b79badda4f5 - std[70759c8f55707aa4]::panic::catch_unwind::<core[df12db4294e9bfd3]::panic::unwind_safe::AssertUnwindSafe<test[9d35eded1c95d3be]::run_test_in_process::{closure#0}>, core[df12db4294e9bfd3]::result::Result<(), alloc[2182bb758b4b3781]::string::String>>
[INFO] [stdout]                                at /rustc/dfb0accb7f508ae8be965d8629557221c889dd98/library/std/src/panic.rs:359:14
[INFO] [stdout]   41:     0x5b79badda4f5 - test[9d35eded1c95d3be]::run_test_in_process
[INFO] [stdout]                                at /rustc/dfb0accb7f508ae8be965d8629557221c889dd98/library/test/src/lib.rs:756:27
[INFO] [stdout]   42:     0x5b79badda4f5 - test[9d35eded1c95d3be]::run_test::{closure#0}
[INFO] [stdout]                                at /rustc/dfb0accb7f508ae8be965d8629557221c889dd98/library/test/src/lib.rs:677:43
[INFO] [stdout]   43:     0x5b79badd3db4 - test[9d35eded1c95d3be]::run_test::{closure#1}
[INFO] [stdout]                                at /rustc/dfb0accb7f508ae8be965d8629557221c889dd98/library/test/src/lib.rs:707:41
[INFO] [stdout]   44:     0x5b79badd3db4 - std[70759c8f55707aa4]::sys::backtrace::__rust_begin_short_backtrace::<test[9d35eded1c95d3be]::run_test::{closure#1}, ()>
[INFO] [stdout]                                at /rustc/dfb0accb7f508ae8be965d8629557221c889dd98/library/std/src/sys/backtrace.rs:166:18
[INFO] [stdout]   45:     0x5b79baddd652 - std[70759c8f55707aa4]::thread::lifecycle::spawn_unchecked::<test[9d35eded1c95d3be]::run_test::{closure#1}, ()>::{closure#1}::{closure#0}
[INFO] [stdout]                                at /rustc/dfb0accb7f508ae8be965d8629557221c889dd98/library/std/src/thread/lifecycle.rs:70:13
[INFO] [stdout]   46:     0x5b79baddd652 - <core[df12db4294e9bfd3]::panic::unwind_safe::AssertUnwindSafe<std[70759c8f55707aa4]::thread::lifecycle::spawn_unchecked<test[9d35eded1c95d3be]::run_test::{closure#1}, ()>::{closure#1}::{closure#0}> as core[df12db4294e9bfd3]::ops::function::FnOnce<()>>::call_once
[INFO] [stdout]                                at /rustc/dfb0accb7f508ae8be965d8629557221c889dd98/library/core/src/panic/unwind_safe.rs:275:9
[INFO] [stdout]   47:     0x5b79baddd652 - std[70759c8f55707aa4]::panicking::catch_unwind::do_call::<core[df12db4294e9bfd3]::panic::unwind_safe::AssertUnwindSafe<std[70759c8f55707aa4]::thread::lifecycle::spawn_unchecked<test[9d35eded1c95d3be]::run_test::{closure#1}, ()>::{closure#1}::{closure#0}>, ()>
[INFO] [stdout]                                at /rustc/dfb0accb7f508ae8be965d8629557221c889dd98/library/std/src/panicking.rs:576:43
[INFO] [stdout]   48:     0x5b79baddd652 - std[70759c8f55707aa4]::panicking::catch_unwind::<(), core[df12db4294e9bfd3]::panic::unwind_safe::AssertUnwindSafe<std[70759c8f55707aa4]::thread::lifecycle::spawn_unchecked<test[9d35eded1c95d3be]::run_test::{closure#1}, ()>::{closure#1}::{closure#0}>>
[INFO] [stdout]                                at /rustc/dfb0accb7f508ae8be965d8629557221c889dd98/library/std/src/panicking.rs:544:19
[INFO] [stdout]   49:     0x5b79baddd652 - std[70759c8f55707aa4]::panic::catch_unwind::<core[df12db4294e9bfd3]::panic::unwind_safe::AssertUnwindSafe<std[70759c8f55707aa4]::thread::lifecycle::spawn_unchecked<test[9d35eded1c95d3be]::run_test::{closure#1}, ()>::{closure#1}::{closure#0}>, ()>
[INFO] [stdout]                                at /rustc/dfb0accb7f508ae8be965d8629557221c889dd98/library/std/src/panic.rs:359:14
[INFO] [stdout]   50:     0x5b79baddd652 - std[70759c8f55707aa4]::thread::lifecycle::spawn_unchecked::<test[9d35eded1c95d3be]::run_test::{closure#1}, ()>::{closure#1}
[INFO] [stdout]                                at /rustc/dfb0accb7f508ae8be965d8629557221c889dd98/library/std/src/thread/lifecycle.rs:68:26
[INFO] [stdout]   51:     0x5b79baddd652 - <std[70759c8f55707aa4]::thread::lifecycle::spawn_unchecked<test[9d35eded1c95d3be]::run_test::{closure#1}, ()>::{closure#1} as core[df12db4294e9bfd3]::ops::function::FnOnce<()>>::call_once::{shim:vtable#0}
[INFO] [stdout]                                at /rustc/dfb0accb7f508ae8be965d8629557221c889dd98/library/core/src/ops/function.rs:250:5
[INFO] [stdout]   52:     0x5b79bb1e9109 - <alloc[2182bb758b4b3781]::boxed::Box<dyn core[df12db4294e9bfd3]::ops::function::FnOnce<(), Output = ()> + core[df12db4294e9bfd3]::marker::Send> as core[df12db4294e9bfd3]::ops::function::FnOnce<()>>::call_once
[INFO] [stdout]                                at /rustc/dfb0accb7f508ae8be965d8629557221c889dd98/library/alloc/src/boxed.rs:2320:9
[INFO] [stdout]   53:     0x5b79bb1e9109 - <std[70759c8f55707aa4]::sys::thread::unix::Thread>::new::thread_start
[INFO] [stdout]                                at /rustc/dfb0accb7f508ae8be965d8629557221c889dd98/library/std/src/sys/thread/unix.rs:123:17
[INFO] [stdout]   54:     0x77bf4eff1dfa - <unknown>
[INFO] [stdout]   55:     0x77bf4f0853d4 - clone
[INFO] [stdout]   56:                0x0 - <unknown>
[INFO] [stdout] 
[INFO] [stdout] 
[INFO] [stdout] failures:
[INFO] [stdout]     panics::panicking_tick_increments_panic_count
[INFO] [stdout] 
[INFO] [stdout] test result: FAILED. 23 passed; 1 failed; 0 ignored; 0 measured; 0 filtered out; finished in 5.03s
[INFO] [stdout] 
[INFO] [stderr] error: test failed, to rerun pass `--test driver_edge_test`
[INFO] running `Command { std: "docker" "inspect" "087c3814bb47d4b11debdae526d17ef621ec5c3937a532ee1280c991aa8c7539", kill_on_drop: false }`
[INFO] running `Command { std: "docker" "rm" "-f" "087c3814bb47d4b11debdae526d17ef621ec5c3937a532ee1280c991aa8c7539", kill_on_drop: false }`
[INFO] [stdout] 087c3814bb47d4b11debdae526d17ef621ec5c3937a532ee1280c991aa8c7539
