[INFO] cloning repository https://github.com/shregar1/logx-ru
[INFO] running `Command { std: "git" "-c" "credential.helper=" "-c" "credential.helper=/workspace/cargo-home/bin/git-credential-null" "clone" "--bare" "https://github.com/shregar1/logx-ru" "/workspace/cache/git-repos/https%3A%2F%2Fgithub.com%2Fshregar1%2Flogx-ru", kill_on_drop: false }`
[INFO] [stderr] Cloning into bare repository '/workspace/cache/git-repos/https%3A%2F%2Fgithub.com%2Fshregar1%2Flogx-ru'...
[INFO] running `Command { std: "git" "rev-parse" "HEAD", kill_on_drop: false }`
[INFO] [stdout] b0d5dc21e2a9bdd0e32943dd3b020cbe1f144dc0
[INFO] testing shregar1/logx-ru against 1.99.0-beta.8 for beta-1.100-2
[INFO] running `Command { std: "git" "clone" "/workspace/cache/git-repos/https%3A%2F%2Fgithub.com%2Fshregar1%2Flogx-ru" "/workspace/builds/worker-7-tc1/source", kill_on_drop: false }`
[INFO] [stderr] Cloning into '/workspace/builds/worker-7-tc1/source'...
[INFO] [stderr] done.
[INFO] started tweaking git repo https://github.com/shregar1/logx-ru
[INFO] finished tweaking git repo https://github.com/shregar1/logx-ru
[INFO] tweaked toml for git repo https://github.com/shregar1/logx-ru written to /workspace/builds/worker-7-tc1/source/Cargo.toml
[INFO] validating manifest of git repo https://github.com/shregar1/logx-ru on toolchain 1.99.0-beta.8
[INFO] running `Command { std: CARGO_HOME="/workspace/cargo-home" RUSTUP_HOME="/workspace/rustup-home" "/workspace/cargo-home/bin/cargo" "+1.99.0-beta.8" "metadata" "--manifest-path" "Cargo.toml" "--no-deps", kill_on_drop: false }`
[INFO] crate git repo https://github.com/shregar1/logx-ru already has a lockfile, it will not be regenerated
[INFO] running `Command { std: CARGO_HOME="/workspace/cargo-home" RUSTUP_HOME="/workspace/rustup-home" "/workspace/cargo-home/bin/cargo" "+1.99.0-beta.8" "fetch" "--manifest-path" "Cargo.toml", kill_on_drop: false }`
[INFO] [stderr]     Updating crates.io index
[INFO] [stderr]     Blocking waiting for file lock on package cache
[INFO] [stderr]     Blocking waiting for file lock on package cache
[INFO] [stderr]  Downloading crates ...
[INFO] [stderr]   Downloaded tiny_http v0.12.0
[INFO] [stderr]   Downloaded chunked_transfer v1.5.0
[INFO] [stderr]   Downloaded slog-json v2.6.1
[INFO] [stderr]   Downloaded opentelemetry v0.29.1
[INFO] [stderr]   Downloaded coarsetime v0.1.37
[INFO] [stderr]   Downloaded slog-async v2.8.0
[INFO] [stderr]   Downloaded slog v2.8.2
[INFO] [stderr]   Downloaded fastdate v0.3.36
[INFO] [stderr]   Downloaded wasix v0.13.1
[INFO] [stderr]   Downloaded dark-std v0.2.16
[INFO] [stderr]   Downloaded fast_log v1.7.8
[INFO] running `Command { std: "docker" "create" "-v" "/var/lib/crater-agent-workspace/builds/worker-7-tc1/source:/opt/rustwide/workdir:ro,Z" "-v" "/var/lib/crater-agent-workspace/builds/worker-7-tc1/target:/opt/rustwide/target:rw,Z" "-v" "/var/lib/crater-agent-workspace/cargo-home:/opt/rustwide/cargo-home:ro,Z" "-v" "/var/lib/crater-agent-workspace/rustup-home:/opt/rustwide/rustup-home:ro,Z" "-m" "1610612736" "--network" "none" "ghcr.io/rust-lang/crates-build-env/linux@sha256:3111399a4047eeb3a02b7a90e478d715f38a8c6669b5c4b49d30a17385265909" "sleep" "infinity", kill_on_drop: false }`
[INFO] [stdout] c63e3814478b2fb18d7df99f38343415e7ebad1593e34d2daf91fe6bda22d9eb
[INFO] running `Command { std: "docker" "start" "c63e3814478b2fb18d7df99f38343415e7ebad1593e34d2daf91fe6bda22d9eb", kill_on_drop: false }`
[INFO] running `Command { std: "docker" "inspect" "c63e3814478b2fb18d7df99f38343415e7ebad1593e34d2daf91fe6bda22d9eb", kill_on_drop: false }`
[INFO] running `Command { std: "docker" "exec" "-e" "SOURCE_DIR=/opt/rustwide/workdir" "-e" "CARGO_HOME=/opt/rustwide/cargo-home" "-e" "RUSTUP_HOME=/opt/rustwide/rustup-home" "-e" "CARGO_TARGET_DIR=/opt/rustwide/target" "-w" "/opt/rustwide/workdir" "--user" "0:0" "c63e3814478b2fb18d7df99f38343415e7ebad1593e34d2daf91fe6bda22d9eb" "/opt/rustwide/cargo-home/bin/cargo" "+1.99.0-beta.8" "metadata" "--no-deps" "--format-version=1", kill_on_drop: false }`
[INFO] running `Command { std: "docker" "inspect" "c63e3814478b2fb18d7df99f38343415e7ebad1593e34d2daf91fe6bda22d9eb", kill_on_drop: false }`
[INFO] running `Command { std: "docker" "exec" "-e" "SOURCE_DIR=/opt/rustwide/workdir" "-e" "CARGO_HOME=/opt/rustwide/cargo-home" "-e" "RUSTUP_HOME=/opt/rustwide/rustup-home" "-e" "CARGO_TARGET_DIR=/opt/rustwide/target" "-e" "CARGO_INCREMENTAL=0" "-e" "RUST_BACKTRACE=full" "-e" "RUSTFLAGS=--cap-lints=warn" "-e" "RUSTDOCFLAGS=--cap-lints=warn" "-w" "/opt/rustwide/workdir" "--user" "0:0" "c63e3814478b2fb18d7df99f38343415e7ebad1593e34d2daf91fe6bda22d9eb" "/opt/rustwide/cargo-home/bin/cargo" "+1.99.0-beta.8" "build" "--frozen" "--message-format=json", kill_on_drop: false }`
[INFO] [stderr] warning: output filename collision at /opt/rustwide/target/debug/send
[INFO] [stderr]   |
[INFO] [stderr]   = note: the bin target `send` in package `logx-otel-e2e v0.1.0 (/opt/rustwide/workdir/e2e/otel)` has the same output filename as the bin target `send` in package `logx-clickhouse-e2e v0.1.0 (/opt/rustwide/workdir/e2e/clickhouse)`
[INFO] [stderr]   = note: this may become a hard error in the future; see <https://github.com/rust-lang/cargo/issues/6313>
[INFO] [stderr]   = help: consider changing their names to be unique or compiling them separately
[INFO] [stderr] warning: output filename collision at /opt/rustwide/target/debug/send.dwp
[INFO] [stderr]   |
[INFO] [stderr]   = note: the bin target `send` in package `logx-otel-e2e v0.1.0 (/opt/rustwide/workdir/e2e/otel)` has the same output filename as the bin target `send` in package `logx-clickhouse-e2e v0.1.0 (/opt/rustwide/workdir/e2e/clickhouse)`
[INFO] [stderr]   = note: this may become a hard error in the future; see <https://github.com/rust-lang/cargo/issues/6313>
[INFO] [stderr]   = help: consider changing their names to be unique or compiling them separately
[INFO] [stderr]    Compiling cc v1.2.62
[INFO] [stderr]    Compiling smallvec v1.15.1
[INFO] [stderr]    Compiling syn v2.0.117
[INFO] [stderr]    Compiling getrandom v0.2.17
[INFO] [stderr]    Compiling log v0.4.29
[INFO] [stderr]    Compiling serde_json v1.0.149
[INFO] [stderr]    Compiling time-macros v0.2.27
[INFO] [stderr]    Compiling memchr v2.8.0
[INFO] [stderr]    Compiling arc-swap v1.9.1
[INFO] [stderr]    Compiling coarsetime v0.1.37
[INFO] [stderr]    Compiling parking_lot_core v0.9.12
[INFO] [stderr]    Compiling parking_lot v0.12.5
[INFO] [stderr]    Compiling time v0.3.47
[INFO] [stderr]    Compiling ring v0.17.14
[INFO] [stderr]    Compiling synstructure v0.13.2
[INFO] [stderr]    Compiling zerovec-derive v0.11.3
[INFO] [stderr]    Compiling displaydoc v0.2.5
[INFO] [stderr]    Compiling serde_derive v1.0.228
[INFO] [stderr]    Compiling zerofrom-derive v0.1.7
[INFO] [stderr]    Compiling yoke-derive v0.8.2
[INFO] [stderr]    Compiling zerofrom v0.1.8
[INFO] [stderr]    Compiling yoke v0.8.2
[INFO] [stderr]    Compiling zerotrie v0.2.4
[INFO] [stderr]    Compiling zerovec v0.11.6
[INFO] [stderr]    Compiling tinystr v0.8.3
[INFO] [stderr]    Compiling potential_utf v0.1.5
[INFO] [stderr]    Compiling icu_collections v2.2.0
[INFO] [stderr]    Compiling rustls v0.23.40
[INFO] [stderr]    Compiling icu_locale_core v2.2.0
[INFO] [stderr]    Compiling icu_provider v2.2.0
[INFO] [stderr]    Compiling serde v1.0.228
[INFO] [stderr]    Compiling icu_normalizer v2.2.0
[INFO] [stderr]    Compiling icu_properties v2.2.0
[INFO] [stderr]    Compiling rustls-webpki v0.103.13
[INFO] [stderr]    Compiling idna_adapter v1.2.2
[INFO] [stderr]    Compiling idna v1.1.0
[INFO] [stderr]    Compiling url v2.5.8
[INFO] [stderr]    Compiling ureq v2.12.1
[INFO] [stderr]    Compiling logx-core v0.1.0 (/opt/rustwide/workdir/crates/logx-core)
[INFO] [stdout] warning: method `is_static_str` is never used
[INFO] [stdout]    --> crates/logx-core/src/record.rs:244:19
[INFO] [stdout]     |
[INFO] [stdout] 161 | impl Value {
[INFO] [stdout]     | ---------- method in this implementation
[INFO] [stdout] ...
[INFO] [stdout] 244 |     pub(crate) fn is_static_str(&self) -> bool {
[INFO] [stdout]     |                   ^^^^^^^^^^^^^
[INFO] [stdout]     |
[INFO] [stdout]     = note: `#[warn(dead_code)]` (part of `#[warn(unused)]`) on by default
[INFO] [stdout] 
[INFO] [stdout] 
[INFO] [stderr]    Compiling logx-clickhouse-e2e v0.1.0 (/opt/rustwide/workdir/e2e/clickhouse)
[INFO] [stderr]    Compiling logx-otel-e2e v0.1.0 (/opt/rustwide/workdir/e2e/otel)
[INFO] [stderr]    Compiling logx-ffi v0.1.0 (/opt/rustwide/workdir/crates/logx-ffi)
[INFO] [stderr]     Finished `dev` profile [unoptimized + debuginfo] target(s) in 18.70s
[INFO] running `Command { std: "docker" "inspect" "c63e3814478b2fb18d7df99f38343415e7ebad1593e34d2daf91fe6bda22d9eb", kill_on_drop: false }`
[INFO] running `Command { std: "docker" "exec" "-e" "SOURCE_DIR=/opt/rustwide/workdir" "-e" "CARGO_HOME=/opt/rustwide/cargo-home" "-e" "RUSTUP_HOME=/opt/rustwide/rustup-home" "-e" "CARGO_TARGET_DIR=/opt/rustwide/target" "-e" "CARGO_INCREMENTAL=0" "-e" "RUST_BACKTRACE=full" "-e" "RUSTFLAGS=--cap-lints=warn" "-e" "RUSTDOCFLAGS=--cap-lints=warn" "-w" "/opt/rustwide/workdir" "--user" "0:0" "c63e3814478b2fb18d7df99f38343415e7ebad1593e34d2daf91fe6bda22d9eb" "/opt/rustwide/cargo-home/bin/cargo" "+1.99.0-beta.8" "test" "--frozen" "--no-run" "--message-format=json", kill_on_drop: false }`
[INFO] [stderr]    Compiling serde_derive v1.0.228
[INFO] [stderr]    Compiling synstructure v0.13.2
[INFO] [stderr]    Compiling zerovec-derive v0.11.3
[INFO] [stderr]    Compiling displaydoc v0.2.5
[INFO] [stderr]    Compiling log v0.4.29
[INFO] [stderr]    Compiling deranged v0.5.8
[INFO] [stderr]    Compiling time-macros v0.2.27
[INFO] [stderr]    Compiling serde_json v1.0.149
[INFO] [stderr]    Compiling zerocopy v0.8.48
[INFO] [stderr]    Compiling crossbeam-deque v0.8.6
[INFO] [stderr]    Compiling aho-corasick v1.1.4
[INFO] [stderr]    Compiling zerocopy-derive v0.8.48
[INFO] [stderr]    Compiling indexmap v2.14.0
[INFO] [stderr]    Compiling num-traits v0.2.19
[INFO] [stderr]    Compiling slog v2.8.2
[INFO] [stderr]    Compiling rayon-core v1.13.0
[INFO] [stderr]    Compiling either v1.15.0
[INFO] [stderr]    Compiling plotters-backend v0.3.7
[INFO] [stderr]    Compiling rustls v0.23.40
[INFO] [stderr]    Compiling futures-core v0.3.32
[INFO] [stderr]    Compiling ciborium-io v0.2.2
[INFO] [stderr]    Compiling clap_builder v4.6.0
[INFO] [stderr]    Compiling flume v0.11.1
[INFO] [stderr]    Compiling plotters-svg v0.3.7
[INFO] [stderr]    Compiling itertools v0.10.5
[INFO] [stderr]    Compiling slog-async v2.8.0
[INFO] [stderr]    Compiling cast v0.3.0
[INFO] [stderr]    Compiling bitflags v2.11.1
[INFO] [stderr]    Compiling zerofrom-derive v0.1.7
[INFO] [stderr]    Compiling yoke-derive v0.8.2
[INFO] [stderr]    Compiling rustix v1.1.4
[INFO] [stderr]    Compiling anstream v1.0.0
[INFO] [stderr]    Compiling rayon v1.12.0
[INFO] [stderr]    Compiling getrandom v0.4.2
[INFO] [stderr]    Compiling regex-automata v0.4.14
[INFO] [stderr]    Compiling crossbeam v0.8.4
[INFO] [stderr]    Compiling tracing-log v0.2.0
[INFO] [stderr]    Compiling plotters v0.3.7
[INFO] [stderr]    Compiling is-terminal v0.4.17
[INFO] [stderr]    Compiling tracing-attributes v0.1.31
[INFO] [stderr]    Compiling oorandom v11.1.5
[INFO] [stderr]    Compiling take_mut v0.2.2
[INFO] [stderr]    Compiling time v0.3.47
[INFO] [stderr]    Compiling jiff v0.2.24
[INFO] [stderr]    Compiling chunked_transfer v1.5.0
[INFO] [stderr]    Compiling criterion-plot v0.5.0
[INFO] [stderr]    Compiling anes v0.1.6
[INFO] [stderr]    Compiling ascii v1.1.0
[INFO] [stderr]    Compiling zerofrom v0.1.8
[INFO] [stderr]    Compiling yoke v0.8.2
[INFO] [stderr]    Compiling zerovec v0.11.6
[INFO] [stderr]    Compiling zerotrie v0.2.4
[INFO] [stderr]    Compiling tracing v0.1.44
[INFO] [stderr]    Compiling tiny_http v0.12.0
[INFO] [stderr]    Compiling tempfile v3.27.0
[INFO] [stderr]    Compiling clap v4.6.1
[INFO] [stderr]    Compiling serde v1.0.228
[INFO] [stderr]    Compiling tinystr v0.8.3
[INFO] [stderr]    Compiling potential_utf v0.1.5
[INFO] [stderr]    Compiling icu_collections v2.2.0
[INFO] [stderr]    Compiling icu_locale_core v2.2.0
[INFO] [stderr]    Compiling erased-serde v0.3.31
[INFO] [stderr]    Compiling toml_datetime v0.6.11
[INFO] [stderr]    Compiling serde_spanned v0.6.9
[INFO] [stderr]    Compiling fastdate v0.3.36
[INFO] [stderr]    Compiling tracing-serde v0.2.0
[INFO] [stderr]    Compiling dark-std v0.2.16
[INFO] [stderr]    Compiling tinytemplate v1.2.1
[INFO] [stderr]    Compiling tracing-subscriber v0.3.23
[INFO] [stderr]    Compiling toml_edit v0.22.27
[INFO] [stderr]    Compiling regex v1.12.3
[INFO] [stderr]    Compiling fast_log v1.7.8
[INFO] [stderr]    Compiling env_filter v1.0.1
[INFO] [stderr]    Compiling icu_provider v2.2.0
[INFO] [stderr]    Compiling icu_normalizer v2.2.0
[INFO] [stderr]    Compiling icu_properties v2.2.0
[INFO] [stderr]    Compiling slog-json v2.6.1
[INFO] [stderr]    Compiling idna_adapter v1.2.2
[INFO] [stderr]    Compiling toml v0.8.23
[INFO] [stderr]    Compiling idna v1.1.0
[INFO] [stderr]    Compiling env_logger v0.11.10
[INFO] [stderr]    Compiling url v2.5.8
[INFO] [stderr]    Compiling ureq v2.12.1
[INFO] [stderr]    Compiling half v2.7.1
[INFO] [stderr]    Compiling ciborium-ll v0.2.2
[INFO] [stderr]    Compiling ciborium v0.2.2
[INFO] [stderr]    Compiling logx-core v0.1.0 (/opt/rustwide/workdir/crates/logx-core)
[INFO] [stderr]    Compiling criterion v0.5.1
[INFO] [stdout] warning: method `is_static_str` is never used
[INFO] [stdout]    --> crates/logx-core/src/record.rs:244:19
[INFO] [stdout]     |
[INFO] [stdout] 161 | impl Value {
[INFO] [stdout]     | ---------- method in this implementation
[INFO] [stdout] ...
[INFO] [stdout] 244 |     pub(crate) fn is_static_str(&self) -> bool {
[INFO] [stdout]     |                   ^^^^^^^^^^^^^
[INFO] [stdout]     |
[INFO] [stdout]     = note: `#[warn(dead_code)]` (part of `#[warn(unused)]`) on by default
[INFO] [stdout] 
[INFO] [stdout] 
[INFO] [stderr]    Compiling logx-clickhouse-e2e v0.1.0 (/opt/rustwide/workdir/e2e/clickhouse)
[INFO] [stderr]    Compiling logx-otel-e2e v0.1.0 (/opt/rustwide/workdir/e2e/otel)
[INFO] [stderr]    Compiling logx-ffi v0.1.0 (/opt/rustwide/workdir/crates/logx-ffi)
[INFO] [stdout] warning: method `is_static_str` is never used
[INFO] [stdout]    --> crates/logx-core/src/record.rs:244:19
[INFO] [stdout]     |
[INFO] [stdout] 161 | impl Value {
[INFO] [stdout]     | ---------- method in this implementation
[INFO] [stdout] ...
[INFO] [stdout] 244 |     pub(crate) fn is_static_str(&self) -> bool {
[INFO] [stdout]     |                   ^^^^^^^^^^^^^
[INFO] [stdout]     |
[INFO] [stdout]     = note: `#[warn(dead_code)]` (part of `#[warn(unused)]`) on by default
[INFO] [stdout] 
[INFO] [stdout] 
[INFO] [stderr]     Finished `test` profile [unoptimized + debuginfo] target(s) in 1m 09s
[INFO] running `Command { std: "docker" "inspect" "c63e3814478b2fb18d7df99f38343415e7ebad1593e34d2daf91fe6bda22d9eb", kill_on_drop: false }`
[INFO] running `Command { std: "docker" "exec" "-e" "SOURCE_DIR=/opt/rustwide/workdir" "-e" "CARGO_HOME=/opt/rustwide/cargo-home" "-e" "RUSTUP_HOME=/opt/rustwide/rustup-home" "-e" "CARGO_TARGET_DIR=/opt/rustwide/target" "-e" "CARGO_INCREMENTAL=0" "-e" "RUST_BACKTRACE=full" "-e" "RUSTFLAGS=--cap-lints=warn" "-e" "RUSTDOCFLAGS=--cap-lints=warn" "-w" "/opt/rustwide/workdir" "--user" "0:0" "c63e3814478b2fb18d7df99f38343415e7ebad1593e34d2daf91fe6bda22d9eb" "/opt/rustwide/cargo-home/bin/cargo" "+1.99.0-beta.8" "test" "--frozen", kill_on_drop: false }`
[INFO] [stderr] warning: method `is_static_str` is never used
[INFO] [stderr]    --> crates/logx-core/src/record.rs:244:19
[INFO] [stderr]     |
[INFO] [stderr] 161 | impl Value {
[INFO] [stderr]     | ---------- method in this implementation
[INFO] [stderr] ...
[INFO] [stderr] 244 |     pub(crate) fn is_static_str(&self) -> bool {
[INFO] [stderr]     |                   ^^^^^^^^^^^^^
[INFO] [stderr]     |
[INFO] [stderr]     = note: `#[warn(dead_code)]` (part of `#[warn(unused)]`) on by default
[INFO] [stderr] 
[INFO] [stderr] warning: `logx-core` (lib) generated 1 warning
[INFO] [stderr] warning: `logx-core` (lib test) generated 1 warning (1 duplicate)
[INFO] [stderr]     Finished `test` profile [unoptimized + debuginfo] target(s) in 0.34s
[INFO] [stderr]      Running unittests src/send.rs (/opt/rustwide/target/debug/deps/send-96882b3a1364fcf8)
[INFO] [stdout] 
[INFO] [stderr]      Running unittests src/lib.rs (/opt/rustwide/target/debug/deps/logx_core-ca59f6e0663e2eb5)
[INFO] [stdout] running 0 tests
[INFO] [stdout] 
[INFO] [stdout] test result: ok. 0 passed; 0 failed; 0 ignored; 0 measured; 0 filtered out; finished in 0.00s
[INFO] [stdout] 
[INFO] [stdout] 
[INFO] [stdout] running 32 tests
[INFO] [stdout] test encoder::tests::encode_escapes_special_chars ... ok
[INFO] [stdout] test encoder::tests::encode_float_special_values ... ok
[INFO] [stdout] test encoder::tests::encode_nested_object_and_array ... ok
[INFO] [stdout] test sink::clickhouse::tests::url_encoding_handles_space_and_special_chars ... ok
[INFO] [stdout] test sink::routing::tests::custom_rule ... ok
[INFO] [stdout] test rate_limit::tests::different_messages_have_separate_windows ... ok
[INFO] [stdout] test sink::pretty::tests::always_mode_forces_color_even_off_tty ... ok
[INFO] [stdout] test encoder::tests::encode_basic_record ... ok
[INFO] [stdout] test sink::otel::tests::build_otlp_logs_has_expected_shape ... ok
[INFO] [stdout] test rate_limit::tests::check_returns_allow_within_limit ... ok
[INFO] [stdout] test sink::routing::tests::message_contains_rule ... ok
[INFO] [stdout] test sink::clickhouse::tests::build_url_for_typical_insert ... ok
[INFO] [stdout] test sink::pretty::tests::formats_record_with_fields_and_colors ... ok
[INFO] [stdout] test sink::syslog::tests::empty_fields_produce_nilvalue_sd ... ok
[INFO] [stdout] test sink::routing::tests::message_prefix_rule ... ok
[INFO] [stdout] test sink::routing::tests::field_eq_rule ... ok
[INFO] [stdout] test sink::otel::tests::int_values_encoded_as_strings ... ok
[INFO] [stdout] test sink::otel::tests::level_severity_numbers_match_spec ... ok
[INFO] [stdout] test sink::pretty::tests::never_mode_emits_no_ansi_escapes ... ok
[INFO] [stdout] test sink::syslog::tests::facility_code ... ok
[INFO] [stdout] test sink::routing::tests::field_exists_rule ... ok
[INFO] [stdout] test sink::syslog::tests::format_syslog_message_has_correct_structure ... ok
[INFO] [stdout] test sink::syslog::tests::sd_value_escaping ... ok
[INFO] [stdout] test sink::syslog::tests::severity_mapping ... ok
[INFO] [stdout] test sink::syslog::tests::timestamp_formatting ... ok
[INFO] [stdout] test span::tests::child_inherits_trace_id_and_records_parent ... ok
[INFO] [stdout] test span::tests::dropping_guards_unwinds_the_stack ... ok
[INFO] [stdout] test span::tests::root_has_no_parent ... ok
[INFO] [stdout] test span::tests::scope_helper_pushes_and_pops ... ok
[INFO] [stdout] test span::tests::span_ids_are_16_hex_chars ... ok
[INFO] [stdout] test span::tests::trace_ids_are_32_hex_chars ... ok
[INFO] [stderr]      Running tests/integration.rs (/opt/rustwide/target/debug/deps/integration-2c0f8d6a42892e95)
[INFO] [stdout] test rate_limit::tests::check_reports_suppressed_after_window_reset ... ok
[INFO] [stdout] 
[INFO] [stdout] test result: ok. 32 passed; 0 failed; 0 ignored; 0 measured; 0 filtered out; finished in 1.12s
[INFO] [stdout] 
[INFO] [stdout] 
[INFO] [stdout] running 55 tests
[INFO] [stdout] test env_var_config_overrides ... ok
[INFO] [stdout] test error_value_captures_chain ... ok
[INFO] [stdout] test drop_counter_increments_when_queue_full ... ok
[INFO] [stdout] test backpressure_callback_fires_when_queue_pressure_high ... ok
[INFO] [stdout] test file_sink_reopen_creates_fresh_file ... ok
[INFO] [stdout] test file_rotation_keep_1_retains_exactly_one_backup ... ok
[INFO] [stdout] test flush_on_exit_hooks_are_installed_by_init ... ok
[INFO] [stdout] test file_rotation_keep_1_with_async_compression ... ok
[INFO] [stdout] test gzip_file_sink_writes_decompressible_ndjson ... ok
[INFO] [stdout] test drop_early_skips_when_queue_full ... ok
[INFO] [stdout] test error_value_captures_simple_error ... ok
[INFO] [stdout] test child_logger_prepends_bound_fields ... ok
[INFO] [stdout] test dynamic_level_change ... ok
[INFO] [stdout] test queue_utilization_metrics_are_accessible ... ok
[INFO] [stdout] test per_sink_level_filtering ... ok
[INFO] [stdout] test field_redactor_processor_does_pattern_based_redaction ... ok
[INFO] [stdout] test custom_processor_can_filter_records ... ok
[INFO] [stdout] test enricher_adds_static_fields ... ok
[INFO] [stdout] test field_redactor_partial_masking ... ok
[INFO] [stdout] test file_rotation_creates_numbered_backups ... ok
[INFO] [stdout] test file_sink_writes_ndjson ... ok
[INFO] [stdout] test parallel_sinks_all_sinks_receive_same_records ... ok
[INFO] [stdout] test on_flush_hook_fires ... ok
[INFO] [stdout] test rate_limit_caps_emissions_per_second ... ok
[INFO] [stdout] test min_level_filters_at_call_site ... ok
[INFO] [stdout] test processors_chain_in_order ... ok
[INFO] [stdout] test sampling_one_in_n_emits_exactly_every_nth ... ok
[INFO] [stdout] test rate_limit_disabled_by_default ... ok
[INFO] [stdout] test sampling_can_be_reconfigured_at_runtime ... ok
[INFO] [stdout] test sighup_handler_sets_flag ... ok
[INFO] [stdout] test sink_error_is_typed_enum ... ok
[INFO] [stdout] test file_rotation_with_async_compression_produces_gz_backups ... FAILED
[INFO] [stdout] test spill_to_disk_captures_overflow ... ok
[INFO] [stdout] test redaction_replaces_field_values ... ok
[INFO] [stdout] test routing_sink_field_eq_rule ... ok
[INFO] [stdout] test time_rotation_cleanup_removes_old_backups ... ok
[INFO] [stdout] test sampling_per_level_override_keeps_errors_drops_debug ... ok
[INFO] [stdout] test caller_info_captured_when_enabled ... ok
[INFO] [stdout] test time_rotation_minute_based_triggers_on_boundary ... ok
[INFO] [stdout] test time_rotation_combined_with_size_uses_timestamped_names ... ok
[INFO] [stdout] test time_rotation_with_async_compression_produces_gz_backups ... ok
[INFO] [stdout] test routing_sink_sends_to_matching_sinks ... ok
[INFO] [stdout] test routing_sink_custom_rule ... ok
[INFO] [stdout] test time_rotation_daily_creates_timestamped_backup ... ok
[INFO] [stdout] test value_object_and_array_serialize_as_nested_json ... ok
[INFO] [stdout] test rate_limit_different_messages_independent ... ok
[INFO] [stdout] test test_sink_captures_records ... ok
[INFO] [stdout] test spans_attach_trace_and_span_ids_to_records_in_scope ... ok
[INFO] [stdout] test parallel_sinks_fast_sink_not_blocked_by_slow_sink ... ok
[INFO] [stdout] test time_rotation_keep_1_retains_exactly_one_backup ... ok
[INFO] [stdout] test sampling_default_is_always ... ok
[INFO] [stdout] test sampling_one_in_1_means_always ... ok
[INFO] [stdout] test shutdown_timeout_succeeds_normally ... ok
[INFO] [stdout] test block_backpressure_loses_nothing ... ok
[INFO] [stdout] test rate_limit_reports_suppressed_count_on_window_reset ... ok
[INFO] [stdout] 
[INFO] [stdout] failures:
[INFO] [stdout] 
[INFO] [stdout] ---- file_rotation_with_async_compression_produces_gz_backups stdout ----
[INFO] [stdout] 
[INFO] [stdout] thread 'file_rotation_with_async_compression_produces_gz_backups' (2497) panicked at crates/logx-core/tests/integration.rs:532:5:
[INFO] [stdout] expected .1.gz to be written
[INFO] [stdout] stack backtrace:
[INFO] [stdout]    0:     0x55efd02be911 - std[70759c8f55707aa4]::backtrace_rs::backtrace::libunwind::trace
[INFO] [stdout]                                at /rustc/dfb0accb7f508ae8be965d8629557221c889dd98/library/std/src/../../backtrace/src/backtrace/libunwind.rs:117:9
[INFO] [stdout]    1:     0x55efd02be911 - std[70759c8f55707aa4]::backtrace_rs::backtrace::trace_unsynchronized::<std[70759c8f55707aa4]::sys::backtrace::_print_fmt::{closure#1}>
[INFO] [stdout]                                at /rustc/dfb0accb7f508ae8be965d8629557221c889dd98/library/std/src/../../backtrace/src/backtrace/mod.rs:66:14
[INFO] [stdout]    2:     0x55efd02be911 - std[70759c8f55707aa4]::sys::backtrace::_print_fmt
[INFO] [stdout]                                at /rustc/dfb0accb7f508ae8be965d8629557221c889dd98/library/std/src/sys/backtrace.rs:74:9
[INFO] [stdout]    3:     0x55efd02be911 - <<std[70759c8f55707aa4]::sys::backtrace::BacktraceLock>::print::DisplayBacktrace as core[df12db4294e9bfd3]::fmt::Display>::fmt
[INFO] [stdout]                                at /rustc/dfb0accb7f508ae8be965d8629557221c889dd98/library/std/src/sys/backtrace.rs:44:26
[INFO] [stdout]    4:     0x55efd02d414a - <core[df12db4294e9bfd3]::fmt::rt::Argument>::fmt
[INFO] [stdout]                                at /rustc/dfb0accb7f508ae8be965d8629557221c889dd98/library/core/src/fmt/rt.rs:152:76
[INFO] [stdout]    5:     0x55efd02d414a - core[df12db4294e9bfd3]::fmt::write
[INFO] [stdout]    6:     0x55efd02c316c - core[df12db4294e9bfd3]::io::write::default_write_fmt::<alloc[2182bb758b4b3781]::vec::Vec<u8>>
[INFO] [stdout]                                at /rustc/dfb0accb7f508ae8be965d8629557221c889dd98/library/core/src/io/write.rs:402:11
[INFO] [stdout]    7:     0x55efd02c316c - <alloc[2182bb758b4b3781]::vec::Vec<u8> as core[df12db4294e9bfd3]::io::write::Write>::write_fmt
[INFO] [stdout]                                at /rustc/dfb0accb7f508ae8be965d8629557221c889dd98/library/core/src/io/write.rs:335:13
[INFO] [stdout]    8:     0x55efd0298296 - <std[70759c8f55707aa4]::sys::backtrace::BacktraceLock>::print
[INFO] [stdout]                                at /rustc/dfb0accb7f508ae8be965d8629557221c889dd98/library/std/src/sys/backtrace.rs:47:9
[INFO] [stdout]    9:     0x55efd0298296 - std[70759c8f55707aa4]::panicking::default_hook::{closure#0}
[INFO] [stdout]                                at /rustc/dfb0accb7f508ae8be965d8629557221c889dd98/library/std/src/panicking.rs:292:27
[INFO] [stdout]   10:     0x55efd02b5da9 - std[70759c8f55707aa4]::panicking::default_hook
[INFO] [stdout]                                at /rustc/dfb0accb7f508ae8be965d8629557221c889dd98/library/std/src/panicking.rs:316:9
[INFO] [stdout]   11:     0x55efd0158940 - <alloc[2182bb758b4b3781]::boxed::Box<dyn for<'a, 'b> core[df12db4294e9bfd3]::ops::function::Fn<(&'a std[70759c8f55707aa4]::panic::PanicHookInfo<'b>,), Output = ()> + core[df12db4294e9bfd3]::marker::Send + core[df12db4294e9bfd3]::marker::Sync> as core[df12db4294e9bfd3]::ops::function::Fn<(&std[70759c8f55707aa4]::panic::PanicHookInfo,)>>::call
[INFO] [stdout]                                at /rustc/dfb0accb7f508ae8be965d8629557221c889dd98/library/alloc/src/boxed.rs:2334:9
[INFO] [stdout]   12:     0x55efd0158940 - test[9d35eded1c95d3be]::test_main_inner::<test[9d35eded1c95d3be]::test_main_static::{closure#0}>::{closure#0}
[INFO] [stdout]                                at /rustc/dfb0accb7f508ae8be965d8629557221c889dd98/library/test/src/lib.rs:155:21
[INFO] [stdout]   13:     0x55efd01f63e3 - <alloc[2182bb758b4b3781]::boxed::Box<dyn for<'a, 'b> core[df12db4294e9bfd3]::ops::function::Fn<(&'a std[70759c8f55707aa4]::panic::PanicHookInfo<'b>,), Output = ()> + core[df12db4294e9bfd3]::marker::Send + core[df12db4294e9bfd3]::marker::Sync> as core[df12db4294e9bfd3]::ops::function::Fn<(&std[70759c8f55707aa4]::panic::PanicHookInfo,)>>::call
[INFO] [stdout]                                at /rustc/dfb0accb7f508ae8be965d8629557221c889dd98/library/alloc/src/boxed.rs:2334:9
[INFO] [stdout]   14:     0x55efd01f077b - logx_core[f5f94e4f8a24a4b1]::install_flush_on_exit::{closure#0}
[INFO] [stdout]                                at /opt/rustwide/workdir/crates/logx-core/src/lib.rs:641:9
[INFO] [stdout]   15:     0x55efd02b5f62 - <alloc[2182bb758b4b3781]::boxed::Box<dyn for<'a, 'b> core[df12db4294e9bfd3]::ops::function::Fn<(&'a std[70759c8f55707aa4]::panic::PanicHookInfo<'b>,), Output = ()> + core[df12db4294e9bfd3]::marker::Send + core[df12db4294e9bfd3]::marker::Sync> as core[df12db4294e9bfd3]::ops::function::Fn<(&std[70759c8f55707aa4]::panic::PanicHookInfo,)>>::call
[INFO] [stdout]                                at /rustc/dfb0accb7f508ae8be965d8629557221c889dd98/library/alloc/src/boxed.rs:2334:9
[INFO] [stdout]   16:     0x55efd02b5f62 - std[70759c8f55707aa4]::panicking::panic_with_hook
[INFO] [stdout]                                at /rustc/dfb0accb7f508ae8be965d8629557221c889dd98/library/std/src/panicking.rs:823:13
[INFO] [stdout]   17:     0x55efd0298374 - std[70759c8f55707aa4]::panicking::panic_handler::{closure#0}
[INFO] [stdout]                                at /rustc/dfb0accb7f508ae8be965d8629557221c889dd98/library/std/src/panicking.rs:681:13
[INFO] [stdout]   18:     0x55efd0290b59 - std[70759c8f55707aa4]::sys::backtrace::__rust_end_short_backtrace::<std[70759c8f55707aa4]::panicking::panic_handler::{closure#0}, !>
[INFO] [stdout]                                at /rustc/dfb0accb7f508ae8be965d8629557221c889dd98/library/std/src/sys/backtrace.rs:182:18
[INFO] [stdout]   19:     0x55efd029924d - __rustc[8fa7c3cbc660c2b3]::rust_begin_unwind
[INFO] [stdout]                                at /rustc/dfb0accb7f508ae8be965d8629557221c889dd98/library/std/src/panicking.rs:679:5
[INFO] [stdout]   20:     0x55efd02d496c - core[df12db4294e9bfd3]::panicking::panic_fmt
[INFO] [stdout]                                at /rustc/dfb0accb7f508ae8be965d8629557221c889dd98/library/core/src/panicking.rs:80:14
[INFO] [stdout]   21:     0x55efd011438a - integration[f0e9cfeaa0d43c7e]::file_rotation_with_async_compression_produces_gz_backups
[INFO] [stdout]                                at /opt/rustwide/workdir/crates/logx-core/tests/integration.rs:532:5
[INFO] [stdout]   22:     0x55efd00f5807 - integration[f0e9cfeaa0d43c7e]::file_rotation_with_async_compression_produces_gz_backups::{closure#0}
[INFO] [stdout]                                at /opt/rustwide/workdir/crates/logx-core/tests/integration.rs:491:62
[INFO] [stdout]   23:     0x55efd0127806 - <integration[f0e9cfeaa0d43c7e]::file_rotation_with_async_compression_produces_gz_backups::{closure#0} as core[df12db4294e9bfd3]::ops::function::FnOnce<()>>::call_once
[INFO] [stdout]                                at /rustc/dfb0accb7f508ae8be965d8629557221c889dd98/library/core/src/ops/function.rs:250:5
[INFO] [stdout]   24:     0x55efd014bc2b - <fn() -> core[df12db4294e9bfd3]::result::Result<(), alloc[2182bb758b4b3781]::string::String> as core[df12db4294e9bfd3]::ops::function::FnOnce<()>>::call_once
[INFO] [stdout]                                at /rustc/dfb0accb7f508ae8be965d8629557221c889dd98/library/core/src/ops/function.rs:250:5
[INFO] [stdout]   25:     0x55efd014bc2b - test[9d35eded1c95d3be]::__rust_begin_short_backtrace::<core[df12db4294e9bfd3]::result::Result<(), alloc[2182bb758b4b3781]::string::String>, fn() -> core[df12db4294e9bfd3]::result::Result<(), alloc[2182bb758b4b3781]::string::String>>
[INFO] [stdout]                                at /rustc/dfb0accb7f508ae8be965d8629557221c889dd98/library/test/src/lib.rs:733:18
[INFO] [stdout]   26:     0x55efd0159295 - test[9d35eded1c95d3be]::run_test_in_process::{closure#0}
[INFO] [stdout]                                at /rustc/dfb0accb7f508ae8be965d8629557221c889dd98/library/test/src/lib.rs:756:74
[INFO] [stdout]   27:     0x55efd0159295 - <core[df12db4294e9bfd3]::panic::unwind_safe::AssertUnwindSafe<test[9d35eded1c95d3be]::run_test_in_process::{closure#0}> as core[df12db4294e9bfd3]::ops::function::FnOnce<()>>::call_once
[INFO] [stdout]                                at /rustc/dfb0accb7f508ae8be965d8629557221c889dd98/library/core/src/panic/unwind_safe.rs:275:9
[INFO] [stdout]   28:     0x55efd0159295 - std[70759c8f55707aa4]::panicking::catch_unwind::do_call::<core[df12db4294e9bfd3]::panic::unwind_safe::AssertUnwindSafe<test[9d35eded1c95d3be]::run_test_in_process::{closure#0}>, core[df12db4294e9bfd3]::result::Result<(), alloc[2182bb758b4b3781]::string::String>>
[INFO] [stdout]                                at /rustc/dfb0accb7f508ae8be965d8629557221c889dd98/library/std/src/panicking.rs:576:43
[INFO] [stdout]   29:     0x55efd0159295 - std[70759c8f55707aa4]::panicking::catch_unwind::<core[df12db4294e9bfd3]::result::Result<(), alloc[2182bb758b4b3781]::string::String>, core[df12db4294e9bfd3]::panic::unwind_safe::AssertUnwindSafe<test[9d35eded1c95d3be]::run_test_in_process::{closure#0}>>
[INFO] [stdout]                                at /rustc/dfb0accb7f508ae8be965d8629557221c889dd98/library/std/src/panicking.rs:544:19
[INFO] [stdout]   30:     0x55efd0159295 - std[70759c8f55707aa4]::panic::catch_unwind::<core[df12db4294e9bfd3]::panic::unwind_safe::AssertUnwindSafe<test[9d35eded1c95d3be]::run_test_in_process::{closure#0}>, core[df12db4294e9bfd3]::result::Result<(), alloc[2182bb758b4b3781]::string::String>>
[INFO] [stdout]                                at /rustc/dfb0accb7f508ae8be965d8629557221c889dd98/library/std/src/panic.rs:359:14
[INFO] [stdout]   31:     0x55efd0159295 - test[9d35eded1c95d3be]::run_test_in_process
[INFO] [stdout]                                at /rustc/dfb0accb7f508ae8be965d8629557221c889dd98/library/test/src/lib.rs:756:27
[INFO] [stdout]   32:     0x55efd0159295 - test[9d35eded1c95d3be]::run_test::{closure#0}
[INFO] [stdout]                                at /rustc/dfb0accb7f508ae8be965d8629557221c889dd98/library/test/src/lib.rs:677:43
[INFO] [stdout]   33:     0x55efd0152b54 - test[9d35eded1c95d3be]::run_test::{closure#1}
[INFO] [stdout]                                at /rustc/dfb0accb7f508ae8be965d8629557221c889dd98/library/test/src/lib.rs:707:41
[INFO] [stdout]   34:     0x55efd0152b54 - std[70759c8f55707aa4]::sys::backtrace::__rust_begin_short_backtrace::<test[9d35eded1c95d3be]::run_test::{closure#1}, ()>
[INFO] [stdout]                                at /rustc/dfb0accb7f508ae8be965d8629557221c889dd98/library/std/src/sys/backtrace.rs:166:18
[INFO] [stdout]   35:     0x55efd015c3f2 - std[70759c8f55707aa4]::thread::lifecycle::spawn_unchecked::<test[9d35eded1c95d3be]::run_test::{closure#1}, ()>::{closure#1}::{closure#0}
[INFO] [stdout]                                at /rustc/dfb0accb7f508ae8be965d8629557221c889dd98/library/std/src/thread/lifecycle.rs:70:13
[INFO] [stdout]   36:     0x55efd015c3f2 - <core[df12db4294e9bfd3]::panic::unwind_safe::AssertUnwindSafe<std[70759c8f55707aa4]::thread::lifecycle::spawn_unchecked<test[9d35eded1c95d3be]::run_test::{closure#1}, ()>::{closure#1}::{closure#0}> as core[df12db4294e9bfd3]::ops::function::FnOnce<()>>::call_once
[INFO] [stdout]                                at /rustc/dfb0accb7f508ae8be965d8629557221c889dd98/library/core/src/panic/unwind_safe.rs:275:9
[INFO] [stdout]   37:     0x55efd015c3f2 - std[70759c8f55707aa4]::panicking::catch_unwind::do_call::<core[df12db4294e9bfd3]::panic::unwind_safe::AssertUnwindSafe<std[70759c8f55707aa4]::thread::lifecycle::spawn_unchecked<test[9d35eded1c95d3be]::run_test::{closure#1}, ()>::{closure#1}::{closure#0}>, ()>
[INFO] [stdout]                                at /rustc/dfb0accb7f508ae8be965d8629557221c889dd98/library/std/src/panicking.rs:576:43
[INFO] [stdout]   38:     0x55efd015c3f2 - std[70759c8f55707aa4]::panicking::catch_unwind::<(), core[df12db4294e9bfd3]::panic::unwind_safe::AssertUnwindSafe<std[70759c8f55707aa4]::thread::lifecycle::spawn_unchecked<test[9d35eded1c95d3be]::run_test::{closure#1}, ()>::{closure#1}::{closure#0}>>
[INFO] [stdout]                                at /rustc/dfb0accb7f508ae8be965d8629557221c889dd98/library/std/src/panicking.rs:544:19
[INFO] [stdout]   39:     0x55efd015c3f2 - std[70759c8f55707aa4]::panic::catch_unwind::<core[df12db4294e9bfd3]::panic::unwind_safe::AssertUnwindSafe<std[70759c8f55707aa4]::thread::lifecycle::spawn_unchecked<test[9d35eded1c95d3be]::run_test::{closure#1}, ()>::{closure#1}::{closure#0}>, ()>
[INFO] [stdout]                                at /rustc/dfb0accb7f508ae8be965d8629557221c889dd98/library/std/src/panic.rs:359:14
[INFO] [stdout]   40:     0x55efd015c3f2 - std[70759c8f55707aa4]::thread::lifecycle::spawn_unchecked::<test[9d35eded1c95d3be]::run_test::{closure#1}, ()>::{closure#1}
[INFO] [stdout]                                at /rustc/dfb0accb7f508ae8be965d8629557221c889dd98/library/std/src/thread/lifecycle.rs:68:26
[INFO] [stdout]   41:     0x55efd015c3f2 - <std[70759c8f55707aa4]::thread::lifecycle::spawn_unchecked<test[9d35eded1c95d3be]::run_test::{closure#1}, ()>::{closure#1} as core[df12db4294e9bfd3]::ops::function::FnOnce<()>>::call_once::{shim:vtable#0}
[INFO] [stdout]                                at /rustc/dfb0accb7f508ae8be965d8629557221c889dd98/library/core/src/ops/function.rs:250:5
[INFO] [stdout]   42:     0x55efd02bdcd9 - <alloc[2182bb758b4b3781]::boxed::Box<dyn core[df12db4294e9bfd3]::ops::function::FnOnce<(), Output = ()> + core[df12db4294e9bfd3]::marker::Send> as core[df12db4294e9bfd3]::ops::function::FnOnce<()>>::call_once
[INFO] [stdout]                                at /rustc/dfb0accb7f508ae8be965d8629557221c889dd98/library/alloc/src/boxed.rs:2320:9
[INFO] [stdout]   43:     0x55efd02bdcd9 - <std[70759c8f55707aa4]::sys::thread::unix::Thread>::new::thread_start
[INFO] [stdout]                                at /rustc/dfb0accb7f508ae8be965d8629557221c889dd98/library/std/src/sys/thread/unix.rs:123:17
[INFO] [stdout]   44:     0x7de762970dfa - <unknown>
[INFO] [stdout]   45:     0x7de762a043d4 - clone
[INFO] [stdout]   46:                0x0 - <unknown>
[INFO] [stdout] 
[INFO] [stdout] 
[INFO] [stdout] failures:
[INFO] [stdout]     file_rotation_with_async_compression_produces_gz_backups
[INFO] [stdout] 
[INFO] [stdout] test result: FAILED. 54 passed; 1 failed; 0 ignored; 0 measured; 0 filtered out; finished in 1.71s
[INFO] [stdout] 
[INFO] [stderr] error: test failed, to rerun pass `-p logx-core --test integration`
[INFO] running `Command { std: "docker" "inspect" "c63e3814478b2fb18d7df99f38343415e7ebad1593e34d2daf91fe6bda22d9eb", kill_on_drop: false }`
[INFO] running `Command { std: "docker" "rm" "-f" "c63e3814478b2fb18d7df99f38343415e7ebad1593e34d2daf91fe6bda22d9eb", kill_on_drop: false }`
[INFO] [stdout] c63e3814478b2fb18d7df99f38343415e7ebad1593e34d2daf91fe6bda22d9eb
