[INFO] cloning repository https://github.com/maddeye/lapx
[INFO] running `Command { std: "git" "-c" "credential.helper=" "-c" "credential.helper=/workspace/cargo-home/bin/git-credential-null" "clone" "--bare" "https://github.com/maddeye/lapx" "/workspace/cache/git-repos/https%3A%2F%2Fgithub.com%2Fmaddeye%2Flapx", kill_on_drop: false }`
[INFO] [stderr] Cloning into bare repository '/workspace/cache/git-repos/https%3A%2F%2Fgithub.com%2Fmaddeye%2Flapx'...
[INFO] running `Command { std: "git" "rev-parse" "HEAD", kill_on_drop: false }`
[INFO] [stdout] 798c30b7d3c3d7eed6627ed6b93f4c21f290c727
[INFO] testing maddeye/lapx/798c30b7d3c3d7eed6627ed6b93f4c21f290c727 against 1.99.0-beta.8 for beta-1.100-2
[INFO] running `Command { std: "git" "clone" "/workspace/cache/git-repos/https%3A%2F%2Fgithub.com%2Fmaddeye%2Flapx" "/workspace/builds/worker-4-tc1/source", kill_on_drop: false }`
[INFO] [stderr] Cloning into '/workspace/builds/worker-4-tc1/source'...
[INFO] [stderr] done.
[INFO] started tweaking git repo https://github.com/maddeye/lapx
[INFO] finished tweaking git repo https://github.com/maddeye/lapx
[INFO] tweaked toml for git repo https://github.com/maddeye/lapx written to /workspace/builds/worker-4-tc1/source/Cargo.toml
[INFO] validating manifest of git repo https://github.com/maddeye/lapx on toolchain 1.99.0-beta.8
[INFO] running `Command { std: CARGO_HOME="/workspace/cargo-home" RUSTUP_HOME="/workspace/rustup-home" "/workspace/cargo-home/bin/cargo" "+1.99.0-beta.8" "metadata" "--manifest-path" "Cargo.toml" "--no-deps", kill_on_drop: false }`
[INFO] crate git repo https://github.com/maddeye/lapx already has a lockfile, it will not be regenerated
[INFO] running `Command { std: CARGO_HOME="/workspace/cargo-home" RUSTUP_HOME="/workspace/rustup-home" "/workspace/cargo-home/bin/cargo" "+1.99.0-beta.8" "fetch" "--manifest-path" "Cargo.toml", kill_on_drop: false }`
[INFO] [stderr]     Updating crates.io index
[INFO] [stderr]  Downloading crates ...
[INFO] [stderr]   Downloaded cc v1.2.67
[INFO] [stderr]   Downloaded rppal v0.22.1
[INFO] [stderr]   Downloaded rusqlite v0.37.0
[INFO] [stderr]   Downloaded libsqlite3-sys v0.35.0
[INFO] running `Command { std: "docker" "create" "-v" "/var/lib/crater-agent-workspace/builds/worker-4-tc1/source:/opt/rustwide/workdir:ro,Z" "-v" "/var/lib/crater-agent-workspace/builds/worker-4-tc1/target:/opt/rustwide/target:rw,Z" "-v" "/var/lib/crater-agent-workspace/cargo-home:/opt/rustwide/cargo-home:ro,Z" "-v" "/var/lib/crater-agent-workspace/rustup-home:/opt/rustwide/rustup-home:ro,Z" "-m" "1610612736" "--network" "none" "ghcr.io/rust-lang/crates-build-env/linux@sha256:3111399a4047eeb3a02b7a90e478d715f38a8c6669b5c4b49d30a17385265909" "sleep" "infinity", kill_on_drop: false }`
[INFO] [stdout] 310fa9a8cf2a59e1cd08b1de438c42e26aed962595c0856b5d60799521a55bed
[INFO] running `Command { std: "docker" "start" "310fa9a8cf2a59e1cd08b1de438c42e26aed962595c0856b5d60799521a55bed", kill_on_drop: false }`
[INFO] running `Command { std: "docker" "inspect" "310fa9a8cf2a59e1cd08b1de438c42e26aed962595c0856b5d60799521a55bed", kill_on_drop: false }`
[INFO] running `Command { std: "docker" "exec" "-e" "SOURCE_DIR=/opt/rustwide/workdir" "-e" "CARGO_HOME=/opt/rustwide/cargo-home" "-e" "RUSTUP_HOME=/opt/rustwide/rustup-home" "-e" "CARGO_TARGET_DIR=/opt/rustwide/target" "-w" "/opt/rustwide/workdir" "--user" "0:0" "310fa9a8cf2a59e1cd08b1de438c42e26aed962595c0856b5d60799521a55bed" "/opt/rustwide/cargo-home/bin/cargo" "+1.99.0-beta.8" "metadata" "--no-deps" "--format-version=1", kill_on_drop: false }`
[INFO] running `Command { std: "docker" "inspect" "310fa9a8cf2a59e1cd08b1de438c42e26aed962595c0856b5d60799521a55bed", kill_on_drop: false }`
[INFO] running `Command { std: "docker" "exec" "-e" "SOURCE_DIR=/opt/rustwide/workdir" "-e" "CARGO_HOME=/opt/rustwide/cargo-home" "-e" "RUSTUP_HOME=/opt/rustwide/rustup-home" "-e" "CARGO_TARGET_DIR=/opt/rustwide/target" "-e" "CARGO_INCREMENTAL=0" "-e" "RUST_BACKTRACE=full" "-e" "RUSTFLAGS=--cap-lints=warn" "-e" "RUSTDOCFLAGS=--cap-lints=warn" "-w" "/opt/rustwide/workdir" "--user" "0:0" "310fa9a8cf2a59e1cd08b1de438c42e26aed962595c0856b5d60799521a55bed" "/opt/rustwide/cargo-home/bin/cargo" "+1.99.0-beta.8" "build" "--frozen" "--message-format=json", kill_on_drop: false }`
[INFO] [stderr]    Compiling quote v1.0.46
[INFO] [stderr]    Compiling serde_core v1.0.228
[INFO] [stderr]    Compiling log v0.4.33
[INFO] [stderr]    Compiling http v1.4.2
[INFO] [stderr]    Compiling cc v1.2.67
[INFO] [stderr]    Compiling smallvec v1.15.2
[INFO] [stderr]    Compiling slab v0.4.12
[INFO] [stderr]    Compiling serde_json v1.0.150
[INFO] [stderr]    Compiling socket2 v0.6.4
[INFO] [stderr]    Compiling hashbrown v0.15.5
[INFO] [stderr]    Compiling bitflags v2.13.0
[INFO] [stderr]    Compiling tracing v0.1.44
[INFO] [stderr]    Compiling futures-util v0.3.32
[INFO] [stderr]    Compiling syn v2.0.118
[INFO] [stderr]    Compiling include_dir_macros v0.7.4
[INFO] [stderr]    Compiling include_dir v0.7.4
[INFO] [stderr]    Compiling http-body v1.0.1
[INFO] [stderr]    Compiling http-body-util v0.1.3
[INFO] [stderr]    Compiling hashlink v0.10.0
[INFO] [stderr]    Compiling axum-core v0.5.6
[INFO] [stderr]    Compiling libsqlite3-sys v0.35.0
[INFO] [stderr]    Compiling serde_path_to_error v0.1.20
[INFO] [stderr]    Compiling tokio-macros v2.7.0
[INFO] [stderr]    Compiling serde_derive v1.0.228
[INFO] [stderr]    Compiling async-stream-impl v0.3.6
[INFO] [stderr]    Compiling tokio v1.52.3
[INFO] [stderr]    Compiling async-stream v0.3.6
[INFO] [stderr]    Compiling serde v1.0.228
[INFO] [stderr]    Compiling serde_urlencoded v0.7.1
[INFO] [stderr]    Compiling hyper v1.10.1
[INFO] [stderr]    Compiling tower v0.5.3
[INFO] [stderr]    Compiling hyper-util v0.1.20
[INFO] [stderr]    Compiling axum v0.8.9
[INFO] [stderr]    Compiling rusqlite v0.37.0
[INFO] [stderr]    Compiling lapx v0.1.0 (/opt/rustwide/workdir)
[INFO] [stderr]     Finished `dev` profile [unoptimized + debuginfo] target(s) in 42.93s
[INFO] running `Command { std: "docker" "inspect" "310fa9a8cf2a59e1cd08b1de438c42e26aed962595c0856b5d60799521a55bed", kill_on_drop: false }`
[INFO] running `Command { std: "docker" "exec" "-e" "SOURCE_DIR=/opt/rustwide/workdir" "-e" "CARGO_HOME=/opt/rustwide/cargo-home" "-e" "RUSTUP_HOME=/opt/rustwide/rustup-home" "-e" "CARGO_TARGET_DIR=/opt/rustwide/target" "-e" "CARGO_INCREMENTAL=0" "-e" "RUST_BACKTRACE=full" "-e" "RUSTFLAGS=--cap-lints=warn" "-e" "RUSTDOCFLAGS=--cap-lints=warn" "-w" "/opt/rustwide/workdir" "--user" "0:0" "310fa9a8cf2a59e1cd08b1de438c42e26aed962595c0856b5d60799521a55bed" "/opt/rustwide/cargo-home/bin/cargo" "+1.99.0-beta.8" "test" "--frozen" "--no-run" "--message-format=json", kill_on_drop: false }`
[INFO] [stderr]    Compiling tokio v1.52.3
[INFO] [stderr]    Compiling bitflags v2.13.0
[INFO] [stderr]    Compiling getrandom v0.4.3
[INFO] [stderr]    Compiling rusqlite v0.37.0
[INFO] [stderr]    Compiling rustix v1.1.4
[INFO] [stderr]    Compiling tempfile v3.27.0
[INFO] [stderr]    Compiling hyper v1.10.1
[INFO] [stderr]    Compiling tower v0.5.3
[INFO] [stderr]    Compiling hyper-util v0.1.20
[INFO] [stderr]    Compiling axum v0.8.9
[INFO] [stderr]    Compiling lapx v0.1.0 (/opt/rustwide/workdir)
[INFO] [stderr]     Finished `test` profile [unoptimized + debuginfo] target(s) in 49.39s
[INFO] running `Command { std: "docker" "inspect" "310fa9a8cf2a59e1cd08b1de438c42e26aed962595c0856b5d60799521a55bed", kill_on_drop: false }`
[INFO] running `Command { std: "docker" "exec" "-e" "SOURCE_DIR=/opt/rustwide/workdir" "-e" "CARGO_HOME=/opt/rustwide/cargo-home" "-e" "RUSTUP_HOME=/opt/rustwide/rustup-home" "-e" "CARGO_TARGET_DIR=/opt/rustwide/target" "-e" "CARGO_INCREMENTAL=0" "-e" "RUST_BACKTRACE=full" "-e" "RUSTFLAGS=--cap-lints=warn" "-e" "RUSTDOCFLAGS=--cap-lints=warn" "-w" "/opt/rustwide/workdir" "--user" "0:0" "310fa9a8cf2a59e1cd08b1de438c42e26aed962595c0856b5d60799521a55bed" "/opt/rustwide/cargo-home/bin/cargo" "+1.99.0-beta.8" "test" "--frozen", kill_on_drop: false }`
[INFO] [stderr]     Finished `test` profile [unoptimized + debuginfo] target(s) in 0.19s
[INFO] [stderr]      Running unittests src/lib.rs (/opt/rustwide/target/debug/deps/lapx-8f3f5fb9cc760482)
[INFO] [stdout] 
[INFO] [stdout] running 3 tests
[INFO] [stdout] test domain::scheduler::tests::equal_timestamp_priority_is_explicit ... ok
[INFO] [stdout] test store::tests::sqlite_connections_use_wal_full_synchronous_and_foreign_keys ... ok
[INFO] [stdout] test store::tests::elo_read_helpers_share_one_snapshot ... ok
[INFO] [stdout] 
[INFO] [stdout] test result: ok. 3 passed; 0 failed; 0 ignored; 0 measured; 0 filtered out; finished in 0.18s
[INFO] [stdout] 
[INFO] [stderr]      Running unittests src/bin/lapxctl.rs (/opt/rustwide/target/debug/deps/lapxctl-3f05bc24bc38cade)
[INFO] [stderr]      Running unittests src/bin/lapxd.rs (/opt/rustwide/target/debug/deps/lapxd-20e80f61ca8fdc0a)
[INFO] [stdout] 
[INFO] [stdout] running 0 tests
[INFO] [stdout] 
[INFO] [stdout] test result: ok. 0 passed; 0 failed; 0 ignored; 0 measured; 0 filtered out; finished in 0.00s
[INFO] [stdout] 
[INFO] [stdout] 
[INFO] [stdout] running 1 test
[INFO] [stderr]      Running tests/delivery_1.rs (/opt/rustwide/target/debug/deps/delivery_1-2ab2fa7884680c58)
[INFO] [stdout] test tests::local_bind_rejects_non_loopback ... ok
[INFO] [stdout] 
[INFO] [stdout] test result: ok. 1 passed; 0 failed; 0 ignored; 0 measured; 0 filtered out; finished in 0.00s
[INFO] [stdout] 
[INFO] [stderr]      Running tests/delivery_10.rs (/opt/rustwide/target/debug/deps/delivery_10-18852f7d9a360144)
[INFO] [stdout] 
[INFO] [stdout] running 2 tests
[INFO] [stdout] test invalid_control_commands ... ok
[INFO] [stdout] test invalid_start_config ... ok
[INFO] [stdout] 
[INFO] [stdout] test result: ok. 2 passed; 0 failed; 0 ignored; 0 measured; 0 filtered out; finished in 0.00s
[INFO] [stdout] 
[INFO] [stdout] 
[INFO] [stdout] running 3 tests
[INFO] [stdout] test http_state_returns_json ... ok
[INFO] [stderr]      Running tests/delivery_11.rs (/opt/rustwide/target/debug/deps/delivery_11-de12c1639132bf1b)
[INFO] [stdout] test runtime_materializes_due_event ... ok
[INFO] [stdout] test runtime_clock_does_not_advance_during_downtime ... ok
[INFO] [stdout] 
[INFO] [stdout] test result: ok. 3 passed; 0 failed; 0 ignored; 0 measured; 0 filtered out; finished in 0.22s
[INFO] [stdout] 
[INFO] [stdout] 
[INFO] [stdout] running 3 tests
[INFO] [stdout] test http_command_errors_have_explicit_statuses ... ok
[INFO] [stdout] test http_command_round_trip ... ok
[INFO] [stdout] test http_storage_error_statuses ... ok
[INFO] [stdout] 
[INFO] [stdout] test result: ok. 3 passed; 0 failed; 0 ignored; 0 measured; 0 filtered out; finished in 0.41s
[INFO] [stdout] 
[INFO] [stderr]      Running tests/delivery_12.rs (/opt/rustwide/target/debug/deps/delivery_12-4f361f5b70c8ad67)
[INFO] [stdout] 
[INFO] [stdout] running 3 tests
[INFO] [stdout] test sse_connection_race_never_loses_a_commit ... ok
[INFO] [stdout] test sse_emits_state_after_command ... ok
[INFO] [stderr]      Running tests/delivery_13.rs (/opt/rustwide/target/debug/deps/delivery_13-37d23906b9e5d0f0)
[INFO] [stdout] test sse_lag_reloads_the_full_current_state ... ok
[INFO] [stdout] 
[INFO] [stdout] test result: ok. 3 passed; 0 failed; 0 ignored; 0 measured; 0 filtered out; finished in 0.58s
[INFO] [stdout] 
[INFO] [stdout] 
[INFO] [stdout] running 1 test
[INFO] [stdout] test debug_page_loads_and_references_every_control ... ok
[INFO] [stdout] 
[INFO] [stdout] test result: ok. 1 passed; 0 failed; 0 ignored; 0 measured; 0 filtered out; finished in 0.15s
[INFO] [stdout] 
[INFO] [stderr]      Running tests/delivery_14.rs (/opt/rustwide/target/debug/deps/delivery_14-42ef25c75660478c)
[INFO] [stdout] 
[INFO] [stdout] running 6 tests
[INFO] [stdout] test debug_page_exposes_every_race_config_value ... ok
[INFO] [stdout] test immediate_command_uses_the_durable_protocol_head ... ok
[INFO] [stdout] test external_store_commit_is_published_and_started_automatically ... ok
[INFO] [stdout] test http_correction_updates_finished_race_and_reopened_store ... ok
[INFO] [stdout] test external_timestamp_reanchors_an_advancing_clock ... ok
[INFO] [stdout] test due_worker_recovers_after_sqlite_write_lock ... ok
[INFO] [stdout] 
[INFO] [stdout] test result: ok. 6 passed; 0 failed; 0 ignored; 0 measured; 0 filtered out; finished in 0.40s
[INFO] [stdout] 
[INFO] [stderr]      Running tests/delivery_15.rs (/opt/rustwide/target/debug/deps/delivery_15-88fc6646f2e057db)
[INFO] [stdout] 
[INFO] [stdout] running 8 tests
[INFO] [stdout] test older_edge_arriving_during_settle_commits_first ... ok
[INFO] [stdout] test snapshot_first_still_waits_for_captured_edges ... ok
[INFO] [stdout] test edge_captured_just_before_due_is_drained_during_timer_settle ... ok
[INFO] [stdout] test snapshot_does_not_split_capture_ordering ... ok
[INFO] [stdout] test simulation_timing_source_triggers_lap ... ok
[INFO] [stdout] test normalized_edge_timestamp_survives_external_clock_reanchor ... ok
[INFO] [stdout] test captured_edge_precedes_an_elapsed_due_timer_with_its_original_timestamp ... ok
[INFO] [stdout] test now_pause_is_ordered_between_edges_in_the_same_settle_batch ... ok
[INFO] [stdout] 
[INFO] [stdout] test result: ok. 8 passed; 0 failed; 0 ignored; 0 measured; 0 filtered out; finished in 0.42s
[INFO] [stdout] 
[INFO] [stderr]      Running tests/delivery_16.rs (/opt/rustwide/target/debug/deps/delivery_16-ffaf5979cb9e92fe)
[INFO] [stdout] 
[INFO] [stdout] running 4 tests
[INFO] [stdout] test compact_hardware_config_carries_edge_pull_and_polarity ... ok
[INFO] [stdout] test hardware_config_validates_lane_and_pin_mapping ... ok
[INFO] [stdout] test hardware_snapshot_records_initial_input_and_output_pin_levels ... ok
[INFO] [stdout] test hardware_runtime_rejects_a_race_lane_mismatch_before_commit ... ok
[INFO] [stdout] 
[INFO] [stdout] test result: ok. 4 passed; 0 failed; 0 ignored; 0 measured; 0 filtered out; finished in 0.18s
[INFO] [stdout] 
[INFO] [stderr]      Running tests/delivery_17.rs (/opt/rustwide/target/debug/deps/delivery_17-e9a9e4152a256ab8)
[INFO] [stdout] 
[INFO] [stdout] running 12 tests
[INFO] [stdout] test recovered_lane_mismatch_fails_before_recovery_changes_state ... ok
[INFO] [stdout] test periodic_refresh_synchronizes_external_commits ... ok
[INFO] [stdout] test recovered_paused_race_is_preserved_without_an_extra_commit ... ok
[INFO] [stdout] test power_failure_reports_committed_state_broadcasts_and_fails_safe_once ... ok
[INFO] [stdout] test recovery_pause_from_restarting_preserves_original_paused_at ... ok
[INFO] [stdout] test startup_all_lanes_off_and_recovered_race_requires_resume ... ok
[INFO] [stdout] test concurrent_external_pause_is_not_overwritten_by_a_stale_power_projection ... ok
[INFO] [stdout] test external_refresh_panic_forces_all_off_and_durable_pause ... ok
[INFO] [stdout] test projection_panic_recovers_poisoned_power_lock_and_forces_all_off ... ok
[INFO] [stdout] test external_lane_mismatch_latches_fault_without_powering_on ... ok
[INFO] [stdout] test power_fault_stays_off_through_refresh_edge_and_due_until_resume ... ok
[INFO] [stdout] test relay_power_follows_race_state_penalty_abort_and_finish ... ok
[INFO] [stdout] 
[INFO] [stdout] test result: ok. 12 passed; 0 failed; 0 ignored; 0 measured; 0 filtered out; finished in 0.95s
[INFO] [stdout] 
[INFO] [stderr]      Running tests/delivery_18.rs (/opt/rustwide/target/debug/deps/delivery_18-4cad795d7cfa1a85)
[INFO] [stdout] 
[INFO] [stdout] running 2 tests
[INFO] [stdout] test hardware_snapshot_is_unavailable_without_configuration ... ok
[INFO] [stdout] test hardware_page_loads_snapshot_with_lane_pin_mapping_and_polling ... ok
[INFO] [stdout] 
[INFO] [stdout] test result: ok. 2 passed; 0 failed; 0 ignored; 0 measured; 0 filtered out; finished in 0.19s
[INFO] [stdout] 
[INFO] [stderr]      Running tests/delivery_19.rs (/opt/rustwide/target/debug/deps/delivery_19-37c24cd56dc9b94f)
[INFO] [stdout] 
[INFO] [stdout] running 3 tests
[INFO] [stdout] test public_api_is_read_only ... ok
[INFO] [stdout] test local_router_keeps_all_routes ... ok
[INFO] [stdout] test state_reports_race_elapsed_ms ... ok
[INFO] [stdout] 
[INFO] [stdout] test result: ok. 3 passed; 0 failed; 0 ignored; 0 measured; 0 filtered out; finished in 0.90s
[INFO] [stdout] 
[INFO] [stderr]      Running tests/delivery_19_security.rs (/opt/rustwide/target/debug/deps/delivery_19_security-8605545f1f080d40)
[INFO] [stdout] 
[INFO] [stdout] running 3 tests
[INFO] [stdout] test lapxd_rejects_non_loopback_local_bind ... ok
[INFO] [stdout] test control_assets::generated_public_allowlist_excludes_control_assets ... ok
[INFO] [stdout] test local_surface_rejects_dns_rebinding_hosts ... ok
[INFO] [stdout] 
[INFO] [stdout] test result: ok. 3 passed; 0 failed; 0 ignored; 0 measured; 0 filtered out; finished in 0.19s
[INFO] [stdout] 
[INFO] [stderr]      Running tests/delivery_2.rs (/opt/rustwide/target/debug/deps/delivery_2-435a6b6a961dea96)
[INFO] [stdout] 
[INFO] [stdout] running 6 tests
[INFO] [stdout] test replay_rejects_incomplete_measurement_and_lap_target_chains ... ok
[INFO] [stdout] test replay_rejects_skipped_due_events_before_later_timestamps ... ok
[INFO] [stdout] test replay ... ok
[INFO] [stdout] test replay_rejects_impossible_event_order ... ok
[INFO] [stderr]      Running tests/delivery_20.rs (/opt/rustwide/target/debug/deps/delivery_20-7b53258e740c181d)
[INFO] [stdout] test lifecycle_data_is_carried_by_typed_phase_variants ... ok
[INFO] [stdout] test replay_rejects_mode_invalid_lane_finish_and_incomplete_finish_chain ... ok
[INFO] [stdout] 
[INFO] [stdout] test result: ok. 6 passed; 0 failed; 0 ignored; 0 measured; 0 filtered out; finished in 0.01s
[INFO] [stdout] 
[INFO] [stdout] 
[INFO] [stdout] running 3 tests
[INFO] [stdout] test serves_static_rennscreen ... ok
[INFO] [stdout] test local_router_also_serves_rennscreen ... ok
[INFO] [stdout] test asset_routes_are_read_only_and_do_not_leak ... ok
[INFO] [stdout] 
[INFO] [stdout] test result: ok. 3 passed; 0 failed; 0 ignored; 0 measured; 0 filtered out; finished in 0.16s
[INFO] [stdout] 
[INFO] [stderr]      Running tests/delivery_21.rs (/opt/rustwide/target/debug/deps/delivery_21-330c895723372801)
[INFO] [stdout] 
[INFO] [stdout] running 2 tests
[INFO] [stdout] test control_page_loads_locally_and_is_missing_publicly ... ok
[INFO] [stdout] test complete_race_walkthrough_over_local_api ... ok
[INFO] [stdout] 
[INFO] [stderr]      Running tests/delivery_22.rs (/opt/rustwide/target/debug/deps/delivery_22-d557a6d3ef955743)
[INFO] [stdout] test result: ok. 2 passed; 0 failed; 0 ignored; 0 measured; 0 filtered out; finished in 0.81s
[INFO] [stdout] 
[INFO] [stdout] 
[INFO] [stdout] running 3 tests
[INFO] [stdout] test driver_admin_is_local_only_including_its_assets ... ok
[INFO] [stdout] test existing_database_initializes_driver_storage_without_losing_data ... ok
[INFO] [stderr]      Running tests/delivery_23.rs (/opt/rustwide/target/debug/deps/delivery_23-11e75ee7d33e2696)
[INFO] [stdout] test driver_crud_round_trip ... ok
[INFO] [stdout] 
[INFO] [stdout] test result: ok. 3 passed; 0 failed; 0 ignored; 0 measured; 0 filtered out; finished in 0.24s
[INFO] [stdout] 
[INFO] [stdout] 
[INFO] [stdout] running 7 tests
[INFO] [stdout] test driver_assignment_shape_positive_and_unique_are_domain_rules ... ok
[INFO] [stdout] test archived_assignment_rejection_is_atomic ... ok
[INFO] [stdout] test start_assignment_and_history_apis_are_local_only ... ok
[INFO] [stdout] test correction_updates_driver_stats ... ok
[INFO] [stdout] test exact_ties_follow_canonical_standings ... ok
[INFO] [stdout] test history_uses_durable_completion_order_not_race_clock ... ok
[INFO] [stdout] test driver_stats_from_completed_race ... ok
[INFO] [stdout] 
[INFO] [stdout] test result: ok. 7 passed; 0 failed; 0 ignored; 0 measured; 0 filtered out; finished in 0.39s
[INFO] [stdout] 
[INFO] [stderr]      Running tests/delivery_24.rs (/opt/rustwide/target/debug/deps/delivery_24-b93988b2921e12cb)
[INFO] [stdout] 
[INFO] [stdout] running 1 test
[INFO] [stdout] test manual_tournament_flow ... ok
[INFO] [stdout] 
[INFO] [stdout] test result: ok. 1 passed; 0 failed; 0 ignored; 0 measured; 0 filtered out; finished in 0.40s
[INFO] [stdout] 
[INFO] [stderr]      Running tests/delivery_25.rs (/opt/rustwide/target/debug/deps/delivery_25-9cdfc5fb72ae3071)
[INFO] [stdout] 
[INFO] [stdout] running 4 tests
[INFO] [stdout] test elo_api_is_local_only ... ok
[INFO] [stdout] test elo_is_reproducible ... ok
[INFO] [stdout] test correction_rebuilds_later_elo ... ok
[INFO] [stdout] test elo_handles_ties_multilane_and_anonymous_results ... ok
[INFO] [stdout] 
[INFO] [stdout] test result: ok. 4 passed; 0 failed; 0 ignored; 0 measured; 0 filtered out; finished in 0.69s
[INFO] [stdout] 
[INFO] [stderr]      Running tests/delivery_26.rs (/opt/rustwide/target/debug/deps/delivery_26-8043da404b1c79e3)
[INFO] [stdout] 
[INFO] [stdout] running 1 test
[INFO] [stdout] test tournament_generation_is_deterministic ... ok
[INFO] [stdout] 
[INFO] [stdout] test result: ok. 1 passed; 0 failed; 0 ignored; 0 measured; 0 filtered out; finished in 0.58s
[INFO] [stdout] 
[INFO] [stderr]      Running tests/delivery_27.rs (/opt/rustwide/target/debug/deps/delivery_27-43e602a77c7dbeeb)
[INFO] [stdout] 
[INFO] [stdout] running 10 tests
[INFO] [stdout] test next_race_is_local_only_and_pause_resume_require_an_empty_json_object ... ok
[INFO] [stdout] test external_terminal_commit_then_immediate_switch_publishes_new_generation ... ok
[INFO] [stdout] test switch_rejects_a_previously_used_race_id ... ok
[INFO] [stdout] test aborted_race_can_switch_without_a_reset_event ... ok
[INFO] [stdout] test race_aware_publication_http_and_sse_accept_only_the_switch_boundary ... ok
[INFO] [stdout] test hardware_stays_off_during_switch_and_selector_recovery ... ok
[INFO] [stdout] test busy_hardware_edges_retry_indefinitely_once_in_order_with_original_timestamps ... FAILED
[INFO] [stdout] test current_race_switch_is_atomic_fresh_and_survives_restart ... ok
[INFO] [stdout] test captured_edge_is_not_retried_after_a_possible_post_commit_power_error ... ok
[INFO] [stdout] test sse_lag_recovers_new_active_generation_with_or_without_terminal_observed ... ok
[INFO] [stdout] 
[INFO] [stdout] failures:
[INFO] [stdout] 
[INFO] [stdout] ---- busy_hardware_edges_retry_indefinitely_once_in_order_with_original_timestamps stdout ----
[INFO] [stdout] 
[INFO] [stdout] thread 'busy_hardware_edges_retry_indefinitely_once_in_order_with_original_timestamps' (2072) panicked at tests/delivery_27.rs:487:5:
[INFO] [stdout] assertion `left == right` failed
[INFO] [stdout]   left: [65, 76]
[INFO] [stdout]  right: [64, 76]
[INFO] [stdout] stack backtrace:
[INFO] [stdout]    0:     0x625d0a2d0181 - std[70759c8f55707aa4]::backtrace_rs::backtrace::libunwind::trace
[INFO] [stdout]                                at /rustc/dfb0accb7f508ae8be965d8629557221c889dd98/library/std/src/../../backtrace/src/backtrace/libunwind.rs:117:9
[INFO] [stdout]    1:     0x625d0a2d0181 - std[70759c8f55707aa4]::backtrace_rs::backtrace::trace_unsynchronized::<std[70759c8f55707aa4]::sys::backtrace::_print_fmt::{closure#1}>
[INFO] [stdout]                                at /rustc/dfb0accb7f508ae8be965d8629557221c889dd98/library/std/src/../../backtrace/src/backtrace/mod.rs:66:14
[INFO] [stdout]    2:     0x625d0a2d0181 - std[70759c8f55707aa4]::sys::backtrace::_print_fmt
[INFO] [stdout]                                at /rustc/dfb0accb7f508ae8be965d8629557221c889dd98/library/std/src/sys/backtrace.rs:74:9
[INFO] [stdout]    3:     0x625d0a2d0181 - <<std[70759c8f55707aa4]::sys::backtrace::BacktraceLock>::print::DisplayBacktrace as core[df12db4294e9bfd3]::fmt::Display>::fmt
[INFO] [stdout]                                at /rustc/dfb0accb7f508ae8be965d8629557221c889dd98/library/std/src/sys/backtrace.rs:44:26
[INFO] [stdout]    4:     0x625d0a2e68ca - <core[df12db4294e9bfd3]::fmt::rt::Argument>::fmt
[INFO] [stdout]                                at /rustc/dfb0accb7f508ae8be965d8629557221c889dd98/library/core/src/fmt/rt.rs:152:76
[INFO] [stdout]    5:     0x625d0a2e68ca - core[df12db4294e9bfd3]::fmt::write
[INFO] [stdout]    6:     0x625d0a2d4a3c - core[df12db4294e9bfd3]::io::write::default_write_fmt::<alloc[2182bb758b4b3781]::vec::Vec<u8>>
[INFO] [stdout]                                at /rustc/dfb0accb7f508ae8be965d8629557221c889dd98/library/core/src/io/write.rs:402:11
[INFO] [stdout]    7:     0x625d0a2d4a3c - <alloc[2182bb758b4b3781]::vec::Vec<u8> as core[df12db4294e9bfd3]::io::write::Write>::write_fmt
[INFO] [stdout]                                at /rustc/dfb0accb7f508ae8be965d8629557221c889dd98/library/core/src/io/write.rs:335:13
[INFO] [stdout]    8:     0x625d0a2aabf6 - <std[70759c8f55707aa4]::sys::backtrace::BacktraceLock>::print
[INFO] [stdout]                                at /rustc/dfb0accb7f508ae8be965d8629557221c889dd98/library/std/src/sys/backtrace.rs:47:9
[INFO] [stdout]    9:     0x625d0a2aabf6 - std[70759c8f55707aa4]::panicking::default_hook::{closure#0}
[INFO] [stdout]                                at /rustc/dfb0accb7f508ae8be965d8629557221c889dd98/library/std/src/panicking.rs:292:27
[INFO] [stdout]   10:     0x625d0a2c7e39 - std[70759c8f55707aa4]::panicking::default_hook
[INFO] [stdout]                                at /rustc/dfb0accb7f508ae8be965d8629557221c889dd98/library/std/src/panicking.rs:316:9
[INFO] [stdout]   11:     0x625d09d18960 - <alloc[2182bb758b4b3781]::boxed::Box<dyn for<'a, 'b> core[df12db4294e9bfd3]::ops::function::Fn<(&'a std[70759c8f55707aa4]::panic::PanicHookInfo<'b>,), Output = ()> + core[df12db4294e9bfd3]::marker::Send + core[df12db4294e9bfd3]::marker::Sync> as core[df12db4294e9bfd3]::ops::function::Fn<(&std[70759c8f55707aa4]::panic::PanicHookInfo,)>>::call
[INFO] [stdout]                                at /rustc/dfb0accb7f508ae8be965d8629557221c889dd98/library/alloc/src/boxed.rs:2334:9
[INFO] [stdout]   12:     0x625d09d18960 - test[9d35eded1c95d3be]::test_main_inner::<test[9d35eded1c95d3be]::test_main_static::{closure#0}>::{closure#0}
[INFO] [stdout]                                at /rustc/dfb0accb7f508ae8be965d8629557221c889dd98/library/test/src/lib.rs:155:21
[INFO] [stdout]   13:     0x625d0a2c8162 - <alloc[2182bb758b4b3781]::boxed::Box<dyn for<'a, 'b> core[df12db4294e9bfd3]::ops::function::Fn<(&'a std[70759c8f55707aa4]::panic::PanicHookInfo<'b>,), Output = ()> + core[df12db4294e9bfd3]::marker::Send + core[df12db4294e9bfd3]::marker::Sync> as core[df12db4294e9bfd3]::ops::function::Fn<(&std[70759c8f55707aa4]::panic::PanicHookInfo,)>>::call
[INFO] [stdout]                                at /rustc/dfb0accb7f508ae8be965d8629557221c889dd98/library/alloc/src/boxed.rs:2334:9
[INFO] [stdout]   14:     0x625d0a2c8162 - std[70759c8f55707aa4]::panicking::panic_with_hook
[INFO] [stdout]                                at /rustc/dfb0accb7f508ae8be965d8629557221c889dd98/library/std/src/panicking.rs:823:13
[INFO] [stdout]   15:     0x625d0a2aaca2 - std[70759c8f55707aa4]::panicking::panic_handler::{closure#0}
[INFO] [stdout]                                at /rustc/dfb0accb7f508ae8be965d8629557221c889dd98/library/std/src/panicking.rs:688:13
[INFO] [stdout]   16:     0x625d0a2a38d9 - std[70759c8f55707aa4]::sys::backtrace::__rust_end_short_backtrace::<std[70759c8f55707aa4]::panicking::panic_handler::{closure#0}, !>
[INFO] [stdout]                                at /rustc/dfb0accb7f508ae8be965d8629557221c889dd98/library/std/src/sys/backtrace.rs:182:18
[INFO] [stdout]   17:     0x625d0a2ab89d - __rustc[8fa7c3cbc660c2b3]::rust_begin_unwind
[INFO] [stdout]                                at /rustc/dfb0accb7f508ae8be965d8629557221c889dd98/library/std/src/panicking.rs:679:5
[INFO] [stdout]   18:     0x625d0a2e70ec - core[df12db4294e9bfd3]::panicking::panic_fmt
[INFO] [stdout]                                at /rustc/dfb0accb7f508ae8be965d8629557221c889dd98/library/core/src/panicking.rs:80:14
[INFO] [stdout]   19:     0x625d0a2e6f83 - core[df12db4294e9bfd3]::panicking::assert_failed_inner
[INFO] [stdout]                                at /rustc/dfb0accb7f508ae8be965d8629557221c889dd98/library/core/src/panicking.rs:452:17
[INFO] [stdout]   20:     0x625d09cc8704 - core[df12db4294e9bfd3]::panicking::assert_failed::<alloc[2182bb758b4b3781]::vec::Vec<u64>, alloc[2182bb758b4b3781]::vec::Vec<u64>>
[INFO] [stdout]                                at /rustc/dfb0accb7f508ae8be965d8629557221c889dd98/library/core/src/panicking.rs:407:5
[INFO] [stdout]   21:     0x625d09cb8388 - delivery_27[a9408c96c5b98941]::busy_hardware_edges_retry_indefinitely_once_in_order_with_original_timestamps::{closure#0}
[INFO] [stdout]                                at /opt/rustwide/workdir/tests/delivery_27.rs:487:5
[INFO] [stdout]   22:     0x625d09ccf452 - <core[df12db4294e9bfd3]::pin::Pin<&mut dyn core[df12db4294e9bfd3]::future::future::Future<Output = ()>> as core[df12db4294e9bfd3]::future::future::Future>::poll
[INFO] [stdout]                                at /rustc/dfb0accb7f508ae8be965d8629557221c889dd98/library/core/src/future/future.rs:133:9
[INFO] [stdout]   23:     0x625d09cf82dd - <tokio[b1c58a3673709c37]::runtime::park::CachedParkThread>::block_on::<core[df12db4294e9bfd3]::pin::Pin<&mut dyn core[df12db4294e9bfd3]::future::future::Future<Output = ()>>>::{closure#0}
[INFO] [stdout]                                at /opt/rustwide/cargo-home/registry/src/index.crates.io-1949cf8c6b5b557f/tokio-1.52.3/src/runtime/park.rs:284:71
[INFO] [stdout]   24:     0x625d09cf30ce - tokio[b1c58a3673709c37]::task::coop::with_budget::<core[df12db4294e9bfd3]::task::poll::Poll<()>, <tokio[b1c58a3673709c37]::runtime::park::CachedParkThread>::block_on<core[df12db4294e9bfd3]::pin::Pin<&mut dyn core[df12db4294e9bfd3]::future::future::Future<Output = ()>>>::{closure#0}>
[INFO] [stdout]                                at /opt/rustwide/cargo-home/registry/src/index.crates.io-1949cf8c6b5b557f/tokio-1.52.3/src/task/coop/mod.rs:167:5
[INFO] [stdout]   25:     0x625d09cf30ce - tokio[b1c58a3673709c37]::task::coop::budget::<core[df12db4294e9bfd3]::task::poll::Poll<()>, <tokio[b1c58a3673709c37]::runtime::park::CachedParkThread>::block_on<core[df12db4294e9bfd3]::pin::Pin<&mut dyn core[df12db4294e9bfd3]::future::future::Future<Output = ()>>>::{closure#0}>
[INFO] [stdout]                                at /opt/rustwide/cargo-home/registry/src/index.crates.io-1949cf8c6b5b557f/tokio-1.52.3/src/task/coop/mod.rs:133:5
[INFO] [stdout]   26:     0x625d09cf30ce - <tokio[b1c58a3673709c37]::runtime::park::CachedParkThread>::block_on::<core[df12db4294e9bfd3]::pin::Pin<&mut dyn core[df12db4294e9bfd3]::future::future::Future<Output = ()>>>
[INFO] [stdout]                                at /opt/rustwide/cargo-home/registry/src/index.crates.io-1949cf8c6b5b557f/tokio-1.52.3/src/runtime/park.rs:284:31
[INFO] [stdout]   27:     0x625d09ce8cf6 - <tokio[b1c58a3673709c37]::runtime::context::blocking::BlockingRegionGuard>::block_on::<core[df12db4294e9bfd3]::pin::Pin<&mut dyn core[df12db4294e9bfd3]::future::future::Future<Output = ()>>>
[INFO] [stdout]                                at /opt/rustwide/cargo-home/registry/src/index.crates.io-1949cf8c6b5b557f/tokio-1.52.3/src/runtime/context/blocking.rs:66:14
[INFO] [stdout]   28:     0x625d09cc8b28 - <tokio[b1c58a3673709c37]::runtime::scheduler::multi_thread::MultiThread>::block_on::<core[df12db4294e9bfd3]::pin::Pin<&mut dyn core[df12db4294e9bfd3]::future::future::Future<Output = ()>>>::{closure#0}
[INFO] [stdout]                                at /opt/rustwide/cargo-home/registry/src/index.crates.io-1949cf8c6b5b557f/tokio-1.52.3/src/runtime/scheduler/multi_thread/mod.rs:92:22
[INFO] [stdout]   29:     0x625d09cf72a3 - tokio[b1c58a3673709c37]::runtime::context::runtime::enter_runtime::<<tokio[b1c58a3673709c37]::runtime::scheduler::multi_thread::MultiThread>::block_on<core[df12db4294e9bfd3]::pin::Pin<&mut dyn core[df12db4294e9bfd3]::future::future::Future<Output = ()>>>::{closure#0}, ()>
[INFO] [stdout]                                at /opt/rustwide/cargo-home/registry/src/index.crates.io-1949cf8c6b5b557f/tokio-1.52.3/src/runtime/context/runtime.rs:65:16
[INFO] [stdout]   30:     0x625d09cc8494 - <tokio[b1c58a3673709c37]::runtime::scheduler::multi_thread::MultiThread>::block_on::<core[df12db4294e9bfd3]::pin::Pin<&mut dyn core[df12db4294e9bfd3]::future::future::Future<Output = ()>>>
[INFO] [stdout]                                at /opt/rustwide/cargo-home/registry/src/index.crates.io-1949cf8c6b5b557f/tokio-1.52.3/src/runtime/scheduler/multi_thread/mod.rs:91:9
[INFO] [stdout]   31:     0x625d09cd0c2f - <tokio[b1c58a3673709c37]::runtime::runtime::Runtime>::block_on_inner::<core[df12db4294e9bfd3]::pin::Pin<&mut dyn core[df12db4294e9bfd3]::future::future::Future<Output = ()>>>
[INFO] [stdout]                                at /opt/rustwide/cargo-home/registry/src/index.crates.io-1949cf8c6b5b557f/tokio-1.52.3/src/runtime/runtime.rs:373:50
[INFO] [stdout]   32:     0x625d09cd0dab - <tokio[b1c58a3673709c37]::runtime::runtime::Runtime>::block_on::<core[df12db4294e9bfd3]::pin::Pin<&mut dyn core[df12db4294e9bfd3]::future::future::Future<Output = ()>>>
[INFO] [stdout]                                at /opt/rustwide/cargo-home/registry/src/index.crates.io-1949cf8c6b5b557f/tokio-1.52.3/src/runtime/runtime.rs:345:18
[INFO] [stdout]   33:     0x625d09cb9c24 - delivery_27[a9408c96c5b98941]::busy_hardware_edges_retry_indefinitely_once_in_order_with_original_timestamps
[INFO] [stdout]                                at /opt/rustwide/workdir/tests/delivery_27.rs:494:6
[INFO] [stdout]   34:     0x625d09ca2877 - delivery_27[a9408c96c5b98941]::busy_hardware_edges_retry_indefinitely_once_in_order_with_original_timestamps::{closure#0}
[INFO] [stdout]                                at /opt/rustwide/workdir/tests/delivery_27.rs:427:89
[INFO] [stdout]   35:     0x625d09d00d46 - <delivery_27[a9408c96c5b98941]::busy_hardware_edges_retry_indefinitely_once_in_order_with_original_timestamps::{closure#0} as core[df12db4294e9bfd3]::ops::function::FnOnce<()>>::call_once
[INFO] [stdout]                                at /rustc/dfb0accb7f508ae8be965d8629557221c889dd98/library/core/src/ops/function.rs:250:5
[INFO] [stdout]   36:     0x625d09d0bc4b - <fn() -> core[df12db4294e9bfd3]::result::Result<(), alloc[2182bb758b4b3781]::string::String> as core[df12db4294e9bfd3]::ops::function::FnOnce<()>>::call_once
[INFO] [stdout]                                at /rustc/dfb0accb7f508ae8be965d8629557221c889dd98/library/core/src/ops/function.rs:250:5
[INFO] [stdout]   37:     0x625d09d0bc4b - test[9d35eded1c95d3be]::__rust_begin_short_backtrace::<core[df12db4294e9bfd3]::result::Result<(), alloc[2182bb758b4b3781]::string::String>, fn() -> core[df12db4294e9bfd3]::result::Result<(), alloc[2182bb758b4b3781]::string::String>>
[INFO] [stdout]                                at /rustc/dfb0accb7f508ae8be965d8629557221c889dd98/library/test/src/lib.rs:733:18
[INFO] [stdout]   38:     0x625d09d192b5 - test[9d35eded1c95d3be]::run_test_in_process::{closure#0}
[INFO] [stdout]                                at /rustc/dfb0accb7f508ae8be965d8629557221c889dd98/library/test/src/lib.rs:756:74
[INFO] [stdout]   39:     0x625d09d192b5 - <core[df12db4294e9bfd3]::panic::unwind_safe::AssertUnwindSafe<test[9d35eded1c95d3be]::run_test_in_process::{closure#0}> as core[df12db4294e9bfd3]::ops::function::FnOnce<()>>::call_once
[INFO] [stdout]                                at /rustc/dfb0accb7f508ae8be965d8629557221c889dd98/library/core/src/panic/unwind_safe.rs:275:9
[INFO] [stdout]   40:     0x625d09d192b5 - std[70759c8f55707aa4]::panicking::catch_unwind::do_call::<core[df12db4294e9bfd3]::panic::unwind_safe::AssertUnwindSafe<test[9d35eded1c95d3be]::run_test_in_process::{closure#0}>, core[df12db4294e9bfd3]::result::Result<(), alloc[2182bb758b4b3781]::string::String>>
[INFO] [stdout]                                at /rustc/dfb0accb7f508ae8be965d8629557221c889dd98/library/std/src/panicking.rs:576:43
[INFO] [stdout]   41:     0x625d09d192b5 - std[70759c8f55707aa4]::panicking::catch_unwind::<core[df12db4294e9bfd3]::result::Result<(), alloc[2182bb758b4b3781]::string::String>, core[df12db4294e9bfd3]::panic::unwind_safe::AssertUnwindSafe<test[9d35eded1c95d3be]::run_test_in_process::{closure#0}>>
[INFO] [stdout]                                at /rustc/dfb0accb7f508ae8be965d8629557221c889dd98/library/std/src/panicking.rs:544:19
[INFO] [stdout]   42:     0x625d09d192b5 - std[70759c8f55707aa4]::panic::catch_unwind::<core[df12db4294e9bfd3]::panic::unwind_safe::AssertUnwindSafe<test[9d35eded1c95d3be]::run_test_in_process::{closure#0}>, core[df12db4294e9bfd3]::result::Result<(), alloc[2182bb758b4b3781]::string::String>>
[INFO] [stdout]                                at /rustc/dfb0accb7f508ae8be965d8629557221c889dd98/library/std/src/panic.rs:359:14
[INFO] [stdout]   43:     0x625d09d192b5 - test[9d35eded1c95d3be]::run_test_in_process
[INFO] [stdout]                                at /rustc/dfb0accb7f508ae8be965d8629557221c889dd98/library/test/src/lib.rs:756:27
[INFO] [stdout]   44:     0x625d09d192b5 - test[9d35eded1c95d3be]::run_test::{closure#0}
[INFO] [stdout]                                at /rustc/dfb0accb7f508ae8be965d8629557221c889dd98/library/test/src/lib.rs:677:43
[INFO] [stdout]   45:     0x625d09d12b74 - test[9d35eded1c95d3be]::run_test::{closure#1}
[INFO] [stdout]                                at /rustc/dfb0accb7f508ae8be965d8629557221c889dd98/library/test/src/lib.rs:707:41
[INFO] [stdout]   46:     0x625d09d12b74 - std[70759c8f55707aa4]::sys::backtrace::__rust_begin_short_backtrace::<test[9d35eded1c95d3be]::run_test::{closure#1}, ()>
[INFO] [stdout]                                at /rustc/dfb0accb7f508ae8be965d8629557221c889dd98/library/std/src/sys/backtrace.rs:166:18
[INFO] [stdout]   47:     0x625d09d1c412 - std[70759c8f55707aa4]::thread::lifecycle::spawn_unchecked::<test[9d35eded1c95d3be]::run_test::{closure#1}, ()>::{closure#1}::{closure#0}
[INFO] [stdout]                                at /rustc/dfb0accb7f508ae8be965d8629557221c889dd98/library/std/src/thread/lifecycle.rs:70:13
[INFO] [stdout]   48:     0x625d09d1c412 - <core[df12db4294e9bfd3]::panic::unwind_safe::AssertUnwindSafe<std[70759c8f55707aa4]::thread::lifecycle::spawn_unchecked<test[9d35eded1c95d3be]::run_test::{closure#1}, ()>::{closure#1}::{closure#0}> as core[df12db4294e9bfd3]::ops::function::FnOnce<()>>::call_once
[INFO] [stdout]                                at /rustc/dfb0accb7f508ae8be965d8629557221c889dd98/library/core/src/panic/unwind_safe.rs:275:9
[INFO] [stdout]   49:     0x625d09d1c412 - std[70759c8f55707aa4]::panicking::catch_unwind::do_call::<core[df12db4294e9bfd3]::panic::unwind_safe::AssertUnwindSafe<std[70759c8f55707aa4]::thread::lifecycle::spawn_unchecked<test[9d35eded1c95d3be]::run_test::{closure#1}, ()>::{closure#1}::{closure#0}>, ()>
[INFO] [stdout]                                at /rustc/dfb0accb7f508ae8be965d8629557221c889dd98/library/std/src/panicking.rs:576:43
[INFO] [stdout]   50:     0x625d09d1c412 - std[70759c8f55707aa4]::panicking::catch_unwind::<(), core[df12db4294e9bfd3]::panic::unwind_safe::AssertUnwindSafe<std[70759c8f55707aa4]::thread::lifecycle::spawn_unchecked<test[9d35eded1c95d3be]::run_test::{closure#1}, ()>::{closure#1}::{closure#0}>>
[INFO] [stdout]                                at /rustc/dfb0accb7f508ae8be965d8629557221c889dd98/library/std/src/panicking.rs:544:19
[INFO] [stdout]   51:     0x625d09d1c412 - std[70759c8f55707aa4]::panic::catch_unwind::<core[df12db4294e9bfd3]::panic::unwind_safe::AssertUnwindSafe<std[70759c8f55707aa4]::thread::lifecycle::spawn_unchecked<test[9d35eded1c95d3be]::run_test::{closure#1}, ()>::{closure#1}::{closure#0}>, ()>
[INFO] [stdout]                                at /rustc/dfb0accb7f508ae8be965d8629557221c889dd98/library/std/src/panic.rs:359:14
[INFO] [stdout]   52:     0x625d09d1c412 - std[70759c8f55707aa4]::thread::lifecycle::spawn_unchecked::<test[9d35eded1c95d3be]::run_test::{closure#1}, ()>::{closure#1}
[INFO] [stdout]                                at /rustc/dfb0accb7f508ae8be965d8629557221c889dd98/library/std/src/thread/lifecycle.rs:68:26
[INFO] [stdout]   53:     0x625d09d1c412 - <std[70759c8f55707aa4]::thread::lifecycle::spawn_unchecked<test[9d35eded1c95d3be]::run_test::{closure#1}, ()>::{closure#1} as core[df12db4294e9bfd3]::ops::function::FnOnce<()>>::call_once::{shim:vtable#0}
[INFO] [stdout]                                at /rustc/dfb0accb7f508ae8be965d8629557221c889dd98/library/core/src/ops/function.rs:250:5
[INFO] [stdout]   54:     0x625d0a2cfa19 - <alloc[2182bb758b4b3781]::boxed::Box<dyn core[df12db4294e9bfd3]::ops::function::FnOnce<(), Output = ()> + core[df12db4294e9bfd3]::marker::Send> as core[df12db4294e9bfd3]::ops::function::FnOnce<()>>::call_once
[INFO] [stdout]                                at /rustc/dfb0accb7f508ae8be965d8629557221c889dd98/library/alloc/src/boxed.rs:2320:9
[INFO] [stdout]   55:     0x625d0a2cfa19 - <std[70759c8f55707aa4]::sys::thread::unix::Thread>::new::thread_start
[INFO] [stdout]                                at /rustc/dfb0accb7f508ae8be965d8629557221c889dd98/library/std/src/sys/thread/unix.rs:123:17
[INFO] [stdout]   56:     0x7b9464523dfa - <unknown>
[INFO] [stdout]   57:     0x7b94645b73d4 - clone
[INFO] [stdout]   58:                0x0 - <unknown>
[INFO] [stdout] 
[INFO] [stdout] 
[INFO] [stdout] failures:
[INFO] [stdout]     busy_hardware_edges_retry_indefinitely_once_in_order_with_original_timestamps
[INFO] [stdout] 
[INFO] [stdout] test result: FAILED. 9 passed; 1 failed; 0 ignored; 0 measured; 0 filtered out; finished in 1.45s
[INFO] [stdout] 
[INFO] [stderr] error: test failed, to rerun pass `--test delivery_27`
[INFO] running `Command { std: "docker" "inspect" "310fa9a8cf2a59e1cd08b1de438c42e26aed962595c0856b5d60799521a55bed", kill_on_drop: false }`
[INFO] running `Command { std: "docker" "rm" "-f" "310fa9a8cf2a59e1cd08b1de438c42e26aed962595c0856b5d60799521a55bed", kill_on_drop: false }`
[INFO] [stdout] 310fa9a8cf2a59e1cd08b1de438c42e26aed962595c0856b5d60799521a55bed
