[INFO] cloning repository https://github.com/hqhq1025/clipaste
[INFO] running `Command { std: "git" "-c" "credential.helper=" "-c" "credential.helper=/workspace/cargo-home/bin/git-credential-null" "clone" "--bare" "https://github.com/hqhq1025/clipaste" "/workspace/cache/git-repos/https%3A%2F%2Fgithub.com%2Fhqhq1025%2Fclipaste", kill_on_drop: false }`
[INFO] [stderr] Cloning into bare repository '/workspace/cache/git-repos/https%3A%2F%2Fgithub.com%2Fhqhq1025%2Fclipaste'...
[INFO] running `Command { std: "git" "rev-parse" "HEAD", kill_on_drop: false }`
[INFO] [stdout] 2cdc6fd45532d982f24a55e6e74715e1750d8a13
[INFO] testing hqhq1025/clipaste against 1.99.0-beta.8 for beta-1.100-2
[INFO] running `Command { std: "git" "clone" "/workspace/cache/git-repos/https%3A%2F%2Fgithub.com%2Fhqhq1025%2Fclipaste" "/workspace/builds/worker-7-tc1/source", kill_on_drop: false }`
[INFO] [stderr] Cloning into '/workspace/builds/worker-7-tc1/source'...
[INFO] [stderr] done.
[INFO] started tweaking git repo https://github.com/hqhq1025/clipaste
[INFO] finished tweaking git repo https://github.com/hqhq1025/clipaste
[INFO] tweaked toml for git repo https://github.com/hqhq1025/clipaste written to /workspace/builds/worker-7-tc1/source/Cargo.toml
[INFO] validating manifest of git repo https://github.com/hqhq1025/clipaste on toolchain 1.99.0-beta.8
[INFO] running `Command { std: CARGO_HOME="/workspace/cargo-home" RUSTUP_HOME="/workspace/rustup-home" "/workspace/cargo-home/bin/cargo" "+1.99.0-beta.8" "metadata" "--manifest-path" "Cargo.toml" "--no-deps", kill_on_drop: false }`
[INFO] crate git repo https://github.com/hqhq1025/clipaste already has a lockfile, it will not be regenerated
[INFO] running `Command { std: CARGO_HOME="/workspace/cargo-home" RUSTUP_HOME="/workspace/rustup-home" "/workspace/cargo-home/bin/cargo" "+1.99.0-beta.8" "fetch" "--manifest-path" "Cargo.toml", kill_on_drop: false }`
[INFO] [stderr]     Updating crates.io index
[INFO] [stderr]  Downloading crates ...
[INFO] [stderr]   Downloaded objc2-core-video v0.3.2
[INFO] running `Command { std: "docker" "create" "-v" "/var/lib/crater-agent-workspace/builds/worker-7-tc1/source:/opt/rustwide/workdir:ro,Z" "-v" "/var/lib/crater-agent-workspace/builds/worker-7-tc1/target:/opt/rustwide/target:rw,Z" "-v" "/var/lib/crater-agent-workspace/cargo-home:/opt/rustwide/cargo-home:ro,Z" "-v" "/var/lib/crater-agent-workspace/rustup-home:/opt/rustwide/rustup-home:ro,Z" "-m" "1610612736" "--network" "none" "ghcr.io/rust-lang/crates-build-env/linux@sha256:3111399a4047eeb3a02b7a90e478d715f38a8c6669b5c4b49d30a17385265909" "sleep" "infinity", kill_on_drop: false }`
[INFO] [stdout] 0f00f5328b0dc7be4743f45b9cc3df4d9f82fd702fa53dc275a84cc17e33b2ef
[INFO] running `Command { std: "docker" "start" "0f00f5328b0dc7be4743f45b9cc3df4d9f82fd702fa53dc275a84cc17e33b2ef", kill_on_drop: false }`
[INFO] running `Command { std: "docker" "inspect" "0f00f5328b0dc7be4743f45b9cc3df4d9f82fd702fa53dc275a84cc17e33b2ef", kill_on_drop: false }`
[INFO] running `Command { std: "docker" "exec" "-e" "SOURCE_DIR=/opt/rustwide/workdir" "-e" "CARGO_HOME=/opt/rustwide/cargo-home" "-e" "RUSTUP_HOME=/opt/rustwide/rustup-home" "-e" "CARGO_TARGET_DIR=/opt/rustwide/target" "-w" "/opt/rustwide/workdir" "--user" "0:0" "0f00f5328b0dc7be4743f45b9cc3df4d9f82fd702fa53dc275a84cc17e33b2ef" "/opt/rustwide/cargo-home/bin/cargo" "+1.99.0-beta.8" "metadata" "--no-deps" "--format-version=1", kill_on_drop: false }`
[INFO] running `Command { std: "docker" "inspect" "0f00f5328b0dc7be4743f45b9cc3df4d9f82fd702fa53dc275a84cc17e33b2ef", kill_on_drop: false }`
[INFO] running `Command { std: "docker" "exec" "-e" "SOURCE_DIR=/opt/rustwide/workdir" "-e" "CARGO_HOME=/opt/rustwide/cargo-home" "-e" "RUSTUP_HOME=/opt/rustwide/rustup-home" "-e" "CARGO_TARGET_DIR=/opt/rustwide/target" "-e" "CARGO_INCREMENTAL=0" "-e" "RUST_BACKTRACE=full" "-e" "RUSTFLAGS=--cap-lints=warn" "-e" "RUSTDOCFLAGS=--cap-lints=warn" "-w" "/opt/rustwide/workdir" "--user" "0:0" "0f00f5328b0dc7be4743f45b9cc3df4d9f82fd702fa53dc275a84cc17e33b2ef" "/opt/rustwide/cargo-home/bin/cargo" "+1.99.0-beta.8" "build" "--frozen" "--message-format=json", kill_on_drop: false }`
[INFO] [stderr]    Compiling crc32fast v1.5.0
[INFO] [stderr]    Compiling simd-adler32 v0.3.9
[INFO] [stderr]    Compiling adler2 v2.0.1
[INFO] [stderr]    Compiling zune-core v0.5.1
[INFO] [stderr]    Compiling weezl v0.1.12
[INFO] [stderr]    Compiling quick-error v2.0.1
[INFO] [stderr]    Compiling num-traits v0.2.19
[INFO] [stderr]    Compiling pxfm v0.1.28
[INFO] [stderr]    Compiling byteorder-lite v0.1.0
[INFO] [stderr]    Compiling bytemuck v1.25.0
[INFO] [stderr]    Compiling syn v2.0.117
[INFO] [stderr]    Compiling digest v0.10.7
[INFO] [stderr]    Compiling sha2 v0.10.9
[INFO] [stderr]    Compiling zune-jpeg v0.5.15
[INFO] [stderr]    Compiling miniz_oxide v0.8.9
[INFO] [stderr]    Compiling fdeflate v0.3.7
[INFO] [stderr]    Compiling flate2 v1.1.9
[INFO] [stderr]    Compiling png v0.18.1
[INFO] [stderr]    Compiling moxcms v0.8.1
[INFO] [stderr]    Compiling zerocopy-derive v0.8.48
[INFO] [stderr]    Compiling fax_derive v0.2.0
[INFO] [stderr]    Compiling fax v0.2.6
[INFO] [stderr]    Compiling zerocopy v0.8.48
[INFO] [stderr]    Compiling half v2.7.1
[INFO] [stderr]    Compiling tiff v0.11.3
[INFO] [stderr]    Compiling image v0.25.10
[INFO] [stderr]    Compiling clipaste v2.6.0 (/opt/rustwide/workdir)
[INFO] [stderr]     Finished `dev` profile [unoptimized + debuginfo] target(s) in 19.31s
[INFO] running `Command { std: "docker" "inspect" "0f00f5328b0dc7be4743f45b9cc3df4d9f82fd702fa53dc275a84cc17e33b2ef", kill_on_drop: false }`
[INFO] running `Command { std: "docker" "exec" "-e" "SOURCE_DIR=/opt/rustwide/workdir" "-e" "CARGO_HOME=/opt/rustwide/cargo-home" "-e" "RUSTUP_HOME=/opt/rustwide/rustup-home" "-e" "CARGO_TARGET_DIR=/opt/rustwide/target" "-e" "CARGO_INCREMENTAL=0" "-e" "RUST_BACKTRACE=full" "-e" "RUSTFLAGS=--cap-lints=warn" "-e" "RUSTDOCFLAGS=--cap-lints=warn" "-w" "/opt/rustwide/workdir" "--user" "0:0" "0f00f5328b0dc7be4743f45b9cc3df4d9f82fd702fa53dc275a84cc17e33b2ef" "/opt/rustwide/cargo-home/bin/cargo" "+1.99.0-beta.8" "test" "--frozen" "--no-run" "--message-format=json", kill_on_drop: false }`
[INFO] [stderr]    Compiling clipaste v2.6.0 (/opt/rustwide/workdir)
[INFO] [stderr]     Finished `test` profile [unoptimized + debuginfo] target(s) in 2.41s
[INFO] running `Command { std: "docker" "inspect" "0f00f5328b0dc7be4743f45b9cc3df4d9f82fd702fa53dc275a84cc17e33b2ef", kill_on_drop: false }`
[INFO] running `Command { std: "docker" "exec" "-e" "SOURCE_DIR=/opt/rustwide/workdir" "-e" "CARGO_HOME=/opt/rustwide/cargo-home" "-e" "RUSTUP_HOME=/opt/rustwide/rustup-home" "-e" "CARGO_TARGET_DIR=/opt/rustwide/target" "-e" "CARGO_INCREMENTAL=0" "-e" "RUST_BACKTRACE=full" "-e" "RUSTFLAGS=--cap-lints=warn" "-e" "RUSTDOCFLAGS=--cap-lints=warn" "-w" "/opt/rustwide/workdir" "--user" "0:0" "0f00f5328b0dc7be4743f45b9cc3df4d9f82fd702fa53dc275a84cc17e33b2ef" "/opt/rustwide/cargo-home/bin/cargo" "+1.99.0-beta.8" "test" "--frozen", kill_on_drop: false }`
[INFO] [stderr]     Finished `test` profile [unoptimized + debuginfo] target(s) in 0.09s
[INFO] [stderr]      Running unittests src/main.rs (/opt/rustwide/target/debug/deps/clipaste-1b1d3abea1c318b9)
[INFO] [stdout] 
[INFO] [stdout] running 59 tests
[INFO] [stdout] test common::cache_tests::cache_names_have_a_fixed_algorithm ... ok
[INFO] [stdout] test doctor::tests::health_body_reports_server_only_without_breaking_readers ... ok
[INFO] [stdout] test doctor::tests::human_output_lists_every_fix ... ok
[INFO] [stdout] test doctor::tests::json_is_well_formed_and_escaped ... ok
[INFO] [stdout] test common::cache_tests::cache_process_child ... ok
[INFO] [stdout] test common::cache_tests::conflicting_or_corrupt_file_is_not_overwritten ... ok
[INFO] [stdout] test common::cache_tests::symlink_cache_entries_and_directories_are_rejected ... ok
[INFO] [stdout] test doctor::tests::parses_helper_url ... ok
[INFO] [stdout] test doctor::tests::native_linux_is_not_assumed_to_be_an_ssh_remote ... ok
[INFO] [stdout] test doctor::tests::reads_health_fields ... ok
[INFO] [stdout] test common::cache_tests::publication_preserves_complete_file_after_staging_cleanup ... ok
[INFO] [stdout] test doctor::tests::role_detection_preserves_existing_consumers_and_supported_hosts ... ok
[INFO] [stdout] test doctor::tests::json_reports_null_fix_when_healthy ... ok
[INFO] [stdout] test doctor::tests::worst_status_and_exit_code ... ok
[INFO] [stdout] test doctor::tests::unsupported_host_reports_capability_without_install_or_network_checks ... ok
[INFO] [stdout] test linux::tests::capability_and_sensitive_types_are_explicit ... ok
[INFO] [stdout] test linux::tests::transitions_deduplicate_clear_and_retry_cache_failures ... ok
[INFO] [stdout] test ssh_setup::tests::candidates_never_empty ... ok
[INFO] [stdout] test ssh_setup::tests::extract_hostname_strips_user ... ok
[INFO] [stdout] test ssh_setup::tests::does_not_duplicate_existing_user_port ... ok
[INFO] [stdout] test linux::tests::rejects_corrupt_or_mislabeled_images ... ok
[INFO] [stdout] test ssh_setup::tests::idempotent_when_forward_present_no_port_requested ... ok
[INFO] [stdout] test ssh_setup::tests::injects_into_existing_block_after_hostname ... ok
[INFO] [stdout] test ssh_setup::tests::loopback_never_duplicated_when_it_is_also_the_nameserver ... ok
[INFO] [stdout] test ssh_setup::tests::health_body_must_identify_clipaste ... ok
[INFO] [stdout] test common::cache_tests::creates_missing_cache_directory ... ok
[INFO] [stdout] test ssh_setup::tests::adds_only_port_when_forward_already_present ... ok
[INFO] [stdout] test ssh_setup::tests::mirrored_mode_probes_loopback_first ... ok
[INFO] [stdout] test ssh_setup::tests::new_block_with_custom_port ... ok
[INFO] [stdout] test ssh_setup::tests::parses_nameserver ... ok
[INFO] [stdout] test ssh_setup::tests::remote_script_installs_helper_and_patches_path ... ok
[INFO] [stdout] test ssh_setup::tests::nat_mode_prefers_nameserver_then_gateway ... ok
[INFO] [stdout] test ssh_setup::tests::skips_wildcard_block ... ok
[INFO] [stdout] test ssh_setup::tests::nat_with_dns_tunneling_falls_back_to_gateway ... ok
[INFO] [stdout] test ssh_setup::tests::parses_ip_route_default ... ok
[INFO] [stdout] test ssh_setup::tests::parses_proc_net_route ... ok
[INFO] [stdout] test common::cache_tests::publication_verifies_competing_writer_without_replacing_it ... ok
[INFO] [stdout] test ssh_setup::tests::new_block_when_no_match ... ok
[INFO] [stdout] test ssh_setup::tests::ssh_port_args_shape ... ok
[INFO] [stdout] test tests::port_then_host ... ok
[INFO] [stdout] test ssh_setup::tests::unknown_mode_still_reaches_loopback ... ok
[INFO] [stdout] test tests::server_only_is_opt_in_with_one ... ok
[INFO] [stdout] test tests::server_only_rejects_values_it_would_otherwise_ignore ... ok
[INFO] [stdout] test tests::wsl_setup_defaults_to_autodetect ... ok
[INFO] [stdout] test tests::wsl_setup_errors ... ok
[INFO] [stdout] test tests::wsl_setup_host_forms ... ok
[INFO] [stdout] test tests::errors ... ok
[INFO] [stdout] test tests::host_only ... ok
[INFO] [stdout] test tests::host_then_port ... ok
[INFO] [stdout] test tests::long_and_attached_forms ... ok
[INFO] [stdout] test common::cache_tests::cleanup_retains_published_and_legacy_paths ... ok
[INFO] [stdout] test common::cache_tests::publication_failure_does_not_leave_staging_files ... ok
[INFO] [stdout] 
[INFO] [stdout] running 1 test
[INFO] [stdout] test common::cache_tests::cache_process_child ... ok
[INFO] [stdout] 
[INFO] [stdout] test result: ok. 1 passed; 0 failed; 0 ignored; 0 measured; 58 filtered out; finished in 0.00s
[INFO] [stdout] 
[INFO] [stdout] test common::cache_tests::identical_bytes_reuse_published_file_across_processes ... ok
[INFO] [stdout] test common::cache_tests::cache_directory_and_files_are_private ... ok
[INFO] [stdout] test common::cache_tests::concurrent_writers_publish_complete_deduplicated_files ... ok
[INFO] [stdout] test ssh_setup::tests::generated_scripts_are_valid_bash ... ok
[INFO] [stdout] test linux::tests::commands_have_bounded_time_and_output_even_with_descendants ... ok
[INFO] [stdout] test ssh_setup::tests::remote_script_run_installs_into_empty_home ... ok
[INFO] [stdout] test common::cache_tests::rapid_distinct_images_never_overwrite_each_other ... ok
[INFO] [stdout] 
[INFO] [stdout] test result: ok. 59 passed; 0 failed; 0 ignored; 0 measured; 0 filtered out; finished in 0.24s
[INFO] [stdout] 
[INFO] [stderr]      Running tests/linux_cli.rs (/opt/rustwide/target/debug/deps/linux_cli-50ee9f778723f674)
[INFO] [stdout] 
[INFO] [stdout] running 13 tests
[INFO] [stdout] test linux_ssh_setup_reports_linux_start_command_without_connecting ... ok
[INFO] [stdout] test ssh_and_wsl_consumers_keep_their_existing_diagnostic_paths ... ok
[INFO] [stdout] test desktop_backend_checks_dependencies_and_never_executes_consumer_shims ... ok
[INFO] [stdout] test configured_consumer_without_ssh_variables_is_still_diagnosed ... ok
[INFO] [stdout] test headless_daemon_fails_before_side_effects ... ok
[INFO] [stdout] test help_version_and_consumer_argument_validation_remain_available ... ok
[INFO] [stdout] test valid_wsl_setup_still_installs_consumer_helpers ... ok
[INFO] [stdout] test configured_consumer_checks_its_bridge_without_real_network_access ... ok
[INFO] [stdout] test native_linux_or_wsl_doctor_reports_the_applicable_failure ... ok
[INFO] [stderr] clipaste: Clipboard read interrupted
[INFO] [stdout] test native_wayland_backend_accepts_data_control_and_empty_clipboard ... ok
[INFO] [stderr] clipaste: Clipboard read interrupted
[INFO] [stdout] test normal_stop_cleans_up_a_hung_clipboard_process_group ... FAILED
[INFO] [stdout] test wayland_requires_empty_selection_event_support ... ok
[INFO] [stdout] test wayland_failure_and_xwayland_fallback_are_visible ... ok
[INFO] [stdout] 
[INFO] [stdout] failures:
[INFO] [stdout] 
[INFO] [stdout] ---- normal_stop_cleans_up_a_hung_clipboard_process_group stdout ----
[INFO] [stdout] 
[INFO] [stdout] thread 'normal_stop_cleans_up_a_hung_clipboard_process_group' (716) panicked at tests/linux_cli.rs:413:9:
[INFO] [stdout] clipboard subprocess 771 still running: Name:	sleep
[INFO] [stdout] Umask:	0022
[INFO] [stdout] State:	R (running)
[INFO] [stdout] Tgid:	771
[INFO] [stdout] Ngid:	0
[INFO] [stdout] Pid:	771
[INFO] [stdout] PPid:	1
[INFO] [stdout] TracerPid:	0
[INFO] [stdout] Uid:	0	0	0	0
[INFO] [stdout] Gid:	0	0	0	0
[INFO] [stdout] FDSize:	64
[INFO] [stdout] Groups:	0 
[INFO] [stdout] NStgid:	771
[INFO] [stdout] NSpid:	771
[INFO] [stdout] NSpgid:	770
[INFO] [stdout] NSsid:	581
[INFO] [stdout] Kthread:	0
[INFO] [stdout] VmPeak:	   16160 kB
[INFO] [stdout] VmSize:	   16112 kB
[INFO] [stdout] VmLck:	       0 kB
[INFO] [stdout] VmPin:	       0 kB
[INFO] [stdout] VmHWM:	    6256 kB
[INFO] [stdout] VmRSS:	    6256 kB
[INFO] [stdout] RssAnon:	    1116 kB
[INFO] [stdout] RssFile:	    5140 kB
[INFO] [stdout] RssShmem:	       0 kB
[INFO] [stdout] VmData:	     288 kB
[INFO] [stdout] VmStk:	     132 kB
[INFO] [stdout] VmExe:	    4832 kB
[INFO] [stdout] VmLib:	    3240 kB
[INFO] [stdout] VmPTE:	      80 kB
[INFO] [stdout] VmSwap:	       0 kB
[INFO] [stdout] HugetlbPages:	       0 kB
[INFO] [stdout] CoreDumping:	0
[INFO] [stdout] THP_enabled:	1
[INFO] [stdout] untag_mask:	0xffffffffffffffff
[INFO] [stdout] Threads:	1
[INFO] [stdout] SigQ:	1/57765
[INFO] [stdout] SigPnd:	0000000000000100
[INFO] [stdout] ShdPnd:	0000000000000100
[INFO] [stderr] error: test failed, to rerun pass `--test linux_cli`
[INFO] [stdout] SigBlk:	0000000000000000
[INFO] [stdout] SigIgn:	0000000180001006
[INFO] [stdout] SigCgt:	0000000000000440
[INFO] [stdout] CapInh:	0000000000000000
[INFO] [stdout] CapPrm:	00000000a80425fb
[INFO] [stdout] CapEff:	00000000a80425fb
[INFO] [stdout] CapBnd:	00000000a80425fb
[INFO] [stdout] CapAmb:	0000000000000000
[INFO] [stdout] NoNewPrivs:	0
[INFO] [stdout] Seccomp:	2
[INFO] [stdout] Seccomp_filters:	1
[INFO] [stdout] Speculation_Store_Bypass:	thread vulnerable
[INFO] [stdout] SpeculationIndirectBranch:	conditional enabled
[INFO] [stdout] Cpus_allowed:	ffff
[INFO] [stdout] Cpus_allowed_list:	0-15
[INFO] [stdout] Mems_allowed:	00000000,00000000,00000000,00000000,00000000,00000000,00000000,00000000,00000000,00000000,00000000,00000000,00000000,00000000,00000000,00000000,00000000,00000000,00000000,00000000,00000000,00000000,00000000,00000000,00000000,00000000,00000000,00000000,00000000,00000000,00000000,00000001
[INFO] [stdout] Mems_allowed_list:	0
[INFO] [stdout] voluntary_ctxt_switches:	0
[INFO] [stdout] nonvoluntary_ctxt_switches:	1
[INFO] [stdout] x86_Thread_features:	
[INFO] [stdout] x86_Thread_features_locked:	
[INFO] [stdout] 
[INFO] [stdout] stack backtrace:
[INFO] [stdout]    0:     0x592c7e8686f1 - std[70759c8f55707aa4]::backtrace_rs::backtrace::libunwind::trace
[INFO] [stdout]                                at /rustc/dfb0accb7f508ae8be965d8629557221c889dd98/library/std/src/../../backtrace/src/backtrace/libunwind.rs:117:9
[INFO] [stdout]    1:     0x592c7e8686f1 - std[70759c8f55707aa4]::backtrace_rs::backtrace::trace_unsynchronized::<std[70759c8f55707aa4]::sys::backtrace::_print_fmt::{closure#1}>
[INFO] [stdout]                                at /rustc/dfb0accb7f508ae8be965d8629557221c889dd98/library/std/src/../../backtrace/src/backtrace/mod.rs:66:14
[INFO] [stdout]    2:     0x592c7e8686f1 - std[70759c8f55707aa4]::sys::backtrace::_print_fmt
[INFO] [stdout]                                at /rustc/dfb0accb7f508ae8be965d8629557221c889dd98/library/std/src/sys/backtrace.rs:74:9
[INFO] [stdout]    3:     0x592c7e8686f1 - <<std[70759c8f55707aa4]::sys::backtrace::BacktraceLock>::print::DisplayBacktrace as core[df12db4294e9bfd3]::fmt::Display>::fmt
[INFO] [stdout]                                at /rustc/dfb0accb7f508ae8be965d8629557221c889dd98/library/std/src/sys/backtrace.rs:44:26
[INFO] [stdout]    4:     0x592c7e87ddca - <core[df12db4294e9bfd3]::fmt::rt::Argument>::fmt
[INFO] [stdout]                                at /rustc/dfb0accb7f508ae8be965d8629557221c889dd98/library/core/src/fmt/rt.rs:152:76
[INFO] [stdout]    5:     0x592c7e87ddca - core[df12db4294e9bfd3]::fmt::write
[INFO] [stdout]    6:     0x592c7e86d09c - core[df12db4294e9bfd3]::io::write::default_write_fmt::<alloc[2182bb758b4b3781]::vec::Vec<u8>>
[INFO] [stdout]                                at /rustc/dfb0accb7f508ae8be965d8629557221c889dd98/library/core/src/io/write.rs:402:11
[INFO] [stdout]    7:     0x592c7e86d09c - <alloc[2182bb758b4b3781]::vec::Vec<u8> as core[df12db4294e9bfd3]::io::write::Write>::write_fmt
[INFO] [stdout]                                at /rustc/dfb0accb7f508ae8be965d8629557221c889dd98/library/core/src/io/write.rs:335:13
[INFO] [stdout]    8:     0x592c7e8428a6 - <std[70759c8f55707aa4]::sys::backtrace::BacktraceLock>::print
[INFO] [stdout]                                at /rustc/dfb0accb7f508ae8be965d8629557221c889dd98/library/std/src/sys/backtrace.rs:47:9
[INFO] [stdout]    9:     0x592c7e8428a6 - std[70759c8f55707aa4]::panicking::default_hook::{closure#0}
[INFO] [stdout]                                at /rustc/dfb0accb7f508ae8be965d8629557221c889dd98/library/std/src/panicking.rs:292:27
[INFO] [stdout]   10:     0x592c7e85fe29 - std[70759c8f55707aa4]::panicking::default_hook
[INFO] [stdout]                                at /rustc/dfb0accb7f508ae8be965d8629557221c889dd98/library/std/src/panicking.rs:316:9
[INFO] [stdout]   11:     0x592c7e7fa670 - <alloc[2182bb758b4b3781]::boxed::Box<dyn for<'a, 'b> core[df12db4294e9bfd3]::ops::function::Fn<(&'a std[70759c8f55707aa4]::panic::PanicHookInfo<'b>,), Output = ()> + core[df12db4294e9bfd3]::marker::Send + core[df12db4294e9bfd3]::marker::Sync> as core[df12db4294e9bfd3]::ops::function::Fn<(&std[70759c8f55707aa4]::panic::PanicHookInfo,)>>::call
[INFO] [stdout]                                at /rustc/dfb0accb7f508ae8be965d8629557221c889dd98/library/alloc/src/boxed.rs:2334:9
[INFO] [stdout]   12:     0x592c7e7fa670 - test[9d35eded1c95d3be]::test_main_inner::<test[9d35eded1c95d3be]::test_main_static::{closure#0}>::{closure#0}
[INFO] [stdout]                                at /rustc/dfb0accb7f508ae8be965d8629557221c889dd98/library/test/src/lib.rs:155:21
[INFO] [stdout]   13:     0x592c7e85ffe2 - <alloc[2182bb758b4b3781]::boxed::Box<dyn for<'a, 'b> core[df12db4294e9bfd3]::ops::function::Fn<(&'a std[70759c8f55707aa4]::panic::PanicHookInfo<'b>,), Output = ()> + core[df12db4294e9bfd3]::marker::Send + core[df12db4294e9bfd3]::marker::Sync> as core[df12db4294e9bfd3]::ops::function::Fn<(&std[70759c8f55707aa4]::panic::PanicHookInfo,)>>::call
[INFO] [stdout]                                at /rustc/dfb0accb7f508ae8be965d8629557221c889dd98/library/alloc/src/boxed.rs:2334:9
[INFO] [stdout]   14:     0x592c7e85ffe2 - std[70759c8f55707aa4]::panicking::panic_with_hook
[INFO] [stdout]                                at /rustc/dfb0accb7f508ae8be965d8629557221c889dd98/library/std/src/panicking.rs:823:13
[INFO] [stdout]   15:     0x592c7e842952 - std[70759c8f55707aa4]::panicking::panic_handler::{closure#0}
[INFO] [stdout]                                at /rustc/dfb0accb7f508ae8be965d8629557221c889dd98/library/std/src/panicking.rs:688:13
[INFO] [stdout]   16:     0x592c7e83b389 - std[70759c8f55707aa4]::sys::backtrace::__rust_end_short_backtrace::<std[70759c8f55707aa4]::panicking::panic_handler::{closure#0}, !>
[INFO] [stdout]                                at /rustc/dfb0accb7f508ae8be965d8629557221c889dd98/library/std/src/sys/backtrace.rs:182:18
[INFO] [stdout]   17:     0x592c7e84360d - __rustc[8fa7c3cbc660c2b3]::rust_begin_unwind
[INFO] [stdout]                                at /rustc/dfb0accb7f508ae8be965d8629557221c889dd98/library/std/src/panicking.rs:679:5
[INFO] [stdout]   18:     0x592c7e87e55c - core[df12db4294e9bfd3]::panicking::panic_fmt
[INFO] [stdout]                                at /rustc/dfb0accb7f508ae8be965d8629557221c889dd98/library/core/src/panicking.rs:80:14
[INFO] [stdout]   19:     0x592c7e7e3496 - linux_cli[333cb5ba6220fa59]::stop_hung_command
[INFO] [stdout]                                at /opt/rustwide/workdir/tests/linux_cli.rs:413:9
[INFO] [stdout]   20:     0x592c7e7e6126 - linux_cli[333cb5ba6220fa59]::normal_stop_cleans_up_a_hung_clipboard_process_group
[INFO] [stdout]                                at /opt/rustwide/workdir/tests/linux_cli.rs:372:13
[INFO] [stdout]   21:     0x592c7e7e22d7 - linux_cli[333cb5ba6220fa59]::normal_stop_cleans_up_a_hung_clipboard_process_group::{closure#0}
[INFO] [stdout]                                at /opt/rustwide/workdir/tests/linux_cli.rs:366:58
[INFO] [stdout]   22:     0x592c7e7e1206 - <linux_cli[333cb5ba6220fa59]::normal_stop_cleans_up_a_hung_clipboard_process_group::{closure#0} as core[df12db4294e9bfd3]::ops::function::FnOnce<()>>::call_once
[INFO] [stdout]                                at /rustc/dfb0accb7f508ae8be965d8629557221c889dd98/library/core/src/ops/function.rs:250:5
[INFO] [stdout]   23:     0x592c7e7ed95b - <fn() -> core[df12db4294e9bfd3]::result::Result<(), alloc[2182bb758b4b3781]::string::String> as core[df12db4294e9bfd3]::ops::function::FnOnce<()>>::call_once
[INFO] [stdout]                                at /rustc/dfb0accb7f508ae8be965d8629557221c889dd98/library/core/src/ops/function.rs:250:5
[INFO] [stdout]   24:     0x592c7e7ed95b - test[9d35eded1c95d3be]::__rust_begin_short_backtrace::<core[df12db4294e9bfd3]::result::Result<(), alloc[2182bb758b4b3781]::string::String>, fn() -> core[df12db4294e9bfd3]::result::Result<(), alloc[2182bb758b4b3781]::string::String>>
[INFO] [stdout]                                at /rustc/dfb0accb7f508ae8be965d8629557221c889dd98/library/test/src/lib.rs:733:18
[INFO] [stdout]   25:     0x592c7e7fafc5 - test[9d35eded1c95d3be]::run_test_in_process::{closure#0}
[INFO] [stdout]                                at /rustc/dfb0accb7f508ae8be965d8629557221c889dd98/library/test/src/lib.rs:756:74
[INFO] [stdout]   26:     0x592c7e7fafc5 - <core[df12db4294e9bfd3]::panic::unwind_safe::AssertUnwindSafe<test[9d35eded1c95d3be]::run_test_in_process::{closure#0}> as core[df12db4294e9bfd3]::ops::function::FnOnce<()>>::call_once
[INFO] [stdout]                                at /rustc/dfb0accb7f508ae8be965d8629557221c889dd98/library/core/src/panic/unwind_safe.rs:275:9
[INFO] [stdout]   27:     0x592c7e7fafc5 - std[70759c8f55707aa4]::panicking::catch_unwind::do_call::<core[df12db4294e9bfd3]::panic::unwind_safe::AssertUnwindSafe<test[9d35eded1c95d3be]::run_test_in_process::{closure#0}>, core[df12db4294e9bfd3]::result::Result<(), alloc[2182bb758b4b3781]::string::String>>
[INFO] [stdout]                                at /rustc/dfb0accb7f508ae8be965d8629557221c889dd98/library/std/src/panicking.rs:576:43
[INFO] [stdout]   28:     0x592c7e7fafc5 - std[70759c8f55707aa4]::panicking::catch_unwind::<core[df12db4294e9bfd3]::result::Result<(), alloc[2182bb758b4b3781]::string::String>, core[df12db4294e9bfd3]::panic::unwind_safe::AssertUnwindSafe<test[9d35eded1c95d3be]::run_test_in_process::{closure#0}>>
[INFO] [stdout]                                at /rustc/dfb0accb7f508ae8be965d8629557221c889dd98/library/std/src/panicking.rs:544:19
[INFO] [stdout]   29:     0x592c7e7fafc5 - std[70759c8f55707aa4]::panic::catch_unwind::<core[df12db4294e9bfd3]::panic::unwind_safe::AssertUnwindSafe<test[9d35eded1c95d3be]::run_test_in_process::{closure#0}>, core[df12db4294e9bfd3]::result::Result<(), alloc[2182bb758b4b3781]::string::String>>
[INFO] [stdout]                                at /rustc/dfb0accb7f508ae8be965d8629557221c889dd98/library/std/src/panic.rs:359:14
[INFO] [stdout]   30:     0x592c7e7fafc5 - test[9d35eded1c95d3be]::run_test_in_process
[INFO] [stdout]                                at /rustc/dfb0accb7f508ae8be965d8629557221c889dd98/library/test/src/lib.rs:756:27
[INFO] [stdout]   31:     0x592c7e7fafc5 - test[9d35eded1c95d3be]::run_test::{closure#0}
[INFO] [stdout]                                at /rustc/dfb0accb7f508ae8be965d8629557221c889dd98/library/test/src/lib.rs:677:43
[INFO] [stdout]   32:     0x592c7e7f4884 - test[9d35eded1c95d3be]::run_test::{closure#1}
[INFO] [stdout]                                at /rustc/dfb0accb7f508ae8be965d8629557221c889dd98/library/test/src/lib.rs:707:41
[INFO] [stdout]   33:     0x592c7e7f4884 - std[70759c8f55707aa4]::sys::backtrace::__rust_begin_short_backtrace::<test[9d35eded1c95d3be]::run_test::{closure#1}, ()>
[INFO] [stdout]                                at /rustc/dfb0accb7f508ae8be965d8629557221c889dd98/library/std/src/sys/backtrace.rs:166:18
[INFO] [stdout]   34:     0x592c7e7fe122 - std[70759c8f55707aa4]::thread::lifecycle::spawn_unchecked::<test[9d35eded1c95d3be]::run_test::{closure#1}, ()>::{closure#1}::{closure#0}
[INFO] [stdout]                                at /rustc/dfb0accb7f508ae8be965d8629557221c889dd98/library/std/src/thread/lifecycle.rs:70:13
[INFO] [stdout]   35:     0x592c7e7fe122 - <core[df12db4294e9bfd3]::panic::unwind_safe::AssertUnwindSafe<std[70759c8f55707aa4]::thread::lifecycle::spawn_unchecked<test[9d35eded1c95d3be]::run_test::{closure#1}, ()>::{closure#1}::{closure#0}> as core[df12db4294e9bfd3]::ops::function::FnOnce<()>>::call_once
[INFO] [stdout]                                at /rustc/dfb0accb7f508ae8be965d8629557221c889dd98/library/core/src/panic/unwind_safe.rs:275:9
[INFO] [stdout]   36:     0x592c7e7fe122 - std[70759c8f55707aa4]::panicking::catch_unwind::do_call::<core[df12db4294e9bfd3]::panic::unwind_safe::AssertUnwindSafe<std[70759c8f55707aa4]::thread::lifecycle::spawn_unchecked<test[9d35eded1c95d3be]::run_test::{closure#1}, ()>::{closure#1}::{closure#0}>, ()>
[INFO] [stdout]                                at /rustc/dfb0accb7f508ae8be965d8629557221c889dd98/library/std/src/panicking.rs:576:43
[INFO] [stdout]   37:     0x592c7e7fe122 - std[70759c8f55707aa4]::panicking::catch_unwind::<(), core[df12db4294e9bfd3]::panic::unwind_safe::AssertUnwindSafe<std[70759c8f55707aa4]::thread::lifecycle::spawn_unchecked<test[9d35eded1c95d3be]::run_test::{closure#1}, ()>::{closure#1}::{closure#0}>>
[INFO] [stdout]                                at /rustc/dfb0accb7f508ae8be965d8629557221c889dd98/library/std/src/panicking.rs:544:19
[INFO] [stdout]   38:     0x592c7e7fe122 - std[70759c8f55707aa4]::panic::catch_unwind::<core[df12db4294e9bfd3]::panic::unwind_safe::AssertUnwindSafe<std[70759c8f55707aa4]::thread::lifecycle::spawn_unchecked<test[9d35eded1c95d3be]::run_test::{closure#1}, ()>::{closure#1}::{closure#0}>, ()>
[INFO] [stdout]                                at /rustc/dfb0accb7f508ae8be965d8629557221c889dd98/library/std/src/panic.rs:359:14
[INFO] [stdout]   39:     0x592c7e7fe122 - std[70759c8f55707aa4]::thread::lifecycle::spawn_unchecked::<test[9d35eded1c95d3be]::run_test::{closure#1}, ()>::{closure#1}
[INFO] [stdout]                                at /rustc/dfb0accb7f508ae8be965d8629557221c889dd98/library/std/src/thread/lifecycle.rs:68:26
[INFO] [stdout]   40:     0x592c7e7fe122 - <std[70759c8f55707aa4]::thread::lifecycle::spawn_unchecked<test[9d35eded1c95d3be]::run_test::{closure#1}, ()>::{closure#1} as core[df12db4294e9bfd3]::ops::function::FnOnce<()>>::call_once::{shim:vtable#0}
[INFO] [stdout]                                at /rustc/dfb0accb7f508ae8be965d8629557221c889dd98/library/core/src/ops/function.rs:250:5
[INFO] [stdout]   41:     0x592c7e867a69 - <alloc[2182bb758b4b3781]::boxed::Box<dyn core[df12db4294e9bfd3]::ops::function::FnOnce<(), Output = ()> + core[df12db4294e9bfd3]::marker::Send> as core[df12db4294e9bfd3]::ops::function::FnOnce<()>>::call_once
[INFO] [stdout]                                at /rustc/dfb0accb7f508ae8be965d8629557221c889dd98/library/alloc/src/boxed.rs:2320:9
[INFO] [stdout]   42:     0x592c7e867a69 - <std[70759c8f55707aa4]::sys::thread::unix::Thread>::new::thread_start
[INFO] [stdout]                                at /rustc/dfb0accb7f508ae8be965d8629557221c889dd98/library/std/src/sys/thread/unix.rs:123:17
[INFO] [stdout]   43:     0x7622ac710dfa - <unknown>
[INFO] [stdout]   44:     0x7622ac7a43d4 - clone
[INFO] [stdout]   45:                0x0 - <unknown>
[INFO] [stdout] 
[INFO] [stdout] 
[INFO] [stdout] failures:
[INFO] [stdout]     normal_stop_cleans_up_a_hung_clipboard_process_group
[INFO] [stdout] 
[INFO] [stdout] test result: FAILED. 12 passed; 1 failed; 0 ignored; 0 measured; 0 filtered out; finished in 0.13s
[INFO] [stdout] 
[INFO] running `Command { std: "docker" "inspect" "0f00f5328b0dc7be4743f45b9cc3df4d9f82fd702fa53dc275a84cc17e33b2ef", kill_on_drop: false }`
[INFO] running `Command { std: "docker" "rm" "-f" "0f00f5328b0dc7be4743f45b9cc3df4d9f82fd702fa53dc275a84cc17e33b2ef", kill_on_drop: false }`
[INFO] [stdout] 0f00f5328b0dc7be4743f45b9cc3df4d9f82fd702fa53dc275a84cc17e33b2ef
