[INFO] cloning repository https://github.com/gracee3/oracle-studio
[INFO] running `Command { std: "git" "-c" "credential.helper=" "-c" "credential.helper=/workspace/cargo-home/bin/git-credential-null" "clone" "--bare" "https://github.com/gracee3/oracle-studio" "/workspace/cache/git-repos/https%3A%2F%2Fgithub.com%2Fgracee3%2Foracle-studio", kill_on_drop: false }`
[INFO] [stderr] Cloning into bare repository '/workspace/cache/git-repos/https%3A%2F%2Fgithub.com%2Fgracee3%2Foracle-studio'...
[INFO] running `Command { std: "git" "rev-parse" "HEAD", kill_on_drop: false }`
[INFO] [stdout] 0976d84456f39a8e7409b43ee31fca69b43abede
[INFO] testing gracee3/oracle-studio against 1.99.0-beta.8 for beta-1.100-2
[INFO] running `Command { std: "git" "clone" "/workspace/cache/git-repos/https%3A%2F%2Fgithub.com%2Fgracee3%2Foracle-studio" "/workspace/builds/worker-0-tc1/source", kill_on_drop: false }`
[INFO] [stderr] Cloning into '/workspace/builds/worker-0-tc1/source'...
[INFO] [stderr] done.
[INFO] removed /workspace/builds/worker-0-tc1/source/.cargo/config.toml
[INFO] removed /workspace/builds/worker-0-tc1/source/rust-toolchain.toml
[INFO] started tweaking git repo https://github.com/gracee3/oracle-studio
[INFO] finished tweaking git repo https://github.com/gracee3/oracle-studio
[INFO] tweaked toml for git repo https://github.com/gracee3/oracle-studio written to /workspace/builds/worker-0-tc1/source/Cargo.toml
[INFO] validating manifest of git repo https://github.com/gracee3/oracle-studio on toolchain 1.99.0-beta.8
[INFO] running `Command { std: CARGO_HOME="/workspace/cargo-home" RUSTUP_HOME="/workspace/rustup-home" "/workspace/cargo-home/bin/cargo" "+1.99.0-beta.8" "metadata" "--manifest-path" "Cargo.toml" "--no-deps", kill_on_drop: false }`
[INFO] crate git repo https://github.com/gracee3/oracle-studio already has a lockfile, it will not be regenerated
[INFO] running `Command { std: CARGO_HOME="/workspace/cargo-home" RUSTUP_HOME="/workspace/rustup-home" "/workspace/cargo-home/bin/cargo" "+1.99.0-beta.8" "fetch" "--manifest-path" "Cargo.toml", kill_on_drop: false }`
[INFO] [stderr]     Updating crates.io index
[INFO] [stderr]  Downloading crates ...
[INFO] [stderr]   Downloaded thiserror-impl v2.0.12
[INFO] [stderr]   Downloaded gloo-worker-macros v0.2.0
[INFO] [stderr]   Downloaded zip v8.4.0
[INFO] [stderr]   Downloaded thiserror v2.0.12
[INFO] [stderr]   Downloaded html-escape v0.2.15
[INFO] [stderr]   Downloaded phf_shared v0.12.1
[INFO] [stderr]   Downloaded proc-macro-crate v3.3.0
[INFO] [stderr]   Downloaded rexie v0.6.2
[INFO] [stderr]   Downloaded pinned v0.1.0
[INFO] [stderr]   Downloaded wasm_split_macros v0.2.2
[INFO] [stderr]   Downloaded reactive_stores_macro v0.4.3
[INFO] [stderr]   Downloaded hydration_context v0.3.1
[INFO] [stderr]   Downloaded wasm_split_helpers v0.2.3
[INFO] [stderr]   Downloaded phf v0.12.1
[INFO] [stderr]   Downloaded wasi v0.14.7+wasi-0.2.4
[INFO] [stderr]   Downloaded gloo-worker v0.6.0
[INFO] [stderr]   Downloaded xxhash-rust v0.8.18
[INFO] [stderr]   Downloaded camino v1.2.5
[INFO] [stderr]   Downloaded toml_parser v1.1.3+spec-1.1.0
[INFO] [stderr]   Downloaded idb v0.6.5
[INFO] [stderr]   Downloaded uuid v1.24.1
[INFO] [stderr]   Downloaded getrandom v0.3.3
[INFO] [stderr]   Downloaded leptos_macro v0.8.17
[INFO] [stderr]   Downloaded server_fn v0.8.13
[INFO] [stderr]   Downloaded toml v1.1.4+spec-1.1.0
[INFO] [stderr]   Downloaded futures v0.3.33
[INFO] [stderr]   Downloaded config v0.15.25
[INFO] [stderr]   Downloaded leptos v0.8.20
[INFO] [stderr]   Downloaded cc v1.4.3
[INFO] [stderr]   Downloaded typed-path v0.12.3
[INFO] [stderr]   Downloaded tachys v0.2.18
[INFO] [stderr]   Downloaded winnow v1.0.4
[INFO] [stderr]   Downloaded zlib-rs v0.6.7
[INFO] [stderr]   Downloaded chrono v0.4.41
[INFO] [stderr]   Downloaded sweph-sys v0.3.0
[INFO] [stderr]   Downloaded chrono-tz v0.10.4
[INFO] [stderr]   Downloaded swisseph-rs v0.2.0
[INFO] running `Command { std: "docker" "create" "-v" "/var/lib/crater-agent-workspace/builds/worker-0-tc1/source:/opt/rustwide/workdir:ro,Z" "-v" "/var/lib/crater-agent-workspace/builds/worker-0-tc1/target:/opt/rustwide/target:rw,Z" "-v" "/var/lib/crater-agent-workspace/cargo-home:/opt/rustwide/cargo-home:ro,Z" "-v" "/var/lib/crater-agent-workspace/rustup-home:/opt/rustwide/rustup-home:ro,Z" "-m" "1610612736" "--network" "none" "ghcr.io/rust-lang/crates-build-env/linux@sha256:3111399a4047eeb3a02b7a90e478d715f38a8c6669b5c4b49d30a17385265909" "sleep" "infinity", kill_on_drop: false }`
[INFO] [stdout] eee9c71f45c0afc4b974e92d7d92d015c225999c88fcbea11c03013735dba653
[INFO] running `Command { std: "docker" "start" "eee9c71f45c0afc4b974e92d7d92d015c225999c88fcbea11c03013735dba653", kill_on_drop: false }`
[INFO] running `Command { std: "docker" "inspect" "eee9c71f45c0afc4b974e92d7d92d015c225999c88fcbea11c03013735dba653", kill_on_drop: false }`
[INFO] running `Command { std: "docker" "exec" "-e" "SOURCE_DIR=/opt/rustwide/workdir" "-e" "CARGO_HOME=/opt/rustwide/cargo-home" "-e" "RUSTUP_HOME=/opt/rustwide/rustup-home" "-e" "CARGO_TARGET_DIR=/opt/rustwide/target" "-w" "/opt/rustwide/workdir" "--user" "0:0" "eee9c71f45c0afc4b974e92d7d92d015c225999c88fcbea11c03013735dba653" "/opt/rustwide/cargo-home/bin/cargo" "+1.99.0-beta.8" "metadata" "--no-deps" "--format-version=1", kill_on_drop: false }`
[INFO] running `Command { std: "docker" "inspect" "eee9c71f45c0afc4b974e92d7d92d015c225999c88fcbea11c03013735dba653", kill_on_drop: false }`
[INFO] running `Command { std: "docker" "exec" "-e" "SOURCE_DIR=/opt/rustwide/workdir" "-e" "CARGO_HOME=/opt/rustwide/cargo-home" "-e" "RUSTUP_HOME=/opt/rustwide/rustup-home" "-e" "CARGO_TARGET_DIR=/opt/rustwide/target" "-e" "CARGO_INCREMENTAL=0" "-e" "RUST_BACKTRACE=full" "-e" "RUSTFLAGS=--cap-lints=warn" "-e" "RUSTDOCFLAGS=--cap-lints=warn" "-w" "/opt/rustwide/workdir" "--user" "0:0" "eee9c71f45c0afc4b974e92d7d92d015c225999c88fcbea11c03013735dba653" "/opt/rustwide/cargo-home/bin/cargo" "+1.99.0-beta.8" "build" "--frozen" "--message-format=json", kill_on_drop: false }`
[INFO] [stderr]    Compiling unicode-ident v1.0.24
[INFO] [stderr]    Compiling proc-macro2 v1.0.107
[INFO] [stderr]    Compiling serde_core v1.0.229
[INFO] [stderr]    Compiling thiserror v2.0.12
[INFO] [stderr]    Compiling quote v1.0.47
[INFO] [stderr]    Compiling serde v1.0.229
[INFO] [stderr]    Compiling getrandom v0.2.17
[INFO] [stderr]    Compiling num-traits v0.2.19
[INFO] [stderr]    Compiling serde_json v1.0.151
[INFO] [stderr]    Compiling futures-core v0.3.34
[INFO] [stderr]    Compiling rand_core v0.6.4
[INFO] [stderr]    Compiling futures-sink v0.3.34
[INFO] [stderr]    Compiling wasm-bindgen-shared v0.2.126
[INFO] [stderr]    Compiling rustversion v1.0.23
[INFO] [stderr]    Compiling futures-channel v0.3.34
[INFO] [stderr]    Compiling futures-io v0.3.34
[INFO] [stderr]    Compiling crypto-common v0.1.7
[INFO] [stderr]    Compiling futures-task v0.3.34
[INFO] [stderr]    Compiling digest v0.10.7
[INFO] [stderr]    Compiling slab v0.4.12
[INFO] [stderr]    Compiling bumpalo v3.20.3
[INFO] [stderr]    Compiling once_cell v1.21.4
[INFO] [stderr]    Compiling sha2 v0.10.9
[INFO] [stderr]    Compiling unicode-segmentation v1.13.3
[INFO] [stderr]    Compiling syn v2.0.119
[INFO] [stderr]    Compiling syn v3.0.3
[INFO] [stderr]    Compiling wasm-bindgen v0.2.126
[INFO] [stderr]    Compiling siphasher v1.0.3
[INFO] [stderr]    Compiling thiserror v1.0.69
[INFO] [stderr]    Compiling chrono-tz v0.10.4
[INFO] [stderr]    Compiling phf_shared v0.12.1
[INFO] [stderr]    Compiling or_poisoned v0.1.0
[INFO] [stderr]    Compiling convert_case v0.11.0
[INFO] [stderr]    Compiling proc-macro2-diagnostics v0.10.1
[INFO] [stderr]    Compiling proc-macro-error-attr2 v2.0.0
[INFO] [stderr]    Compiling phf v0.12.1
[INFO] [stderr]    Compiling zeroize v1.8.1
[INFO] [stderr]    Compiling parking v2.2.1
[INFO] [stderr]    Compiling cipher v0.4.4
[INFO] [stderr]    Compiling proc-macro-utils v0.10.0
[INFO] [stderr]    Compiling event-listener v5.4.2
[INFO] [stderr]    Compiling universal-hash v0.5.1
[INFO] [stderr]    Compiling throw_error v0.3.1
[INFO] [stderr]    Compiling slotmap v1.1.1
[INFO] [stderr]    Compiling yansi v1.0.1
[INFO] [stderr]    Compiling konst_macro_rules v0.2.19
[INFO] [stderr]    Compiling getrandom v0.3.3
[INFO] [stderr]    Compiling unicode-xid v0.2.6
[INFO] [stderr]    Compiling const_format_proc_macros v0.2.34
[INFO] [stderr]    Compiling konst v0.2.20
[INFO] [stderr]    Compiling event-listener-strategy v0.5.4
[INFO] [stderr]    Compiling poly1305 v0.8.0
[INFO] [stderr]    Compiling password-hash v0.5.0
[INFO] [stderr]    Compiling chacha20 v0.9.1
[INFO] [stderr]    Compiling blake2 v0.10.6
[INFO] [stderr]    Compiling reactive_graph v0.2.14
[INFO] [stderr]    Compiling server_fn_macro v0.8.10
[INFO] [stderr]    Compiling aead v0.5.2
[INFO] [stderr]    Compiling send_wrapper v0.6.0
[INFO] [stderr]    Compiling either v1.18.0
[INFO] [stderr]    Compiling bitflags v2.13.1
[INFO] [stderr]    Compiling zlib-rs v0.6.7
[INFO] [stderr]    Compiling const_format v0.2.36
[INFO] [stderr]    Compiling chacha20poly1305 v0.10.1
[INFO] [stderr]    Compiling itertools v0.14.0
[INFO] [stderr]    Compiling argon2 v0.5.3
[INFO] [stderr]    Compiling swisseph-rs v0.2.0
[INFO] [stderr]    Compiling uuid v1.24.1
[INFO] [stderr]    Compiling async-lock v3.4.2
[INFO] [stderr]    Compiling xxhash-rust v0.8.18
[INFO] [stderr]    Compiling guardian v1.3.0
[INFO] [stderr]    Compiling camino v1.2.5
[INFO] [stderr]    Compiling anyhow v1.0.104
[INFO] [stderr]    Compiling typed-path v0.12.3
[INFO] [stderr]    Compiling toml_datetime v0.6.11
[INFO] [stderr]    Compiling winnow v0.7.15
[INFO] [stderr]    Compiling rustc-hash v2.1.3
[INFO] [stderr]    Compiling manyhow-macros v0.11.4
[INFO] [stderr]    Compiling tachys v0.2.18
[INFO] [stderr]    Compiling tokio v1.53.1
[INFO] [stderr]    Compiling prettyplease v0.2.37
[INFO] [stderr]    Compiling winnow v1.0.4
[INFO] [stderr]    Compiling html-escape v0.2.15
[INFO] [stderr]    Compiling wasm-bindgen-macro-support v0.2.126
[INFO] [stderr]    Compiling synstructure v0.13.2
[INFO] [stderr]    Compiling proc-macro-error2 v2.0.1
[INFO] [stderr]    Compiling toml_edit v0.22.27
[INFO] [stderr]    Compiling serde_derive v1.0.229
[INFO] [stderr]    Compiling futures-macro v0.3.34
[INFO] [stderr]    Compiling zerovec-derive v0.11.6
[INFO] [stderr]    Compiling displaydoc v0.2.7
[INFO] [stderr]    Compiling flate2 v1.1.9
[INFO] [stderr]    Compiling thiserror-impl v2.0.12
[INFO] [stderr]    Compiling zerofrom-derive v0.1.7
[INFO] [stderr]    Compiling futures-util v0.3.34
[INFO] [stderr]    Compiling yoke-derive v0.8.2
[INFO] [stderr]    Compiling thiserror-impl v1.0.69
[INFO] [stderr]    Compiling derive-where v1.6.1
[INFO] [stderr]    Compiling syn_derive v0.2.0
[INFO] [stderr]    Compiling zerofrom v0.1.8
[INFO] [stderr]    Compiling zip v8.4.0
[INFO] [stderr]    Compiling yoke v0.8.3
[INFO] [stderr]    Compiling zerovec v0.11.8
[INFO] [stderr]    Compiling zerotrie v0.2.5
[INFO] [stderr]    Compiling reactive_stores_macro v0.4.3
[INFO] [stderr]    Compiling pin-project-internal v1.1.13
[INFO] [stderr]    Compiling tinystr v0.8.4
[INFO] [stderr]    Compiling potential_utf v0.1.6
[INFO] [stderr]    Compiling icu_collections v2.3.0
[INFO] [stderr]    Compiling icu_locale_core v2.3.0
[INFO] [stderr]    Compiling chrono v0.4.41
[INFO] [stderr]    Compiling quote-use-macros v0.8.4
[INFO] [stderr]    Compiling http v1.5.0
[INFO] [stderr]    Compiling quote-use v0.8.4
[INFO] [stderr]    Compiling pin-project v1.1.13
[INFO] [stderr]    Compiling oco_ref v0.2.1
[INFO] [stderr]    Compiling proc-macro-crate v3.3.0
[INFO] [stderr]    Compiling icu_provider v2.3.1
[INFO] [stderr]    Compiling wasm-bindgen-macro v0.2.126
[INFO] [stderr]    Compiling async-trait v0.1.92
[INFO] [stderr]    Compiling toml_parser v1.1.3+spec-1.1.0
[INFO] [stderr]    Compiling futures-executor v0.3.34
[INFO] [stderr]    Compiling icu_normalizer v2.3.0
[INFO] [stderr]    Compiling icu_properties v2.3.0
[INFO] [stderr]    Compiling futures v0.3.33
[INFO] [stderr]    Compiling hydration_context v0.3.1
[INFO] [stderr]    Compiling astraeus-core v0.1.0 (/opt/rustwide/workdir/crates/astraeus-core)
[INFO] [stderr]    Compiling manyhow v0.11.4
[INFO] [stderr]    Compiling astraeus-specifications v0.1.0 (/opt/rustwide/workdir/crates/astraeus-specifications)
[INFO] [stderr]    Compiling js-sys v0.3.103
[INFO] [stderr]    Compiling astraeus-artifacts v0.1.0 (/opt/rustwide/workdir/crates/astraeus-artifacts)
[INFO] [stderr]    Compiling oracle-studio-aspect-sets v0.1.0 (/opt/rustwide/workdir/crates/oracle-studio-aspect-sets)
[INFO] [stderr]    Compiling idna_adapter v1.2.2
[INFO] [stderr]    Compiling astraeus-moshier v0.1.0 (/opt/rustwide/workdir/crates/astraeus-moshier)
[INFO] [stderr]    Compiling idna v1.1.0
[INFO] [stderr]    Compiling serde_spanned v1.1.1
[INFO] [stderr]    Compiling astraeus-derived v0.1.0 (/opt/rustwide/workdir/crates/astraeus-derived)
[INFO] [stderr]    Compiling toml_datetime v1.1.1+spec-1.1.0
[INFO] [stderr]    Compiling astraeus-techniques v0.1.0 (/opt/rustwide/workdir/crates/astraeus-techniques)
[INFO] [stderr]    Compiling either_of v0.1.9
[INFO] [stderr]    Compiling server_fn v0.8.13
[INFO] [stderr]    Compiling astraeus-comparison v0.1.0 (/opt/rustwide/workdir/crates/astraeus-comparison)
[INFO] [stderr]    Compiling aho-corasick v1.1.5
[INFO] [stderr]    Compiling oracle-studio-chart-view v0.1.0 (/opt/rustwide/workdir/crates/oracle-studio-chart-view)
[INFO] [stderr]    Compiling interpolator v0.5.0
[INFO] [stderr]    Compiling find-msvc-tools v0.1.11
[INFO] [stderr]    Compiling next_tuple v0.1.0
[INFO] [stderr]    Compiling drain_filter_polyfill v0.1.3
[INFO] [stderr]    Compiling erased v0.1.2
[INFO] [stderr]    Compiling collection_literals v1.0.3
[INFO] [stderr]    Compiling const_str_slice_concat v0.1.0
[INFO] [stderr]    Compiling cc v1.4.3
[INFO] [stderr]    Compiling attribute-derive-macro v0.10.5
[INFO] [stderr]    Compiling regex-automata v0.4.18
[INFO] [stderr]    Compiling url v2.5.8
[INFO] [stderr]    Compiling toml v1.1.4+spec-1.1.0
[INFO] [stderr]    Compiling rstml v0.12.1
[INFO] [stderr]    Compiling pinned v0.1.0
[INFO] [stderr]    Compiling server_fn_macro_default v0.8.5
[INFO] [stderr]    Compiling gloo-worker-macros v0.2.0
[INFO] [stderr]    Compiling bincode v1.3.3
[INFO] [stderr]    Compiling oracle-studio-core v0.1.0 (/opt/rustwide/workdir/crates/oracle-studio-core)
[INFO] [stderr]    Compiling oracle-studio-location-catalog v0.1.0 (/opt/rustwide/workdir/crates/oracle-studio-location-catalog)
[INFO] [stderr]    Compiling serde_qs v0.15.0
[INFO] [stderr]    Compiling typed-builder-macro v0.23.2
[INFO] [stderr]    Compiling convert_case v0.6.0
[INFO] [stderr]    Compiling leptos_macro v0.8.17
[INFO] [stderr]    Compiling pathdiff v0.2.3
[INFO] [stderr]    Compiling const-str v1.1.0
[INFO] [stderr]    Compiling base16 v0.2.1
[INFO] [stderr]    Compiling regex v1.13.1
[INFO] [stderr]    Compiling wasm_split_macros v0.2.2
[INFO] [stderr]    Compiling config v0.15.25
[INFO] [stderr]    Compiling leptos_hot_reload v0.8.6
[INFO] [stderr]    Compiling oracle-studio-vault v0.1.0 (/opt/rustwide/workdir/crates/oracle-studio-vault)
[INFO] [stderr]    Compiling web-sys v0.3.103
[INFO] [stderr]    Compiling wasm-bindgen-futures v0.4.76
[INFO] [stderr]    Compiling any_spawner v0.3.0
[INFO] [stderr]    Compiling oracle-studio-app v0.1.0 (/opt/rustwide/workdir/crates/oracle-studio-app)
[INFO] [stderr]    Compiling oracle-studio-platform v0.1.0 (/opt/rustwide/workdir/crates/oracle-studio-platform)
[INFO] [stderr]    Compiling typed-builder v0.23.2
[INFO] [stderr]    Compiling sweph-sys v0.3.0
[INFO] [stderr]    Compiling attribute-derive v0.10.5
[INFO] [stderr]    Compiling codee v0.3.5
[INFO] [stderr]    Compiling convert_case_extras v0.2.0
[INFO] [stderr]    Compiling leptos v0.8.20
[INFO] [stderr]    Compiling async-once-cell v0.5.4
[INFO] [stderr]    Compiling wasm_split_helpers v0.2.3
[INFO] [stderr]    Compiling leptos_config v0.8.10
[INFO] [stderr]    Compiling astraeus-events v0.1.0 (/opt/rustwide/workdir/crates/astraeus-events)
[INFO] [stderr]    Compiling oracle-studio-demo v0.1.0 (/opt/rustwide/workdir/crates/oracle-studio-demo)
[INFO] [stderr]    Compiling astraeus-western v0.1.0 (/opt/rustwide/workdir/crates/astraeus-western)
[INFO] [stderr]    Compiling reactive_stores v0.4.3
[INFO] [stderr]    Compiling astraeus-timeseries v0.1.0 (/opt/rustwide/workdir/crates/astraeus-timeseries)
[INFO] [stderr]    Compiling oracle-studio-public-records v0.1.0 (/opt/rustwide/workdir/crates/oracle-studio-public-records)
[INFO] [stderr]    Compiling astraeus-fixtures v0.1.0 (/opt/rustwide/workdir/crates/astraeus-fixtures)
[INFO] [stderr]    Compiling astraeus-swiss v0.1.0 (/opt/rustwide/workdir/crates/astraeus-swiss)
[INFO] [stderr]    Compiling astraeus-cli v0.1.0 (/opt/rustwide/workdir/crates/astraeus-cli)
[INFO] [stderr]    Compiling gloo-utils v0.2.0
[INFO] [stderr]    Compiling idb v0.6.5
[INFO] [stderr]    Compiling gloo-net v0.6.0
[INFO] [stderr]    Compiling gloo-worker v0.6.0
[INFO] [stderr]    Compiling wasm-streams v0.5.0
[INFO] [stderr]    Compiling oracle-studio-chart-player v0.1.0 (/opt/rustwide/workdir/crates/oracle-studio-chart-player)
[INFO] [stderr]    Compiling rexie v0.6.2
[INFO] [stderr]    Compiling oracle-studio-browser v0.1.0 (/opt/rustwide/workdir/crates/oracle-studio-browser)
[INFO] [stderr]    Compiling oracle-studio-worker v0.1.0 (/opt/rustwide/workdir/crates/oracle-studio-worker)
[INFO] [stderr]    Compiling leptos_dom v0.8.8
[INFO] [stderr]    Compiling leptos_server v0.8.7
[INFO] [stderr]    Compiling oracle-studio-ui v0.1.0 (/opt/rustwide/workdir/crates/oracle-studio-ui)
[INFO] [stderr]     Finished `dev` profile [unoptimized + debuginfo] target(s) in 3m 38s
[INFO] [stderr] warning: the following packages contain code that will be rejected by a future version of Rust: proc-macro-error2 v2.0.1
[INFO] [stderr] note: to see what the problems were, use the option `--future-incompat-report`, or run `cargo report future-incompatibilities --id 2`
[INFO] running `Command { std: "docker" "inspect" "eee9c71f45c0afc4b974e92d7d92d015c225999c88fcbea11c03013735dba653", kill_on_drop: false }`
[INFO] running `Command { std: "docker" "exec" "-e" "SOURCE_DIR=/opt/rustwide/workdir" "-e" "CARGO_HOME=/opt/rustwide/cargo-home" "-e" "RUSTUP_HOME=/opt/rustwide/rustup-home" "-e" "CARGO_TARGET_DIR=/opt/rustwide/target" "-e" "CARGO_INCREMENTAL=0" "-e" "RUST_BACKTRACE=full" "-e" "RUSTFLAGS=--cap-lints=warn" "-e" "RUSTDOCFLAGS=--cap-lints=warn" "-w" "/opt/rustwide/workdir" "--user" "0:0" "eee9c71f45c0afc4b974e92d7d92d015c225999c88fcbea11c03013735dba653" "/opt/rustwide/cargo-home/bin/cargo" "+1.99.0-beta.8" "test" "--frozen" "--no-run" "--message-format=json", kill_on_drop: false }`
[INFO] [stderr]    Compiling once_cell v1.21.4
[INFO] [stderr]    Compiling swisseph-rs v0.2.0
[INFO] [stderr]    Compiling fastrand v2.5.0
[INFO] [stderr]    Compiling astraeus-fixtures v0.1.0 (/opt/rustwide/workdir/crates/astraeus-fixtures)
[INFO] [stderr]    Compiling astraeus-cli v0.1.0 (/opt/rustwide/workdir/crates/astraeus-cli)
[INFO] [stderr]    Compiling astraeus-western v0.1.0 (/opt/rustwide/workdir/crates/astraeus-western)
[INFO] [stderr]    Compiling astraeus-timeseries v0.1.0 (/opt/rustwide/workdir/crates/astraeus-timeseries)
[INFO] [stderr]    Compiling astraeus-events v0.1.0 (/opt/rustwide/workdir/crates/astraeus-events)
[INFO] [stderr]    Compiling wasm-bindgen v0.2.126
[INFO] [stderr]    Compiling tempfile v3.27.0
[INFO] [stderr]    Compiling oracle-studio-platform v0.1.0 (/opt/rustwide/workdir/crates/oracle-studio-platform)
[INFO] [stderr]    Compiling oracle-studio-location-catalog v0.1.0 (/opt/rustwide/workdir/crates/oracle-studio-location-catalog)
[INFO] [stderr]    Compiling oracle-studio-vault v0.1.0 (/opt/rustwide/workdir/crates/oracle-studio-vault)
[INFO] [stderr]    Compiling oracle-studio-app v0.1.0 (/opt/rustwide/workdir/crates/oracle-studio-app)
[INFO] [stderr]    Compiling astraeus-swiss v0.1.0 (/opt/rustwide/workdir/crates/astraeus-swiss)
[INFO] [stderr]    Compiling oracle-studio-chart-view v0.1.0 (/opt/rustwide/workdir/crates/oracle-studio-chart-view)
[INFO] [stderr]    Compiling js-sys v0.3.103
[INFO] [stderr]    Compiling astraeus-comparison v0.1.0 (/opt/rustwide/workdir/crates/astraeus-comparison)
[INFO] [stderr]    Compiling oracle-studio-core v0.1.0 (/opt/rustwide/workdir/crates/oracle-studio-core)
[INFO] [stderr]    Compiling astraeus-techniques v0.1.0 (/opt/rustwide/workdir/crates/astraeus-techniques)
[INFO] [stderr]    Compiling astraeus-derived v0.1.0 (/opt/rustwide/workdir/crates/astraeus-derived)
[INFO] [stderr]    Compiling oracle-studio-aspect-sets v0.1.0 (/opt/rustwide/workdir/crates/oracle-studio-aspect-sets)
[INFO] [stderr]    Compiling astraeus-artifacts v0.1.0 (/opt/rustwide/workdir/crates/astraeus-artifacts)
[INFO] [stderr]    Compiling astraeus-specifications v0.1.0 (/opt/rustwide/workdir/crates/astraeus-specifications)
[INFO] [stderr]    Compiling astraeus-core v0.1.0 (/opt/rustwide/workdir/crates/astraeus-core)
[INFO] [stderr]    Compiling astraeus-moshier v0.1.0 (/opt/rustwide/workdir/crates/astraeus-moshier)
[INFO] [stderr]    Compiling oracle-studio-demo v0.1.0 (/opt/rustwide/workdir/crates/oracle-studio-demo)
[INFO] [stderr]    Compiling oracle-studio-public-records v0.1.0 (/opt/rustwide/workdir/crates/oracle-studio-public-records)
[INFO] [stderr]    Compiling web-sys v0.3.103
[INFO] [stderr]    Compiling wasm-bindgen-futures v0.4.76
[INFO] [stderr]    Compiling any_spawner v0.3.0
[INFO] [stderr]    Compiling reactive_graph v0.2.14
[INFO] [stderr]    Compiling reactive_stores v0.4.3
[INFO] [stderr]    Compiling idb v0.6.5
[INFO] [stderr]    Compiling gloo-utils v0.2.0
[INFO] [stderr]    Compiling tachys v0.2.18
[INFO] [stderr]    Compiling gloo-worker v0.6.0
[INFO] [stderr]    Compiling gloo-net v0.6.0
[INFO] [stderr]    Compiling wasm-streams v0.5.0
[INFO] [stderr]    Compiling oracle-studio-chart-player v0.1.0 (/opt/rustwide/workdir/crates/oracle-studio-chart-player)
[INFO] [stderr]    Compiling rexie v0.6.2
[INFO] [stderr]    Compiling oracle-studio-browser v0.1.0 (/opt/rustwide/workdir/crates/oracle-studio-browser)
[INFO] [stderr]    Compiling server_fn v0.8.13
[INFO] [stderr]    Compiling oracle-studio-worker v0.1.0 (/opt/rustwide/workdir/crates/oracle-studio-worker)
[INFO] [stderr]    Compiling leptos_server v0.8.7
[INFO] [stderr]    Compiling leptos_dom v0.8.8
[INFO] [stderr]    Compiling leptos v0.8.20
[INFO] [stderr]    Compiling oracle-studio-ui v0.1.0 (/opt/rustwide/workdir/crates/oracle-studio-ui)
[INFO] [stderr]     Finished `test` profile [unoptimized + debuginfo] target(s) in 1m 35s
[INFO] [stderr] warning: the following packages contain code that will be rejected by a future version of Rust: proc-macro-error2 v2.0.1
[INFO] [stderr] note: to see what the problems were, use the option `--future-incompat-report`, or run `cargo report future-incompatibilities --id 2`
[INFO] running `Command { std: "docker" "inspect" "eee9c71f45c0afc4b974e92d7d92d015c225999c88fcbea11c03013735dba653", kill_on_drop: false }`
[INFO] running `Command { std: "docker" "exec" "-e" "SOURCE_DIR=/opt/rustwide/workdir" "-e" "CARGO_HOME=/opt/rustwide/cargo-home" "-e" "RUSTUP_HOME=/opt/rustwide/rustup-home" "-e" "CARGO_TARGET_DIR=/opt/rustwide/target" "-e" "CARGO_INCREMENTAL=0" "-e" "RUST_BACKTRACE=full" "-e" "RUSTFLAGS=--cap-lints=warn" "-e" "RUSTDOCFLAGS=--cap-lints=warn" "-w" "/opt/rustwide/workdir" "--user" "0:0" "eee9c71f45c0afc4b974e92d7d92d015c225999c88fcbea11c03013735dba653" "/opt/rustwide/cargo-home/bin/cargo" "+1.99.0-beta.8" "test" "--frozen", kill_on_drop: false }`
[INFO] [stderr]     Finished `test` profile [unoptimized + debuginfo] target(s) in 0.59s
[INFO] [stderr] warning: the following packages contain code that will be rejected by a future version of Rust: proc-macro-error2 v2.0.1
[INFO] [stderr] note: to see what the problems were, use the option `--future-incompat-report`, or run `cargo report future-incompatibilities --id 2`
[INFO] [stderr]      Running unittests src/lib.rs (/opt/rustwide/target/debug/deps/astraeus_artifacts-3a6e6320fb374a23)
[INFO] [stdout] 
[INFO] [stdout] running 0 tests
[INFO] [stdout] 
[INFO] [stdout] test result: ok. 0 passed; 0 failed; 0 ignored; 0 measured; 0 filtered out; finished in 0.00s
[INFO] [stdout] 
[INFO] [stderr]      Running tests/artifacts.rs (/opt/rustwide/target/debug/deps/artifacts-5b1538a735f39e9b)
[INFO] [stdout] 
[INFO] [stdout] running 5 tests
[INFO] [stdout] test unknown_fields_are_rejected ... ok
[INFO] [stdout] test nested_domain_validation_remains_active ... ok
[INFO] [stdout] test unsupported_versions_are_rejected ... ok
[INFO] [stdout] test request_and_result_object_sets_must_match ... ok
[INFO] [stdout] test canonical_json_round_trips_without_changing_identity ... ok
[INFO] [stdout] 
[INFO] [stdout] test result: ok. 5 passed; 0 failed; 0 ignored; 0 measured; 0 filtered out; finished in 0.01s
[INFO] [stdout] 
[INFO] [stderr]      Running unittests src/main.rs (/opt/rustwide/target/debug/deps/astraeus-207778d6e49a46f3)
[INFO] [stdout] 
[INFO] [stderr]      Running tests/cli.rs (/opt/rustwide/target/debug/deps/cli-2e3bdbba8677dbb0)
[INFO] [stdout] running 0 tests
[INFO] [stdout] 
[INFO] [stdout] test result: ok. 0 passed; 0 failed; 0 ignored; 0 measured; 0 filtered out; finished in 0.00s
[INFO] [stdout] 
[INFO] [stdout] 
[INFO] [stdout] running 5 tests
[INFO] [stdout] test swiss_files_cli_verifies_the_bundle_for_chart_and_timeline ... ignored, set ASTRAEUS_SWISS_EPHEMERIS_PATH to the pinned .se1 bundle
[INFO] [stdout] test missing_command_reports_usage ... ok
[INFO] [stdout] test moshier_rejects_swiss_only_chiron ... ok
[INFO] [stdout] test chart_and_timeline_require_explicit_ephemeris_mode ... FAILED
[INFO] [stdout] test moshier_chart_and_timeline_emit_schema_v1_json_and_ignore_swiss_environment ... ok
[INFO] [stdout] 
[INFO] [stdout] failures:
[INFO] [stdout] 
[INFO] [stdout] ---- chart_and_timeline_require_explicit_ephemeris_mode stdout ----
[INFO] [stdout] 
[INFO] [stdout] thread 'chart_and_timeline_require_explicit_ephemeris_mode' (4590) panicked at crates/astraeus-cli/tests/cli.rs:54:10:
[INFO] [stdout] called `Result::unwrap()` on an `Err` value: Os { code: 32, kind: BrokenPipe, message: "Broken pipe" }
[INFO] [stdout] stack backtrace:
[INFO] [stdout]    0:     0x64725e9cf8c1 - std[70759c8f55707aa4]::backtrace_rs::backtrace::libunwind::trace
[INFO] [stdout]                                at /rustc/dfb0accb7f508ae8be965d8629557221c889dd98/library/std/src/../../backtrace/src/backtrace/libunwind.rs:117:9
[INFO] [stdout]    1:     0x64725e9cf8c1 - std[70759c8f55707aa4]::backtrace_rs::backtrace::trace_unsynchronized::<std[70759c8f55707aa4]::sys::backtrace::_print_fmt::{closure#1}>
[INFO] [stdout]                                at /rustc/dfb0accb7f508ae8be965d8629557221c889dd98/library/std/src/../../backtrace/src/backtrace/mod.rs:66:14
[INFO] [stdout]    2:     0x64725e9cf8c1 - std[70759c8f55707aa4]::sys::backtrace::_print_fmt
[INFO] [stdout]                                at /rustc/dfb0accb7f508ae8be965d8629557221c889dd98/library/std/src/sys/backtrace.rs:74:9
[INFO] [stdout]    3:     0x64725e9cf8c1 - <<std[70759c8f55707aa4]::sys::backtrace::BacktraceLock>::print::DisplayBacktrace as core[df12db4294e9bfd3]::fmt::Display>::fmt
[INFO] [stdout]                                at /rustc/dfb0accb7f508ae8be965d8629557221c889dd98/library/std/src/sys/backtrace.rs:44:26
[INFO] [stdout]    4:     0x64725e9e456a - <core[df12db4294e9bfd3]::fmt::rt::Argument>::fmt
[INFO] [stdout]                                at /rustc/dfb0accb7f508ae8be965d8629557221c889dd98/library/core/src/fmt/rt.rs:152:76
[INFO] [stdout]    5:     0x64725e9e456a - core[df12db4294e9bfd3]::fmt::write
[INFO] [stdout]    6:     0x64725e9d3dcc - core[df12db4294e9bfd3]::io::write::default_write_fmt::<alloc[2182bb758b4b3781]::vec::Vec<u8>>
[INFO] [stdout]                                at /rustc/dfb0accb7f508ae8be965d8629557221c889dd98/library/core/src/io/write.rs:402:11
[INFO] [stdout]    7:     0x64725e9d3dcc - <alloc[2182bb758b4b3781]::vec::Vec<u8> as core[df12db4294e9bfd3]::io::write::Write>::write_fmt
[INFO] [stderr] error: test failed, to rerun pass `-p astraeus-cli --test cli`
[INFO] [stdout]                                at /rustc/dfb0accb7f508ae8be965d8629557221c889dd98/library/core/src/io/write.rs:335:13
[INFO] [stdout]    8:     0x64725e9aba26 - <std[70759c8f55707aa4]::sys::backtrace::BacktraceLock>::print
[INFO] [stdout]                                at /rustc/dfb0accb7f508ae8be965d8629557221c889dd98/library/std/src/sys/backtrace.rs:47:9
[INFO] [stdout]    9:     0x64725e9aba26 - std[70759c8f55707aa4]::panicking::default_hook::{closure#0}
[INFO] [stdout]                                at /rustc/dfb0accb7f508ae8be965d8629557221c889dd98/library/std/src/panicking.rs:292:27
[INFO] [stdout]   10:     0x64725e9c8029 - std[70759c8f55707aa4]::panicking::default_hook
[INFO] [stdout]                                at /rustc/dfb0accb7f508ae8be965d8629557221c889dd98/library/std/src/panicking.rs:316:9
[INFO] [stdout]   11:     0x64725e963fd0 - <alloc[2182bb758b4b3781]::boxed::Box<dyn for<'a, 'b> core[df12db4294e9bfd3]::ops::function::Fn<(&'a std[70759c8f55707aa4]::panic::PanicHookInfo<'b>,), Output = ()> + core[df12db4294e9bfd3]::marker::Send + core[df12db4294e9bfd3]::marker::Sync> as core[df12db4294e9bfd3]::ops::function::Fn<(&std[70759c8f55707aa4]::panic::PanicHookInfo,)>>::call
[INFO] [stdout]                                at /rustc/dfb0accb7f508ae8be965d8629557221c889dd98/library/alloc/src/boxed.rs:2334:9
[INFO] [stdout]   12:     0x64725e963fd0 - test[9d35eded1c95d3be]::test_main_inner::<test[9d35eded1c95d3be]::test_main_static::{closure#0}>::{closure#0}
[INFO] [stdout]                                at /rustc/dfb0accb7f508ae8be965d8629557221c889dd98/library/test/src/lib.rs:155:21
[INFO] [stdout]   13:     0x64725e9c81e2 - <alloc[2182bb758b4b3781]::boxed::Box<dyn for<'a, 'b> core[df12db4294e9bfd3]::ops::function::Fn<(&'a std[70759c8f55707aa4]::panic::PanicHookInfo<'b>,), Output = ()> + core[df12db4294e9bfd3]::marker::Send + core[df12db4294e9bfd3]::marker::Sync> as core[df12db4294e9bfd3]::ops::function::Fn<(&std[70759c8f55707aa4]::panic::PanicHookInfo,)>>::call
[INFO] [stdout]                                at /rustc/dfb0accb7f508ae8be965d8629557221c889dd98/library/alloc/src/boxed.rs:2334:9
[INFO] [stdout]   14:     0x64725e9c81e2 - std[70759c8f55707aa4]::panicking::panic_with_hook
[INFO] [stdout]                                at /rustc/dfb0accb7f508ae8be965d8629557221c889dd98/library/std/src/panicking.rs:823:13
[INFO] [stdout]   15:     0x64725e9abad2 - std[70759c8f55707aa4]::panicking::panic_handler::{closure#0}
[INFO] [stdout]                                at /rustc/dfb0accb7f508ae8be965d8629557221c889dd98/library/std/src/panicking.rs:688:13
[INFO] [stdout]   16:     0x64725e9a4859 - std[70759c8f55707aa4]::sys::backtrace::__rust_end_short_backtrace::<std[70759c8f55707aa4]::panicking::panic_handler::{closure#0}, !>
[INFO] [stdout]                                at /rustc/dfb0accb7f508ae8be965d8629557221c889dd98/library/std/src/sys/backtrace.rs:182:18
[INFO] [stdout]   17:     0x64725e9ac6cd - __rustc[8fa7c3cbc660c2b3]::rust_begin_unwind
[INFO] [stdout]                                at /rustc/dfb0accb7f508ae8be965d8629557221c889dd98/library/std/src/panicking.rs:679:5
[INFO] [stdout]   18:     0x64725e9e4d1c - core[df12db4294e9bfd3]::panicking::panic_fmt
[INFO] [stdout]                                at /rustc/dfb0accb7f508ae8be965d8629557221c889dd98/library/core/src/panicking.rs:80:14
[INFO] [stdout]   19:     0x64725e9e4a72 - core[df12db4294e9bfd3]::result::unwrap_failed
[INFO] [stdout]                                at /rustc/dfb0accb7f508ae8be965d8629557221c889dd98/library/core/src/result.rs:1871:5
[INFO] [stdout]   20:     0x64725e919d9d - <core[df12db4294e9bfd3]::result::Result<(), core[df12db4294e9bfd3]::io::error::Error>>::unwrap
[INFO] [stdout]                                at /rustc/dfb0accb7f508ae8be965d8629557221c889dd98/library/core/src/result.rs:1232:23
[INFO] [stdout]   21:     0x64725e919d9d - cli[82296af73567f78a]::run_stdin
[INFO] [stdout]                                at /opt/rustwide/workdir/crates/astraeus-cli/tests/cli.rs:54:10
[INFO] [stdout]   22:     0x64725e91a56c - cli[82296af73567f78a]::chart_and_timeline_require_explicit_ephemeris_mode
[INFO] [stdout]                                at /opt/rustwide/workdir/crates/astraeus-cli/tests/cli.rs:73:22
[INFO] [stdout]   23:     0x64725e9198f7 - cli[82296af73567f78a]::chart_and_timeline_require_explicit_ephemeris_mode::{closure#0}
[INFO] [stdout]                                at /opt/rustwide/workdir/crates/astraeus-cli/tests/cli.rs:68:56
[INFO] [stdout]   24:     0x64725e922386 - <cli[82296af73567f78a]::chart_and_timeline_require_explicit_ephemeris_mode::{closure#0} as core[df12db4294e9bfd3]::ops::function::FnOnce<()>>::call_once
[INFO] [stdout]                                at /rustc/dfb0accb7f508ae8be965d8629557221c889dd98/library/core/src/ops/function.rs:250:5
[INFO] [stdout]   25:     0x64725e9572bb - <fn() -> core[df12db4294e9bfd3]::result::Result<(), alloc[2182bb758b4b3781]::string::String> as core[df12db4294e9bfd3]::ops::function::FnOnce<()>>::call_once
[INFO] [stdout]                                at /rustc/dfb0accb7f508ae8be965d8629557221c889dd98/library/core/src/ops/function.rs:250:5
[INFO] [stdout]   26:     0x64725e9572bb - test[9d35eded1c95d3be]::__rust_begin_short_backtrace::<core[df12db4294e9bfd3]::result::Result<(), alloc[2182bb758b4b3781]::string::String>, fn() -> core[df12db4294e9bfd3]::result::Result<(), alloc[2182bb758b4b3781]::string::String>>
[INFO] [stdout]                                at /rustc/dfb0accb7f508ae8be965d8629557221c889dd98/library/test/src/lib.rs:733:18
[INFO] [stdout]   27:     0x64725e964925 - test[9d35eded1c95d3be]::run_test_in_process::{closure#0}
[INFO] [stdout]                                at /rustc/dfb0accb7f508ae8be965d8629557221c889dd98/library/test/src/lib.rs:756:74
[INFO] [stdout]   28:     0x64725e964925 - <core[df12db4294e9bfd3]::panic::unwind_safe::AssertUnwindSafe<test[9d35eded1c95d3be]::run_test_in_process::{closure#0}> as core[df12db4294e9bfd3]::ops::function::FnOnce<()>>::call_once
[INFO] [stdout]                                at /rustc/dfb0accb7f508ae8be965d8629557221c889dd98/library/core/src/panic/unwind_safe.rs:275:9
[INFO] [stdout]   29:     0x64725e964925 - std[70759c8f55707aa4]::panicking::catch_unwind::do_call::<core[df12db4294e9bfd3]::panic::unwind_safe::AssertUnwindSafe<test[9d35eded1c95d3be]::run_test_in_process::{closure#0}>, core[df12db4294e9bfd3]::result::Result<(), alloc[2182bb758b4b3781]::string::String>>
[INFO] [stdout]                                at /rustc/dfb0accb7f508ae8be965d8629557221c889dd98/library/std/src/panicking.rs:576:43
[INFO] [stdout]   30:     0x64725e964925 - std[70759c8f55707aa4]::panicking::catch_unwind::<core[df12db4294e9bfd3]::result::Result<(), alloc[2182bb758b4b3781]::string::String>, core[df12db4294e9bfd3]::panic::unwind_safe::AssertUnwindSafe<test[9d35eded1c95d3be]::run_test_in_process::{closure#0}>>
[INFO] [stdout]                                at /rustc/dfb0accb7f508ae8be965d8629557221c889dd98/library/std/src/panicking.rs:544:19
[INFO] [stdout]   31:     0x64725e964925 - std[70759c8f55707aa4]::panic::catch_unwind::<core[df12db4294e9bfd3]::panic::unwind_safe::AssertUnwindSafe<test[9d35eded1c95d3be]::run_test_in_process::{closure#0}>, core[df12db4294e9bfd3]::result::Result<(), alloc[2182bb758b4b3781]::string::String>>
[INFO] [stdout]                                at /rustc/dfb0accb7f508ae8be965d8629557221c889dd98/library/std/src/panic.rs:359:14
[INFO] [stdout]   32:     0x64725e964925 - test[9d35eded1c95d3be]::run_test_in_process
[INFO] [stdout]                                at /rustc/dfb0accb7f508ae8be965d8629557221c889dd98/library/test/src/lib.rs:756:27
[INFO] [stdout]   33:     0x64725e964925 - test[9d35eded1c95d3be]::run_test::{closure#0}
[INFO] [stdout]                                at /rustc/dfb0accb7f508ae8be965d8629557221c889dd98/library/test/src/lib.rs:677:43
[INFO] [stdout]   34:     0x64725e95e1e4 - test[9d35eded1c95d3be]::run_test::{closure#1}
[INFO] [stdout]                                at /rustc/dfb0accb7f508ae8be965d8629557221c889dd98/library/test/src/lib.rs:707:41
[INFO] [stdout]   35:     0x64725e95e1e4 - std[70759c8f55707aa4]::sys::backtrace::__rust_begin_short_backtrace::<test[9d35eded1c95d3be]::run_test::{closure#1}, ()>
[INFO] [stdout]                                at /rustc/dfb0accb7f508ae8be965d8629557221c889dd98/library/std/src/sys/backtrace.rs:166:18
[INFO] [stdout]   36:     0x64725e967a82 - std[70759c8f55707aa4]::thread::lifecycle::spawn_unchecked::<test[9d35eded1c95d3be]::run_test::{closure#1}, ()>::{closure#1}::{closure#0}
[INFO] [stdout]                                at /rustc/dfb0accb7f508ae8be965d8629557221c889dd98/library/std/src/thread/lifecycle.rs:70:13
[INFO] [stdout]   37:     0x64725e967a82 - <core[df12db4294e9bfd3]::panic::unwind_safe::AssertUnwindSafe<std[70759c8f55707aa4]::thread::lifecycle::spawn_unchecked<test[9d35eded1c95d3be]::run_test::{closure#1}, ()>::{closure#1}::{closure#0}> as core[df12db4294e9bfd3]::ops::function::FnOnce<()>>::call_once
[INFO] [stdout]                                at /rustc/dfb0accb7f508ae8be965d8629557221c889dd98/library/core/src/panic/unwind_safe.rs:275:9
[INFO] [stdout]   38:     0x64725e967a82 - std[70759c8f55707aa4]::panicking::catch_unwind::do_call::<core[df12db4294e9bfd3]::panic::unwind_safe::AssertUnwindSafe<std[70759c8f55707aa4]::thread::lifecycle::spawn_unchecked<test[9d35eded1c95d3be]::run_test::{closure#1}, ()>::{closure#1}::{closure#0}>, ()>
[INFO] [stdout]                                at /rustc/dfb0accb7f508ae8be965d8629557221c889dd98/library/std/src/panicking.rs:576:43
[INFO] [stdout]   39:     0x64725e967a82 - std[70759c8f55707aa4]::panicking::catch_unwind::<(), core[df12db4294e9bfd3]::panic::unwind_safe::AssertUnwindSafe<std[70759c8f55707aa4]::thread::lifecycle::spawn_unchecked<test[9d35eded1c95d3be]::run_test::{closure#1}, ()>::{closure#1}::{closure#0}>>
[INFO] [stdout]                                at /rustc/dfb0accb7f508ae8be965d8629557221c889dd98/library/std/src/panicking.rs:544:19
[INFO] [stdout]   40:     0x64725e967a82 - std[70759c8f55707aa4]::panic::catch_unwind::<core[df12db4294e9bfd3]::panic::unwind_safe::AssertUnwindSafe<std[70759c8f55707aa4]::thread::lifecycle::spawn_unchecked<test[9d35eded1c95d3be]::run_test::{closure#1}, ()>::{closure#1}::{closure#0}>, ()>
[INFO] [stdout]                                at /rustc/dfb0accb7f508ae8be965d8629557221c889dd98/library/std/src/panic.rs:359:14
[INFO] [stdout]   41:     0x64725e967a82 - std[70759c8f55707aa4]::thread::lifecycle::spawn_unchecked::<test[9d35eded1c95d3be]::run_test::{closure#1}, ()>::{closure#1}
[INFO] [stdout]                                at /rustc/dfb0accb7f508ae8be965d8629557221c889dd98/library/std/src/thread/lifecycle.rs:68:26
[INFO] [stdout]   42:     0x64725e967a82 - <std[70759c8f55707aa4]::thread::lifecycle::spawn_unchecked<test[9d35eded1c95d3be]::run_test::{closure#1}, ()>::{closure#1} as core[df12db4294e9bfd3]::ops::function::FnOnce<()>>::call_once::{shim:vtable#0}
[INFO] [stdout]                                at /rustc/dfb0accb7f508ae8be965d8629557221c889dd98/library/core/src/ops/function.rs:250:5
[INFO] [stdout]   43:     0x64725e9cf199 - <alloc[2182bb758b4b3781]::boxed::Box<dyn core[df12db4294e9bfd3]::ops::function::FnOnce<(), Output = ()> + core[df12db4294e9bfd3]::marker::Send> as core[df12db4294e9bfd3]::ops::function::FnOnce<()>>::call_once
[INFO] [stdout]                                at /rustc/dfb0accb7f508ae8be965d8629557221c889dd98/library/alloc/src/boxed.rs:2320:9
[INFO] [stdout]   44:     0x64725e9cf199 - <std[70759c8f55707aa4]::sys::thread::unix::Thread>::new::thread_start
[INFO] [stdout]                                at /rustc/dfb0accb7f508ae8be965d8629557221c889dd98/library/std/src/sys/thread/unix.rs:123:17
[INFO] [stdout]   45:     0x7d320d68bdfa - <unknown>
[INFO] [stdout]   46:     0x7d320d71f3d4 - clone
[INFO] [stdout]   47:                0x0 - <unknown>
[INFO] [stdout] 
[INFO] [stdout] 
[INFO] [stdout] failures:
[INFO] [stdout]     chart_and_timeline_require_explicit_ephemeris_mode
[INFO] [stdout] 
[INFO] [stdout] test result: FAILED. 3 passed; 1 failed; 1 ignored; 0 measured; 0 filtered out; finished in 0.14s
[INFO] [stdout] 
[INFO] running `Command { std: "docker" "inspect" "eee9c71f45c0afc4b974e92d7d92d015c225999c88fcbea11c03013735dba653", kill_on_drop: false }`
[INFO] running `Command { std: "docker" "rm" "-f" "eee9c71f45c0afc4b974e92d7d92d015c225999c88fcbea11c03013735dba653", kill_on_drop: false }`
[INFO] [stdout] eee9c71f45c0afc4b974e92d7d92d015c225999c88fcbea11c03013735dba653
