[INFO] cloning repository https://github.com/Taganyer/tlog-rust
[INFO] running `Command { std: "git" "-c" "credential.helper=" "-c" "credential.helper=/workspace/cargo-home/bin/git-credential-null" "clone" "--bare" "https://github.com/Taganyer/tlog-rust" "/workspace/cache/git-repos/https%3A%2F%2Fgithub.com%2FTaganyer%2Ftlog-rust", kill_on_drop: false }`
[INFO] [stderr] Cloning into bare repository '/workspace/cache/git-repos/https%3A%2F%2Fgithub.com%2FTaganyer%2Ftlog-rust'...
[INFO] running `Command { std: "git" "rev-parse" "HEAD", kill_on_drop: false }`
[INFO] [stdout] 41a9dda755874b52987d468437e2713564b893fa
[INFO] testing Taganyer/tlog-rust against 1.99.0-beta.8 for beta-1.100-2
[INFO] running `Command { std: "git" "clone" "/workspace/cache/git-repos/https%3A%2F%2Fgithub.com%2FTaganyer%2Ftlog-rust" "/workspace/builds/worker-6-tc1/source", kill_on_drop: false }`
[INFO] [stderr] Cloning into '/workspace/builds/worker-6-tc1/source'...
[INFO] [stderr] done.
[INFO] started tweaking git repo https://github.com/Taganyer/tlog-rust
[INFO] finished tweaking git repo https://github.com/Taganyer/tlog-rust
[INFO] tweaked toml for git repo https://github.com/Taganyer/tlog-rust written to /workspace/builds/worker-6-tc1/source/Cargo.toml
[INFO] validating manifest of git repo https://github.com/Taganyer/tlog-rust on toolchain 1.99.0-beta.8
[INFO] running `Command { std: CARGO_HOME="/workspace/cargo-home" RUSTUP_HOME="/workspace/rustup-home" "/workspace/cargo-home/bin/cargo" "+1.99.0-beta.8" "metadata" "--manifest-path" "Cargo.toml" "--no-deps", kill_on_drop: false }`
[INFO] crate git repo https://github.com/Taganyer/tlog-rust already has a lockfile, it will not be regenerated
[INFO] running `Command { std: CARGO_HOME="/workspace/cargo-home" RUSTUP_HOME="/workspace/rustup-home" "/workspace/cargo-home/bin/cargo" "+1.99.0-beta.8" "fetch" "--manifest-path" "Cargo.toml", kill_on_drop: false }`
[INFO] [stderr]     Updating crates.io index
[INFO] [stderr]  Downloading crates ...
[INFO] [stderr]   Downloaded atomic v0.5.3
[INFO] [stderr]   Downloaded cc v1.2.57
[INFO] [stderr]   Downloaded properties v0.1.1
[INFO] [stderr]   Downloaded ringbuf v0.3.3
[INFO] running `Command { std: "docker" "create" "-v" "/var/lib/crater-agent-workspace/builds/worker-6-tc1/source:/opt/rustwide/workdir:ro,Z" "-v" "/var/lib/crater-agent-workspace/builds/worker-6-tc1/target:/opt/rustwide/target:rw,Z" "-v" "/var/lib/crater-agent-workspace/cargo-home:/opt/rustwide/cargo-home:ro,Z" "-v" "/var/lib/crater-agent-workspace/rustup-home:/opt/rustwide/rustup-home:ro,Z" "-m" "1610612736" "--network" "none" "ghcr.io/rust-lang/crates-build-env/linux@sha256:3111399a4047eeb3a02b7a90e478d715f38a8c6669b5c4b49d30a17385265909" "sleep" "infinity", kill_on_drop: false }`
[INFO] [stdout] 4c814699f76fcb527b43cf9eabd05e72dbe16a804cd6ce7cbac2644c6b6be3a4
[INFO] running `Command { std: "docker" "start" "4c814699f76fcb527b43cf9eabd05e72dbe16a804cd6ce7cbac2644c6b6be3a4", kill_on_drop: false }`
[INFO] running `Command { std: "docker" "inspect" "4c814699f76fcb527b43cf9eabd05e72dbe16a804cd6ce7cbac2644c6b6be3a4", kill_on_drop: false }`
[INFO] running `Command { std: "docker" "exec" "-e" "SOURCE_DIR=/opt/rustwide/workdir" "-e" "CARGO_HOME=/opt/rustwide/cargo-home" "-e" "RUSTUP_HOME=/opt/rustwide/rustup-home" "-e" "CARGO_TARGET_DIR=/opt/rustwide/target" "-w" "/opt/rustwide/workdir" "--user" "0:0" "4c814699f76fcb527b43cf9eabd05e72dbe16a804cd6ce7cbac2644c6b6be3a4" "/opt/rustwide/cargo-home/bin/cargo" "+1.99.0-beta.8" "metadata" "--no-deps" "--format-version=1", kill_on_drop: false }`
[INFO] running `Command { std: "docker" "inspect" "4c814699f76fcb527b43cf9eabd05e72dbe16a804cd6ce7cbac2644c6b6be3a4", kill_on_drop: false }`
[INFO] running `Command { std: "docker" "exec" "-e" "SOURCE_DIR=/opt/rustwide/workdir" "-e" "CARGO_HOME=/opt/rustwide/cargo-home" "-e" "RUSTUP_HOME=/opt/rustwide/rustup-home" "-e" "CARGO_TARGET_DIR=/opt/rustwide/target" "-e" "CARGO_INCREMENTAL=0" "-e" "RUST_BACKTRACE=full" "-e" "RUSTFLAGS=--cap-lints=warn" "-e" "RUSTDOCFLAGS=--cap-lints=warn" "-w" "/opt/rustwide/workdir" "--user" "0:0" "4c814699f76fcb527b43cf9eabd05e72dbe16a804cd6ce7cbac2644c6b6be3a4" "/opt/rustwide/cargo-home/bin/cargo" "+1.99.0-beta.8" "build" "--frozen" "--message-format=json", kill_on_drop: false }`
[INFO] [stderr]    Compiling libc v0.2.183
[INFO] [stderr]    Compiling serde_core v1.0.228
[INFO] [stderr]    Compiling serde v1.0.228
[INFO] [stderr]    Compiling num-traits v0.2.19
[INFO] [stderr]    Compiling crossbeam-utils v0.8.21
[INFO] [stderr]    Compiling smallvec v1.15.1
[INFO] [stderr]    Compiling syn v2.0.117
[INFO] [stderr]    Compiling unsafe-libyaml v0.2.11
[INFO] [stderr]    Compiling itoa v1.0.18
[INFO] [stderr]    Compiling once_cell v1.21.4
[INFO] [stderr]    Compiling atomic v0.5.3
[INFO] [stderr]    Compiling properties v0.1.1
[INFO] [stderr]    Compiling ringbuf v0.3.3
[INFO] [stderr]    Compiling errno v0.3.14
[INFO] [stderr]    Compiling parking_lot_core v0.9.12
[INFO] [stderr]    Compiling socket2 v0.6.3
[INFO] [stderr]    Compiling mio v1.1.1
[INFO] [stderr]    Compiling signal-hook-registry v1.4.8
[INFO] [stderr]    Compiling parking_lot v0.12.5
[INFO] [stderr]    Compiling serde_derive v1.0.228
[INFO] [stderr]    Compiling tokio-macros v2.6.1
[INFO] [stderr]    Compiling thiserror-impl v1.0.69
[INFO] [stderr]    Compiling tokio v1.50.0
[INFO] [stderr]    Compiling thiserror v1.0.69
[INFO] [stderr]    Compiling chrono v0.4.44
[INFO] [stderr]    Compiling serde_yaml v0.9.34+deprecated
[INFO] [stderr]    Compiling bincode v1.3.3
[INFO] [stderr]    Compiling tlog-rust v0.1.0 (/opt/rustwide/workdir)
[INFO] [stderr]     Finished `dev` profile [unoptimized + debuginfo] target(s) in 33.54s
[INFO] running `Command { std: "docker" "inspect" "4c814699f76fcb527b43cf9eabd05e72dbe16a804cd6ce7cbac2644c6b6be3a4", kill_on_drop: false }`
[INFO] running `Command { std: "docker" "exec" "-e" "SOURCE_DIR=/opt/rustwide/workdir" "-e" "CARGO_HOME=/opt/rustwide/cargo-home" "-e" "RUSTUP_HOME=/opt/rustwide/rustup-home" "-e" "CARGO_TARGET_DIR=/opt/rustwide/target" "-e" "CARGO_INCREMENTAL=0" "-e" "RUST_BACKTRACE=full" "-e" "RUSTFLAGS=--cap-lints=warn" "-e" "RUSTDOCFLAGS=--cap-lints=warn" "-w" "/opt/rustwide/workdir" "--user" "0:0" "4c814699f76fcb527b43cf9eabd05e72dbe16a804cd6ce7cbac2644c6b6be3a4" "/opt/rustwide/cargo-home/bin/cargo" "+1.99.0-beta.8" "test" "--frozen" "--no-run" "--message-format=json", kill_on_drop: false }`
[INFO] [stderr]    Compiling memchr v2.8.0
[INFO] [stderr]    Compiling regex-syntax v0.8.10
[INFO] [stderr]    Compiling getrandom v0.4.2
[INFO] [stderr]    Compiling tempfile v3.27.0
[INFO] [stderr]    Compiling aho-corasick v1.1.4
[INFO] [stderr]    Compiling regex-automata v0.4.14
[INFO] [stderr]    Compiling regex v1.12.3
[INFO] [stderr]    Compiling tlog-rust v0.1.0 (/opt/rustwide/workdir)
[INFO] [stderr]     Finished `test` profile [unoptimized + debuginfo] target(s) in 18.81s
[INFO] running `Command { std: "docker" "inspect" "4c814699f76fcb527b43cf9eabd05e72dbe16a804cd6ce7cbac2644c6b6be3a4", kill_on_drop: false }`
[INFO] running `Command { std: "docker" "exec" "-e" "SOURCE_DIR=/opt/rustwide/workdir" "-e" "CARGO_HOME=/opt/rustwide/cargo-home" "-e" "RUSTUP_HOME=/opt/rustwide/rustup-home" "-e" "CARGO_TARGET_DIR=/opt/rustwide/target" "-e" "CARGO_INCREMENTAL=0" "-e" "RUST_BACKTRACE=full" "-e" "RUSTFLAGS=--cap-lints=warn" "-e" "RUSTDOCFLAGS=--cap-lints=warn" "-w" "/opt/rustwide/workdir" "--user" "0:0" "4c814699f76fcb527b43cf9eabd05e72dbe16a804cd6ce7cbac2644c6b6be3a4" "/opt/rustwide/cargo-home/bin/cargo" "+1.99.0-beta.8" "test" "--frozen", kill_on_drop: false }`
[INFO] [stderr]     Finished `test` profile [unoptimized + debuginfo] target(s) in 0.17s
[INFO] [stderr]      Running unittests src/lib.rs (/opt/rustwide/target/debug/deps/tlog_rust-29ebc451f8f3ccbd)
[INFO] [stdout] 
[INFO] [stdout] running 103 tests
[INFO] [stdout] test appender::callback::tests::test_flush_does_nothing ... ok
[INFO] [stderr] large message number 1 that will fill buffer
[INFO] [stderr] 
[INFO] [stderr] large message number 2 that will fill buffer
[INFO] [stderr] 
[INFO] [stderr] large message number 3 that will fill buffer
[INFO] [stderr] 
[INFO] [stderr] large message number 4 that will fill buffer
[INFO] [stderr] 
[INFO] [stderr] large message number 5 that will fill buffer
[INFO] [stderr] 
[INFO] [stderr] large message number 6 that will fill buffer
[INFO] [stderr] 
[INFO] [stderr] large message number 7 that will fill buffer
[INFO] [stderr] 
[INFO] [stderr] large message number 8 that will fill buffer
[INFO] [stderr] 
[INFO] [stderr] large message number 9 that will fill buffer
[INFO] [stderr] 
[INFO] [stderr] large message number 10 that will fill buffer
[INFO] [stderr] 
[INFO] [stderr] large message number 11 that will fill buffer
[INFO] [stderr] 
[INFO] [stderr] large message number 12 that will fill buffer
[INFO] [stderr] 
[INFO] [stderr] large message number 13 that will fill buffer
[INFO] [stderr] 
[INFO] [stderr] large message number 14 that will fill buffer
[INFO] [stderr] 
[INFO] [stderr] large message number 15 that will fill buffer
[INFO] [stderr] 
[INFO] [stderr] large message number 16 that will fill buffer
[INFO] [stderr] 
[INFO] [stderr] large message number 17 that will fill buffer
[INFO] [stderr] 
[INFO] [stderr] large message number 18 that will fill buffer
[INFO] [stderr] 
[INFO] [stderr] large message number 19 that will fill buffer
[INFO] [stderr] 
[INFO] [stderr] async 2
[INFO] [stderr] 
[INFO] [stderr] async 3
[INFO] [stderr] 
[INFO] [stderr] async 4
[INFO] [stderr] 
[INFO] [stdout] test appender::callback::tests::test_level_filtering ... ok
[INFO] [stdout] test appender::callback::tests::test_callback_receives_correct_record ... ok
[INFO] [stdout] test appender::callback::tests::test_callback_called_for_each_log ... ok
[INFO] [stdout] test appender::console::tests::test_async_buffer_full ... ok
[INFO] [stdout] test appender::callback::tests::test_change_threshold ... ok
[INFO] [stdout] test appender::console::tests::test_async_mode_buffer_flush ... ok
[INFO] [stdout] test appender::console::tests::test_level_filtering ... ok
[INFO] [stdout] test appender::console::tests::test_all_types_send_sync ... ok
[INFO] [stdout] test appender::console::tests::test_singleton ... ok
[INFO] [stdout] test appender::rolling_file::tests::test_multiple_appenders_share_file ... ok
[INFO] [stdout] test appender::rolling_file::tests::test_single_file_write ... ok
[INFO] [stdout] test appender::rolling_file::tests::test_pool_recovers_after_drop ... ok
[INFO] [stdout] test appender::rolling_file::tests::test_append_on_restart ... ok
[INFO] [stdout] test appender::rolling_file::tests::test_level_filtering ... ok
[INFO] [stdout] test appender::rolling_file::tests::test_max_backup_cleanup ... ok
[INFO] [stdout] sync test message 0
[INFO] [stdout] sync test message 1
[INFO] [stdout] sync test message 2
[INFO] [stdout] sync test message 3
[INFO] [stdout] sync test message 4
[INFO] [stdout] sync test message 5
[INFO] [stdout] sync test message 6
[INFO] [stdout] sync test message 7
[INFO] [stdout] sync test message 8
[INFO] [stdout] sync test message 9
[INFO] [stdout] test appender::console::tests::test_sync_mode_append ... ok
[INFO] [stdout] test appender::rolling_file::tests::test_trigger_rotation ... ok
[INFO] [stdout] test appender::console::tests::test_thread_safe_threshold_modify ... ok
[INFO] [stdout] test appender::tcp::tests::test_buffer_full_trigger_flush ... ok
[INFO] [stdout] test appender::tcp::tests::test_tcp_appender_is_send_and_sync ... ok
[INFO] [stdout] test appender::tcp::tests::test_large_message_above_free_space ... ok
[INFO] [stdout] test config::tests::test_appender_threshold_filtering ... ok
[INFO] [stdout] test config::tests::test_default_config ... ok
[INFO] [stdout] test config::tests::test_combined_filtering ... ok
[INFO] [stdout] test config::tests::test_logger_inheritance ... ok
[INFO] [stdout] test config::tests::test_default_values ... ok
[INFO] [stdout] test config::tests::test_logger_level_filtering ... ok
[INFO] [stdout] test config::tests::test_send_sync ... ok
[INFO] [stdout] test config::tests::test_validate_appender ... ok
[INFO] [stdout] test config_parser::tests::test_invalid_level_gives_warning ... ok
[INFO] [stdout] test config_parser::tests::test_normalize_type ... ok
[INFO] [stdout] test config_parser::tests::test_parse_appender ... ok
[INFO] [stdout] test config_parser::tests::test_parse_bool ... ok
[INFO] [stdout] test config_parser::tests::test_parse_comments_and_empty_lines ... ok
[INFO] [stdout] test config_parser::tests::test_parse_layout ... ok
[INFO] [stdout] test config_parser::tests::test_parse_named_loggers ... ok
[INFO] [stdout] test config_parser::tests::test_parse_root_logger ... ok
[INFO] [stdout] test config_parser::tests::test_parse_global_config ... ok
[INFO] [stdout] test config_parser::tests::test_parse_size ... ok
[INFO] [stdout] test config_parser::tests::test_parse_time ... ok
[INFO] [stdout] test config_parser::tests::test_split_key_value ... ok
[INFO] [stdout] test config_parser::tests::test_split_list ... ok
[INFO] [stdout] test appender::tcp::tests::test_basic_send ... ok
[INFO] [stdout] test layout::iso8601::tests::test_send_sync ... ok
[INFO] [stdout] test layout::pattern::tests::test_combined_modifier ... ok
[INFO] [stdout] test appender::tcp::tests::test_level_filtering ... ok
[INFO] [stdout] test appender::tcp::tests::test_larger_than_buffer_direct_send ... ok
[INFO] [stdout] test appender::tcp::tests::test_flush_residual_data ... ok
[INFO] [stdout] test config_parser::tests::test_unknown_keys_are_ignored ... ok
[INFO] [stdout] test layout::pattern::tests::test_logger_name ... ok
[INFO] [stdout] test layout::pattern::tests::test_message ... ok
[INFO] [stdout] test layout::pattern::tests::test_left_pad ... ok
[INFO] [stdout] test layout::pattern::tests::test_newline ... ok
[INFO] [stdout] test layout::pattern::tests::test_level ... ok
[INFO] [stdout] test layout::pattern::tests::test_percent ... ok
[INFO] [stdout] test layout::pattern::tests::test_process_id ... ok
[INFO] [stdout] test layout::pattern::tests::test_right_pad ... ok
[INFO] [stdout] test layout::pattern::tests::test_send_sync ... ok
[INFO] [stdout] test layout::pattern::tests::test_thread_id ... ok
[INFO] [stdout] test layout::simple::tests::test_send_sync ... ok
[INFO] [stdout] test layout::simple::tests::test_simple_layout ... ok
[INFO] [stdout] test layout::pattern::tests::test_truncate ... ok
[INFO] [stdout] test layout::pattern::tests::test_date_format ... ok
[INFO] [stdout] test level::tests::test_display ... ok
[INFO] [stdout] test level::tests::test_from_str ... ok
[INFO] [stdout] test layout::ttcc::tests::test_send_sync ... ok
[INFO] [stdout] test level::tests::test_level_ordering ... ok
[INFO] [stdout] test layout::pattern::tests::test_full_pattern ... ok
[INFO] [stdout] test layout::pattern::tests::test_millisecond_microsecond ... ok
[INFO] [stdout] test logger::tests::test_additivity_false ... ok
[INFO] [stdout] test layout::iso8601::tests::test_iso8601_format ... ok
[INFO] [stdout] test logger::tests::test_find_parent_name ... ok
[INFO] [stdout] test logger::tests::test_empty_appender_list ... ok
[INFO] [stdout] test logger::tests::test_parent_inheritance ... ok
[INFO] [stdout] test logger::tests::test_set_level_runtime ... ok
[INFO] [stdout] test manager::tests::test_double_init_fails ... ok
[INFO] [stdout] test manager::tests::test_flush_all ... ok
[INFO] [stdout] test manager::tests::test_init_default ... ok
[INFO] [stdout] test manager::tests::test_lazy_creation ... ok
[INFO] [stdout] test manager::tests::test_register_callback_not_callback_appender ... ok
[INFO] [stdout] test manager::tests::test_register_callback_not_found ... ok
[INFO] [stdout] test message
[INFO] [stdout] test manager::tests::test_register_callback_success ... ok
[INFO] [stdout] test manager::tests::test_send_sync ... ok
[INFO] [stdout] test logger::tests::test_convenience_methods ... ok
[INFO] [stdout] test logger::tests::test_multiple_appenders ... ok
[INFO] [stdout] test logger::tests::test_level_filtering ... ok
[INFO] [stdout] test record::tests::test_create_record ... ok
[INFO] [stdout] msg1
[INFO] [stdout] msg2
[INFO] [stdout] test scheduler::tests::test_auto_cleanup ... ok
[INFO] [stdout] test manager::tests::test_set_callback_multiple_times ... ok
[INFO] [stdout] test scheduler::tests::test_concurrent_register ... ok
[INFO] [stdout] test scheduler::tests::test_manual_wake ... ok
[INFO] [stdout] test layout::ttcc::tests::test_ttcc_format ... ok
[INFO] [stdout] test server::tests::test_assert_send_sync ... ok
[INFO] [stdout] test server::tests::test_basic_server_start ... ok
[INFO] [stdout] test scheduler::tests::test_register_unregister ... ok
[INFO] [stdout] test scheduler::tests::test_shutdown_flushes_all ... ok
[INFO] [stdout] test logger::tests::test_concurrent_logging ... ok
[INFO] [stdout] test manager::tests::test_static_logging_methods ... FAILED
[INFO] [stdout] test scheduler::tests::test_periodic_flush ... ok
[INFO] [stdout] test appender::tcp::tests::test_min_reconnect_interval ... ok
[INFO] [stdout] test server::tests::test_e2e_client_server ... ok
[INFO] [stdout] test appender::tcp::tests::test_disconnect_drops_logs ... ok
[INFO] [stdout] 
[INFO] [stdout] failures:
[INFO] [stdout] 
[INFO] [stdout] ---- manager::tests::test_static_logging_methods stdout ----
[INFO] [stdout] tlog: warning: No tokio runtime running, global scheduler not started. Automatic periodic flushing won't work.
[INFO] [stdout] tlog: warning: No tokio runtime running, TCP servers won't be started.
[INFO] [stdout] 
[INFO] [stdout] thread 'manager::tests::test_static_logging_methods' (948) panicked at src/manager.rs:1100:9:
[INFO] [stdout] assertion failed: LogManager::register_callback("callback", callback).is_ok()
[INFO] [stdout] stack backtrace:
[INFO] [stdout]    0:     0x589c3c88e641 - std[70759c8f55707aa4]::backtrace_rs::backtrace::libunwind::trace
[INFO] [stdout]                                at /rustc/dfb0accb7f508ae8be965d8629557221c889dd98/library/std/src/../../backtrace/src/backtrace/libunwind.rs:117:9
[INFO] [stdout]    1:     0x589c3c88e641 - std[70759c8f55707aa4]::backtrace_rs::backtrace::trace_unsynchronized::<std[70759c8f55707aa4]::sys::backtrace::_print_fmt::{closure#1}>
[INFO] [stdout]                                at /rustc/dfb0accb7f508ae8be965d8629557221c889dd98/library/std/src/../../backtrace/src/backtrace/mod.rs:66:14
[INFO] [stdout]    2:     0x589c3c88e641 - std[70759c8f55707aa4]::sys::backtrace::_print_fmt
[INFO] [stdout]                                at /rustc/dfb0accb7f508ae8be965d8629557221c889dd98/library/std/src/sys/backtrace.rs:74:9
[INFO] [stdout]    3:     0x589c3c88e641 - <<std[70759c8f55707aa4]::sys::backtrace::BacktraceLock>::print::DisplayBacktrace as core[df12db4294e9bfd3]::fmt::Display>::fmt
[INFO] [stdout]                                at /rustc/dfb0accb7f508ae8be965d8629557221c889dd98/library/std/src/sys/backtrace.rs:44:26
[INFO] [stdout]    4:     0x589c3c8a783a - <core[df12db4294e9bfd3]::fmt::rt::Argument>::fmt
[INFO] [stdout]                                at /rustc/dfb0accb7f508ae8be965d8629557221c889dd98/library/core/src/fmt/rt.rs:152:76
[INFO] [stdout]    5:     0x589c3c8a783a - core[df12db4294e9bfd3]::fmt::write
[INFO] [stdout]    6:     0x589c3c894b2c - core[df12db4294e9bfd3]::io::write::default_write_fmt::<alloc[2182bb758b4b3781]::vec::Vec<u8>>
[INFO] [stdout]                                at /rustc/dfb0accb7f508ae8be965d8629557221c889dd98/library/core/src/io/write.rs:402:11
[INFO] [stdout]    7:     0x589c3c894b2c - <alloc[2182bb758b4b3781]::vec::Vec<u8> as core[df12db4294e9bfd3]::io::write::Write>::write_fmt
[INFO] [stdout]                                at /rustc/dfb0accb7f508ae8be965d8629557221c889dd98/library/core/src/io/write.rs:335:13
[INFO] [stdout]    8:     0x589c3c8669d6 - <std[70759c8f55707aa4]::sys::backtrace::BacktraceLock>::print
[INFO] [stdout]                                at /rustc/dfb0accb7f508ae8be965d8629557221c889dd98/library/std/src/sys/backtrace.rs:47:9
[INFO] [stdout]    9:     0x589c3c8669d6 - std[70759c8f55707aa4]::panicking::default_hook::{closure#0}
[INFO] [stdout]                                at /rustc/dfb0accb7f508ae8be965d8629557221c889dd98/library/std/src/panicking.rs:292:27
[INFO] [stdout]   10:     0x589c3c884fa9 - std[70759c8f55707aa4]::panicking::default_hook
[INFO] [stdout]                                at /rustc/dfb0accb7f508ae8be965d8629557221c889dd98/library/std/src/panicking.rs:316:9
[INFO] [stdout]   11:     0x589c3c4f43c0 - <alloc[2182bb758b4b3781]::boxed::Box<dyn for<'a, 'b> core[df12db4294e9bfd3]::ops::function::Fn<(&'a std[70759c8f55707aa4]::panic::PanicHookInfo<'b>,), Output = ()> + core[df12db4294e9bfd3]::marker::Send + core[df12db4294e9bfd3]::marker::Sync> as core[df12db4294e9bfd3]::ops::function::Fn<(&std[70759c8f55707aa4]::panic::PanicHookInfo,)>>::call
[INFO] [stdout]                                at /rustc/dfb0accb7f508ae8be965d8629557221c889dd98/library/alloc/src/boxed.rs:2334:9
[INFO] [stdout]   12:     0x589c3c4f43c0 - test[9d35eded1c95d3be]::test_main_inner::<test[9d35eded1c95d3be]::test_main_static::{closure#0}>::{closure#0}
[INFO] [stdout]                                at /rustc/dfb0accb7f508ae8be965d8629557221c889dd98/library/test/src/lib.rs:155:21
[INFO] [stdout]   13:     0x589c3c8852d2 - <alloc[2182bb758b4b3781]::boxed::Box<dyn for<'a, 'b> core[df12db4294e9bfd3]::ops::function::Fn<(&'a std[70759c8f55707aa4]::panic::PanicHookInfo<'b>,), Output = ()> + core[df12db4294e9bfd3]::marker::Send + core[df12db4294e9bfd3]::marker::Sync> as core[df12db4294e9bfd3]::ops::function::Fn<(&std[70759c8f55707aa4]::panic::PanicHookInfo,)>>::call
[INFO] [stdout]                                at /rustc/dfb0accb7f508ae8be965d8629557221c889dd98/library/alloc/src/boxed.rs:2334:9
[INFO] [stdout]   14:     0x589c3c8852d2 - std[70759c8f55707aa4]::panicking::panic_with_hook
[INFO] [stdout]                                at /rustc/dfb0accb7f508ae8be965d8629557221c889dd98/library/std/src/panicking.rs:823:13
[INFO] [stdout]   15:     0x589c3c866ab4 - std[70759c8f55707aa4]::panicking::panic_handler::{closure#0}
[INFO] [stdout]                                at /rustc/dfb0accb7f508ae8be965d8629557221c889dd98/library/std/src/panicking.rs:681:13
[INFO] [stdout]   16:     0x589c3c85f3a9 - std[70759c8f55707aa4]::sys::backtrace::__rust_end_short_backtrace::<std[70759c8f55707aa4]::panicking::panic_handler::{closure#0}, !>
[INFO] [stdout]                                at /rustc/dfb0accb7f508ae8be965d8629557221c889dd98/library/std/src/sys/backtrace.rs:182:18
[INFO] [stdout]   17:     0x589c3c86795d - __rustc[8fa7c3cbc660c2b3]::rust_begin_unwind
[INFO] [stdout]                                at /rustc/dfb0accb7f508ae8be965d8629557221c889dd98/library/std/src/panicking.rs:679:5
[INFO] [stdout]   18:     0x589c3c8a80dc - core[df12db4294e9bfd3]::panicking::panic_fmt
[INFO] [stdout]                                at /rustc/dfb0accb7f508ae8be965d8629557221c889dd98/library/core/src/panicking.rs:80:14
[INFO] [stdout]   19:     0x589c3c8a80a2 - core[df12db4294e9bfd3]::panicking::panic
[INFO] [stdout]                                at /rustc/dfb0accb7f508ae8be965d8629557221c889dd98/library/core/src/panicking.rs:150:5
[INFO] [stdout]   20:     0x589c3c46646b - tlog_rust[284a9193903954a7]::manager::tests::test_static_logging_methods
[INFO] [stdout]                                at /opt/rustwide/workdir/src/manager.rs:1100:9
[INFO] [stdout]   21:     0x589c3c45e6b7 - tlog_rust[284a9193903954a7]::manager::tests::test_static_logging_methods::{closure#0}
[INFO] [stdout]                                at /opt/rustwide/workdir/src/manager.rs:1059:37
[INFO] [stdout]   22:     0x589c3c4e6736 - <tlog_rust[284a9193903954a7]::manager::tests::test_static_logging_methods::{closure#0} as core[df12db4294e9bfd3]::ops::function::FnOnce<()>>::call_once
[INFO] [stdout]                                at /rustc/dfb0accb7f508ae8be965d8629557221c889dd98/library/core/src/ops/function.rs:250:5
[INFO] [stdout]   23:     0x589c3c4e76ab - <fn() -> core[df12db4294e9bfd3]::result::Result<(), alloc[2182bb758b4b3781]::string::String> as core[df12db4294e9bfd3]::ops::function::FnOnce<()>>::call_once
[INFO] [stdout]                                at /rustc/dfb0accb7f508ae8be965d8629557221c889dd98/library/core/src/ops/function.rs:250:5
[INFO] [stdout]   24:     0x589c3c4e76ab - test[9d35eded1c95d3be]::__rust_begin_short_backtrace::<core[df12db4294e9bfd3]::result::Result<(), alloc[2182bb758b4b3781]::string::String>, fn() -> core[df12db4294e9bfd3]::result::Result<(), alloc[2182bb758b4b3781]::string::String>>
[INFO] [stdout]                                at /rustc/dfb0accb7f508ae8be965d8629557221c889dd98/library/test/src/lib.rs:733:18
[INFO] [stdout]   25:     0x589c3c4f4d15 - test[9d35eded1c95d3be]::run_test_in_process::{closure#0}
[INFO] [stdout]                                at /rustc/dfb0accb7f508ae8be965d8629557221c889dd98/library/test/src/lib.rs:756:74
[INFO] [stdout]   26:     0x589c3c4f4d15 - <core[df12db4294e9bfd3]::panic::unwind_safe::AssertUnwindSafe<test[9d35eded1c95d3be]::run_test_in_process::{closure#0}> as core[df12db4294e9bfd3]::ops::function::FnOnce<()>>::call_once
[INFO] [stdout]                                at /rustc/dfb0accb7f508ae8be965d8629557221c889dd98/library/core/src/panic/unwind_safe.rs:275:9
[INFO] [stdout]   27:     0x589c3c4f4d15 - std[70759c8f55707aa4]::panicking::catch_unwind::do_call::<core[df12db4294e9bfd3]::panic::unwind_safe::AssertUnwindSafe<test[9d35eded1c95d3be]::run_test_in_process::{closure#0}>, core[df12db4294e9bfd3]::result::Result<(), alloc[2182bb758b4b3781]::string::String>>
[INFO] [stdout]                                at /rustc/dfb0accb7f508ae8be965d8629557221c889dd98/library/std/src/panicking.rs:576:43
[INFO] [stdout]   28:     0x589c3c4f4d15 - std[70759c8f55707aa4]::panicking::catch_unwind::<core[df12db4294e9bfd3]::result::Result<(), alloc[2182bb758b4b3781]::string::String>, core[df12db4294e9bfd3]::panic::unwind_safe::AssertUnwindSafe<test[9d35eded1c95d3be]::run_test_in_process::{closure#0}>>
[INFO] [stdout]                                at /rustc/dfb0accb7f508ae8be965d8629557221c889dd98/library/std/src/panicking.rs:544:19
[INFO] [stdout]   29:     0x589c3c4f4d15 - std[70759c8f55707aa4]::panic::catch_unwind::<core[df12db4294e9bfd3]::panic::unwind_safe::AssertUnwindSafe<test[9d35eded1c95d3be]::run_test_in_process::{closure#0}>, core[df12db4294e9bfd3]::result::Result<(), alloc[2182bb758b4b3781]::string::String>>
[INFO] [stdout]                                at /rustc/dfb0accb7f508ae8be965d8629557221c889dd98/library/std/src/panic.rs:359:14
[INFO] [stdout]   30:     0x589c3c4f4d15 - test[9d35eded1c95d3be]::run_test_in_process
[INFO] [stdout]                                at /rustc/dfb0accb7f508ae8be965d8629557221c889dd98/library/test/src/lib.rs:756:27
[INFO] [stdout]   31:     0x589c3c4f4d15 - test[9d35eded1c95d3be]::run_test::{closure#0}
[INFO] [stdout]                                at /rustc/dfb0accb7f508ae8be965d8629557221c889dd98/library/test/src/lib.rs:677:43
[INFO] [stdout]   32:     0x589c3c4ee5d4 - test[9d35eded1c95d3be]::run_test::{closure#1}
[INFO] [stdout]                                at /rustc/dfb0accb7f508ae8be965d8629557221c889dd98/library/test/src/lib.rs:707:41
[INFO] [stdout]   33:     0x589c3c4ee5d4 - std[70759c8f55707aa4]::sys::backtrace::__rust_begin_short_backtrace::<test[9d35eded1c95d3be]::run_test::{closure#1}, ()>
[INFO] [stdout]                                at /rustc/dfb0accb7f508ae8be965d8629557221c889dd98/library/std/src/sys/backtrace.rs:166:18
[INFO] [stdout]   34:     0x589c3c4f7e72 - std[70759c8f55707aa4]::thread::lifecycle::spawn_unchecked::<test[9d35eded1c95d3be]::run_test::{closure#1}, ()>::{closure#1}::{closure#0}
[INFO] [stdout]                                at /rustc/dfb0accb7f508ae8be965d8629557221c889dd98/library/std/src/thread/lifecycle.rs:70:13
[INFO] [stdout]   35:     0x589c3c4f7e72 - <core[df12db4294e9bfd3]::panic::unwind_safe::AssertUnwindSafe<std[70759c8f55707aa4]::thread::lifecycle::spawn_unchecked<test[9d35eded1c95d3be]::run_test::{closure#1}, ()>::{closure#1}::{closure#0}> as core[df12db4294e9bfd3]::ops::function::FnOnce<()>>::call_once
[INFO] [stdout]                                at /rustc/dfb0accb7f508ae8be965d8629557221c889dd98/library/core/src/panic/unwind_safe.rs:275:9
[INFO] [stdout]   36:     0x589c3c4f7e72 - std[70759c8f55707aa4]::panicking::catch_unwind::do_call::<core[df12db4294e9bfd3]::panic::unwind_safe::AssertUnwindSafe<std[70759c8f55707aa4]::thread::lifecycle::spawn_unchecked<test[9d35eded1c95d3be]::run_test::{closure#1}, ()>::{closure#1}::{closure#0}>, ()>
[INFO] [stdout]                                at /rustc/dfb0accb7f508ae8be965d8629557221c889dd98/library/std/src/panicking.rs:576:43
[INFO] [stdout]   37:     0x589c3c4f7e72 - std[70759c8f55707aa4]::panicking::catch_unwind::<(), core[df12db4294e9bfd3]::panic::unwind_safe::AssertUnwindSafe<std[70759c8f55707aa4]::thread::lifecycle::spawn_unchecked<test[9d35eded1c95d3be]::run_test::{closure#1}, ()>::{closure#1}::{closure#0}>>
[INFO] [stdout]                                at /rustc/dfb0accb7f508ae8be965d8629557221c889dd98/library/std/src/panicking.rs:544:19
[INFO] [stdout]   38:     0x589c3c4f7e72 - std[70759c8f55707aa4]::panic::catch_unwind::<core[df12db4294e9bfd3]::panic::unwind_safe::AssertUnwindSafe<std[70759c8f55707aa4]::thread::lifecycle::spawn_unchecked<test[9d35eded1c95d3be]::run_test::{closure#1}, ()>::{closure#1}::{closure#0}>, ()>
[INFO] [stdout]                                at /rustc/dfb0accb7f508ae8be965d8629557221c889dd98/library/std/src/panic.rs:359:14
[INFO] [stdout]   39:     0x589c3c4f7e72 - std[70759c8f55707aa4]::thread::lifecycle::spawn_unchecked::<test[9d35eded1c95d3be]::run_test::{closure#1}, ()>::{closure#1}
[INFO] [stdout]                                at /rustc/dfb0accb7f508ae8be965d8629557221c889dd98/library/std/src/thread/lifecycle.rs:68:26
[INFO] [stdout]   40:     0x589c3c4f7e72 - <std[70759c8f55707aa4]::thread::lifecycle::spawn_unchecked<test[9d35eded1c95d3be]::run_test::{closure#1}, ()>::{closure#1} as core[df12db4294e9bfd3]::ops::function::FnOnce<()>>::call_once::{shim:vtable#0}
[INFO] [stdout]                                at /rustc/dfb0accb7f508ae8be965d8629557221c889dd98/library/core/src/ops/function.rs:250:5
[INFO] [stdout]   41:     0x589c3c88d289 - <alloc[2182bb758b4b3781]::boxed::Box<dyn core[df12db4294e9bfd3]::ops::function::FnOnce<(), Output = ()> + core[df12db4294e9bfd3]::marker::Send> as core[df12db4294e9bfd3]::ops::function::FnOnce<()>>::call_once
[INFO] [stdout]                                at /rustc/dfb0accb7f508ae8be965d8629557221c889dd98/library/alloc/src/boxed.rs:2320:9
[INFO] [stdout]   42:     0x589c3c88d289 - <std[70759c8f55707aa4]::sys::thread::unix::Thread>::new::thread_start
[INFO] [stdout]                                at /rustc/dfb0accb7f508ae8be965d8629557221c889dd98/library/std/src/sys/thread/unix.rs:123:17
[INFO] [stdout]   43:     0x7bc52fb2cdfa - <unknown>
[INFO] [stdout]   44:     0x7bc52fbc03d4 - clone
[INFO] [stdout]   45:                0x0 - <unknown>
[INFO] [stdout] 
[INFO] [stdout] 
[INFO] [stdout] failures:
[INFO] [stdout]     manager::tests::test_static_logging_methods
[INFO] [stdout] 
[INFO] [stdout] test result: FAILED. 102 passed; 1 failed; 0 ignored; 0 measured; 0 filtered out; finished in 2.04s
[INFO] [stdout] 
[INFO] [stderr] error: test failed, to rerun pass `--lib`
[INFO] running `Command { std: "docker" "inspect" "4c814699f76fcb527b43cf9eabd05e72dbe16a804cd6ce7cbac2644c6b6be3a4", kill_on_drop: false }`
[INFO] running `Command { std: "docker" "rm" "-f" "4c814699f76fcb527b43cf9eabd05e72dbe16a804cd6ce7cbac2644c6b6be3a4", kill_on_drop: false }`
[INFO] [stdout] 4c814699f76fcb527b43cf9eabd05e72dbe16a804cd6ce7cbac2644c6b6be3a4
