[INFO] cloning repository https://github.com/Sunset1014/rust-miner
[INFO] running `Command { std: "git" "-c" "credential.helper=" "-c" "credential.helper=/workspace/cargo-home/bin/git-credential-null" "clone" "--bare" "https://github.com/Sunset1014/rust-miner" "/workspace/cache/git-repos/https%3A%2F%2Fgithub.com%2FSunset1014%2Frust-miner", kill_on_drop: false }`
[INFO] [stderr] Cloning into bare repository '/workspace/cache/git-repos/https%3A%2F%2Fgithub.com%2FSunset1014%2Frust-miner'...
[INFO] running `Command { std: "git" "rev-parse" "HEAD", kill_on_drop: false }`
[INFO] [stdout] adb4445d7fe9104780af8e1f59aceeee876e9150
[INFO] testing Sunset1014/rust-miner against 1.99.0-beta.8 for beta-1.100-2
[INFO] running `Command { std: "git" "clone" "/workspace/cache/git-repos/https%3A%2F%2Fgithub.com%2FSunset1014%2Frust-miner" "/workspace/builds/worker-2-tc1/source", kill_on_drop: false }`
[INFO] [stderr] Cloning into '/workspace/builds/worker-2-tc1/source'...
[INFO] [stderr] done.
[INFO] started tweaking git repo https://github.com/Sunset1014/rust-miner
[INFO] finished tweaking git repo https://github.com/Sunset1014/rust-miner
[INFO] tweaked toml for git repo https://github.com/Sunset1014/rust-miner written to /workspace/builds/worker-2-tc1/source/Cargo.toml
[INFO] validating manifest of git repo https://github.com/Sunset1014/rust-miner on toolchain 1.99.0-beta.8
[INFO] running `Command { std: CARGO_HOME="/workspace/cargo-home" RUSTUP_HOME="/workspace/rustup-home" "/workspace/cargo-home/bin/cargo" "+1.99.0-beta.8" "metadata" "--manifest-path" "Cargo.toml" "--no-deps", kill_on_drop: false }`
[INFO] crate git repo https://github.com/Sunset1014/rust-miner already has a lockfile, it will not be regenerated
[INFO] running `Command { std: CARGO_HOME="/workspace/cargo-home" RUSTUP_HOME="/workspace/rustup-home" "/workspace/cargo-home/bin/cargo" "+1.99.0-beta.8" "fetch" "--manifest-path" "Cargo.toml", kill_on_drop: false }`
[INFO] [stderr]     Updating crates.io index
[INFO] [stderr]  Downloading crates ...
[INFO] [stderr]   Downloaded tokio-macros v2.7.1
[INFO] [stderr]   Downloaded ratatui v0.30.2
[INFO] [stderr]   Downloaded strum v0.28.0
[INFO] [stderr]   Downloaded approx v0.5.1
[INFO] [stderr]   Downloaded lru v0.18.1
[INFO] [stderr]   Downloaded fast-srgb8 v1.0.0
[INFO] [stderr]   Downloaded wezterm-blob-leases v0.1.1
[INFO] [stderr]   Downloaded signal-hook-mio v0.2.5
[INFO] [stderr]   Downloaded vtparse v0.6.2
[INFO] [stderr]   Downloaded wezterm-dynamic-derive v0.1.1
[INFO] [stderr]   Downloaded crossterm_winapi v0.9.1
[INFO] [stderr]   Downloaded by_address v1.2.1
[INFO] [stderr]   Downloaded lab v0.11.0
[INFO] [stderr]   Downloaded castaway v0.2.4
[INFO] [stderr]   Downloaded wezterm-dynamic v0.2.1
[INFO] [stderr]   Downloaded siphasher v1.0.3
[INFO] [stderr]   Downloaded mac_address v1.1.8
[INFO] [stderr]   Downloaded memmem v0.1.1
[INFO] [stderr]   Downloaded filedescriptor v0.8.3
[INFO] [stderr]   Downloaded ratatui-termina v0.1.0
[INFO] [stderr]   Downloaded ratatui-macros v0.7.2
[INFO] [stderr]   Downloaded thiserror v2.0.19
[INFO] [stderr]   Downloaded wezterm-color-types v0.3.0
[INFO] [stderr]   Downloaded ratatui-crossterm v0.1.2
[INFO] [stderr]   Downloaded strum_macros v0.28.0
[INFO] [stderr]   Downloaded thiserror-impl v2.0.19
[INFO] [stderr]   Downloaded termios v0.3.3
[INFO] [stderr]   Downloaded ordered-float v4.6.0
[INFO] [stderr]   Downloaded line-clipping v0.3.7
[INFO] [stderr]   Downloaded wezterm-input-types v0.1.0
[INFO] [stderr]   Downloaded pest_generator v2.8.8
[INFO] [stderr]   Downloaded kasuari v0.4.12
[INFO] [stderr]   Downloaded instability v0.3.12
[INFO] [stderr]   Downloaded indoc v2.0.7
[INFO] [stderr]   Downloaded pest_derive v2.8.8
[INFO] [stderr]   Downloaded unicode-truncate v2.0.1
[INFO] [stderr]   Downloaded palette_derive v0.7.6
[INFO] [stderr]   Downloaded ratatui-termwiz v0.1.2
[INFO] [stderr]   Downloaded csscolorparser v0.6.2
[INFO] [stderr]   Downloaded ucd-trie v0.1.7
[INFO] [stderr]   Downloaded terminfo v0.9.0
[INFO] [stderr]   Downloaded pest_meta v2.8.8
[INFO] [stderr]   Downloaded wezterm-bidi v0.2.3
[INFO] [stderr]   Downloaded compact_str v0.9.1
[INFO] [stderr]   Downloaded uuid v1.24.0
[INFO] [stderr]   Downloaded finl_unicode v1.4.0
[INFO] [stderr]   Downloaded fancy-regex v0.11.0
[INFO] [stderr]   Downloaded termina v0.3.3
[INFO] [stderr]   Downloaded cc v1.4.0
[INFO] [stderr]   Downloaded zerocopy-derive v0.8.55
[INFO] [stderr]   Downloaded pest v2.8.8
[INFO] [stderr]   Downloaded ratatui-widgets v0.3.2
[INFO] [stderr]   Downloaded crossterm v0.29.0
[INFO] [stderr]   Downloaded ratatui-core v0.1.2
[INFO] [stderr]   Downloaded time v0.3.54
[INFO] [stderr]   Downloaded palette v0.7.6
[INFO] [stderr]   Downloaded zerocopy v0.8.55
[INFO] [stderr]   Downloaded nix v0.29.0
[INFO] [stderr]   Downloaded termwiz v0.23.3
[INFO] [stderr]   Downloaded deltae v0.3.2
[INFO] running `Command { std: "docker" "create" "-v" "/var/lib/crater-agent-workspace/builds/worker-2-tc1/source:/opt/rustwide/workdir:ro,Z" "-v" "/var/lib/crater-agent-workspace/builds/worker-2-tc1/target:/opt/rustwide/target:rw,Z" "-v" "/var/lib/crater-agent-workspace/cargo-home:/opt/rustwide/cargo-home:ro,Z" "-v" "/var/lib/crater-agent-workspace/rustup-home:/opt/rustwide/rustup-home:ro,Z" "-m" "1610612736" "--network" "none" "ghcr.io/rust-lang/crates-build-env/linux@sha256:3111399a4047eeb3a02b7a90e478d715f38a8c6669b5c4b49d30a17385265909" "sleep" "infinity", kill_on_drop: false }`
[INFO] [stdout] 13c2cd1b3086f2609f7a5218f7754f28bb56920b9a714a46b9a7948d2ddf5530
[INFO] running `Command { std: "docker" "start" "13c2cd1b3086f2609f7a5218f7754f28bb56920b9a714a46b9a7948d2ddf5530", kill_on_drop: false }`
[INFO] running `Command { std: "docker" "inspect" "13c2cd1b3086f2609f7a5218f7754f28bb56920b9a714a46b9a7948d2ddf5530", kill_on_drop: false }`
[INFO] running `Command { std: "docker" "exec" "-e" "SOURCE_DIR=/opt/rustwide/workdir" "-e" "CARGO_HOME=/opt/rustwide/cargo-home" "-e" "RUSTUP_HOME=/opt/rustwide/rustup-home" "-e" "CARGO_TARGET_DIR=/opt/rustwide/target" "-w" "/opt/rustwide/workdir" "--user" "0:0" "13c2cd1b3086f2609f7a5218f7754f28bb56920b9a714a46b9a7948d2ddf5530" "/opt/rustwide/cargo-home/bin/cargo" "+1.99.0-beta.8" "metadata" "--no-deps" "--format-version=1", kill_on_drop: false }`
[INFO] running `Command { std: "docker" "inspect" "13c2cd1b3086f2609f7a5218f7754f28bb56920b9a714a46b9a7948d2ddf5530", kill_on_drop: false }`
[INFO] running `Command { std: "docker" "exec" "-e" "SOURCE_DIR=/opt/rustwide/workdir" "-e" "CARGO_HOME=/opt/rustwide/cargo-home" "-e" "RUSTUP_HOME=/opt/rustwide/rustup-home" "-e" "CARGO_TARGET_DIR=/opt/rustwide/target" "-e" "CARGO_INCREMENTAL=0" "-e" "RUST_BACKTRACE=full" "-e" "RUSTFLAGS=--cap-lints=warn" "-e" "RUSTDOCFLAGS=--cap-lints=warn" "-w" "/opt/rustwide/workdir" "--user" "0:0" "13c2cd1b3086f2609f7a5218f7754f28bb56920b9a714a46b9a7948d2ddf5530" "/opt/rustwide/cargo-home/bin/cargo" "+1.99.0-beta.8" "build" "--frozen" "--message-format=json", kill_on_drop: false }`
[INFO] [stderr]    Compiling proc-macro2 v1.0.107
[INFO] [stderr]    Compiling unicode-ident v1.0.24
[INFO] [stderr]    Compiling quote v1.0.47
[INFO] [stderr]    Compiling libc v0.2.189
[INFO] [stderr]    Compiling cfg-if v1.0.4
[INFO] [stderr]    Compiling unicode-segmentation v1.13.3
[INFO] [stderr]    Compiling foldhash v0.2.0
[INFO] [stderr]    Compiling allocator-api2 v0.2.21
[INFO] [stderr]    Compiling rustversion v1.0.23
[INFO] [stderr]    Compiling bitflags v2.13.1
[INFO] [stderr]    Compiling thiserror v2.0.19
[INFO] [stderr]    Compiling itoa v1.0.18
[INFO] [stderr]    Compiling either v1.17.0
[INFO] [stderr]    Compiling instability v0.3.12
[INFO] [stderr]    Compiling parking_lot_core v0.9.12
[INFO] [stderr]    Compiling static_assertions v1.1.0
[INFO] [stderr]    Compiling ryu v1.0.23
[INFO] [stderr]    Compiling unicode-width v0.2.2
[INFO] [stderr]    Compiling critical-section v1.2.0
[INFO] [stderr]    Compiling getrandom v0.3.4
[INFO] [stderr]    Compiling rustix v1.1.4
[INFO] [stderr]    Compiling smallvec v1.15.2
[INFO] [stderr]    Compiling log v0.4.33
[INFO] [stderr]    Compiling indoc v2.0.7
[INFO] [stderr]    Compiling zerocopy v0.8.55
[INFO] [stderr]    Compiling lock_api v0.4.14
[INFO] [stderr]    Compiling powerfmt v0.2.0
[INFO] [stderr]    Compiling num_threads v0.1.7
[INFO] [stderr]    Compiling itertools v0.14.0
[INFO] [stderr]    Compiling num-conv v0.2.2
[INFO] [stderr]    Compiling deranged v0.5.8
[INFO] [stderr]    Compiling litrs v1.0.0
[INFO] [stderr]    Compiling autocfg v1.5.1
[INFO] [stderr]    Compiling serde_core v1.0.229
[INFO] [stderr]    Compiling convert_case v0.10.0
[INFO] [stderr]    Compiling time-core v0.1.9
[INFO] [stderr]    Compiling linux-raw-sys v0.12.1
[INFO] [stderr]    Compiling line-clipping v0.3.7
[INFO] [stderr]    Compiling zmij v1.0.23
[INFO] [stderr]    Compiling hashbrown v0.16.1
[INFO] [stderr]    Compiling hashbrown v0.17.1
[INFO] [stderr]    Compiling serde v1.0.229
[INFO] [stderr]    Compiling serde_json v1.0.151
[INFO] [stderr]    Compiling iana-time-zone v0.1.65
[INFO] [stderr]    Compiling num-traits v0.2.19
[INFO] [stderr]    Compiling memchr v2.8.3
[INFO] [stderr]    Compiling castaway v0.2.4
[INFO] [stderr]    Compiling compact_str v0.9.1
[INFO] [stderr]    Compiling pin-project-lite v0.2.17
[INFO] [stderr]    Compiling document-features v0.2.12
[INFO] [stderr]    Compiling syn v2.0.119
[INFO] [stderr]    Compiling syn v3.0.3
[INFO] [stderr]    Compiling lru v0.18.1
[INFO] [stderr]    Compiling errno v0.3.14
[INFO] [stderr]    Compiling mio v1.2.2
[INFO] [stderr]    Compiling time v0.3.54
[INFO] [stderr]    Compiling signal-hook-registry v1.4.8
[INFO] [stderr]    Compiling chrono v0.4.45
[INFO] [stderr]    Compiling rand_core v0.9.5
[INFO] [stderr]    Compiling parking_lot v0.12.5
[INFO] [stderr]    Compiling signal-hook v0.3.18
[INFO] [stderr]    Compiling signal-hook-mio v0.2.5
[INFO] [stderr]    Compiling unicode-truncate v2.0.1
[INFO] [stderr]    Compiling thiserror-impl v2.0.19
[INFO] [stderr]    Compiling serde_derive v1.0.229
[INFO] [stderr]    Compiling kasuari v0.4.12
[INFO] [stderr]    Compiling darling_core v0.23.0
[INFO] [stderr]    Compiling strum_macros v0.28.0
[INFO] [stderr]    Compiling derive_more-impl v2.1.1
[INFO] [stderr]    Compiling tokio-macros v2.7.1
[INFO] [stderr]    Compiling tokio v1.53.1
[INFO] [stderr]    Compiling derive_more v2.1.1
[INFO] [stderr]    Compiling crossterm v0.29.0
[INFO] [stderr]    Compiling ppv-lite86 v0.2.21
[INFO] [stderr]    Compiling rand_chacha v0.9.0
[INFO] [stderr]    Compiling rand v0.9.5
[INFO] [stderr]    Compiling darling_macro v0.23.0
[INFO] [stderr]    Compiling strum v0.28.0
[INFO] [stderr]    Compiling ratatui-core v0.1.2
[INFO] [stderr]    Compiling darling v0.23.0
[INFO] [stderr]    Compiling ratatui-widgets v0.3.2
[INFO] [stderr]    Compiling ratatui-crossterm v0.1.2
[INFO] [stderr]    Compiling ratatui-macros v0.7.2
[INFO] [stderr]    Compiling ratatui v0.30.2
[INFO] [stderr]    Compiling rust-miner v0.1.0 (/opt/rustwide/workdir)
[INFO] [stderr]     Finished `dev` profile [unoptimized + debuginfo] target(s) in 38.04s
[INFO] running `Command { std: "docker" "inspect" "13c2cd1b3086f2609f7a5218f7754f28bb56920b9a714a46b9a7948d2ddf5530", kill_on_drop: false }`
[INFO] running `Command { std: "docker" "exec" "-e" "SOURCE_DIR=/opt/rustwide/workdir" "-e" "CARGO_HOME=/opt/rustwide/cargo-home" "-e" "RUSTUP_HOME=/opt/rustwide/rustup-home" "-e" "CARGO_TARGET_DIR=/opt/rustwide/target" "-e" "CARGO_INCREMENTAL=0" "-e" "RUST_BACKTRACE=full" "-e" "RUSTFLAGS=--cap-lints=warn" "-e" "RUSTDOCFLAGS=--cap-lints=warn" "-w" "/opt/rustwide/workdir" "--user" "0:0" "13c2cd1b3086f2609f7a5218f7754f28bb56920b9a714a46b9a7948d2ddf5530" "/opt/rustwide/cargo-home/bin/cargo" "+1.99.0-beta.8" "test" "--frozen" "--no-run" "--message-format=json", kill_on_drop: false }`
[INFO] [stderr]    Compiling rust-miner v0.1.0 (/opt/rustwide/workdir)
[INFO] [stderr]     Finished `test` profile [unoptimized + debuginfo] target(s) in 2.18s
[INFO] running `Command { std: "docker" "inspect" "13c2cd1b3086f2609f7a5218f7754f28bb56920b9a714a46b9a7948d2ddf5530", kill_on_drop: false }`
[INFO] running `Command { std: "docker" "exec" "-e" "SOURCE_DIR=/opt/rustwide/workdir" "-e" "CARGO_HOME=/opt/rustwide/cargo-home" "-e" "RUSTUP_HOME=/opt/rustwide/rustup-home" "-e" "CARGO_TARGET_DIR=/opt/rustwide/target" "-e" "CARGO_INCREMENTAL=0" "-e" "RUST_BACKTRACE=full" "-e" "RUSTFLAGS=--cap-lints=warn" "-e" "RUSTDOCFLAGS=--cap-lints=warn" "-w" "/opt/rustwide/workdir" "--user" "0:0" "13c2cd1b3086f2609f7a5218f7754f28bb56920b9a714a46b9a7948d2ddf5530" "/opt/rustwide/cargo-home/bin/cargo" "+1.99.0-beta.8" "test" "--frozen", kill_on_drop: false }`
[INFO] [stderr]     Finished `test` profile [unoptimized + debuginfo] target(s) in 0.17s
[INFO] [stdout] 
[INFO] [stderr]      Running unittests src/main.rs (/opt/rustwide/target/debug/deps/rust_miner-67836a22a19cf0ec)
[INFO] [stdout] running 46 tests
[INFO] [stdout] test app::tests::milestone_intervals_grow ... ok
[INFO] [stdout] test app::tests::item_table_is_sane ... ok
[INFO] [stdout] test app::tests::modifier_and_collection_bonuses ... ok
[INFO] [stdout] test event::tests::slot_select_pauses_auto_dig ... ok
[INFO] [stdout] test app::tests::sd_cost_curve_and_cap ... ok
[INFO] [stdout] test app::tests::milestone_sequence ... ok
[INFO] [stdout] test app::tests::value_and_speed_mult ... ok
[INFO] [stdout] test event::tests::museum_buys_stardust_upgrade ... ok
[INFO] [stdout] test event::tests::modal_blocks_game_actions ... ok
[INFO] [stdout] test save::tests::corrupt_file_returns_none ... ok
[INFO] [stdout] test save::tests::load_missing_returns_none ... ok
[INFO] [stdout] test update::tests::auto_mining_pauses_during_event ... ok
[INFO] [stdout] test app::tests::first_discovery_rewards_stardust ... ok
[INFO] [stdout] test save::tests::save_dir_is_writable ... ok
[INFO] [stdout] test app::tests::sd_multipliers_stack ... ok
[INFO] [stdout] test app::tests::layer_rules_affect_multipliers ... ok
[INFO] [stdout] test event::tests::modal_auto_closes_slot_select ... ok
[INFO] [stdout] test save::tests::slot_paths_are_distinct ... ok
[INFO] [stdout] test app::tests::upgrade_cost_curve ... ok
[INFO] [stdout] test update::tests::deep_ores_gated_by_depth ... ok
[INFO] [stdout] test event::tests::prestige_offer_flow ... ok
[INFO] [stdout] test update::tests::dig_basic ... ok
[INFO] [stdout] test event::tests::key_mapping ... ok
[INFO] [stdout] test save::tests::slot_isolated_roundtrip ... ok
[INFO] [stdout] test save::tests::active_slot_meta_roundtrip ... ok
[INFO] [stdout] test update::tests::prestige_resets_run_keeps_collection ... ok
[INFO] [stdout] test update::tests::event_triggers_at_1000 ... ok
[INFO] [stdout] test update::tests::geothermal_unlocks_at_500 ... ok
[INFO] [stdout] test save::tests::save_load_roundtrip ... ok
[INFO] [stdout] test update::tests::event_rewards_scale_with_income ... ok
[INFO] [stdout] test update::tests::offline_no_drill_no_earnings ... ok
[INFO] [stdout] test update::tests::avg_value_rises_with_depth ... ok
[INFO] [stdout] test update::tests::multi_slot_full_flow ... ok
[INFO] [stdout] test update::tests::resolve_event_safe_and_risky ... ok
[INFO] [stdout] test update::tests::special_bonuses_stack ... ok
[INFO] [stdout] test update::tests::special_dig_is_rare_and_shakes ... ok
[INFO] [stdout] test update::tests::upgrade_poor_fails ... ok
[INFO] [stdout] test update::tests::upgrade_spends_gold ... ok
[INFO] [stdout] test update::tests::offline_capped_at_24h ... ok
[INFO] [stdout] test update::tests::dig_rate_scales_with_level ... ok
[INFO] [stdout] test update::tests::buy_sd_upgrades_and_costs ... ok
[INFO] [stdout] test update::tests::resolve_invalid_choice_keeps_event ... ok
[INFO] [stdout] test update::tests::risky_win_gains_depth_stardust_and_modifier ... ok
[INFO] [stdout] test event::tests::slot_select_screen_routing ... ok
[INFO] [stdout] test update::tests::dig_distribution_average ... ok
[INFO] [stdout] test update::tests::drop_table_distribution ... FAILED
[INFO] [stdout] 
[INFO] [stdout] failures:
[INFO] [stdout] 
[INFO] [stdout] ---- update::tests::drop_table_distribution stdout ----
[INFO] [stdout] 
[INFO] [stdout] thread 'update::tests::drop_table_distribution' (1652) panicked at src/update.rs:1038:13:
[INFO] [stdout] voidstone 从未掉落
[INFO] [stdout] stack backtrace:
[INFO] [stdout]    0:     0x61eb38fad431 - std[70759c8f55707aa4]::backtrace_rs::backtrace::libunwind::trace
[INFO] [stdout]                                at /rustc/dfb0accb7f508ae8be965d8629557221c889dd98/library/std/src/../../backtrace/src/backtrace/libunwind.rs:117:9
[INFO] [stdout]    1:     0x61eb38fad431 - std[70759c8f55707aa4]::backtrace_rs::backtrace::trace_unsynchronized::<std[70759c8f55707aa4]::sys::backtrace::_print_fmt::{closure#1}>
[INFO] [stdout]                                at /rustc/dfb0accb7f508ae8be965d8629557221c889dd98/library/std/src/../../backtrace/src/backtrace/mod.rs:66:14
[INFO] [stdout]    2:     0x61eb38fad431 - std[70759c8f55707aa4]::sys::backtrace::_print_fmt
[INFO] [stdout]                                at /rustc/dfb0accb7f508ae8be965d8629557221c889dd98/library/std/src/sys/backtrace.rs:74:9
[INFO] [stdout]    3:     0x61eb38fad431 - <<std[70759c8f55707aa4]::sys::backtrace::BacktraceLock>::print::DisplayBacktrace as core[df12db4294e9bfd3]::fmt::Display>::fmt
[INFO] [stdout]                                at /rustc/dfb0accb7f508ae8be965d8629557221c889dd98/library/std/src/sys/backtrace.rs:44:26
[INFO] [stdout]    4:     0x61eb38fc24aa - <core[df12db4294e9bfd3]::fmt::rt::Argument>::fmt
[INFO] [stdout]                                at /rustc/dfb0accb7f508ae8be965d8629557221c889dd98/library/core/src/fmt/rt.rs:152:76
[INFO] [stdout]    5:     0x61eb38fc24aa - core[df12db4294e9bfd3]::fmt::write
[INFO] [stdout]    6:     0x61eb38fb18ec - core[df12db4294e9bfd3]::io::write::default_write_fmt::<alloc[2182bb758b4b3781]::vec::Vec<u8>>
[INFO] [stdout]                                at /rustc/dfb0accb7f508ae8be965d8629557221c889dd98/library/core/src/io/write.rs:402:11
[INFO] [stdout]    7:     0x61eb38fb18ec - <alloc[2182bb758b4b3781]::vec::Vec<u8> as core[df12db4294e9bfd3]::io::write::Write>::write_fmt
[INFO] [stdout]                                at /rustc/dfb0accb7f508ae8be965d8629557221c889dd98/library/core/src/io/write.rs:335:13
[INFO] [stdout]    8:     0x61eb38f88626 - <std[70759c8f55707aa4]::sys::backtrace::BacktraceLock>::print
[INFO] [stdout]                                at /rustc/dfb0accb7f508ae8be965d8629557221c889dd98/library/std/src/sys/backtrace.rs:47:9
[INFO] [stdout]    9:     0x61eb38f88626 - std[70759c8f55707aa4]::panicking::default_hook::{closure#0}
[INFO] [stdout]                                at /rustc/dfb0accb7f508ae8be965d8629557221c889dd98/library/std/src/panicking.rs:292:27
[INFO] [stdout]   10:     0x61eb38fa54a9 - std[70759c8f55707aa4]::panicking::default_hook
[INFO] [stdout]                                at /rustc/dfb0accb7f508ae8be965d8629557221c889dd98/library/std/src/panicking.rs:316:9
[INFO] [stdout]   11:     0x61eb38ef6300 - <alloc[2182bb758b4b3781]::boxed::Box<dyn for<'a, 'b> core[df12db4294e9bfd3]::ops::function::Fn<(&'a std[70759c8f55707aa4]::panic::PanicHookInfo<'b>,), Output = ()> + core[df12db4294e9bfd3]::marker::Send + core[df12db4294e9bfd3]::marker::Sync> as core[df12db4294e9bfd3]::ops::function::Fn<(&std[70759c8f55707aa4]::panic::PanicHookInfo,)>>::call
[INFO] [stdout]                                at /rustc/dfb0accb7f508ae8be965d8629557221c889dd98/library/alloc/src/boxed.rs:2334:9
[INFO] [stdout]   12:     0x61eb38ef6300 - test[9d35eded1c95d3be]::test_main_inner::<test[9d35eded1c95d3be]::test_main_static::{closure#0}>::{closure#0}
[INFO] [stdout]                                at /rustc/dfb0accb7f508ae8be965d8629557221c889dd98/library/test/src/lib.rs:155:21
[INFO] [stdout]   13:     0x61eb38fa5662 - <alloc[2182bb758b4b3781]::boxed::Box<dyn for<'a, 'b> core[df12db4294e9bfd3]::ops::function::Fn<(&'a std[70759c8f55707aa4]::panic::PanicHookInfo<'b>,), Output = ()> + core[df12db4294e9bfd3]::marker::Send + core[df12db4294e9bfd3]::marker::Sync> as core[df12db4294e9bfd3]::ops::function::Fn<(&std[70759c8f55707aa4]::panic::PanicHookInfo,)>>::call
[INFO] [stdout]                                at /rustc/dfb0accb7f508ae8be965d8629557221c889dd98/library/alloc/src/boxed.rs:2334:9
[INFO] [stdout]   14:     0x61eb38fa5662 - std[70759c8f55707aa4]::panicking::panic_with_hook
[INFO] [stdout]                                at /rustc/dfb0accb7f508ae8be965d8629557221c889dd98/library/std/src/panicking.rs:823:13
[INFO] [stdout]   15:     0x61eb38f886d2 - std[70759c8f55707aa4]::panicking::panic_handler::{closure#0}
[INFO] [stdout]                                at /rustc/dfb0accb7f508ae8be965d8629557221c889dd98/library/std/src/panicking.rs:688:13
[INFO] [stdout]   16:     0x61eb38f811a9 - std[70759c8f55707aa4]::sys::backtrace::__rust_end_short_backtrace::<std[70759c8f55707aa4]::panicking::panic_handler::{closure#0}, !>
[INFO] [stdout]                                at /rustc/dfb0accb7f508ae8be965d8629557221c889dd98/library/std/src/sys/backtrace.rs:182:18
[INFO] [stdout]   17:     0x61eb38f892cd - __rustc[8fa7c3cbc660c2b3]::rust_begin_unwind
[INFO] [stdout]                                at /rustc/dfb0accb7f508ae8be965d8629557221c889dd98/library/std/src/panicking.rs:679:5
[INFO] [stdout]   18:     0x61eb38fc2c9c - core[df12db4294e9bfd3]::panicking::panic_fmt
[INFO] [stdout]                                at /rustc/dfb0accb7f508ae8be965d8629557221c889dd98/library/core/src/panicking.rs:80:14
[INFO] [stdout]   19:     0x61eb38e7c0f0 - rust_miner[5c116c8d69e58d1f]::update::tests::drop_table_distribution
[INFO] [stdout]                                at /opt/rustwide/workdir/src/update.rs:1038:13
[INFO] [stdout]   20:     0x61eb38e79e57 - rust_miner[5c116c8d69e58d1f]::update::tests::drop_table_distribution::{closure#0}
[INFO] [stdout]                                at /opt/rustwide/workdir/src/update.rs:1016:33
[INFO] [stdout]   21:     0x61eb38ea2c66 - <rust_miner[5c116c8d69e58d1f]::update::tests::drop_table_distribution::{closure#0} as core[df12db4294e9bfd3]::ops::function::FnOnce<()>>::call_once
[INFO] [stdout]                                at /rustc/dfb0accb7f508ae8be965d8629557221c889dd98/library/core/src/ops/function.rs:250:5
[INFO] [stdout]   22:     0x61eb38ee95eb - <fn() -> core[df12db4294e9bfd3]::result::Result<(), alloc[2182bb758b4b3781]::string::String> as core[df12db4294e9bfd3]::ops::function::FnOnce<()>>::call_once
[INFO] [stdout]                                at /rustc/dfb0accb7f508ae8be965d8629557221c889dd98/library/core/src/ops/function.rs:250:5
[INFO] [stdout]   23:     0x61eb38ee95eb - test[9d35eded1c95d3be]::__rust_begin_short_backtrace::<core[df12db4294e9bfd3]::result::Result<(), alloc[2182bb758b4b3781]::string::String>, fn() -> core[df12db4294e9bfd3]::result::Result<(), alloc[2182bb758b4b3781]::string::String>>
[INFO] [stdout]                                at /rustc/dfb0accb7f508ae8be965d8629557221c889dd98/library/test/src/lib.rs:733:18
[INFO] [stdout]   24:     0x61eb38ef6c55 - test[9d35eded1c95d3be]::run_test_in_process::{closure#0}
[INFO] [stdout]                                at /rustc/dfb0accb7f508ae8be965d8629557221c889dd98/library/test/src/lib.rs:756:74
[INFO] [stdout]   25:     0x61eb38ef6c55 - <core[df12db4294e9bfd3]::panic::unwind_safe::AssertUnwindSafe<test[9d35eded1c95d3be]::run_test_in_process::{closure#0}> as core[df12db4294e9bfd3]::ops::function::FnOnce<()>>::call_once
[INFO] [stdout]                                at /rustc/dfb0accb7f508ae8be965d8629557221c889dd98/library/core/src/panic/unwind_safe.rs:275:9
[INFO] [stdout]   26:     0x61eb38ef6c55 - std[70759c8f55707aa4]::panicking::catch_unwind::do_call::<core[df12db4294e9bfd3]::panic::unwind_safe::AssertUnwindSafe<test[9d35eded1c95d3be]::run_test_in_process::{closure#0}>, core[df12db4294e9bfd3]::result::Result<(), alloc[2182bb758b4b3781]::string::String>>
[INFO] [stdout]                                at /rustc/dfb0accb7f508ae8be965d8629557221c889dd98/library/std/src/panicking.rs:576:43
[INFO] [stdout]   27:     0x61eb38ef6c55 - std[70759c8f55707aa4]::panicking::catch_unwind::<core[df12db4294e9bfd3]::result::Result<(), alloc[2182bb758b4b3781]::string::String>, core[df12db4294e9bfd3]::panic::unwind_safe::AssertUnwindSafe<test[9d35eded1c95d3be]::run_test_in_process::{closure#0}>>
[INFO] [stdout]                                at /rustc/dfb0accb7f508ae8be965d8629557221c889dd98/library/std/src/panicking.rs:544:19
[INFO] [stdout]   28:     0x61eb38ef6c55 - std[70759c8f55707aa4]::panic::catch_unwind::<core[df12db4294e9bfd3]::panic::unwind_safe::AssertUnwindSafe<test[9d35eded1c95d3be]::run_test_in_process::{closure#0}>, core[df12db4294e9bfd3]::result::Result<(), alloc[2182bb758b4b3781]::string::String>>
[INFO] [stdout]                                at /rustc/dfb0accb7f508ae8be965d8629557221c889dd98/library/std/src/panic.rs:359:14
[INFO] [stdout]   29:     0x61eb38ef6c55 - test[9d35eded1c95d3be]::run_test_in_process
[INFO] [stdout]                                at /rustc/dfb0accb7f508ae8be965d8629557221c889dd98/library/test/src/lib.rs:756:27
[INFO] [stdout]   30:     0x61eb38ef6c55 - test[9d35eded1c95d3be]::run_test::{closure#0}
[INFO] [stdout]                                at /rustc/dfb0accb7f508ae8be965d8629557221c889dd98/library/test/src/lib.rs:677:43
[INFO] [stdout]   31:     0x61eb38ef0514 - test[9d35eded1c95d3be]::run_test::{closure#1}
[INFO] [stdout]                                at /rustc/dfb0accb7f508ae8be965d8629557221c889dd98/library/test/src/lib.rs:707:41
[INFO] [stdout]   32:     0x61eb38ef0514 - std[70759c8f55707aa4]::sys::backtrace::__rust_begin_short_backtrace::<test[9d35eded1c95d3be]::run_test::{closure#1}, ()>
[INFO] [stdout]                                at /rustc/dfb0accb7f508ae8be965d8629557221c889dd98/library/std/src/sys/backtrace.rs:166:18
[INFO] [stdout]   33:     0x61eb38ef9db2 - std[70759c8f55707aa4]::thread::lifecycle::spawn_unchecked::<test[9d35eded1c95d3be]::run_test::{closure#1}, ()>::{closure#1}::{closure#0}
[INFO] [stdout]                                at /rustc/dfb0accb7f508ae8be965d8629557221c889dd98/library/std/src/thread/lifecycle.rs:70:13
[INFO] [stdout]   34:     0x61eb38ef9db2 - <core[df12db4294e9bfd3]::panic::unwind_safe::AssertUnwindSafe<std[70759c8f55707aa4]::thread::lifecycle::spawn_unchecked<test[9d35eded1c95d3be]::run_test::{closure#1}, ()>::{closure#1}::{closure#0}> as core[df12db4294e9bfd3]::ops::function::FnOnce<()>>::call_once
[INFO] [stdout]                                at /rustc/dfb0accb7f508ae8be965d8629557221c889dd98/library/core/src/panic/unwind_safe.rs:275:9
[INFO] [stdout]   35:     0x61eb38ef9db2 - std[70759c8f55707aa4]::panicking::catch_unwind::do_call::<core[df12db4294e9bfd3]::panic::unwind_safe::AssertUnwindSafe<std[70759c8f55707aa4]::thread::lifecycle::spawn_unchecked<test[9d35eded1c95d3be]::run_test::{closure#1}, ()>::{closure#1}::{closure#0}>, ()>
[INFO] [stdout]                                at /rustc/dfb0accb7f508ae8be965d8629557221c889dd98/library/std/src/panicking.rs:576:43
[INFO] [stdout]   36:     0x61eb38ef9db2 - std[70759c8f55707aa4]::panicking::catch_unwind::<(), core[df12db4294e9bfd3]::panic::unwind_safe::AssertUnwindSafe<std[70759c8f55707aa4]::thread::lifecycle::spawn_unchecked<test[9d35eded1c95d3be]::run_test::{closure#1}, ()>::{closure#1}::{closure#0}>>
[INFO] [stdout]                                at /rustc/dfb0accb7f508ae8be965d8629557221c889dd98/library/std/src/panicking.rs:544:19
[INFO] [stdout]   37:     0x61eb38ef9db2 - std[70759c8f55707aa4]::panic::catch_unwind::<core[df12db4294e9bfd3]::panic::unwind_safe::AssertUnwindSafe<std[70759c8f55707aa4]::thread::lifecycle::spawn_unchecked<test[9d35eded1c95d3be]::run_test::{closure#1}, ()>::{closure#1}::{closure#0}>, ()>
[INFO] [stdout]                                at /rustc/dfb0accb7f508ae8be965d8629557221c889dd98/library/std/src/panic.rs:359:14
[INFO] [stdout]   38:     0x61eb38ef9db2 - std[70759c8f55707aa4]::thread::lifecycle::spawn_unchecked::<test[9d35eded1c95d3be]::run_test::{closure#1}, ()>::{closure#1}
[INFO] [stdout]                                at /rustc/dfb0accb7f508ae8be965d8629557221c889dd98/library/std/src/thread/lifecycle.rs:68:26
[INFO] [stdout]   39:     0x61eb38ef9db2 - <std[70759c8f55707aa4]::thread::lifecycle::spawn_unchecked<test[9d35eded1c95d3be]::run_test::{closure#1}, ()>::{closure#1} as core[df12db4294e9bfd3]::ops::function::FnOnce<()>>::call_once::{shim:vtable#0}
[INFO] [stdout]                                at /rustc/dfb0accb7f508ae8be965d8629557221c889dd98/library/core/src/ops/function.rs:250:5
[INFO] [stdout]   40:     0x61eb38fac7a9 - <alloc[2182bb758b4b3781]::boxed::Box<dyn core[df12db4294e9bfd3]::ops::function::FnOnce<(), Output = ()> + core[df12db4294e9bfd3]::marker::Send> as core[df12db4294e9bfd3]::ops::function::FnOnce<()>>::call_once
[INFO] [stdout]                                at /rustc/dfb0accb7f508ae8be965d8629557221c889dd98/library/alloc/src/boxed.rs:2320:9
[INFO] [stdout]   41:     0x61eb38fac7a9 - <std[70759c8f55707aa4]::sys::thread::unix::Thread>::new::thread_start
[INFO] [stdout]                                at /rustc/dfb0accb7f508ae8be965d8629557221c889dd98/library/std/src/sys/thread/unix.rs:123:17
[INFO] [stdout]   42:     0x78a94be9bdfa - <unknown>
[INFO] [stdout]   43:     0x78a94bf2f3d4 - clone
[INFO] [stdout]   44:                0x0 - <unknown>
[INFO] [stdout] 
[INFO] [stdout] 
[INFO] [stdout] failures:
[INFO] [stdout]     update::tests::drop_table_distribution
[INFO] [stdout] 
[INFO] [stdout] test result: FAILED. 45 passed; 1 failed; 0 ignored; 0 measured; 0 filtered out; finished in 0.31s
[INFO] [stdout] 
[INFO] [stderr] error: test failed, to rerun pass `--bin rust-miner`
[INFO] running `Command { std: "docker" "inspect" "13c2cd1b3086f2609f7a5218f7754f28bb56920b9a714a46b9a7948d2ddf5530", kill_on_drop: false }`
[INFO] running `Command { std: "docker" "rm" "-f" "13c2cd1b3086f2609f7a5218f7754f28bb56920b9a714a46b9a7948d2ddf5530", kill_on_drop: false }`
[INFO] [stdout] 13c2cd1b3086f2609f7a5218f7754f28bb56920b9a714a46b9a7948d2ddf5530
