[INFO] cloning repository https://github.com/BitcoinLifeboat/bitcoin-lifeboat
[INFO] running `Command { std: "git" "-c" "credential.helper=" "-c" "credential.helper=/workspace/cargo-home/bin/git-credential-null" "clone" "--bare" "https://github.com/BitcoinLifeboat/bitcoin-lifeboat" "/workspace/cache/git-repos/https%3A%2F%2Fgithub.com%2FBitcoinLifeboat%2Fbitcoin-lifeboat", kill_on_drop: false }`
[INFO] [stderr] Cloning into bare repository '/workspace/cache/git-repos/https%3A%2F%2Fgithub.com%2FBitcoinLifeboat%2Fbitcoin-lifeboat'...
[INFO] running `Command { std: "git" "rev-parse" "HEAD", kill_on_drop: false }`
[INFO] [stdout] 5810c5db11b5120ad78075e2fc3e296fced7ad5e
[INFO] testing BitcoinLifeboat/bitcoin-lifeboat against 1.99.0-beta.8 for beta-1.100-2
[INFO] running `Command { std: "git" "clone" "/workspace/cache/git-repos/https%3A%2F%2Fgithub.com%2FBitcoinLifeboat%2Fbitcoin-lifeboat" "/workspace/builds/worker-6-tc1/source", kill_on_drop: false }`
[INFO] [stderr] Cloning into '/workspace/builds/worker-6-tc1/source'...
[INFO] [stderr] done.
[INFO] removed /workspace/builds/worker-6-tc1/source/rust-toolchain.toml
[INFO] started tweaking git repo https://github.com/BitcoinLifeboat/bitcoin-lifeboat
[INFO] finished tweaking git repo https://github.com/BitcoinLifeboat/bitcoin-lifeboat
[INFO] tweaked toml for git repo https://github.com/BitcoinLifeboat/bitcoin-lifeboat written to /workspace/builds/worker-6-tc1/source/Cargo.toml
[INFO] validating manifest of git repo https://github.com/BitcoinLifeboat/bitcoin-lifeboat on toolchain 1.99.0-beta.8
[INFO] running `Command { std: CARGO_HOME="/workspace/cargo-home" RUSTUP_HOME="/workspace/rustup-home" "/workspace/cargo-home/bin/cargo" "+1.99.0-beta.8" "metadata" "--manifest-path" "Cargo.toml" "--no-deps", kill_on_drop: false }`
[INFO] crate git repo https://github.com/BitcoinLifeboat/bitcoin-lifeboat already has a lockfile, it will not be regenerated
[INFO] running `Command { std: CARGO_HOME="/workspace/cargo-home" RUSTUP_HOME="/workspace/rustup-home" "/workspace/cargo-home/bin/cargo" "+1.99.0-beta.8" "fetch" "--manifest-path" "Cargo.toml", kill_on_drop: false }`
[INFO] [stderr]     Updating crates.io index
[INFO] [stderr]  Downloading crates ...
[INFO] [stderr]   Downloaded unic-langid v0.9.5
[INFO] [stderr]   Downloaded unic-langid-impl v0.9.5
[INFO] [stderr]   Downloaded hex-conservative v1.2.0
[INFO] [stderr]   Downloaded base58ck v0.1.100
[INFO] [stderr]   Downloaded nokhwa-bindings-windows v0.4.6
[INFO] [stderr]   Downloaded g2poly v1.2.2
[INFO] [stderr]   Downloaded g2gen v1.2.2
[INFO] [stderr]   Downloaded v4l2-sys-mit v0.3.0
[INFO] [stderr]   Downloaded core-media-sys v0.1.2
[INFO] [stderr]   Downloaded cocoa-foundation v0.2.1
[INFO] [stderr]   Downloaded nokhwa-bindings-linux v0.1.4
[INFO] [stderr]   Downloaded minicbor-derive v0.13.0
[INFO] [stderr]   Downloaded ur v0.4.1
[INFO] [stderr]   Downloaded minicbor v0.19.1
[INFO] [stderr]   Downloaded radix_fmt v1.0.0
[INFO] [stderr]   Downloaded clap_mangen v0.2.24
[INFO] [stderr]   Downloaded roff v0.2.2
[INFO] [stderr]   Downloaded nokhwa-bindings-macos v0.2.4
[INFO] [stderr]   Downloaded g2p v1.2.2
[INFO] [stderr]   Downloaded nokhwa-core v0.1.9
[INFO] [stderr]   Downloaded bitcoin-units v0.1.100
[INFO] [stderr]   Downloaded rqrr v0.10.1
[INFO] [stderr]   Downloaded v4l v0.14.0
[INFO] [stderr]   Downloaded clap_complete_nushell v4.5.5
[INFO] [stderr]   Downloaded clap_complete v4.5.38
[INFO] [stderr]   Downloaded nokhwa v0.10.11
[INFO] [stderr]   Downloaded insta v1.44.3
[INFO] [stderr]   Downloaded owned_ttf_parser v0.19.0
[INFO] [stderr]   Downloaded bbqr v0.4.1
[INFO] [stderr]   Downloaded pom v3.4.0
[INFO] [stderr]   Downloaded bindgen v0.65.1
[INFO] [stderr]   Downloaded bitcoin v0.32.100
[INFO] [stderr]   Downloaded miniscript v13.0.0
[INFO] [stderr]   Downloaded printpdf v0.7.0
[INFO] [stderr]   Downloaded lopdf v0.31.0
[INFO] [stderr]   Downloaded codex32 v0.1.0
[INFO] running `Command { std: "docker" "create" "-v" "/var/lib/crater-agent-workspace/builds/worker-6-tc1/source:/opt/rustwide/workdir:ro,Z" "-v" "/var/lib/crater-agent-workspace/builds/worker-6-tc1/target:/opt/rustwide/target:rw,Z" "-v" "/var/lib/crater-agent-workspace/cargo-home:/opt/rustwide/cargo-home:ro,Z" "-v" "/var/lib/crater-agent-workspace/rustup-home:/opt/rustwide/rustup-home:ro,Z" "-m" "1610612736" "--network" "none" "ghcr.io/rust-lang/crates-build-env/linux@sha256:3111399a4047eeb3a02b7a90e478d715f38a8c6669b5c4b49d30a17385265909" "sleep" "infinity", kill_on_drop: false }`
[INFO] [stdout] 4656ea0bd021f67b6dbd581ec39e05592a78aacd6868d7a5832df1350911beb7
[INFO] running `Command { std: "docker" "start" "4656ea0bd021f67b6dbd581ec39e05592a78aacd6868d7a5832df1350911beb7", kill_on_drop: false }`
[INFO] running `Command { std: "docker" "inspect" "4656ea0bd021f67b6dbd581ec39e05592a78aacd6868d7a5832df1350911beb7", kill_on_drop: false }`
[INFO] running `Command { std: "docker" "exec" "-e" "SOURCE_DIR=/opt/rustwide/workdir" "-e" "CARGO_HOME=/opt/rustwide/cargo-home" "-e" "RUSTUP_HOME=/opt/rustwide/rustup-home" "-e" "CARGO_TARGET_DIR=/opt/rustwide/target" "-w" "/opt/rustwide/workdir" "--user" "0:0" "4656ea0bd021f67b6dbd581ec39e05592a78aacd6868d7a5832df1350911beb7" "/opt/rustwide/cargo-home/bin/cargo" "+1.99.0-beta.8" "metadata" "--no-deps" "--format-version=1", kill_on_drop: false }`
[INFO] running `Command { std: "docker" "inspect" "4656ea0bd021f67b6dbd581ec39e05592a78aacd6868d7a5832df1350911beb7", kill_on_drop: false }`
[INFO] running `Command { std: "docker" "exec" "-e" "SOURCE_DIR=/opt/rustwide/workdir" "-e" "CARGO_HOME=/opt/rustwide/cargo-home" "-e" "RUSTUP_HOME=/opt/rustwide/rustup-home" "-e" "CARGO_TARGET_DIR=/opt/rustwide/target" "-e" "CARGO_INCREMENTAL=0" "-e" "RUST_BACKTRACE=full" "-e" "RUSTFLAGS=--cap-lints=warn" "-e" "RUSTDOCFLAGS=--cap-lints=warn" "-w" "/opt/rustwide/workdir" "--user" "0:0" "4656ea0bd021f67b6dbd581ec39e05592a78aacd6868d7a5832df1350911beb7" "/opt/rustwide/cargo-home/bin/cargo" "+1.99.0-beta.8" "build" "--frozen" "--message-format=json", kill_on_drop: false }`
[INFO] [stderr]    Compiling quote v1.0.45
[INFO] [stderr]    Compiling memchr v2.8.1
[INFO] [stderr]    Compiling bitcoin-io v0.1.100
[INFO] [stderr]    Compiling arrayvec v0.7.6
[INFO] [stderr]    Compiling thiserror v2.0.18
[INFO] [stderr]    Compiling serde_core v1.0.228
[INFO] [stderr]    Compiling rustc-hash v2.1.2
[INFO] [stderr]    Compiling serde v1.0.228
[INFO] [stderr]    Compiling hex_lit v0.1.1
[INFO] [stderr]    Compiling smallvec v1.15.1
[INFO] [stderr]    Compiling self_cell v1.2.2
[INFO] [stderr]    Compiling bitcoin v0.32.100
[INFO] [stderr]    Compiling cc v1.2.62
[INFO] [stderr]    Compiling bitcoin-units v0.1.100
[INFO] [stderr]    Compiling bech32 v0.11.1
[INFO] [stderr]    Compiling typenum v1.20.0
[INFO] [stderr]    Compiling hex-conservative v0.2.2
[INFO] [stderr]    Compiling type-map v0.5.1
[INFO] [stderr]    Compiling hex-conservative v1.2.0
[INFO] [stderr]    Compiling itoa v1.0.18
[INFO] [stderr]    Compiling simd-adler32 v0.3.9
[INFO] [stderr]    Compiling rand_core v0.6.4
[INFO] [stderr]    Compiling zlib-rs v0.6.3
[INFO] [stderr]    Compiling syn v2.0.117
[INFO] [stderr]    Compiling siphasher v1.0.3
[INFO] [stderr]    Compiling serde_json v1.0.150
[INFO] [stderr]    Compiling rand v0.8.6
[INFO] [stderr]    Compiling miniz_oxide v0.8.9
[INFO] [stderr]    Compiling log v0.4.30
[INFO] [stderr]    Compiling autocfg v1.5.1
[INFO] [stderr]    Compiling bitcoin-private v0.1.0
[INFO] [stderr]    Compiling phf_shared v0.11.3
[INFO] [stderr]    Compiling bitcoin_hashes v0.14.100
[INFO] [stderr]    Compiling regex-automata v0.4.14
[INFO] [stderr]    Compiling deranged v0.3.11
[INFO] [stderr]    Compiling anstyle v1.0.14
[INFO] [stderr]    Compiling minicbor v0.19.1
[INFO] [stderr]    Compiling time-core v0.1.2
[INFO] [stderr]    Compiling tinyvec_macros v0.1.1
[INFO] [stderr]    Compiling g2poly v1.2.2
[INFO] [stderr]    Compiling colorchoice v1.0.5
[INFO] [stderr]    Compiling foldhash v0.2.0
[INFO] [stderr]    Compiling phf_generator v0.11.3
[INFO] [stderr]    Compiling hashbrown v0.16.1
[INFO] [stderr]    Compiling anstream v0.6.21
[INFO] [stderr]    Compiling tinyvec v1.11.0
[INFO] [stderr]    Compiling num-traits v0.2.19
[INFO] [stderr]    Compiling encoding_rs v0.8.35
[INFO] [stderr]    Compiling md5 v0.7.0
[INFO] [stderr]    Compiling crc-catalog v2.5.0
[INFO] [stderr]    Compiling linked-hash-map v0.5.6
[INFO] [stderr]    Compiling generic-array v0.14.7
[INFO] [stderr]    Compiling weezl v0.1.12
[INFO] [stderr]    Compiling ttf-parser v0.19.2
[INFO] [stderr]    Compiling clap_lex v0.7.7
[INFO] [stderr]    Compiling time v0.3.36
[INFO] [stderr]    Compiling bitcoin_hashes v0.12.0
[INFO] [stderr]    Compiling unicode-normalization v0.1.25
[INFO] [stderr]    Compiling secp256k1-sys v0.10.1
[INFO] [stderr]    Compiling clap_builder v4.5.57
[INFO] [stderr]    Compiling crc v3.2.1
[INFO] [stderr]    Compiling bstr v1.12.1
[INFO] [stderr]    Compiling base58ck v0.1.100
[INFO] [stderr]    Compiling lru v0.16.4
[INFO] [stderr]    Compiling block-buffer v0.10.4
[INFO] [stderr]    Compiling crypto-common v0.1.7
[INFO] [stderr]    Compiling digest v0.10.7
[INFO] [stderr]    Compiling pom v3.4.0
[INFO] [stderr]    Compiling rand_xoshiro v0.6.0
[INFO] [stderr]    Compiling data-encoding v2.11.0
[INFO] [stderr]    Compiling owned_ttf_parser v0.19.0
[INFO] [stderr]    Compiling sha2 v0.10.9
[INFO] [stderr]    Compiling radix_fmt v1.0.0
[INFO] [stderr]    Compiling bytemuck v1.25.0
[INFO] [stderr]    Compiling byteorder-lite v0.1.0
[INFO] [stderr]    Compiling secrecy v0.10.3
[INFO] [stderr]    Compiling regex-lite v0.1.9
[INFO] [stderr]    Compiling sensitive-input-detector v0.1.0 (/opt/rustwide/workdir/crates/sensitive-input-detector)
[INFO] [stderr]    Compiling codex32 v0.1.0
[INFO] [stderr]    Compiling qrcode v0.14.1
[INFO] [stderr]    Compiling image v0.25.6
[INFO] [stderr]    Compiling home v0.5.9
[INFO] [stderr]    Compiling desktop-commands v0.1.0 (/opt/rustwide/workdir/crates/desktop-commands)
[INFO] [stderr]    Compiling roff v0.2.2
[INFO] [stderr]    Compiling displaydoc v0.2.6
[INFO] [stderr]    Compiling thiserror-impl v2.0.18
[INFO] [stderr]    Compiling serde_derive v1.0.228
[INFO] [stderr]    Compiling thiserror-impl v1.0.69
[INFO] [stderr]    Compiling phf_macros v0.11.3
[INFO] [stderr]    Compiling g2gen v1.2.2
[INFO] [stderr]    Compiling clap_derive v4.5.55
[INFO] [stderr]    Compiling g2p v1.2.2
[INFO] [stderr]    Compiling rqrr v0.10.1
[INFO] [stderr]    Compiling phf v0.11.3
[INFO] [stderr]    Compiling flate2 v1.1.9
[INFO] [stderr]    Compiling ur v0.4.1
[INFO] [stderr]    Compiling tinystr v0.7.6
[INFO] [stderr]    Compiling unic-langid-impl v0.9.5
[INFO] [stderr]    Compiling fluent-syntax v0.12.0
[INFO] [stderr]    Compiling unic-langid v0.9.5
[INFO] [stderr]    Compiling lopdf v0.31.0
[INFO] [stderr]    Compiling intl-memoizer v0.5.3
[INFO] [stderr]    Compiling fluent-langneg v0.13.1
[INFO] [stderr]    Compiling intl_pluralrules v7.0.2
[INFO] [stderr]    Compiling clap v4.5.57
[INFO] [stderr]    Compiling clap_complete v4.5.38
[INFO] [stderr]    Compiling clap_mangen v0.2.24
[INFO] [stderr]    Compiling bbqr v0.4.1
[INFO] [stderr]    Compiling thiserror v1.0.69
[INFO] [stderr]    Compiling secp256k1 v0.29.1
[INFO] [stderr]    Compiling clap_complete_nushell v4.5.5
[INFO] [stderr]    Compiling fluent-bundle v0.16.0
[INFO] [stderr]    Compiling printpdf v0.7.0
[INFO] [stderr]    Compiling error-taxonomy v0.1.0 (/opt/rustwide/workdir/crates/error-taxonomy)
[INFO] [stderr]    Compiling bip39 v2.2.2
[INFO] [stderr]    Compiling qr-psbt v0.1.0 (/opt/rustwide/workdir/crates/qr-psbt)
[INFO] [stderr]    Compiling hwi-bridge v0.1.0 (/opt/rustwide/workdir/crates/hwi-bridge)
[INFO] [stderr]    Compiling miniscript v13.0.0
[INFO] [stderr]    Compiling descriptor-audit v0.1.0 (/opt/rustwide/workdir/crates/descriptor-audit)
[INFO] [stderr]    Compiling psbt-tools v0.1.0 (/opt/rustwide/workdir/crates/psbt-tools)
[INFO] [stderr]    Compiling address-derive v0.1.0 (/opt/rustwide/workdir/crates/address-derive)
[INFO] [stderr]    Compiling wallet-imports v0.1.0 (/opt/rustwide/workdir/crates/wallet-imports)
[INFO] [stderr]    Compiling miniscript-viz v0.1.0 (/opt/rustwide/workdir/crates/miniscript-viz)
[INFO] [stderr]    Compiling readiness-score v0.1.0 (/opt/rustwide/workdir/crates/readiness-score)
[INFO] [stderr]    Compiling report-engine v0.1.0 (/opt/rustwide/workdir/crates/report-engine)
[INFO] [stderr]    Compiling runbook-engine v0.1.0 (/opt/rustwide/workdir/crates/runbook-engine)
[INFO] [stderr]    Compiling lifeboat-core v0.1.0 (/opt/rustwide/workdir/crates/lifeboat-core)
[INFO] [stderr]    Compiling lifeboat v0.1.0 (/opt/rustwide/workdir/cli/lifeboat)
[INFO] [stderr]     Finished `dev` profile [unoptimized + debuginfo] target(s) in 52.45s
[INFO] running `Command { std: "docker" "inspect" "4656ea0bd021f67b6dbd581ec39e05592a78aacd6868d7a5832df1350911beb7", kill_on_drop: false }`
[INFO] running `Command { std: "docker" "exec" "-e" "SOURCE_DIR=/opt/rustwide/workdir" "-e" "CARGO_HOME=/opt/rustwide/cargo-home" "-e" "RUSTUP_HOME=/opt/rustwide/rustup-home" "-e" "CARGO_TARGET_DIR=/opt/rustwide/target" "-e" "CARGO_INCREMENTAL=0" "-e" "RUST_BACKTRACE=full" "-e" "RUSTFLAGS=--cap-lints=warn" "-e" "RUSTDOCFLAGS=--cap-lints=warn" "-w" "/opt/rustwide/workdir" "--user" "0:0" "4656ea0bd021f67b6dbd581ec39e05592a78aacd6868d7a5832df1350911beb7" "/opt/rustwide/cargo-home/bin/cargo" "+1.99.0-beta.8" "test" "--frozen" "--no-run" "--message-format=json", kill_on_drop: false }`
[INFO] [stderr]    Compiling regex-syntax v0.8.10
[INFO] [stderr]    Compiling libc v0.2.186
[INFO] [stderr]    Compiling once_cell v1.21.4
[INFO] [stderr]    Compiling half v2.4.1
[INFO] [stderr]    Compiling similar v2.7.0
[INFO] [stderr]    Compiling either v1.16.0
[INFO] [stderr]    Compiling ciborium-io v0.2.2
[INFO] [stderr]    Compiling cast v0.3.0
[INFO] [stderr]    Compiling tinytemplate v1.2.1
[INFO] [stderr]    Compiling clap_builder v4.5.57
[INFO] [stderr]    Compiling oorandom v11.1.5
[INFO] [stderr]    Compiling anes v0.1.6
[INFO] [stderr]    Compiling readiness-score v0.1.0 (/opt/rustwide/workdir/crates/readiness-score)
[INFO] [stderr]    Compiling wallet-imports v0.1.0 (/opt/rustwide/workdir/crates/wallet-imports)
[INFO] [stderr]    Compiling miniscript-viz v0.1.0 (/opt/rustwide/workdir/crates/miniscript-viz)
[INFO] [stderr]    Compiling sensitive-input-detector v0.1.0 (/opt/rustwide/workdir/crates/sensitive-input-detector)
[INFO] [stderr]    Compiling hwi-bridge v0.1.0 (/opt/rustwide/workdir/crates/hwi-bridge)
[INFO] [stderr]    Compiling error-taxonomy v0.1.0 (/opt/rustwide/workdir/crates/error-taxonomy)
[INFO] [stderr]    Compiling itertools v0.10.5
[INFO] [stderr]    Compiling ciborium-ll v0.2.2
[INFO] [stderr]    Compiling psbt-tools v0.1.0 (/opt/rustwide/workdir/crates/psbt-tools)
[INFO] [stderr]    Compiling descriptor-audit v0.1.0 (/opt/rustwide/workdir/crates/descriptor-audit)
[INFO] [stderr]    Compiling qr-psbt v0.1.0 (/opt/rustwide/workdir/crates/qr-psbt)
[INFO] [stderr]    Compiling ciborium v0.2.2
[INFO] [stderr]    Compiling regex-automata v0.4.14
[INFO] [stderr]    Compiling criterion-plot v0.5.0
[INFO] [stderr]    Compiling console v0.15.11
[INFO] [stderr]    Compiling is-terminal v0.4.17
[INFO] [stderr]    Compiling insta v1.44.3
[INFO] [stderr]    Compiling clap v4.5.57
[INFO] [stderr]    Compiling clap_complete v4.5.38
[INFO] [stderr]    Compiling clap_mangen v0.2.24
[INFO] [stderr]    Compiling clap_complete_nushell v4.5.5
[INFO] [stderr]    Compiling bstr v1.12.1
[INFO] [stderr]    Compiling regex v1.12.3
[INFO] [stderr]    Compiling criterion v0.5.1
[INFO] [stderr]    Compiling pom v3.4.0
[INFO] [stderr]    Compiling lopdf v0.31.0
[INFO] [stderr]    Compiling report-engine v0.1.0 (/opt/rustwide/workdir/crates/report-engine)
[INFO] [stderr]    Compiling printpdf v0.7.0
[INFO] [stderr]    Compiling address-derive v0.1.0 (/opt/rustwide/workdir/crates/address-derive)
[INFO] [stderr]    Compiling runbook-engine v0.1.0 (/opt/rustwide/workdir/crates/runbook-engine)
[INFO] [stderr]    Compiling lifeboat-core v0.1.0 (/opt/rustwide/workdir/crates/lifeboat-core)
[INFO] [stderr]    Compiling desktop-commands v0.1.0 (/opt/rustwide/workdir/crates/desktop-commands)
[INFO] [stderr]    Compiling lifeboat v0.1.0 (/opt/rustwide/workdir/cli/lifeboat)
[INFO] [stderr]     Finished `test` profile [unoptimized + debuginfo] target(s) in 39.57s
[INFO] running `Command { std: "docker" "inspect" "4656ea0bd021f67b6dbd581ec39e05592a78aacd6868d7a5832df1350911beb7", kill_on_drop: false }`
[INFO] running `Command { std: "docker" "exec" "-e" "SOURCE_DIR=/opt/rustwide/workdir" "-e" "CARGO_HOME=/opt/rustwide/cargo-home" "-e" "RUSTUP_HOME=/opt/rustwide/rustup-home" "-e" "CARGO_TARGET_DIR=/opt/rustwide/target" "-e" "CARGO_INCREMENTAL=0" "-e" "RUST_BACKTRACE=full" "-e" "RUSTFLAGS=--cap-lints=warn" "-e" "RUSTDOCFLAGS=--cap-lints=warn" "-w" "/opt/rustwide/workdir" "--user" "0:0" "4656ea0bd021f67b6dbd581ec39e05592a78aacd6868d7a5832df1350911beb7" "/opt/rustwide/cargo-home/bin/cargo" "+1.99.0-beta.8" "test" "--frozen", kill_on_drop: false }`
[INFO] [stderr]     Finished `test` profile [unoptimized + debuginfo] target(s) in 0.42s
[INFO] [stderr]      Running unittests src/lib.rs (/opt/rustwide/target/debug/deps/address_derive-6a316af2cf0626e2)
[INFO] [stdout] 
[INFO] [stdout] running 29 tests
[INFO] [stdout] test tests::derived_address_json_shape_matches_schema ... ok
[INFO] [stdout] test tests::comparison_count_out_of_range_is_refused ... ok
[INFO] [stdout] test tests::empty_address_is_rejected ... ok
[INFO] [stdout] test tests::bip44_pkh_matches_vector ... ok
[INFO] [stdout] test tests::known_address_hits_on_receive ... ok
[INFO] [stdout] test tests::bip86_tr_matches_published_vector ... ok
[INFO] [stdout] test tests::derive_chain_rejects_multipath_input ... ok
[INFO] [stdout] test tests::invalid_address_is_rejected ... ok
[INFO] [stdout] test tests::known_address_match_json_shape_matches_schema ... ok
[INFO] [stdout] test tests::meets_expectation_logic ... ok
[INFO] [stdout] test tests::bip49_sh_wpkh_matches_published_vector ... ok
[INFO] [stdout] test tests::fixed_descriptor_matches_its_single_address ... ok
[INFO] [stdout] test tests::derivation_is_deterministic ... ok
[INFO] [stdout] test tests::no_wildcard_refuses_many_but_allows_one ... ok
[INFO] [stdout] test tests::mixed_network_descriptor_is_refused_before_derivation ... ok
[INFO] [stdout] test tests::chain_labels_and_indices_are_correct ... ok
[INFO] [stdout] test tests::bip84_wpkh_matches_published_vectors ... ok
[INFO] [stdout] test tests::known_address_hits_on_change ... ok
[INFO] [stdout] test tests::xprv_descriptor_is_refused_before_derivation ... ok
[INFO] [stdout] test tests::liana_timelock_fixture_derives_receive_and_change ... ok
[INFO] [stdout] test tests::wrong_network_address_is_rejected ... ok
[INFO] [stdout] test tests::taproot_scriptpath_multi_a_fixture_derives_expected_addresses ... ok
[INFO] [stdout] test tests::wsh_sortedmulti_testnet_fixture_derives ... ok
[INFO] [stdout] test tests::known_address_tb1_fixture_matches_testnet_multisig ... ok
[INFO] [stdout] test tests::multipath_fixture_splits_receive_and_change ... ok
[INFO] [stdout] test tests::derives_100_singlesig_under_200ms ... FAILED
[INFO] [stdout] test tests::search_expands_past_first_n_up_to_1000 ... ok
[INFO] [stdout] test tests::count_out_of_range_is_refused ... ok
[INFO] [stdout] test tests::known_address_miss_is_a_fact_and_satisfies_expect_not_to_match ... ok
[INFO] [stdout] 
[INFO] [stdout] failures:
[INFO] [stdout] 
[INFO] [stdout] ---- tests::derives_100_singlesig_under_200ms stdout ----
[INFO] [stdout] 
[INFO] [stdout] thread 'tests::derives_100_singlesig_under_200ms' (3031) panicked at crates/address-derive/src/lib.rs:716:9:
[INFO] [stdout] deriving 100 singlesig addresses took 203.933308ms (budget 200ms)
[INFO] [stdout] stack backtrace:
[INFO] [stdout]    0:     0x5db0ef75d921 - std[70759c8f55707aa4]::backtrace_rs::backtrace::libunwind::trace
[INFO] [stdout]                                at /rustc/dfb0accb7f508ae8be965d8629557221c889dd98/library/std/src/../../backtrace/src/backtrace/libunwind.rs:117:9
[INFO] [stdout]    1:     0x5db0ef75d921 - std[70759c8f55707aa4]::backtrace_rs::backtrace::trace_unsynchronized::<std[70759c8f55707aa4]::sys::backtrace::_print_fmt::{closure#1}>
[INFO] [stdout]                                at /rustc/dfb0accb7f508ae8be965d8629557221c889dd98/library/std/src/../../backtrace/src/backtrace/mod.rs:66:14
[INFO] [stdout]    2:     0x5db0ef75d921 - std[70759c8f55707aa4]::sys::backtrace::_print_fmt
[INFO] [stdout]                                at /rustc/dfb0accb7f508ae8be965d8629557221c889dd98/library/std/src/sys/backtrace.rs:74:9
[INFO] [stdout]    3:     0x5db0ef75d921 - <<std[70759c8f55707aa4]::sys::backtrace::BacktraceLock>::print::DisplayBacktrace as core[df12db4294e9bfd3]::fmt::Display>::fmt
[INFO] [stdout]                                at /rustc/dfb0accb7f508ae8be965d8629557221c889dd98/library/std/src/sys/backtrace.rs:44:26
[INFO] [stdout]    4:     0x5db0ef772f3a - <core[df12db4294e9bfd3]::fmt::rt::Argument>::fmt
[INFO] [stdout]                                at /rustc/dfb0accb7f508ae8be965d8629557221c889dd98/library/core/src/fmt/rt.rs:152:76
[INFO] [stdout]    5:     0x5db0ef772f3a - core[df12db4294e9bfd3]::fmt::write
[INFO] [stdout]    6:     0x5db0ef761dbc - core[df12db4294e9bfd3]::io::write::default_write_fmt::<alloc[2182bb758b4b3781]::vec::Vec<u8>>
[INFO] [stdout]                                at /rustc/dfb0accb7f508ae8be965d8629557221c889dd98/library/core/src/io/write.rs:402:11
[INFO] [stdout]    7:     0x5db0ef761dbc - <alloc[2182bb758b4b3781]::vec::Vec<u8> as core[df12db4294e9bfd3]::io::write::Write>::write_fmt
[INFO] [stdout]                                at /rustc/dfb0accb7f508ae8be965d8629557221c889dd98/library/core/src/io/write.rs:335:13
[INFO] [stdout]    8:     0x5db0ef739f16 - <std[70759c8f55707aa4]::sys::backtrace::BacktraceLock>::print
[INFO] [stdout]                                at /rustc/dfb0accb7f508ae8be965d8629557221c889dd98/library/std/src/sys/backtrace.rs:47:9
[INFO] [stdout]    9:     0x5db0ef739f16 - std[70759c8f55707aa4]::panicking::default_hook::{closure#0}
[INFO] [stdout]                                at /rustc/dfb0accb7f508ae8be965d8629557221c889dd98/library/std/src/panicking.rs:292:27
[INFO] [stdout]   10:     0x5db0ef756089 - std[70759c8f55707aa4]::panicking::default_hook
[INFO] [stdout]                                at /rustc/dfb0accb7f508ae8be965d8629557221c889dd98/library/std/src/panicking.rs:316:9
[INFO] [stdout]   11:     0x5db0ef50e540 - <alloc[2182bb758b4b3781]::boxed::Box<dyn for<'a, 'b> core[df12db4294e9bfd3]::ops::function::Fn<(&'a std[70759c8f55707aa4]::panic::PanicHookInfo<'b>,), Output = ()> + core[df12db4294e9bfd3]::marker::Send + core[df12db4294e9bfd3]::marker::Sync> as core[df12db4294e9bfd3]::ops::function::Fn<(&std[70759c8f55707aa4]::panic::PanicHookInfo,)>>::call
[INFO] [stdout]                                at /rustc/dfb0accb7f508ae8be965d8629557221c889dd98/library/alloc/src/boxed.rs:2334:9
[INFO] [stdout]   12:     0x5db0ef50e540 - test[9d35eded1c95d3be]::test_main_inner::<test[9d35eded1c95d3be]::test_main_static::{closure#0}>::{closure#0}
[INFO] [stdout]                                at /rustc/dfb0accb7f508ae8be965d8629557221c889dd98/library/test/src/lib.rs:155:21
[INFO] [stdout]   13:     0x5db0ef756242 - <alloc[2182bb758b4b3781]::boxed::Box<dyn for<'a, 'b> core[df12db4294e9bfd3]::ops::function::Fn<(&'a std[70759c8f55707aa4]::panic::PanicHookInfo<'b>,), Output = ()> + core[df12db4294e9bfd3]::marker::Send + core[df12db4294e9bfd3]::marker::Sync> as core[df12db4294e9bfd3]::ops::function::Fn<(&std[70759c8f55707aa4]::panic::PanicHookInfo,)>>::call
[INFO] [stdout]                                at /rustc/dfb0accb7f508ae8be965d8629557221c889dd98/library/alloc/src/boxed.rs:2334:9
[INFO] [stderr] error: test failed, to rerun pass `-p address-derive --lib`
[INFO] [stdout]   14:     0x5db0ef756242 - std[70759c8f55707aa4]::panicking::panic_with_hook
[INFO] [stdout]                                at /rustc/dfb0accb7f508ae8be965d8629557221c889dd98/library/std/src/panicking.rs:823:13
[INFO] [stdout]   15:     0x5db0ef739fc2 - std[70759c8f55707aa4]::panicking::panic_handler::{closure#0}
[INFO] [stdout]                                at /rustc/dfb0accb7f508ae8be965d8629557221c889dd98/library/std/src/panicking.rs:688:13
[INFO] [stdout]   16:     0x5db0ef732d49 - std[70759c8f55707aa4]::sys::backtrace::__rust_end_short_backtrace::<std[70759c8f55707aa4]::panicking::panic_handler::{closure#0}, !>
[INFO] [stdout]                                at /rustc/dfb0accb7f508ae8be965d8629557221c889dd98/library/std/src/sys/backtrace.rs:182:18
[INFO] [stdout]   17:     0x5db0ef73abbd - __rustc[8fa7c3cbc660c2b3]::rust_begin_unwind
[INFO] [stdout]                                at /rustc/dfb0accb7f508ae8be965d8629557221c889dd98/library/std/src/panicking.rs:679:5
[INFO] [stdout]   18:     0x5db0ef77372c - core[df12db4294e9bfd3]::panicking::panic_fmt
[INFO] [stdout]                                at /rustc/dfb0accb7f508ae8be965d8629557221c889dd98/library/core/src/panicking.rs:80:14
[INFO] [stdout]   19:     0x5db0ef4e1261 - address_derive[3828f61847800b61]::tests::derives_100_singlesig_under_200ms
[INFO] [stdout]                                at /opt/rustwide/workdir/crates/address-derive/src/lib.rs:716:9
[INFO] [stdout]   20:     0x5db0ef4de817 - address_derive[3828f61847800b61]::tests::derives_100_singlesig_under_200ms::{closure#0}
[INFO] [stdout]                                at /opt/rustwide/workdir/crates/address-derive/src/lib.rs:702:43
[INFO] [stdout]   21:     0x5db0ef4f0716 - <address_derive[3828f61847800b61]::tests::derives_100_singlesig_under_200ms::{closure#0} as core[df12db4294e9bfd3]::ops::function::FnOnce<()>>::call_once
[INFO] [stdout]                                at /rustc/dfb0accb7f508ae8be965d8629557221c889dd98/library/core/src/ops/function.rs:250:5
[INFO] [stdout]   22:     0x5db0ef50182b - <fn() -> core[df12db4294e9bfd3]::result::Result<(), alloc[2182bb758b4b3781]::string::String> as core[df12db4294e9bfd3]::ops::function::FnOnce<()>>::call_once
[INFO] [stdout]                                at /rustc/dfb0accb7f508ae8be965d8629557221c889dd98/library/core/src/ops/function.rs:250:5
[INFO] [stdout]   23:     0x5db0ef50182b - test[9d35eded1c95d3be]::__rust_begin_short_backtrace::<core[df12db4294e9bfd3]::result::Result<(), alloc[2182bb758b4b3781]::string::String>, fn() -> core[df12db4294e9bfd3]::result::Result<(), alloc[2182bb758b4b3781]::string::String>>
[INFO] [stdout]                                at /rustc/dfb0accb7f508ae8be965d8629557221c889dd98/library/test/src/lib.rs:733:18
[INFO] [stdout]   24:     0x5db0ef50ee95 - test[9d35eded1c95d3be]::run_test_in_process::{closure#0}
[INFO] [stdout]                                at /rustc/dfb0accb7f508ae8be965d8629557221c889dd98/library/test/src/lib.rs:756:74
[INFO] [stdout]   25:     0x5db0ef50ee95 - <core[df12db4294e9bfd3]::panic::unwind_safe::AssertUnwindSafe<test[9d35eded1c95d3be]::run_test_in_process::{closure#0}> as core[df12db4294e9bfd3]::ops::function::FnOnce<()>>::call_once
[INFO] [stdout]                                at /rustc/dfb0accb7f508ae8be965d8629557221c889dd98/library/core/src/panic/unwind_safe.rs:275:9
[INFO] [stdout]   26:     0x5db0ef50ee95 - std[70759c8f55707aa4]::panicking::catch_unwind::do_call::<core[df12db4294e9bfd3]::panic::unwind_safe::AssertUnwindSafe<test[9d35eded1c95d3be]::run_test_in_process::{closure#0}>, core[df12db4294e9bfd3]::result::Result<(), alloc[2182bb758b4b3781]::string::String>>
[INFO] [stdout]                                at /rustc/dfb0accb7f508ae8be965d8629557221c889dd98/library/std/src/panicking.rs:576:43
[INFO] [stdout]   27:     0x5db0ef50ee95 - std[70759c8f55707aa4]::panicking::catch_unwind::<core[df12db4294e9bfd3]::result::Result<(), alloc[2182bb758b4b3781]::string::String>, core[df12db4294e9bfd3]::panic::unwind_safe::AssertUnwindSafe<test[9d35eded1c95d3be]::run_test_in_process::{closure#0}>>
[INFO] [stdout]                                at /rustc/dfb0accb7f508ae8be965d8629557221c889dd98/library/std/src/panicking.rs:544:19
[INFO] [stdout]   28:     0x5db0ef50ee95 - std[70759c8f55707aa4]::panic::catch_unwind::<core[df12db4294e9bfd3]::panic::unwind_safe::AssertUnwindSafe<test[9d35eded1c95d3be]::run_test_in_process::{closure#0}>, core[df12db4294e9bfd3]::result::Result<(), alloc[2182bb758b4b3781]::string::String>>
[INFO] [stdout]                                at /rustc/dfb0accb7f508ae8be965d8629557221c889dd98/library/std/src/panic.rs:359:14
[INFO] [stdout]   29:     0x5db0ef50ee95 - test[9d35eded1c95d3be]::run_test_in_process
[INFO] [stdout]                                at /rustc/dfb0accb7f508ae8be965d8629557221c889dd98/library/test/src/lib.rs:756:27
[INFO] [stdout]   30:     0x5db0ef50ee95 - test[9d35eded1c95d3be]::run_test::{closure#0}
[INFO] [stdout]                                at /rustc/dfb0accb7f508ae8be965d8629557221c889dd98/library/test/src/lib.rs:677:43
[INFO] [stdout]   31:     0x5db0ef508754 - test[9d35eded1c95d3be]::run_test::{closure#1}
[INFO] [stdout]                                at /rustc/dfb0accb7f508ae8be965d8629557221c889dd98/library/test/src/lib.rs:707:41
[INFO] [stdout]   32:     0x5db0ef508754 - std[70759c8f55707aa4]::sys::backtrace::__rust_begin_short_backtrace::<test[9d35eded1c95d3be]::run_test::{closure#1}, ()>
[INFO] [stdout]                                at /rustc/dfb0accb7f508ae8be965d8629557221c889dd98/library/std/src/sys/backtrace.rs:166:18
[INFO] [stdout]   33:     0x5db0ef511ff2 - std[70759c8f55707aa4]::thread::lifecycle::spawn_unchecked::<test[9d35eded1c95d3be]::run_test::{closure#1}, ()>::{closure#1}::{closure#0}
[INFO] [stdout]                                at /rustc/dfb0accb7f508ae8be965d8629557221c889dd98/library/std/src/thread/lifecycle.rs:70:13
[INFO] [stdout]   34:     0x5db0ef511ff2 - <core[df12db4294e9bfd3]::panic::unwind_safe::AssertUnwindSafe<std[70759c8f55707aa4]::thread::lifecycle::spawn_unchecked<test[9d35eded1c95d3be]::run_test::{closure#1}, ()>::{closure#1}::{closure#0}> as core[df12db4294e9bfd3]::ops::function::FnOnce<()>>::call_once
[INFO] [stdout]                                at /rustc/dfb0accb7f508ae8be965d8629557221c889dd98/library/core/src/panic/unwind_safe.rs:275:9
[INFO] [stdout]   35:     0x5db0ef511ff2 - std[70759c8f55707aa4]::panicking::catch_unwind::do_call::<core[df12db4294e9bfd3]::panic::unwind_safe::AssertUnwindSafe<std[70759c8f55707aa4]::thread::lifecycle::spawn_unchecked<test[9d35eded1c95d3be]::run_test::{closure#1}, ()>::{closure#1}::{closure#0}>, ()>
[INFO] [stdout]                                at /rustc/dfb0accb7f508ae8be965d8629557221c889dd98/library/std/src/panicking.rs:576:43
[INFO] [stdout]   36:     0x5db0ef511ff2 - std[70759c8f55707aa4]::panicking::catch_unwind::<(), core[df12db4294e9bfd3]::panic::unwind_safe::AssertUnwindSafe<std[70759c8f55707aa4]::thread::lifecycle::spawn_unchecked<test[9d35eded1c95d3be]::run_test::{closure#1}, ()>::{closure#1}::{closure#0}>>
[INFO] [stdout]                                at /rustc/dfb0accb7f508ae8be965d8629557221c889dd98/library/std/src/panicking.rs:544:19
[INFO] [stdout]   37:     0x5db0ef511ff2 - std[70759c8f55707aa4]::panic::catch_unwind::<core[df12db4294e9bfd3]::panic::unwind_safe::AssertUnwindSafe<std[70759c8f55707aa4]::thread::lifecycle::spawn_unchecked<test[9d35eded1c95d3be]::run_test::{closure#1}, ()>::{closure#1}::{closure#0}>, ()>
[INFO] [stdout]                                at /rustc/dfb0accb7f508ae8be965d8629557221c889dd98/library/std/src/panic.rs:359:14
[INFO] [stdout]   38:     0x5db0ef511ff2 - std[70759c8f55707aa4]::thread::lifecycle::spawn_unchecked::<test[9d35eded1c95d3be]::run_test::{closure#1}, ()>::{closure#1}
[INFO] [stdout]                                at /rustc/dfb0accb7f508ae8be965d8629557221c889dd98/library/std/src/thread/lifecycle.rs:68:26
[INFO] [stdout]   39:     0x5db0ef511ff2 - <std[70759c8f55707aa4]::thread::lifecycle::spawn_unchecked<test[9d35eded1c95d3be]::run_test::{closure#1}, ()>::{closure#1} as core[df12db4294e9bfd3]::ops::function::FnOnce<()>>::call_once::{shim:vtable#0}
[INFO] [stdout]                                at /rustc/dfb0accb7f508ae8be965d8629557221c889dd98/library/core/src/ops/function.rs:250:5
[INFO] [stdout]   40:     0x5db0ef75d1f9 - <alloc[2182bb758b4b3781]::boxed::Box<dyn core[df12db4294e9bfd3]::ops::function::FnOnce<(), Output = ()> + core[df12db4294e9bfd3]::marker::Send> as core[df12db4294e9bfd3]::ops::function::FnOnce<()>>::call_once
[INFO] [stdout]                                at /rustc/dfb0accb7f508ae8be965d8629557221c889dd98/library/alloc/src/boxed.rs:2320:9
[INFO] [stdout]   41:     0x5db0ef75d1f9 - <std[70759c8f55707aa4]::sys::thread::unix::Thread>::new::thread_start
[INFO] [stdout]                                at /rustc/dfb0accb7f508ae8be965d8629557221c889dd98/library/std/src/sys/thread/unix.rs:123:17
[INFO] [stdout]   42:     0x7c94b8171dfa - <unknown>
[INFO] [stdout]   43:     0x7c94b82053d4 - clone
[INFO] [stdout]   44:                0x0 - <unknown>
[INFO] [stdout] 
[INFO] [stdout] 
[INFO] [stdout] failures:
[INFO] [stdout]     tests::derives_100_singlesig_under_200ms
[INFO] [stdout] 
[INFO] [stdout] test result: FAILED. 28 passed; 1 failed; 0 ignored; 0 measured; 0 filtered out; finished in 1.66s
[INFO] [stdout] 
[INFO] running `Command { std: "docker" "inspect" "4656ea0bd021f67b6dbd581ec39e05592a78aacd6868d7a5832df1350911beb7", kill_on_drop: false }`
[INFO] running `Command { std: "docker" "rm" "-f" "4656ea0bd021f67b6dbd581ec39e05592a78aacd6868d7a5832df1350911beb7", kill_on_drop: false }`
[INFO] [stdout] 4656ea0bd021f67b6dbd581ec39e05592a78aacd6868d7a5832df1350911beb7
