[INFO] fetching crate xstack-tcp 0.2.17...
[INFO] testing xstack-tcp-0.2.17 against 1.99.0-beta.8 for beta-1.100-2
[INFO] extracting crate xstack-tcp 0.2.17 into /workspace/builds/worker-5-tc1/source
[INFO] started tweaking crates.io crate xstack-tcp 0.2.17
[INFO] removed 0 missing examples
[INFO] finished tweaking crates.io crate xstack-tcp 0.2.17
[INFO] tweaked toml for crates.io crate xstack-tcp 0.2.17 written to /workspace/builds/worker-5-tc1/source/Cargo.toml
[INFO] validating manifest of crates.io crate xstack-tcp 0.2.17 on toolchain 1.99.0-beta.8
[INFO] running `Command { std: CARGO_HOME="/workspace/cargo-home" RUSTUP_HOME="/workspace/rustup-home" "/workspace/cargo-home/bin/cargo" "+1.99.0-beta.8" "metadata" "--manifest-path" "Cargo.toml" "--no-deps", kill_on_drop: false }`
[INFO] crate crates.io crate xstack-tcp 0.2.17 already has a lockfile, it will not be regenerated
[INFO] running `Command { std: CARGO_HOME="/workspace/cargo-home" RUSTUP_HOME="/workspace/rustup-home" "/workspace/cargo-home/bin/cargo" "+1.99.0-beta.8" "fetch" "--manifest-path" "Cargo.toml", kill_on_drop: false }`
[INFO] [stderr]     Updating crates.io index
[INFO] [stderr]  Downloading crates ...
[INFO] [stderr]   Downloaded xstack-tls v0.2.17
[INFO] [stderr]   Downloaded xstack-x509 v0.2.17
[INFO] [stderr]   Downloaded zeroize_derive v1.4.2
[INFO] [stderr]   Downloaded unicode-ident v1.0.13
[INFO] [stderr]   Downloaded syn v2.0.72
[INFO] [stderr]   Downloaded quote v1.0.37
[INFO] [stderr]   Downloaded futures-sink v0.3.30
[INFO] [stderr]   Downloaded protobuf-codegen v3.5.1
[INFO] [stderr]   Downloaded futures-core v0.3.30
[INFO] [stderr]   Downloaded data-encoding-macro-internal v0.1.13
[INFO] [stderr]   Downloaded futures-task v0.3.30
[INFO] [stderr]   Downloaded futures-io v0.3.30
[INFO] [stderr]   Downloaded futures-channel v0.3.30
[INFO] [stderr]   Downloaded futures-executor v0.3.30
[INFO] [stderr]   Downloaded bitmask-enum v2.2.4
[INFO] [stderr]   Downloaded fastrand v2.1.1
[INFO] [stderr]   Downloaded data-encoding-macro v0.1.15
[INFO] [stderr]   Downloaded libp2p-identity v0.2.9
[INFO] [stderr]   Downloaded base64ct v1.6.0
[INFO] [stderr]   Downloaded flagset v0.4.6
[INFO] [stderr]   Downloaded rfc6979 v0.4.0
[INFO] [stderr]   Downloaded crunchy v0.2.2
[INFO] [stderr]   Downloaded rasi v0.2.6
[INFO] [stderr]   Downloaded protoc-bin-vendored v3.0.0
[INFO] [stderr]   Downloaded errno v0.3.9
[INFO] [stderr]   Downloaded once_cell v1.20.0
[INFO] [stderr]   Downloaded protobuf-support v3.5.1
[INFO] [stderr]   Downloaded multistream-select v0.13.0
[INFO] [stderr]   Downloaded multiaddr v0.18.1
[INFO] [stderr]   Downloaded tinyvec v1.8.0
[INFO] [stderr]   Downloaded serde v1.0.210
[INFO] [stderr]   Downloaded multihash v0.19.1
[INFO] [stderr]   Downloaded multibase v0.9.1
[INFO] [stderr]   Downloaded base-x v0.2.11
[INFO] [stderr]   Downloaded sec1 v0.7.3
[INFO] [stderr]   Downloaded pem-rfc7468 v0.7.0
[INFO] [stderr]   Downloaded primeorder v0.13.6
[INFO] [stderr]   Downloaded ff v0.13.0
[INFO] [stderr]   Downloaded libsecp256k1 v0.7.1
[INFO] [stderr]   Downloaded libsecp256k1-gen-genmult v0.3.0
[INFO] [stderr]   Downloaded libsecp256k1-gen-ecmult v0.3.0
[INFO] [stderr]   Downloaded unsigned-varint v0.8.0
[INFO] [stderr]   Downloaded futures v0.3.30
[INFO] [stderr]   Downloaded tempfile v3.12.0
[INFO] [stderr]   Downloaded indexmap v2.5.0
[INFO] [stderr]   Downloaded unsigned-varint v0.7.2
[INFO] [stderr]   Downloaded serde_derive v1.0.210
[INFO] [stderr]   Downloaded der_derive v0.7.3
[INFO] [stderr]   Downloaded group v0.13.0
[INFO] [stderr]   Downloaded futures-map v0.2.8
[INFO] [stderr]   Downloaded futures-yamux v0.2.8
[INFO] [stderr]   Downloaded ringbuf-rs v0.2.6
[INFO] [stderr]   Downloaded futures-boring v0.2.8
[INFO] [stderr]   Downloaded xstack v0.2.17
[INFO] [stderr]   Downloaded bigdecimal v0.4.5
[INFO] [stderr]   Downloaded anyhow v1.0.88
[INFO] [stderr]   Downloaded unicode-normalization v0.1.23
[INFO] [stderr]   Downloaded unicode-bidi v0.3.15
[INFO] [stderr]   Downloaded p256 v0.13.2
[INFO] [stderr]   Downloaded ecdsa v0.16.9
[INFO] [stderr]   Downloaded libsecp256k1-core v0.3.0
[INFO] [stderr]   Downloaded asn1_der v0.7.6
[INFO] [stderr]   Downloaded tls_codec v0.4.1
[INFO] [stderr]   Downloaded tls_codec_derive v0.4.1
[INFO] [stderr]   Downloaded pkcs1 v0.7.5
[INFO] [stderr]   Downloaded futures-macro v0.3.30
[INFO] [stderr]   Downloaded protobuf-parse v3.5.1
[INFO] [stderr]   Downloaded url v2.5.2
[INFO] [stderr]   Downloaded der v0.7.9
[INFO] [stderr]   Downloaded quick-protobuf v0.8.1
[INFO] [stderr]   Downloaded elliptic-curve v0.13.8
[INFO] [stderr]   Downloaded async-trait v0.1.82
[INFO] [stderr]   Downloaded clap_lex v0.7.2
[INFO] [stderr]   Downloaded anstyle v1.0.8
[INFO] [stderr]   Downloaded crypto-bigint v0.5.5
[INFO] [stderr]   Downloaded ed25519-dalek v2.1.1
[INFO] [stderr]   Downloaded rsa v0.9.6
[INFO] [stderr]   Downloaded cmake v0.1.51
[INFO] [stderr]   Downloaded xstack-spec v0.2.17
[INFO] [stderr]   Downloaded rasi-mio v0.2.6
[INFO] [stderr]   Downloaded boxcar v0.2.5
[INFO] [stderr]   Downloaded pretty_env_logger v0.5.0
[INFO] [stderr]   Downloaded is-terminal v0.4.13
[INFO] [stderr]   Downloaded hermit-abi v0.4.0
[INFO] [stderr]   Downloaded futures-test v0.3.30
[INFO] [stderr]   Downloaded anstream v0.6.15
[INFO] [stderr]   Downloaded colorchoice v1.0.2
[INFO] [stderr]   Downloaded anstyle-wincon v3.0.4
[INFO] [stderr]   Downloaded anstyle-query v1.1.1
[INFO] [stderr]   Downloaded anstyle-parse v0.2.5
[INFO] [stderr]   Downloaded protobuf v3.5.1
[INFO] [stderr]   Downloaded x509-cert v0.2.5
[INFO] [stderr]   Downloaded redox_syscall v0.5.4
[INFO] [stderr]   Downloaded env_logger v0.10.2
[INFO] [stderr]   Downloaded clap_derive v4.5.13
[INFO] [stderr]   Downloaded futures-util v0.3.30
[INFO] [stderr]   Downloaded clap v4.5.17
[INFO] [stderr]   Downloaded p521 v0.13.3
[INFO] [stderr]   Downloaded num-bigint-dig v0.8.4
[INFO] [stderr]   Downloaded clap_builder v4.5.17
[INFO] [stderr]   Downloaded bindgen v0.68.1
[INFO] [stderr]   Downloaded idna v0.5.0
[INFO] [stderr]   Downloaded boring v4.9.1
[INFO] [stderr]   Downloaded p384 v0.13.0
[INFO] [stderr]   Downloaded rustix v0.38.37
[INFO] [stderr]   Downloaded libc v0.2.158
[INFO] [stderr]   Downloaded protoc-bin-vendored-win32 v3.0.0
[INFO] [stderr]   Downloaded protoc-bin-vendored-linux-x86_32 v3.0.0
[INFO] [stderr]   Downloaded protoc-bin-vendored-linux-x86_64 v3.0.0
[INFO] [stderr]   Downloaded protoc-bin-vendored-linux-aarch_64 v3.0.0
[INFO] [stderr]   Downloaded protoc-bin-vendored-linux-ppcle_64 v3.0.0
[INFO] [stderr]   Downloaded protoc-bin-vendored-macos-x86_64 v3.0.0
[INFO] [stderr]   Downloaded ring v0.17.8
[INFO] [stderr]   Downloaded boring-sys v4.9.1
[INFO] running `Command { std: "docker" "create" "-v" "/var/lib/crater-agent-workspace/builds/worker-5-tc1/source:/opt/rustwide/workdir:ro,Z" "-v" "/var/lib/crater-agent-workspace/builds/worker-5-tc1/target:/opt/rustwide/target:rw,Z" "-v" "/var/lib/crater-agent-workspace/cargo-home:/opt/rustwide/cargo-home:ro,Z" "-v" "/var/lib/crater-agent-workspace/rustup-home:/opt/rustwide/rustup-home:ro,Z" "-m" "1610612736" "--network" "none" "ghcr.io/rust-lang/crates-build-env/linux@sha256:3111399a4047eeb3a02b7a90e478d715f38a8c6669b5c4b49d30a17385265909" "sleep" "infinity", kill_on_drop: false }`
[INFO] [stdout] 0c9a8521469a60806735b05a5f581aa42197f255fb25c82f7feacf38f919ff59
[INFO] running `Command { std: "docker" "start" "0c9a8521469a60806735b05a5f581aa42197f255fb25c82f7feacf38f919ff59", kill_on_drop: false }`
[INFO] running `Command { std: "docker" "inspect" "0c9a8521469a60806735b05a5f581aa42197f255fb25c82f7feacf38f919ff59", kill_on_drop: false }`
[INFO] running `Command { std: "docker" "exec" "-e" "SOURCE_DIR=/opt/rustwide/workdir" "-e" "CARGO_HOME=/opt/rustwide/cargo-home" "-e" "RUSTUP_HOME=/opt/rustwide/rustup-home" "-e" "CARGO_TARGET_DIR=/opt/rustwide/target" "-w" "/opt/rustwide/workdir" "--user" "0:0" "0c9a8521469a60806735b05a5f581aa42197f255fb25c82f7feacf38f919ff59" "/opt/rustwide/cargo-home/bin/cargo" "+1.99.0-beta.8" "metadata" "--no-deps" "--format-version=1", kill_on_drop: false }`
[INFO] running `Command { std: "docker" "inspect" "0c9a8521469a60806735b05a5f581aa42197f255fb25c82f7feacf38f919ff59", kill_on_drop: false }`
[INFO] running `Command { std: "docker" "exec" "-e" "SOURCE_DIR=/opt/rustwide/workdir" "-e" "CARGO_HOME=/opt/rustwide/cargo-home" "-e" "RUSTUP_HOME=/opt/rustwide/rustup-home" "-e" "CARGO_TARGET_DIR=/opt/rustwide/target" "-e" "CARGO_INCREMENTAL=0" "-e" "RUST_BACKTRACE=full" "-e" "RUSTFLAGS=--cap-lints=warn" "-e" "RUSTDOCFLAGS=--cap-lints=warn" "-w" "/opt/rustwide/workdir" "--user" "0:0" "0c9a8521469a60806735b05a5f581aa42197f255fb25c82f7feacf38f919ff59" "/opt/rustwide/cargo-home/bin/cargo" "+1.99.0-beta.8" "build" "--frozen" "--message-format=json", kill_on_drop: false }`
[INFO] [stderr]    Compiling unicode-ident v1.0.13
[INFO] [stderr]    Compiling proc-macro2 v1.0.86
[INFO] [stderr]    Compiling typenum v1.17.0
[INFO] [stderr]    Compiling zeroize v1.8.1
[INFO] [stderr]    Compiling libc v0.2.158
[INFO] [stderr]    Compiling generic-array v0.14.7
[INFO] [stderr]    Compiling subtle v2.6.1
[INFO] [stderr]    Compiling const-oid v0.9.6
[INFO] [stderr]    Compiling base64ct v1.6.0
[INFO] [stderr]    Compiling flagset v0.4.6
[INFO] [stderr]    Compiling memchr v2.7.4
[INFO] [stderr]    Compiling cpufeatures v0.2.14
[INFO] [stderr]    Compiling pin-project-lite v0.2.14
[INFO] [stderr]    Compiling cc v1.1.18
[INFO] [stderr]    Compiling slab v0.4.9
[INFO] [stderr]    Compiling pem-rfc7468 v0.7.0
[INFO] [stderr]    Compiling crunchy v0.2.2
[INFO] [stderr]    Compiling quote v1.0.37
[INFO] [stderr]    Compiling num-traits v0.2.19
[INFO] [stderr]    Compiling futures-sink v0.3.30
[INFO] [stderr]    Compiling futures-core v0.3.30
[INFO] [stderr]    Compiling syn v2.0.72
[INFO] [stderr]    Compiling futures-channel v0.3.30
[INFO] [stderr]    Compiling futures-task v0.3.30
[INFO] [stderr]    Compiling futures-io v0.3.30
[INFO] [stderr]    Compiling base16ct v0.2.0
[INFO] [stderr]    Compiling getrandom v0.2.15
[INFO] [stderr]    Compiling semver v1.0.23
[INFO] [stderr]    Compiling rand_core v0.6.4
[INFO] [stderr]    Compiling glob v0.3.1
[INFO] [stderr]    Compiling ff v0.13.0
[INFO] [stderr]    Compiling group v0.13.0
[INFO] [stderr]    Compiling num_cpus v1.16.0
[INFO] [stderr]    Compiling clang-sys v1.8.1
[INFO] [stderr]    Compiling once_cell v1.20.0
[INFO] [stderr]    Compiling thiserror v1.0.63
[INFO] [stderr]    Compiling rustc_version v0.4.1
[INFO] [stderr]    Compiling aho-corasick v1.1.3
[INFO] [stderr]    Compiling minimal-lexical v0.2.1
[INFO] [stderr]    Compiling digest v0.9.0
[INFO] [stderr]    Compiling syn v1.0.109
[INFO] [stderr]    Compiling libsecp256k1-core v0.3.0
[INFO] [stderr]    Compiling num-integer v0.1.46
[INFO] [stderr]    Compiling serde v1.0.210
[INFO] [stderr]    Compiling spin v0.9.8
[INFO] [stderr]    Compiling regex-syntax v0.8.4
[INFO] [stderr]    Compiling crypto-common v0.1.6
[INFO] [stderr]    Compiling block-buffer v0.10.4
[INFO] [stderr]    Compiling crypto-bigint v0.5.5
[INFO] [stderr]    Compiling digest v0.10.7
[INFO] [stderr]    Compiling crypto-mac v0.8.0
[INFO] [stderr]    Compiling nom v7.1.3
[INFO] [stderr]    Compiling curve25519-dalek v4.1.3
[INFO] [stderr]    Compiling hmac v0.12.1
[INFO] [stderr]    Compiling signature v2.2.0
[INFO] [stderr]    Compiling hkdf v0.12.4
[INFO] [stderr]    Compiling rfc6979 v0.4.0
[INFO] [stderr]    Compiling sha2 v0.10.8
[INFO] [stderr]    Compiling libloading v0.8.5
[INFO] [stderr]    Compiling libsecp256k1-gen-genmult v0.3.0
[INFO] [stderr]    Compiling libsecp256k1-gen-ecmult v0.3.0
[INFO] [stderr]    Compiling bindgen v0.68.1
[INFO] [stderr]    Compiling log v0.4.22
[INFO] [stderr]    Compiling tinyvec v1.8.0
[INFO] [stderr]    Compiling libsecp256k1 v0.7.1
[INFO] [stderr]    Compiling hmac v0.8.1
[INFO] [stderr]    Compiling block-buffer v0.9.0
[INFO] [stderr]    Compiling ring v0.17.8
[INFO] [stderr]    Compiling bigdecimal v0.4.5
[INFO] [stderr]    Compiling unsigned-varint v0.7.2
[INFO] [stderr]    Compiling opaque-debug v0.3.1
[INFO] [stderr]    Compiling lazy_static v1.5.0
[INFO] [stderr]    Compiling bitflags v2.6.0
[INFO] [stderr]    Compiling rustc-hash v1.1.0
[INFO] [stderr]    Compiling lazycell v1.3.0
[INFO] [stderr]    Compiling data-encoding v2.6.0
[INFO] [stderr]    Compiling peeking_take_while v0.1.2
[INFO] [stderr]    Compiling sha2 v0.9.9
[INFO] [stderr]    Compiling unicode-normalization v0.1.23
[INFO] [stderr]    Compiling regex-automata v0.4.7
[INFO] [stderr]    Compiling cexpr v0.6.0
[INFO] [stderr]    Compiling data-encoding-macro-internal v0.1.13
[INFO] [stderr]    Compiling hmac-drbg v0.3.0
[INFO] [stderr]    Compiling ed25519 v2.2.3
[INFO] [stderr]    Compiling fslock v0.2.1
[INFO] [stderr]    Compiling num-bigint v0.4.6
[INFO] [stderr]    Compiling tracing-core v0.1.32
[INFO] [stderr]    Compiling der_derive v0.7.3
[INFO] [stderr]    Compiling futures-macro v0.3.30
[INFO] [stderr]    Compiling zerocopy-derive v0.7.35
[INFO] [stderr]    Compiling thiserror-impl v1.0.63
[INFO] [stderr]    Compiling futures-util v0.3.30
[INFO] [stderr]    Compiling der v0.7.9
[INFO] [stderr]    Compiling serde_derive v1.0.210
[INFO] [stderr]    Compiling zerocopy v0.7.35
[INFO] [stderr]    Compiling curve25519-dalek-derive v0.1.1
[INFO] [stderr]    Compiling regex v1.10.6
[INFO] [stderr]    Compiling tracing-attributes v0.1.27
[INFO] [stderr]    Compiling spki v0.7.3
[INFO] [stderr]    Compiling pkcs8 v0.10.2
[INFO] [stderr]    Compiling sec1 v0.7.3
[INFO] [stderr]    Compiling elliptic-curve v0.13.8
[INFO] [stderr]    Compiling ppv-lite86 v0.2.20
[INFO] [stderr]    Compiling rand_chacha v0.3.1
[INFO] [stderr]    Compiling cmake v0.1.51
[INFO] [stderr]    Compiling primeorder v0.13.6
[INFO] [stderr]    Compiling rand v0.8.5
[INFO] [stderr]    Compiling ecdsa v0.16.9
[INFO] [stderr]    Compiling core2 v0.4.0
[INFO] [stderr]    Compiling smallvec v1.13.2
[INFO] [stderr]    Compiling base64 v0.13.1
[INFO] [stderr]    Compiling arrayref v0.3.9
[INFO] [stderr]    Compiling unicode-bidi v0.3.15
[INFO] [stderr]    Compiling percent-encoding v2.3.1
[INFO] [stderr]    Compiling form_urlencoded v1.2.1
[INFO] [stderr]    Compiling data-encoding-macro v0.1.15
[INFO] [stderr]    Compiling p256 v0.13.2
[INFO] [stderr]    Compiling multihash v0.19.1
[INFO] [stderr]    Compiling idna v0.5.0
[INFO] [stderr]    Compiling tracing v0.1.40
[INFO] [stderr]    Compiling futures-executor v0.3.30
[INFO] [stderr]    Compiling ed25519-dalek v2.1.1
[INFO] [stderr]    Compiling pin-project-internal v1.1.5
[INFO] [stderr]    Compiling futures v0.3.30
[INFO] [stderr]    Compiling bitmask-enum v2.2.4
[INFO] [stderr]    Compiling quick-protobuf v0.8.1
[INFO] [stderr]    Compiling bs58 v0.5.1
[INFO] [stderr]    Compiling protobuf v3.5.1
[INFO] [stderr]    Compiling base-x v0.2.11
[INFO] [stderr]    Compiling void v1.0.2
[INFO] [stderr]    Compiling cooked-waker v5.0.0
[INFO] [stderr]    Compiling asn1_der v0.7.6
[INFO] [stderr]    Compiling num-bigint-dig v0.8.4
[INFO] [stderr]    Compiling futures-map v0.2.8
[INFO] [stderr]    Compiling multibase v0.9.1
[INFO] [stderr]    Compiling url v2.5.2
[INFO] [stderr]    Compiling rasi v0.2.6
[INFO] [stderr]    Compiling protobuf-support v3.5.1
[INFO] [stderr]    Compiling foreign-types-macros v0.2.3
[INFO] [stderr]    Compiling pin-project v1.1.5
[INFO] [stderr]    Compiling num-iter v0.1.45
[INFO] [stderr]    Compiling bytes v1.7.1
[INFO] [stderr]    Compiling foreign-types-shared v0.3.1
[INFO] [stderr]    Compiling foreign-types v0.5.0
[INFO] [stderr]    Compiling unsigned-varint v0.8.0
[INFO] [stderr]    Compiling pkcs1 v0.7.5
[INFO] [stderr]    Compiling multistream-select v0.13.0
[INFO] [stderr]    Compiling async-trait v0.1.82
[INFO] [stderr]    Compiling sha1 v0.10.6
[INFO] [stderr]    Compiling rsa v0.9.6
[INFO] [stderr]    Compiling x509-cert v0.2.5
[INFO] [stderr]    Compiling p521 v0.13.3
[INFO] [stderr]    Compiling p384 v0.13.0
[INFO] [stderr]    Compiling ringbuf-rs v0.2.6
[INFO] [stderr]    Compiling futures-yamux v0.2.8
[INFO] [stderr]    Compiling boring-sys v4.9.1
[INFO] [stderr]    Compiling uuid v1.10.0
[INFO] [stderr]    Compiling libp2p-identity v0.2.9
[INFO] [stderr]    Compiling multiaddr v0.18.1
[INFO] [stderr]    Compiling xstack v0.2.17
[INFO] [stderr]    Compiling xstack-x509 v0.2.17
[INFO] [stderr]    Compiling boring v4.9.1
[INFO] [stdout] error[E0425]: cannot find function, tuple struct or tuple variant `PEM_write_bio_DHparams` in crate `ffi`
[INFO] [stdout]   --> /opt/rustwide/cargo-home/registry/src/index.crates.io-1949cf8c6b5b557f/boring-4.9.1/src/dh.rs:33:14
[INFO] [stdout]    |
[INFO] [stdout] 33 |         ffi::PEM_write_bio_DHparams
[INFO] [stdout]    |              ^^^^^^^^^^^^^^^^^^^^^^ not found in `ffi`
[INFO] [stdout] 
[INFO] [stdout] 
[INFO] [stdout] error[E0425]: cannot find function, tuple struct or tuple variant `PEM_read_bio_DHparams` in crate `ffi`
[INFO] [stdout]   --> /opt/rustwide/cargo-home/registry/src/index.crates.io-1949cf8c6b5b557f/boring-4.9.1/src/dh.rs:67:14
[INFO] [stdout]    |
[INFO] [stdout] 67 |         ffi::PEM_read_bio_DHparams
[INFO] [stdout]    |              ^^^^^^^^^^^^^^^^^^^^^ not found in `ffi`
[INFO] [stdout] 
[INFO] [stdout] 
[INFO] [stdout] error[E0425]: cannot find function, tuple struct or tuple variant `PEM_write_bio_DSA_PUBKEY` in crate `ffi`
[INFO] [stdout]   --> /opt/rustwide/cargo-home/registry/src/index.crates.io-1949cf8c6b5b557f/boring-4.9.1/src/dsa.rs:92:14
[INFO] [stdout]    |
[INFO] [stdout] 92 |         ffi::PEM_write_bio_DSA_PUBKEY
[INFO] [stdout]    |              ^^^^^^^^^^^^^^^^^^^^^^^^ not found in `ffi`
[INFO] [stdout] 
[INFO] [stdout] 
[INFO] [stdout] error[E0425]: cannot find function, tuple struct or tuple variant `PEM_write_bio_DSAPrivateKey` in crate `ffi`
[INFO] [stdout]    --> /opt/rustwide/cargo-home/registry/src/index.crates.io-1949cf8c6b5b557f/boring-4.9.1/src/dsa.rs:136:14
[INFO] [stdout]     |
[INFO] [stdout] 136 |         ffi::PEM_write_bio_DSAPrivateKey
[INFO] [stdout]     |              ^^^^^^^^^^^^^^^^^^^^^^^^^^^
[INFO] [stdout]     |
[INFO] [stdout]    ::: /opt/rustwide/target/debug/build/boring-sys-d0ccdb3ba24d220c/out/bindings.rs:3:775420
[INFO] [stdout]     |
[INFO] [stdout]   3 | ... { pub fn PEM_write_bio_PKCS8PrivateKey (arg1 :...:: c_void) -> :: std :: os :: raw :: c_int ; } ...
[INFO] [stdout]     |       --------------------------------------------...-------------------------------------------- similarly named function `PEM_write_bio_PKCS8PrivateKey` defined here
[INFO] [stdout]     |
[INFO] [stdout] help: a function with a similar name exists
[INFO] [stdout]     |
[INFO] [stdout] 136 -         ffi::PEM_write_bio_DSAPrivateKey
[INFO] [stdout] 136 +         ffi::PEM_write_bio_PKCS8PrivateKey
[INFO] [stdout]     |
[INFO] [stdout] 
[INFO] [stdout] 
[INFO] [stdout] error[E0425]: cannot find function, tuple struct or tuple variant `PEM_read_bio_DSA_PUBKEY` in crate `ffi`
[INFO] [stdout]    --> /opt/rustwide/cargo-home/registry/src/index.crates.io-1949cf8c6b5b557f/boring-4.9.1/src/dsa.rs:253:14
[INFO] [stdout]     |
[INFO] [stdout] 253 |         ffi::PEM_read_bio_DSA_PUBKEY
[INFO] [stdout]     |              ^^^^^^^^^^^^^^^^^^^^^^^ not found in `ffi`
[INFO] [stdout] 
[INFO] [stdout] 
[INFO] [stdout] error[E0425]: cannot find function, tuple struct or tuple variant `PEM_write_bio_ECPrivateKey` in crate `ffi`
[INFO] [stdout]    --> /opt/rustwide/cargo-home/registry/src/index.crates.io-1949cf8c6b5b557f/boring-4.9.1/src/ec.rs:542:14
[INFO] [stdout]     |
[INFO] [stdout] 542 |         ffi::PEM_write_bio_ECPrivateKey
[INFO] [stdout]     |              ^^^^^^^^^^^^^^^^^^^^^^^^^^
[INFO] [stdout]     |
[INFO] [stdout]    ::: /opt/rustwide/target/debug/build/boring-sys-d0ccdb3ba24d220c/out/bindings.rs:3:775420
[INFO] [stdout]     |
[INFO] [stdout]   3 | ... { pub fn PEM_write_bio_PKCS8PrivateKey (arg1 :...:: c_void) -> :: std :: os :: raw :: c_int ; } ...
[INFO] [stdout]     |       --------------------------------------------...-------------------------------------------- similarly named function `PEM_write_bio_PKCS8PrivateKey` defined here
[INFO] [stdout]     |
[INFO] [stdout] help: a function with a similar name exists
[INFO] [stdout]     |
[INFO] [stdout] 542 -         ffi::PEM_write_bio_ECPrivateKey
[INFO] [stdout] 542 +         ffi::PEM_write_bio_PKCS8PrivateKey
[INFO] [stdout]     |
[INFO] [stdout] 
[INFO] [stdout] 
[INFO] [stdout] error[E0425]: cannot find function, tuple struct or tuple variant `PEM_write_bio_EC_PUBKEY` in crate `ffi`
[INFO] [stdout]    --> /opt/rustwide/cargo-home/registry/src/index.crates.io-1949cf8c6b5b557f/boring-4.9.1/src/ec.rs:593:14
[INFO] [stdout]     |
[INFO] [stdout] 593 |         ffi::PEM_write_bio_EC_PUBKEY
[INFO] [stdout]     |              ^^^^^^^^^^^^^^^^^^^^^^^ not found in `ffi`
[INFO] [stdout] 
[INFO] [stdout] 
[INFO] [stdout] error[E0425]: cannot find function, tuple struct or tuple variant `PEM_read_bio_EC_PUBKEY` in crate `ffi`
[INFO] [stdout]    --> /opt/rustwide/cargo-home/registry/src/index.crates.io-1949cf8c6b5b557f/boring-4.9.1/src/ec.rs:752:14
[INFO] [stdout]     |
[INFO] [stdout] 752 |         ffi::PEM_read_bio_EC_PUBKEY
[INFO] [stdout]     |              ^^^^^^^^^^^^^^^^^^^^^^ not found in `ffi`
[INFO] [stdout] 
[INFO] [stdout] 
[INFO] [stdout] error[E0425]: cannot find function, tuple struct or tuple variant `PEM_read_bio_ECPrivateKey` in crate `ffi`
[INFO] [stdout]    --> /opt/rustwide/cargo-home/registry/src/index.crates.io-1949cf8c6b5b557f/boring-4.9.1/src/ec.rs:834:14
[INFO] [stdout]     |
[INFO] [stdout] 834 |         ffi::PEM_read_bio_ECPrivateKey
[INFO] [stdout]     |              ^^^^^^^^^^^^^^^^^^^^^^^^^
[INFO] [stdout]     |
[INFO] [stdout]    ::: /opt/rustwide/target/debug/build/boring-sys-d0ccdb3ba24d220c/out/bindings.rs:3:775420
[INFO] [stdout]     |
[INFO] [stdout]   3 | ... { pub fn PEM_write_bio_PKCS8PrivateKey (arg1 :...:: c_void) -> :: std :: os :: raw :: c_int ; } ...
[INFO] [stdout]     |       --------------------------------------------...-------------------------------------------- similarly named function `PEM_write_bio_PKCS8PrivateKey` defined here
[INFO] [stdout]     |
[INFO] [stdout] help: a function with a similar name exists
[INFO] [stdout]     |
[INFO] [stdout] 834 -         ffi::PEM_read_bio_ECPrivateKey
[INFO] [stdout] 834 +         ffi::PEM_write_bio_PKCS8PrivateKey
[INFO] [stdout]     |
[INFO] [stdout] 
[INFO] [stdout] 
[INFO] [stdout] error[E0425]: cannot find function, tuple struct or tuple variant `PEM_write_bio_PUBKEY` in crate `ffi`
[INFO] [stdout]    --> /opt/rustwide/cargo-home/registry/src/index.crates.io-1949cf8c6b5b557f/boring-4.9.1/src/pkey.rs:219:14
[INFO] [stdout]     |
[INFO] [stdout] 219 |         ffi::PEM_write_bio_PUBKEY
[INFO] [stdout]     |              ^^^^^^^^^^^^^^^^^^^^ not found in `ffi`
[INFO] [stdout] 
[INFO] [stdout] 
[INFO] [stdout] error[E0425]: cannot find function, tuple struct or tuple variant `PEM_read_bio_PrivateKey` in crate `ffi`
[INFO] [stdout]    --> /opt/rustwide/cargo-home/registry/src/index.crates.io-1949cf8c6b5b557f/boring-4.9.1/src/pkey.rs:389:14
[INFO] [stdout]     |
[INFO] [stdout] 389 |         ffi::PEM_read_bio_PrivateKey
[INFO] [stdout]     |              ^^^^^^^^^^^^^^^^^^^^^^^ not found in `ffi`
[INFO] [stdout] 
[INFO] [stdout] 
[INFO] [stdout] error[E0425]: cannot find function `d2i_PKCS8_PRIV_KEY_INFO` in crate `ffi`
[INFO] [stdout]    --> /opt/rustwide/cargo-home/registry/src/index.crates.io-1949cf8c6b5b557f/boring-4.9.1/src/pkey.rs:415:36
[INFO] [stdout]     |
[INFO] [stdout] 415 |             let p8inf = cvt_p(ffi::d2i_PKCS8_PRIV_KEY_INFO(
[INFO] [stdout]     |                                    ^^^^^^^^^^^^^^^^^^^^^^^
[INFO] [stdout]     |
[INFO] [stdout]    ::: /opt/rustwide/target/debug/build/boring-sys-d0ccdb3ba24d220c/out/bindings.rs:3:715265
[INFO] [stdout]     |
[INFO] [stdout]   3 | ... { pub fn d2i_PKCS8_PRIV_KEY_INFO_fp (fp : * mut FILE , p8inf : * mut * mut PKCS8_PRIV_KEY_INFO) -> * mut PKCS8_PRIV_KEY_INFO ; } ...
[INFO] [stdout]     |       ---------------------------------------------------------------------------------------------------------------------------- similarly named function `d2i_PKCS8_PRIV_KEY_INFO_fp` defined here
[INFO] [stdout]     |
[INFO] [stdout] help: a function with a similar name exists
[INFO] [stdout]     |
[INFO] [stdout] 415 |             let p8inf = cvt_p(ffi::d2i_PKCS8_PRIV_KEY_INFO_fp(
[INFO] [stdout]     |                                                           +++
[INFO] [stdout] 
[INFO] [stdout] 
[INFO] [stdout] error[E0425]: cannot find function, tuple struct or tuple variant `PKCS8_PRIV_KEY_INFO_free` in crate `ffi`
[INFO] [stdout]    --> /opt/rustwide/cargo-home/registry/src/index.crates.io-1949cf8c6b5b557f/boring-4.9.1/src/pkey.rs:421:18
[INFO] [stdout]     |
[INFO] [stdout] 421 |             ffi::PKCS8_PRIV_KEY_INFO_free(p8inf);
[INFO] [stdout]     |                  ^^^^^^^^^^^^^^^^^^^^^^^^
[INFO] [stdout]     |
[INFO] [stdout]    ::: /opt/rustwide/target/debug/build/boring-sys-d0ccdb3ba24d220c/out/bindings.rs:3:715265
[INFO] [stdout]     |
[INFO] [stdout]   3 | ... { pub fn d2i_PKCS8_PRIV_KEY_INFO_fp (fp : * mut FILE , p8inf : * mut * mut PKCS8_PRIV_KEY_INFO) -> * mut PKCS8_PRIV_KEY_INFO ; } ...
[INFO] [stdout]     |       ---------------------------------------------------------------------------------------------------------------------------- similarly named function `d2i_PKCS8_PRIV_KEY_INFO_fp` defined here
[INFO] [stdout]     |
[INFO] [stdout] help: a function with a similar name exists
[INFO] [stdout]     |
[INFO] [stdout] 421 -             ffi::PKCS8_PRIV_KEY_INFO_free(p8inf);
[INFO] [stdout] 421 +             ffi::d2i_PKCS8_PRIV_KEY_INFO_fp(p8inf);
[INFO] [stdout]     |
[INFO] [stdout] 
[INFO] [stdout] 
[INFO] [stdout] error[E0425]: cannot find function, tuple struct or tuple variant `PEM_read_bio_PUBKEY` in crate `ffi`
[INFO] [stdout]    --> /opt/rustwide/cargo-home/registry/src/index.crates.io-1949cf8c6b5b557f/boring-4.9.1/src/pkey.rs:488:14
[INFO] [stdout]     |
[INFO] [stdout] 488 |         ffi::PEM_read_bio_PUBKEY
[INFO] [stdout]     |              ^^^^^^^^^^^^^^^^^^^ not found in `ffi`
[INFO] [stdout] 
[INFO] [stdout] 
[INFO] [stdout] error[E0425]: cannot find function, tuple struct or tuple variant `PEM_write_bio_RSAPrivateKey` in crate `ffi`
[INFO] [stdout]    --> /opt/rustwide/cargo-home/registry/src/index.crates.io-1949cf8c6b5b557f/boring-4.9.1/src/rsa.rs:129:14
[INFO] [stdout]     |
[INFO] [stdout] 129 |         ffi::PEM_write_bio_RSAPrivateKey
[INFO] [stdout]     |              ^^^^^^^^^^^^^^^^^^^^^^^^^^^
[INFO] [stdout]     |
[INFO] [stdout]    ::: /opt/rustwide/target/debug/build/boring-sys-d0ccdb3ba24d220c/out/bindings.rs:3:775420
[INFO] [stdout]     |
[INFO] [stdout]   3 | ... { pub fn PEM_write_bio_PKCS8PrivateKey (arg1 :...:: c_void) -> :: std :: os :: raw :: c_int ; } ...
[INFO] [stdout]     |       --------------------------------------------...-------------------------------------------- similarly named function `PEM_write_bio_PKCS8PrivateKey` defined here
[INFO] [stdout]     |
[INFO] [stdout] help: a function with a similar name exists
[INFO] [stdout]     |
[INFO] [stdout] 129 -         ffi::PEM_write_bio_RSAPrivateKey
[INFO] [stdout] 129 +         ffi::PEM_write_bio_PKCS8PrivateKey
[INFO] [stdout]     |
[INFO] [stdout] 
[INFO] [stdout] 
[INFO] [stdout] error[E0425]: cannot find function, tuple struct or tuple variant `PEM_write_bio_RSA_PUBKEY` in crate `ffi`
[INFO] [stdout]    --> /opt/rustwide/cargo-home/registry/src/index.crates.io-1949cf8c6b5b557f/boring-4.9.1/src/rsa.rs:325:14
[INFO] [stdout]     |
[INFO] [stdout] 325 |         ffi::PEM_write_bio_RSA_PUBKEY
[INFO] [stdout]     |              ^^^^^^^^^^^^^^^^^^^^^^^^ not found in `ffi`
[INFO] [stdout] 
[INFO] [stdout] 
[INFO] [stdout] error[E0425]: cannot find function, tuple struct or tuple variant `PEM_write_bio_RSAPublicKey` in crate `ffi`
[INFO] [stdout]    --> /opt/rustwide/cargo-home/registry/src/index.crates.io-1949cf8c6b5b557f/boring-4.9.1/src/rsa.rs:347:14
[INFO] [stdout]     |
[INFO] [stdout] 347 |         ffi::PEM_write_bio_RSAPublicKey
[INFO] [stdout]     |              ^^^^^^^^^^^^^^^^^^^^^^^^^^ not found in `ffi`
[INFO] [stdout] 
[INFO] [stdout] 
[INFO] [stdout] error[E0425]: cannot find function, tuple struct or tuple variant `PEM_read_bio_RSA_PUBKEY` in crate `ffi`
[INFO] [stdout]    --> /opt/rustwide/cargo-home/registry/src/index.crates.io-1949cf8c6b5b557f/boring-4.9.1/src/rsa.rs:478:14
[INFO] [stdout]     |
[INFO] [stdout] 478 |         ffi::PEM_read_bio_RSA_PUBKEY
[INFO] [stdout]     |              ^^^^^^^^^^^^^^^^^^^^^^^ not found in `ffi`
[INFO] [stdout] 
[INFO] [stdout] 
[INFO] [stdout] error[E0425]: cannot find function, tuple struct or tuple variant `PEM_read_bio_RSAPublicKey` in crate `ffi`
[INFO] [stdout]    --> /opt/rustwide/cargo-home/registry/src/index.crates.io-1949cf8c6b5b557f/boring-4.9.1/src/rsa.rs:491:14
[INFO] [stdout]     |
[INFO] [stdout] 491 |         ffi::PEM_read_bio_RSAPublicKey
[INFO] [stdout]     |              ^^^^^^^^^^^^^^^^^^^^^^^^^ not found in `ffi`
[INFO] [stdout] 
[INFO] [stdout] 
[INFO] [stdout] error[E0425]: cannot find function, tuple struct or tuple variant `PEM_read_bio_RSAPrivateKey` in crate `ffi`
[INFO] [stdout]    --> /opt/rustwide/cargo-home/registry/src/index.crates.io-1949cf8c6b5b557f/boring-4.9.1/src/rsa.rs:672:14
[INFO] [stdout]     |
[INFO] [stdout] 672 |         ffi::PEM_read_bio_RSAPrivateKey
[INFO] [stdout]     |              ^^^^^^^^^^^^^^^^^^^^^^^^^^
[INFO] [stdout]     |
[INFO] [stdout]    ::: /opt/rustwide/target/debug/build/boring-sys-d0ccdb3ba24d220c/out/bindings.rs:3:775420
[INFO] [stdout]     |
[INFO] [stdout]   3 | ... { pub fn PEM_write_bio_PKCS8PrivateKey (arg1 :...:: c_void) -> :: std :: os :: raw :: c_int ; } ...
[INFO] [stdout]     |       --------------------------------------------...-------------------------------------------- similarly named function `PEM_write_bio_PKCS8PrivateKey` defined here
[INFO] [stdout]     |
[INFO] [stdout] help: a function with a similar name exists
[INFO] [stdout]     |
[INFO] [stdout] 672 -         ffi::PEM_read_bio_RSAPrivateKey
[INFO] [stdout] 672 +         ffi::PEM_write_bio_PKCS8PrivateKey
[INFO] [stdout]     |
[INFO] [stdout] 
[INFO] [stdout] 
[INFO] [stdout] error[E0425]: cannot find function, tuple struct or tuple variant `PEM_write_bio_X509` in crate `ffi`
[INFO] [stdout]    --> /opt/rustwide/cargo-home/registry/src/index.crates.io-1949cf8c6b5b557f/boring-4.9.1/src/x509/mod.rs:617:14
[INFO] [stdout]     |
[INFO] [stdout] 617 |         ffi::PEM_write_bio_X509
[INFO] [stdout]     |              ^^^^^^^^^^^^^^^^^^
[INFO] [stdout]     |
[INFO] [stdout]    ::: /opt/rustwide/target/debug/build/boring-sys-d0ccdb3ba24d220c/out/bindings.rs:3:772012
[INFO] [stdout]     |
[INFO] [stdout]   3 | ... { pub fn PEM_write_bio (bp : * mut BIO , name : * const :: std :: os :: raw :: c_char , hdr : * const :: std :: os :: raw :: c_char , data : * const :: std :: os :: raw :: c_uchar , len : :: std :: os :: raw :: c_long) -> :: std :: os :: raw :: c_int ; } ...
[INFO] [stdout]     |       ---------------------------------------------------------------------------------------------------------------------------------------------------------------------------------------------------------------------------------------------------------- similarly named function `PEM_write_bio` defined here
[INFO] [stdout]     |
[INFO] [stdout] help: a function with a similar name exists
[INFO] [stdout]     |
[INFO] [stdout] 617 -         ffi::PEM_write_bio_X509
[INFO] [stdout] 617 +         ffi::PEM_write_bio
[INFO] [stdout]     |
[INFO] [stdout] 
[INFO] [stdout] 
[INFO] [stdout] error[E0425]: cannot find function, tuple struct or tuple variant `PEM_read_bio_X509` in crate `ffi`
[INFO] [stdout]    --> /opt/rustwide/cargo-home/registry/src/index.crates.io-1949cf8c6b5b557f/boring-4.9.1/src/x509/mod.rs:658:14
[INFO] [stdout]     |
[INFO] [stdout] 658 |         ffi::PEM_read_bio_X509
[INFO] [stdout]     |              ^^^^^^^^^^^^^^^^^
[INFO] [stdout]     |
[INFO] [stdout]    ::: /opt/rustwide/target/debug/build/boring-sys-d0ccdb3ba24d220c/out/bindings.rs:3:771726
[INFO] [stdout]     |
[INFO] [stdout]   3 | ... { pub fn PEM_read_bio (bp : * mut BIO , name :...:: c_long) -> :: std :: os :: raw :: c_int ; } ...
[INFO] [stdout]     |       --------------------------------------------...-------------------------------------------- similarly named function `PEM_read_bio` defined here
[INFO] [stdout]     |
[INFO] [stdout] help: a function with a similar name exists
[INFO] [stdout]     |
[INFO] [stdout] 658 -         ffi::PEM_read_bio_X509
[INFO] [stdout] 658 +         ffi::PEM_read_bio
[INFO] [stdout]     |
[INFO] [stdout] 
[INFO] [stdout] 
[INFO] [stdout] error[E0425]: cannot find function, tuple struct or tuple variant `PEM_read_bio_X509` in crate `ffi`
[INFO] [stdout]    --> /opt/rustwide/cargo-home/registry/src/index.crates.io-1949cf8c6b5b557f/boring-4.9.1/src/x509/mod.rs:682:26
[INFO] [stdout]     |
[INFO] [stdout] 682 |                     ffi::PEM_read_bio_X509(bio.as_ptr(), ptr::null_mut(), None, ptr::null_mut());
[INFO] [stdout]     |                          ^^^^^^^^^^^^^^^^^
[INFO] [stdout]     |
[INFO] [stdout]    ::: /opt/rustwide/target/debug/build/boring-sys-d0ccdb3ba24d220c/out/bindings.rs:3:771726
[INFO] [stdout]     |
[INFO] [stdout]   3 | ... { pub fn PEM_read_bio (bp : * mut BIO , name :...:: c_long) -> :: std :: os :: raw :: c_int ; } ...
[INFO] [stdout]     |       --------------------------------------------...-------------------------------------------- similarly named function `PEM_read_bio` defined here
[INFO] [stdout]     |
[INFO] [stdout] help: a function with a similar name exists
[INFO] [stdout]     |
[INFO] [stdout] 682 -                     ffi::PEM_read_bio_X509(bio.as_ptr(), ptr::null_mut(), None, ptr::null_mut());
[INFO] [stdout] 682 +                     ffi::PEM_read_bio(bio.as_ptr(), ptr::null_mut(), None, ptr::null_mut());
[INFO] [stdout]     |
[INFO] [stdout] 
[INFO] [stdout] 
[INFO] [stdout] error[E0425]: cannot find function, tuple struct or tuple variant `PEM_read_bio_X509_REQ` in crate `ffi`
[INFO] [stdout]     --> /opt/rustwide/cargo-home/registry/src/index.crates.io-1949cf8c6b5b557f/boring-4.9.1/src/x509/mod.rs:1296:14
[INFO] [stdout]      |
[INFO] [stdout] 1296 |         ffi::PEM_read_bio_X509_REQ
[INFO] [stdout]      |              ^^^^^^^^^^^^^^^^^^^^^ not found in `ffi`
[INFO] [stdout] 
[INFO] [stdout] 
[INFO] [stdout] error[E0425]: cannot find function, tuple struct or tuple variant `PEM_write_bio_X509_REQ` in crate `ffi`
[INFO] [stdout]     --> /opt/rustwide/cargo-home/registry/src/index.crates.io-1949cf8c6b5b557f/boring-4.9.1/src/x509/mod.rs:1322:14
[INFO] [stdout]      |
[INFO] [stdout] 1322 |         ffi::PEM_write_bio_X509_REQ
[INFO] [stdout]      |              ^^^^^^^^^^^^^^^^^^^^^^ not found in `ffi`
[INFO] [stdout] 
[INFO] [stdout] 
[INFO] [stdout] error[E0425]: cannot find value `GENERAL_NAME_free` in crate `ffi`
[INFO] [stdout]     --> /opt/rustwide/cargo-home/registry/src/index.crates.io-1949cf8c6b5b557f/boring-4.9.1/src/x509/mod.rs:1536:20
[INFO] [stdout]      |
[INFO] [stdout] 1536 |     fn drop = ffi::GENERAL_NAME_free;
[INFO] [stdout]      |                    ^^^^^^^^^^^^^^^^^
[INFO] [stdout]      |
[INFO] [stdout]     ::: /opt/rustwide/target/debug/build/boring-sys-d0ccdb3ba24d220c/out/bindings.rs:3:922173
[INFO] [stdout]      |
[INFO] [stdout]    3 | ...se_st ; extern "C" { pub fn GENERAL_NAME_dup (a : * mut GENERAL_NAME) -> * mut GENERAL_NAME ; } extern "C" { pub fn i2v_GENERAL...
[INFO] [stdout]      |                         ------------------------------------------------------------------------ similarly named function `GENERAL_NAME_dup` defined here
[INFO] [stdout]      |
[INFO] [stdout] help: a function with a similar name exists
[INFO] [stdout]      |
[INFO] [stdout] 1536 -     fn drop = ffi::GENERAL_NAME_free;
[INFO] [stdout] 1536 +     fn drop = ffi::GENERAL_NAME_dup;
[INFO] [stdout]      |
[INFO] [stdout] 
[INFO] [stdout] 
[INFO] [stdout] error[E0425]: cannot find function, tuple struct or tuple variant `GENERAL_NAME_new` in crate `ffi`
[INFO] [stdout]     --> /opt/rustwide/cargo-home/registry/src/index.crates.io-1949cf8c6b5b557f/boring-4.9.1/src/x509/mod.rs:1549:51
[INFO] [stdout]      |
[INFO] [stdout] 1549 |         let gn = GeneralName::from_ptr(cvt_p(ffi::GENERAL_NAME_new())?);
[INFO] [stdout]      |                                                   ^^^^^^^^^^^^^^^^
[INFO] [stdout]      |
[INFO] [stdout]     ::: /opt/rustwide/target/debug/build/boring-sys-d0ccdb3ba24d220c/out/bindings.rs:3:922173
[INFO] [stdout]      |
[INFO] [stdout]    3 | ...se_st ; extern "C" { pub fn GENERAL_NAME_dup (a : * mut GENERAL_NAME) -> * mut GENERAL_NAME ; } extern "C" { pub fn i2v_GENERAL...
[INFO] [stdout]      |                         ------------------------------------------------------------------------ similarly named function `GENERAL_NAME_dup` defined here
[INFO] [stdout]      |
[INFO] [stdout] help: a function with a similar name exists
[INFO] [stdout]      |
[INFO] [stdout] 1549 -         let gn = GeneralName::from_ptr(cvt_p(ffi::GENERAL_NAME_new())?);
[INFO] [stdout] 1549 +         let gn = GeneralName::from_ptr(cvt_p(ffi::GENERAL_NAME_dup())?);
[INFO] [stdout]      |
[INFO] [stdout] 
[INFO] [stdout] 
[INFO] [stdout] error[E0425]: cannot find function, tuple struct or tuple variant `GENERAL_NAME_new` in crate `ffi`
[INFO] [stdout]     --> /opt/rustwide/cargo-home/registry/src/index.crates.io-1949cf8c6b5b557f/boring-4.9.1/src/x509/mod.rs:1585:33
[INFO] [stdout]      |
[INFO] [stdout] 1585 |             let gn = cvt_p(ffi::GENERAL_NAME_new())?;
[INFO] [stdout]      |                                 ^^^^^^^^^^^^^^^^
[INFO] [stdout]      |
[INFO] [stdout]     ::: /opt/rustwide/target/debug/build/boring-sys-d0ccdb3ba24d220c/out/bindings.rs:3:922173
[INFO] [stdout]      |
[INFO] [stdout]    3 | ...se_st ; extern "C" { pub fn GENERAL_NAME_dup (a : * mut GENERAL_NAME) -> * mut GENERAL_NAME ; } extern "C" { pub fn i2v_GENERAL...
[INFO] [stdout]      |                         ------------------------------------------------------------------------ similarly named function `GENERAL_NAME_dup` defined here
[INFO] [stdout]      |
[INFO] [stdout] help: a function with a similar name exists
[INFO] [stdout]      |
[INFO] [stdout] 1585 -             let gn = cvt_p(ffi::GENERAL_NAME_new())?;
[INFO] [stdout] 1585 +             let gn = cvt_p(ffi::GENERAL_NAME_dup())?;
[INFO] [stdout]      |
[INFO] [stdout] 
[INFO] [stdout] 
[INFO] [stdout] For more information about this error, try `rustc --explain E0425`.
[INFO] [stdout] 
[INFO] [stderr] error: could not compile `boring` (lib) due to 28 previous errors
[INFO] running `Command { std: "docker" "inspect" "0c9a8521469a60806735b05a5f581aa42197f255fb25c82f7feacf38f919ff59", kill_on_drop: false }`
[INFO] running `Command { std: "docker" "rm" "-f" "0c9a8521469a60806735b05a5f581aa42197f255fb25c82f7feacf38f919ff59", kill_on_drop: false }`
[INFO] [stdout] 0c9a8521469a60806735b05a5f581aa42197f255fb25c82f7feacf38f919ff59
