[INFO] fetching crate xlsx2csv 0.4.5...
[INFO] testing xlsx2csv-0.4.5 against 1.99.0-beta.8 for beta-1.100-2
[INFO] extracting crate xlsx2csv 0.4.5 into /workspace/builds/worker-4-tc1/source
[INFO] started tweaking crates.io crate xlsx2csv 0.4.5
[INFO] finished tweaking crates.io crate xlsx2csv 0.4.5
[INFO] tweaked toml for crates.io crate xlsx2csv 0.4.5 written to /workspace/builds/worker-4-tc1/source/Cargo.toml
[INFO] validating manifest of crates.io crate xlsx2csv 0.4.5 on toolchain 1.99.0-beta.8
[INFO] running `Command { std: CARGO_HOME="/workspace/cargo-home" RUSTUP_HOME="/workspace/rustup-home" "/workspace/cargo-home/bin/cargo" "+1.99.0-beta.8" "metadata" "--manifest-path" "Cargo.toml" "--no-deps", kill_on_drop: false }`
[INFO] crate crates.io crate xlsx2csv 0.4.5 already has a lockfile, it will not be regenerated
[INFO] running `Command { std: CARGO_HOME="/workspace/cargo-home" RUSTUP_HOME="/workspace/rustup-home" "/workspace/cargo-home/bin/cargo" "+1.99.0-beta.8" "fetch" "--manifest-path" "Cargo.toml", kill_on_drop: false }`
[INFO] [stderr]     Blocking waiting for file lock on package cache
[INFO] [stderr]     Updating crates.io index
[INFO] [stderr]  Downloading crates ...
[INFO] [stderr]   Downloaded crossbeam-utils v0.8.8
[INFO] [stderr]   Downloaded pbr v1.0.4
[INFO] [stderr]   Downloaded escape8259 v0.5.2
[INFO] [stderr]   Downloaded crossbeam-channel v0.5.4
[INFO] [stderr]   Downloaded base64ct v1.0.1
[INFO] [stderr]   Downloaded static_init_macro v1.0.2
[INFO] [stderr]   Downloaded pbkdf2 v0.10.1
[INFO] [stderr]   Downloaded zstd v0.10.0+zstd.1.5.2
[INFO] [stderr]   Downloaded zstd-safe v4.1.4+zstd.1.5.2
[INFO] [stderr]   Downloaded jobserver v0.1.24
[INFO] [stderr]   Downloaded sha1 v0.10.1
[INFO] [stderr]   Downloaded sha2 v0.10.2
[INFO] [stderr]   Downloaded paste v1.0.7
[INFO] [stderr]   Downloaded minidom v0.14.0
[INFO] [stderr]   Downloaded serde_test v1.0.136
[INFO] [stderr]   Downloaded bzip2 v0.4.3
[INFO] [stderr]   Downloaded zip v0.6.2
[INFO] [stderr]   Downloaded parking_lot_core v0.8.5
[INFO] [stderr]   Downloaded password-hash v0.3.2
[INFO] [stderr]   Downloaded static_init v1.0.2
[INFO] [stderr]   Downloaded flate2 v1.0.22
[INFO] [stderr]   Downloaded aes v0.7.5
[INFO] [stderr]   Downloaded quick-xml v0.22.0
[INFO] [stderr]   Downloaded clap v3.1.8
[INFO] [stderr]   Downloaded ooxml v0.2.8
[INFO] [stderr]   Downloaded libc v0.2.121
[INFO] [stderr]   Downloaded cipher v0.3.0
[INFO] [stderr]   Downloaded zstd-sys v1.6.3+zstd.1.5.2
[INFO] running `Command { std: "docker" "create" "-v" "/var/lib/crater-agent-workspace/builds/worker-4-tc1/source:/opt/rustwide/workdir:ro,Z" "-v" "/var/lib/crater-agent-workspace/builds/worker-4-tc1/target:/opt/rustwide/target:rw,Z" "-v" "/var/lib/crater-agent-workspace/cargo-home:/opt/rustwide/cargo-home:ro,Z" "-v" "/var/lib/crater-agent-workspace/rustup-home:/opt/rustwide/rustup-home:ro,Z" "-m" "1610612736" "--network" "none" "ghcr.io/rust-lang/crates-build-env/linux@sha256:3111399a4047eeb3a02b7a90e478d715f38a8c6669b5c4b49d30a17385265909" "sleep" "infinity", kill_on_drop: false }`
[INFO] [stdout] 1612aaaed0a3ca0474f694e33ee8965641ea47a68c3e7cc082bc223ec6e4f22f
[INFO] running `Command { std: "docker" "start" "1612aaaed0a3ca0474f694e33ee8965641ea47a68c3e7cc082bc223ec6e4f22f", kill_on_drop: false }`
[INFO] running `Command { std: "docker" "inspect" "1612aaaed0a3ca0474f694e33ee8965641ea47a68c3e7cc082bc223ec6e4f22f", kill_on_drop: false }`
[INFO] running `Command { std: "docker" "exec" "-e" "SOURCE_DIR=/opt/rustwide/workdir" "-e" "CARGO_HOME=/opt/rustwide/cargo-home" "-e" "RUSTUP_HOME=/opt/rustwide/rustup-home" "-e" "CARGO_TARGET_DIR=/opt/rustwide/target" "-w" "/opt/rustwide/workdir" "--user" "0:0" "1612aaaed0a3ca0474f694e33ee8965641ea47a68c3e7cc082bc223ec6e4f22f" "/opt/rustwide/cargo-home/bin/cargo" "+1.99.0-beta.8" "metadata" "--no-deps" "--format-version=1", kill_on_drop: false }`
[INFO] running `Command { std: "docker" "inspect" "1612aaaed0a3ca0474f694e33ee8965641ea47a68c3e7cc082bc223ec6e4f22f", kill_on_drop: false }`
[INFO] running `Command { std: "docker" "exec" "-e" "SOURCE_DIR=/opt/rustwide/workdir" "-e" "CARGO_HOME=/opt/rustwide/cargo-home" "-e" "RUSTUP_HOME=/opt/rustwide/rustup-home" "-e" "CARGO_TARGET_DIR=/opt/rustwide/target" "-e" "CARGO_INCREMENTAL=0" "-e" "RUST_BACKTRACE=full" "-e" "RUSTFLAGS=--cap-lints=warn" "-e" "RUSTDOCFLAGS=--cap-lints=warn" "-w" "/opt/rustwide/workdir" "--user" "0:0" "1612aaaed0a3ca0474f694e33ee8965641ea47a68c3e7cc082bc223ec6e4f22f" "/opt/rustwide/cargo-home/bin/cargo" "+1.99.0-beta.8" "build" "--frozen" "--message-format=json", kill_on_drop: false }`
[INFO] [stderr]    Compiling libc v0.2.121
[INFO] [stderr]    Compiling proc-macro2 v1.0.37
[INFO] [stderr]    Compiling version_check v0.9.4
[INFO] [stderr]    Compiling syn v1.0.91
[INFO] [stderr]    Compiling autocfg v1.1.0
[INFO] [stderr]    Compiling typenum v1.15.0
[INFO] [stderr]    Compiling memchr v2.4.1
[INFO] [stderr]    Compiling serde_derive v1.0.136
[INFO] [stderr]    Compiling serde v1.0.136
[INFO] [stderr]    Compiling pkg-config v0.3.25
[INFO] [stderr]    Compiling cpufeatures v0.2.2
[INFO] [stderr]    Compiling tinyvec_macros v0.1.0
[INFO] [stderr]    Compiling crc32fast v1.3.2
[INFO] [stderr]    Compiling zstd-safe v4.1.4+zstd.1.5.2
[INFO] [stderr]    Compiling static_init_macro v1.0.2
[INFO] [stderr]    Compiling adler v1.0.2
[INFO] [stderr]    Compiling tinyvec v1.5.1
[INFO] [stderr]    Compiling rand_core v0.6.3
[INFO] [stderr]    Compiling base64ct v1.0.1
[INFO] [stderr]    Compiling matches v0.1.9
[INFO] [stderr]    Compiling itoa v1.0.1
[INFO] [stderr]    Compiling crossbeam-utils v0.8.8
[INFO] [stderr]    Compiling rustversion v1.0.14
[INFO] [stderr]    Compiling miniz_oxide v0.4.4
[INFO] [stderr]    Compiling num-traits v0.2.14
[INFO] [stderr]    Compiling num-integer v0.1.44
[INFO] [stderr]    Compiling serde_test v1.0.136
[INFO] [stderr]    Compiling password-hash v0.3.2
[INFO] [stderr]    Compiling indexmap v1.8.1
[INFO] [stderr]    Compiling generic-array v0.14.5
[INFO] [stderr]    Compiling proc-macro-error-attr v1.0.4
[INFO] [stderr]    Compiling proc-macro-error v1.0.4
[INFO] [stderr]    Compiling static_init v1.0.2
[INFO] [stderr]    Compiling serde_json v1.0.79
[INFO] [stderr]    Compiling time-macros v0.2.4
[INFO] [stderr]    Compiling ryu v1.0.9
[INFO] [stderr]    Compiling percent-encoding v2.1.0
[INFO] [stderr]    Compiling log v0.4.16
[INFO] [stderr]    Compiling unicode-bidi v0.3.7
[INFO] [stderr]    Compiling num_threads v0.1.5
[INFO] [stderr]    Compiling opaque-debug v0.3.0
[INFO] [stderr]    Compiling aho-corasick v0.7.18
[INFO] [stderr]    Compiling form_urlencoded v1.0.1
[INFO] [stderr]    Compiling quote v1.0.17
[INFO] [stderr]    Compiling heck v0.4.0
[INFO] [stderr]    Compiling regex-syntax v0.6.25
[INFO] [stderr]    Compiling csv-core v0.1.10
[INFO] [stderr]    Compiling os_str_bytes v6.0.0
[INFO] [stderr]    Compiling termcolor v1.1.3
[INFO] [stderr]    Compiling jobserver v0.1.24
[INFO] [stderr]    Compiling time v0.1.44
[INFO] [stderr]    Compiling flate2 v1.0.22
[INFO] [stderr]    Compiling crossbeam-channel v0.5.4
[INFO] [stderr]    Compiling cc v1.0.73
[INFO] [stderr]    Compiling unicode-normalization v0.1.19
[INFO] [stderr]    Compiling atty v0.2.14
[INFO] [stderr]    Compiling mime v0.3.16
[INFO] [stderr]    Compiling itoa v0.4.8
[INFO] [stderr]    Compiling textwrap v0.15.0
[INFO] [stderr]    Compiling escape8259 v0.5.2
[INFO] [stderr]    Compiling strsim v0.10.0
[INFO] [stderr]    Compiling paste v1.0.7
[INFO] [stderr]    Compiling pbr v1.0.4
[INFO] [stderr]    Compiling zstd-sys v1.6.3+zstd.1.5.2
[INFO] [stderr]    Compiling bzip2-sys v0.1.11+1.0.8
[INFO] [stderr]    Compiling time v0.3.9
[INFO] [stderr]    Compiling block-buffer v0.10.2
[INFO] [stderr]    Compiling crypto-common v0.1.3
[INFO] [stderr]    Compiling cipher v0.3.0
[INFO] [stderr]    Compiling bzip2 v0.4.3
[INFO] [stderr]    Compiling digest v0.10.3
[INFO] [stderr]    Compiling aes v0.7.5
[INFO] [stderr]    Compiling hmac v0.12.1
[INFO] [stderr]    Compiling sha2 v0.10.2
[INFO] [stderr]    Compiling sha1 v0.10.1
[INFO] [stderr]    Compiling idna v0.2.3
[INFO] [stderr]    Compiling pbkdf2 v0.10.1
[INFO] [stderr]    Compiling url v2.2.2
[INFO] [stderr]    Compiling regex v1.5.5
[INFO] [stderr]    Compiling thiserror-impl v1.0.30
[INFO] [stderr]    Compiling clap_derive v3.1.7
[INFO] [stderr]    Compiling derivative v2.2.0
[INFO] [stderr]    Compiling thiserror v1.0.30
[INFO] [stdout] error[E0433]: cannot find module or crate `parking_lot` in this scope
[INFO] [stdout]    --> /opt/rustwide/cargo-home/registry/src/index.crates.io-1949cf8c6b5b557f/static_init-1.0.2/src/lazy_sequentializer.rs:335:17
[INFO] [stdout]     |
[INFO] [stdout] 335 |             use parking_lot::lock_api::GetThreadId;
[INFO] [stdout]     |                 ^^^^^^^^^^^ use of unresolved module or unlinked crate `parking_lot`
[INFO] [stdout]     |
[INFO] [stdout]     = help: if you wanted to use a crate named `parking_lot`, use `cargo add parking_lot` to add it to your `Cargo.toml`
[INFO] [stdout] 
[INFO] [stdout] 
[INFO] [stdout] error[E0433]: cannot find module or crate `parking_lot` in this scope
[INFO] [stdout]    --> /opt/rustwide/cargo-home/registry/src/index.crates.io-1949cf8c6b5b557f/static_init-1.0.2/src/lazy_sequentializer.rs:370:21
[INFO] [stdout]     |
[INFO] [stdout] 370 |                 use parking_lot::lock_api::GetThreadId;
[INFO] [stdout]     |                     ^^^^^^^^^^^ use of unresolved module or unlinked crate `parking_lot`
[INFO] [stdout]     |
[INFO] [stdout]     = help: if you wanted to use a crate named `parking_lot`, use `cargo add parking_lot` to add it to your `Cargo.toml`
[INFO] [stdout] 
[INFO] [stdout] 
[INFO] [stdout] error[E0433]: cannot find module or crate `parking_lot` in this scope
[INFO] [stdout]    --> /opt/rustwide/cargo-home/registry/src/index.crates.io-1949cf8c6b5b557f/static_init-1.0.2/src/lazy_sequentializer.rs:337:17
[INFO] [stdout]     |
[INFO] [stdout] 337 |                 parking_lot::RawThreadId.nonzero_thread_id().into(),
[INFO] [stdout]     |                 ^^^^^^^^^^^ use of unresolved module or unlinked crate `parking_lot`
[INFO] [stdout]     |
[INFO] [stdout]     = help: if you wanted to use a crate named `parking_lot`, use `cargo add parking_lot` to add it to your `Cargo.toml`
[INFO] [stdout] 
[INFO] [stdout] 
[INFO] [stdout] error[E0433]: cannot find module or crate `parking_lot` in this scope
[INFO] [stdout]    --> /opt/rustwide/cargo-home/registry/src/index.crates.io-1949cf8c6b5b557f/static_init-1.0.2/src/lazy_sequentializer.rs:371:26
[INFO] [stdout]     |
[INFO] [stdout] 371 |                 if id == parking_lot::RawThreadId.nonzero_thread_id().into() {
[INFO] [stdout]     |                          ^^^^^^^^^^^ use of unresolved module or unlinked crate `parking_lot`
[INFO] [stdout]     |
[INFO] [stdout]     = help: if you wanted to use a crate named `parking_lot`, use `cargo add parking_lot` to add it to your `Cargo.toml`
[INFO] [stdout] 
[INFO] [stdout] 
[INFO] [stdout] For more information about this error, try `rustc --explain E0433`.
[INFO] [stdout] 
[INFO] [stderr] error: could not compile `static_init` (lib) due to 4 previous errors
[INFO] [stderr] warning: build failed, waiting for other jobs to finish...
[INFO] running `Command { std: "docker" "inspect" "1612aaaed0a3ca0474f694e33ee8965641ea47a68c3e7cc082bc223ec6e4f22f", kill_on_drop: false }`
[INFO] running `Command { std: "docker" "rm" "-f" "1612aaaed0a3ca0474f694e33ee8965641ea47a68c3e7cc082bc223ec6e4f22f", kill_on_drop: false }`
[INFO] [stdout] 1612aaaed0a3ca0474f694e33ee8965641ea47a68c3e7cc082bc223ec6e4f22f
