[INFO] fetching crate xkb-type 0.1.4...
[INFO] testing xkb-type-0.1.4 against 1.100.0-beta.1 for beta-1.100-2
[INFO] extracting crate xkb-type 0.1.4 into /workspace/builds/worker-1-tc2/source
[INFO] started tweaking crates.io crate xkb-type 0.1.4
[INFO] removed 0 missing examples
[INFO] finished tweaking crates.io crate xkb-type 0.1.4
[INFO] tweaked toml for crates.io crate xkb-type 0.1.4 written to /workspace/builds/worker-1-tc2/source/Cargo.toml
[INFO] validating manifest of crates.io crate xkb-type 0.1.4 on toolchain 1.100.0-beta.1
[INFO] running `Command { std: CARGO_HOME="/workspace/cargo-home" RUSTUP_HOME="/workspace/rustup-home" "/workspace/cargo-home/bin/cargo" "+1.100.0-beta.1" "metadata" "--manifest-path" "Cargo.toml" "--no-deps", kill_on_drop: false }`
[INFO] crate crates.io crate xkb-type 0.1.4 already has a lockfile, it will not be regenerated
[INFO] running `Command { std: CARGO_HOME="/workspace/cargo-home" RUSTUP_HOME="/workspace/rustup-home" "/workspace/cargo-home/bin/cargo" "+1.100.0-beta.1" "fetch" "--manifest-path" "Cargo.toml", kill_on_drop: false }`
[INFO] running `Command { std: "docker" "create" "-v" "/var/lib/crater-agent-workspace/builds/worker-1-tc2/source:/opt/rustwide/workdir:ro,Z" "-v" "/var/lib/crater-agent-workspace/builds/worker-1-tc2/target:/opt/rustwide/target:rw,Z" "-v" "/var/lib/crater-agent-workspace/cargo-home:/opt/rustwide/cargo-home:ro,Z" "-v" "/var/lib/crater-agent-workspace/rustup-home:/opt/rustwide/rustup-home:ro,Z" "-m" "1610612736" "--network" "none" "ghcr.io/rust-lang/crates-build-env/linux@sha256:3111399a4047eeb3a02b7a90e478d715f38a8c6669b5c4b49d30a17385265909" "sleep" "infinity", kill_on_drop: false }`
[INFO] [stdout] e19018c43d4ec930cc5b588c2450527b9c732d0da6c63c2d70d168d1ef61bed5
[INFO] running `Command { std: "docker" "start" "e19018c43d4ec930cc5b588c2450527b9c732d0da6c63c2d70d168d1ef61bed5", kill_on_drop: false }`
[INFO] running `Command { std: "docker" "inspect" "e19018c43d4ec930cc5b588c2450527b9c732d0da6c63c2d70d168d1ef61bed5", kill_on_drop: false }`
[INFO] running `Command { std: "docker" "exec" "-e" "SOURCE_DIR=/opt/rustwide/workdir" "-e" "CARGO_HOME=/opt/rustwide/cargo-home" "-e" "RUSTUP_HOME=/opt/rustwide/rustup-home" "-e" "CARGO_TARGET_DIR=/opt/rustwide/target" "-w" "/opt/rustwide/workdir" "--user" "0:0" "e19018c43d4ec930cc5b588c2450527b9c732d0da6c63c2d70d168d1ef61bed5" "/opt/rustwide/cargo-home/bin/cargo" "+1.100.0-beta.1" "metadata" "--no-deps" "--format-version=1", kill_on_drop: false }`
[INFO] running `Command { std: "docker" "inspect" "e19018c43d4ec930cc5b588c2450527b9c732d0da6c63c2d70d168d1ef61bed5", kill_on_drop: false }`
[INFO] running `Command { std: "docker" "exec" "-e" "SOURCE_DIR=/opt/rustwide/workdir" "-e" "CARGO_HOME=/opt/rustwide/cargo-home" "-e" "RUSTUP_HOME=/opt/rustwide/rustup-home" "-e" "CARGO_TARGET_DIR=/opt/rustwide/target" "-e" "CARGO_INCREMENTAL=0" "-e" "RUST_BACKTRACE=full" "-e" "RUSTFLAGS=--cap-lints=warn" "-e" "RUSTDOCFLAGS=--cap-lints=warn" "-w" "/opt/rustwide/workdir" "--user" "0:0" "e19018c43d4ec930cc5b588c2450527b9c732d0da6c63c2d70d168d1ef61bed5" "/opt/rustwide/cargo-home/bin/cargo" "+1.100.0-beta.1" "build" "--frozen" "--message-format=json", kill_on_drop: false }`
[INFO] [stderr]    Compiling libc v0.2.183
[INFO] [stderr]    Compiling radium v0.7.0
[INFO] [stderr]    Compiling serde_core v1.0.228
[INFO] [stderr]    Compiling memoffset v0.6.5
[INFO] [stderr]    Compiling tap v1.0.1
[INFO] [stderr]    Compiling funty v2.0.0
[INFO] [stderr]    Compiling xkeysym v0.2.1
[INFO] [stderr]    Compiling syn v2.0.117
[INFO] [stderr]    Compiling wyz v0.5.1
[INFO] [stderr]    Compiling bitvec v1.0.1
[INFO] [stderr]    Compiling memmap2 v0.9.10
[INFO] [stderr]    Compiling nix v0.23.2
[INFO] [stderr]    Compiling thiserror-impl v1.0.69
[INFO] [stderr]    Compiling thiserror-impl v2.0.18
[INFO] [stderr]    Compiling xkbcommon v0.8.0
[INFO] [stderr]    Compiling serde_json v1.0.149
[INFO] [stderr]    Compiling thiserror v1.0.69
[INFO] [stderr]    Compiling thiserror v2.0.18
[INFO] [stderr]    Compiling evdev v0.12.2
[INFO] [stderr]    Compiling xkb-type v0.1.4 (/opt/rustwide/workdir)
[INFO] [stderr]     Finished `dev` profile [unoptimized + debuginfo] target(s) in 7.10s
[INFO] running `Command { std: "docker" "inspect" "e19018c43d4ec930cc5b588c2450527b9c732d0da6c63c2d70d168d1ef61bed5", kill_on_drop: false }`
[INFO] running `Command { std: "docker" "exec" "-e" "SOURCE_DIR=/opt/rustwide/workdir" "-e" "CARGO_HOME=/opt/rustwide/cargo-home" "-e" "RUSTUP_HOME=/opt/rustwide/rustup-home" "-e" "CARGO_TARGET_DIR=/opt/rustwide/target" "-e" "CARGO_INCREMENTAL=0" "-e" "RUST_BACKTRACE=full" "-e" "RUSTFLAGS=--cap-lints=warn" "-e" "RUSTDOCFLAGS=--cap-lints=warn" "-w" "/opt/rustwide/workdir" "--user" "0:0" "e19018c43d4ec930cc5b588c2450527b9c732d0da6c63c2d70d168d1ef61bed5" "/opt/rustwide/cargo-home/bin/cargo" "+1.100.0-beta.1" "test" "--frozen" "--no-run" "--message-format=json", kill_on_drop: false }`
[INFO] [stderr]    Compiling rustix v1.1.4
[INFO] [stderr]    Compiling linux-raw-sys v0.12.1
[INFO] [stderr]    Compiling memchr v2.8.0
[INFO] [stderr]    Compiling wayland-sys v0.31.11
[INFO] [stderr]    Compiling cc v1.2.57
[INFO] [stderr]    Compiling wayland-client v0.31.14
[INFO] [stderr]    Compiling smallvec v1.15.1
[INFO] [stderr]    Compiling downcast-rs v1.2.1
[INFO] [stderr]    Compiling quick-xml v0.39.2
[INFO] [stderr]    Compiling wayland-backend v0.3.15
[INFO] [stderr]    Compiling wayland-scanner v0.31.10
[INFO] [stderr]    Compiling wayland-protocols v0.32.12
[INFO] [stderr]    Compiling xkb-type v0.1.4 (/opt/rustwide/workdir)
[INFO] [stdout] error[E0433]: cannot find module or crate `wayland_client` in this scope
[INFO] [stdout]   --> examples/vk_recorder.rs:30:5
[INFO] [stdout]    |
[INFO] [stdout] 30 | use wayland_client::globals::{registry_queue_init, GlobalListContents};
[INFO] [stdout]    |     ^^^^^^^^^^^^^^ use of unresolved module or unlinked crate `wayland_client`
[INFO] [stdout]    |
[INFO] [stdout]    = help: if you wanted to use a crate named `wayland_client`, use `cargo add wayland_client` to add it to your `Cargo.toml`
[INFO] [stdout] 
[INFO] [stdout] 
[INFO] [stdout] error[E0433]: cannot find module or crate `wayland_client` in this scope
[INFO] [stdout]   --> examples/vk_recorder.rs:31:5
[INFO] [stdout]    |
[INFO] [stdout] 31 | use wayland_client::protocol::wl_buffer::WlBuffer;
[INFO] [stdout]    |     ^^^^^^^^^^^^^^ use of unresolved module or unlinked crate `wayland_client`
[INFO] [stdout]    |
[INFO] [stdout]    = help: if you wanted to use a crate named `wayland_client`, use `cargo add wayland_client` to add it to your `Cargo.toml`
[INFO] [stdout] 
[INFO] [stdout] 
[INFO] [stdout] error[E0433]: cannot find module or crate `wayland_client` in this scope
[INFO] [stdout]   --> examples/vk_recorder.rs:32:5
[INFO] [stdout]    |
[INFO] [stdout] 32 | use wayland_client::protocol::wl_compositor::WlCompositor;
[INFO] [stdout]    |     ^^^^^^^^^^^^^^ use of unresolved module or unlinked crate `wayland_client`
[INFO] [stdout]    |
[INFO] [stdout]    = help: if you wanted to use a crate named `wayland_client`, use `cargo add wayland_client` to add it to your `Cargo.toml`
[INFO] [stdout] 
[INFO] [stdout] 
[INFO] [stdout] error[E0433]: cannot find module or crate `wayland_client` in this scope
[INFO] [stdout]   --> examples/vk_recorder.rs:33:5
[INFO] [stdout]    |
[INFO] [stdout] 33 | use wayland_client::protocol::wl_keyboard::{self, WlKeyboard};
[INFO] [stdout]    |     ^^^^^^^^^^^^^^ use of unresolved module or unlinked crate `wayland_client`
[INFO] [stdout]    |
[INFO] [stdout]    = help: if you wanted to use a crate named `wayland_client`, use `cargo add wayland_client` to add it to your `Cargo.toml`
[INFO] [stdout] 
[INFO] [stdout] 
[INFO] [stdout] error[E0433]: cannot find module or crate `wayland_client` in this scope
[INFO] [stdout]   --> examples/vk_recorder.rs:34:5
[INFO] [stdout]    |
[INFO] [stdout] 34 | use wayland_client::protocol::wl_registry::WlRegistry;
[INFO] [stdout]    |     ^^^^^^^^^^^^^^ use of unresolved module or unlinked crate `wayland_client`
[INFO] [stdout]    |
[INFO] [stdout]    = help: if you wanted to use a crate named `wayland_client`, use `cargo add wayland_client` to add it to your `Cargo.toml`
[INFO] [stdout] 
[INFO] [stdout] 
[INFO] [stdout] error[E0433]: cannot find module or crate `wayland_client` in this scope
[INFO] [stdout]   --> examples/vk_recorder.rs:35:5
[INFO] [stdout]    |
[INFO] [stdout] 35 | use wayland_client::protocol::wl_seat::{self, WlSeat};
[INFO] [stdout]    |     ^^^^^^^^^^^^^^ use of unresolved module or unlinked crate `wayland_client`
[INFO] [stdout]    |
[INFO] [stdout]    = help: if you wanted to use a crate named `wayland_client`, use `cargo add wayland_client` to add it to your `Cargo.toml`
[INFO] [stdout] 
[INFO] [stdout] 
[INFO] [stdout] error[E0433]: cannot find module or crate `wayland_client` in this scope
[INFO] [stdout]   --> examples/vk_recorder.rs:36:5
[INFO] [stdout]    |
[INFO] [stdout] 36 | use wayland_client::protocol::wl_shm::{self, WlShm};
[INFO] [stdout]    |     ^^^^^^^^^^^^^^ use of unresolved module or unlinked crate `wayland_client`
[INFO] [stdout]    |
[INFO] [stdout]    = help: if you wanted to use a crate named `wayland_client`, use `cargo add wayland_client` to add it to your `Cargo.toml`
[INFO] [stdout] 
[INFO] [stdout] 
[INFO] [stdout] error[E0433]: cannot find module or crate `wayland_client` in this scope
[INFO] [stdout]   --> examples/vk_recorder.rs:37:5
[INFO] [stdout]    |
[INFO] [stdout] 37 | use wayland_client::protocol::wl_shm_pool::WlShmPool;
[INFO] [stdout]    |     ^^^^^^^^^^^^^^ use of unresolved module or unlinked crate `wayland_client`
[INFO] [stdout]    |
[INFO] [stdout]    = help: if you wanted to use a crate named `wayland_client`, use `cargo add wayland_client` to add it to your `Cargo.toml`
[INFO] [stdout] 
[INFO] [stdout] 
[INFO] [stdout] error[E0433]: cannot find module or crate `wayland_client` in this scope
[INFO] [stdout]   --> examples/vk_recorder.rs:38:5
[INFO] [stdout]    |
[INFO] [stdout] 38 | use wayland_client::protocol::wl_surface::WlSurface;
[INFO] [stdout]    |     ^^^^^^^^^^^^^^ use of unresolved module or unlinked crate `wayland_client`
[INFO] [stdout]    |
[INFO] [stdout]    = help: if you wanted to use a crate named `wayland_client`, use `cargo add wayland_client` to add it to your `Cargo.toml`
[INFO] [stdout] 
[INFO] [stdout] 
[INFO] [stdout] error[E0433]: cannot find module or crate `rustix` in this scope
[INFO] [stdout]   --> examples/vk_recorder.rs:75:9
[INFO] [stdout]    |
[INFO] [stdout] 75 |     use rustix::fs::{memfd_create, MemfdFlags};
[INFO] [stdout]    |         ^^^^^^ use of unresolved module or unlinked crate `rustix`
[INFO] [stdout]    |
[INFO] [stdout]    = help: if you wanted to use a crate named `rustix`, use `cargo add rustix` to add it to your `Cargo.toml`
[INFO] [stdout] 
[INFO] [stdout] 
[INFO] [stdout] error[E0432]: unresolved import `wayland_client`
[INFO] [stdout]   --> examples/vk_recorder.rs:39:5
[INFO] [stdout]    |
[INFO] [stdout] 39 | use wayland_client::{Connection, Dispatch, Proxy, QueueHandle, WEnum};
[INFO] [stdout]    |     ^^^^^^^^^^^^^^ use of unresolved module or unlinked crate `wayland_client`
[INFO] [stdout]    |
[INFO] [stdout]    = help: if you wanted to use a crate named `wayland_client`, use `cargo add wayland_client` to add it to your `Cargo.toml`
[INFO] [stdout] 
[INFO] [stdout] 
[INFO] [stdout] Some errors have detailed explanations: E0432, E0433.
[INFO] [stdout] 
[INFO] [stdout] For more information about an error, try `rustc --explain E0432`.
[INFO] [stdout] 
[INFO] [stderr] error: could not compile `xkb-type` (example "vk_recorder") due to 11 previous errors
[INFO] [stdout] error[E0432]: unresolved import `xkb_type::wayland_vk`
[INFO] [stdout]   --> examples/vk_stress.rs:28:15
[INFO] [stdout]    |
[INFO] [stdout] 28 | use xkb_type::wayland_vk::WaylandVkKeyboard;
[INFO] [stdout]    |               ^^^^^^^^^^ could not find `wayland_vk` in `xkb_type`
[INFO] [stdout]    |
[INFO] [stdout] note: found an item that was configured out
[INFO] [stdout]   --> src/lib.rs:36:9
[INFO] [stdout]    |
[INFO] [stdout] 35 | #[cfg(feature = "wayland-vk")]
[INFO] [stdout]    |       ---------------------- the item is gated behind the `wayland-vk` feature
[INFO] [stdout] 36 | pub mod wayland_vk;
[INFO] [stdout]    |         ^^^^^^^^^^
[INFO] [stdout] 
[INFO] [stdout] 
[INFO] [stderr] warning: build failed, waiting for other jobs to finish...
[INFO] [stdout] For more information about this error, try `rustc --explain E0432`.
[INFO] [stdout] 
[INFO] [stderr] error: could not compile `xkb-type` (example "vk_stress") due to 1 previous error
[INFO] running `Command { std: "docker" "inspect" "e19018c43d4ec930cc5b588c2450527b9c732d0da6c63c2d70d168d1ef61bed5", kill_on_drop: false }`
[INFO] running `Command { std: "docker" "rm" "-f" "e19018c43d4ec930cc5b588c2450527b9c732d0da6c63c2d70d168d1ef61bed5", kill_on_drop: false }`
[INFO] [stdout] e19018c43d4ec930cc5b588c2450527b9c732d0da6c63c2d70d168d1ef61bed5
