[INFO] fetching crate xitca-postgres 0.4.0...
[INFO] testing xitca-postgres-0.4.0 against 1.99.0-beta.8 for beta-1.100-2
[INFO] extracting crate xitca-postgres 0.4.0 into /workspace/builds/worker-0-tc1/source
[INFO] started tweaking crates.io crate xitca-postgres 0.4.0
[INFO] removed 0 missing examples
[INFO] removed 0 missing tests
[INFO] finished tweaking crates.io crate xitca-postgres 0.4.0
[INFO] tweaked toml for crates.io crate xitca-postgres 0.4.0 written to /workspace/builds/worker-0-tc1/source/Cargo.toml
[INFO] validating manifest of crates.io crate xitca-postgres 0.4.0 on toolchain 1.99.0-beta.8
[INFO] running `Command { std: CARGO_HOME="/workspace/cargo-home" RUSTUP_HOME="/workspace/rustup-home" "/workspace/cargo-home/bin/cargo" "+1.99.0-beta.8" "metadata" "--manifest-path" "Cargo.toml" "--no-deps", kill_on_drop: false }`
[INFO] crate crates.io crate xitca-postgres 0.4.0 already has a lockfile, it will not be regenerated
[INFO] running `Command { std: CARGO_HOME="/workspace/cargo-home" RUSTUP_HOME="/workspace/rustup-home" "/workspace/cargo-home/bin/cargo" "+1.99.0-beta.8" "fetch" "--manifest-path" "Cargo.toml", kill_on_drop: false }`
[INFO] [stderr]     Updating crates.io index
[INFO] [stderr]  Downloading crates ...
[INFO] [stderr]   Downloaded xitca-tls v0.5.1
[INFO] [stderr]   Downloaded xitca-unsafe-collection v0.2.0
[INFO] [stderr]   Downloaded xitca-io v0.5.1
[INFO] [stderr]   Downloaded xitca-postgres-codegen v0.1.0
[INFO] [stderr]   Downloaded deranged v0.5.6
[INFO] [stderr]   Downloaded asn1-rs-impl v0.2.0
[INFO] [stderr]   Downloaded oid-registry v0.8.1
[INFO] [stderr]   Downloaded asn1-rs-derive v0.6.0
[INFO] [stderr]   Downloaded tokio-uring-xitca v0.1.1
[INFO] [stderr]   Downloaded rcgen v0.14.7
[INFO] [stderr]   Downloaded io-uring v0.7.11
[INFO] [stderr]   Downloaded der-parser v10.0.0
[INFO] [stderr]   Downloaded x509-parser v0.18.1
[INFO] [stderr]   Downloaded asn1-rs v0.7.1
[INFO] [stderr]   Downloaded syn v2.0.116
[INFO] [stderr]   Downloaded sqlparser v0.51.0
[INFO] [stderr]   Downloaded security-framework-sys v2.16.0
[INFO] [stderr]   Downloaded security-framework v3.6.0
[INFO] [stderr]   Downloaded postgres-types v0.2.12
[INFO] [stderr]   Downloaded postgres-protocol v0.6.10
[INFO] [stderr]   Downloaded postgres-derive v0.4.7
[INFO] [stderr]   Downloaded lru v0.16.3
[INFO] [stderr]   Downloaded compio v0.17.0
[INFO] [stderr]   Downloaded core_affinity v0.8.3
[INFO] [stderr]   Downloaded compio-log v0.1.0
[INFO] [stderr]   Downloaded compio-runtime v0.10.1
[INFO] [stderr]   Downloaded compio-driver v0.10.0
[INFO] [stderr]   Downloaded compio-net v0.10.0
[INFO] [stderr]   Downloaded io_uring_buf_ring v0.2.3
[INFO] [stderr]   Downloaded compio-buf v0.7.2
[INFO] [stderr]   Downloaded compio-fs v0.10.0
[INFO] [stderr]   Downloaded bb8 v0.9.1
[INFO] [stderr]   Downloaded compio-io v0.8.4
[INFO] running `Command { std: "docker" "create" "-v" "/var/lib/crater-agent-workspace/builds/worker-0-tc1/source:/opt/rustwide/workdir:ro,Z" "-v" "/var/lib/crater-agent-workspace/builds/worker-0-tc1/target:/opt/rustwide/target:rw,Z" "-v" "/var/lib/crater-agent-workspace/cargo-home:/opt/rustwide/cargo-home:ro,Z" "-v" "/var/lib/crater-agent-workspace/rustup-home:/opt/rustwide/rustup-home:ro,Z" "-m" "1610612736" "--network" "none" "ghcr.io/rust-lang/crates-build-env/linux@sha256:3111399a4047eeb3a02b7a90e478d715f38a8c6669b5c4b49d30a17385265909" "sleep" "infinity", kill_on_drop: false }`
[INFO] [stdout] d024f44f64347e9b1dc748b928350ac939f75694e55a1eafb28fea072ef71ec4
[INFO] running `Command { std: "docker" "start" "d024f44f64347e9b1dc748b928350ac939f75694e55a1eafb28fea072ef71ec4", kill_on_drop: false }`
[INFO] running `Command { std: "docker" "inspect" "d024f44f64347e9b1dc748b928350ac939f75694e55a1eafb28fea072ef71ec4", kill_on_drop: false }`
[INFO] running `Command { std: "docker" "exec" "-e" "SOURCE_DIR=/opt/rustwide/workdir" "-e" "CARGO_HOME=/opt/rustwide/cargo-home" "-e" "RUSTUP_HOME=/opt/rustwide/rustup-home" "-e" "CARGO_TARGET_DIR=/opt/rustwide/target" "-w" "/opt/rustwide/workdir" "--user" "0:0" "d024f44f64347e9b1dc748b928350ac939f75694e55a1eafb28fea072ef71ec4" "/opt/rustwide/cargo-home/bin/cargo" "+1.99.0-beta.8" "metadata" "--no-deps" "--format-version=1", kill_on_drop: false }`
[INFO] running `Command { std: "docker" "inspect" "d024f44f64347e9b1dc748b928350ac939f75694e55a1eafb28fea072ef71ec4", kill_on_drop: false }`
[INFO] running `Command { std: "docker" "exec" "-e" "SOURCE_DIR=/opt/rustwide/workdir" "-e" "CARGO_HOME=/opt/rustwide/cargo-home" "-e" "RUSTUP_HOME=/opt/rustwide/rustup-home" "-e" "CARGO_TARGET_DIR=/opt/rustwide/target" "-e" "CARGO_INCREMENTAL=0" "-e" "RUST_BACKTRACE=full" "-e" "RUSTFLAGS=--cap-lints=warn" "-e" "RUSTDOCFLAGS=--cap-lints=warn" "-w" "/opt/rustwide/workdir" "--user" "0:0" "d024f44f64347e9b1dc748b928350ac939f75694e55a1eafb28fea072ef71ec4" "/opt/rustwide/cargo-home/bin/cargo" "+1.99.0-beta.8" "build" "--frozen" "--message-format=json", kill_on_drop: false }`
[INFO] [stderr]    Compiling libc v0.2.182
[INFO] [stderr]    Compiling tinyvec v1.10.0
[INFO] [stderr]    Compiling unicode-bidi v0.3.18
[INFO] [stderr]    Compiling unicode-properties v0.1.4
[INFO] [stderr]    Compiling ppv-lite86 v0.2.21
[INFO] [stderr]    Compiling digest v0.10.7
[INFO] [stderr]    Compiling xitca-unsafe-collection v0.2.0
[INFO] [stderr]    Compiling tracing-core v0.1.36
[INFO] [stderr]    Compiling md-5 v0.10.6
[INFO] [stderr]    Compiling hmac v0.12.1
[INFO] [stderr]    Compiling sha2 v0.10.9
[INFO] [stderr]    Compiling lru v0.16.3
[INFO] [stderr]    Compiling futures-core v0.3.32
[INFO] [stderr]    Compiling tracing v0.1.44
[INFO] [stderr]    Compiling unicode-normalization v0.1.25
[INFO] [stderr]    Compiling stringprep v0.1.5
[INFO] [stderr]    Compiling getrandom v0.3.4
[INFO] [stderr]    Compiling mio v1.1.1
[INFO] [stderr]    Compiling socket2 v0.6.2
[INFO] [stderr]    Compiling rand_core v0.9.5
[INFO] [stderr]    Compiling rand_chacha v0.9.0
[INFO] [stderr]    Compiling tokio v1.49.0
[INFO] [stderr]    Compiling rand v0.9.2
[INFO] [stderr]    Compiling postgres-protocol v0.6.10
[INFO] [stderr]    Compiling postgres-types v0.2.12
[INFO] [stderr]    Compiling xitca-io v0.5.1
[INFO] [stderr]    Compiling xitca-postgres v0.4.0 (/opt/rustwide/workdir)
[INFO] [stderr]     Finished `dev` profile [unoptimized + debuginfo] target(s) in 17.02s
[INFO] running `Command { std: "docker" "inspect" "d024f44f64347e9b1dc748b928350ac939f75694e55a1eafb28fea072ef71ec4", kill_on_drop: false }`
[INFO] running `Command { std: "docker" "exec" "-e" "SOURCE_DIR=/opt/rustwide/workdir" "-e" "CARGO_HOME=/opt/rustwide/cargo-home" "-e" "RUSTUP_HOME=/opt/rustwide/rustup-home" "-e" "CARGO_TARGET_DIR=/opt/rustwide/target" "-e" "CARGO_INCREMENTAL=0" "-e" "RUST_BACKTRACE=full" "-e" "RUSTFLAGS=--cap-lints=warn" "-e" "RUSTDOCFLAGS=--cap-lints=warn" "-w" "/opt/rustwide/workdir" "--user" "0:0" "d024f44f64347e9b1dc748b928350ac939f75694e55a1eafb28fea072ef71ec4" "/opt/rustwide/cargo-home/bin/cargo" "+1.99.0-beta.8" "test" "--frozen" "--no-run" "--message-format=json", kill_on_drop: false }`
[INFO] [stderr]    Compiling quote v1.0.44
[INFO] [stderr]    Compiling parking_lot_core v0.9.12
[INFO] [stderr]    Compiling futures-core v0.3.32
[INFO] [stderr]    Compiling cc v1.2.56
[INFO] [stderr]    Compiling futures-sink v0.3.32
[INFO] [stderr]    Compiling deranged v0.5.6
[INFO] [stderr]    Compiling slab v0.4.12
[INFO] [stderr]    Compiling num-conv v0.2.0
[INFO] [stderr]    Compiling futures-task v0.3.32
[INFO] [stderr]    Compiling getrandom v0.2.17
[INFO] [stderr]    Compiling futures-util v0.3.32
[INFO] [stderr]    Compiling log v0.4.29
[INFO] [stderr]    Compiling uuid v1.21.0
[INFO] [stderr]    Compiling syn v2.0.116
[INFO] [stderr]    Compiling parking_lot v0.12.5
[INFO] [stderr]    Compiling sqlparser v0.51.0
[INFO] [stderr]    Compiling rustls-pki-types v1.14.0
[INFO] [stderr]    Compiling postgres-types v0.2.12
[INFO] [stderr]    Compiling futures-channel v0.3.32
[INFO] [stderr]    Compiling pem v3.0.6
[INFO] [stderr]    Compiling futures-io v0.3.32
[INFO] [stderr]    Compiling ring v0.17.14
[INFO] [stderr]    Compiling time v0.3.47
[INFO] [stderr]    Compiling yasna v0.5.2
[INFO] [stderr]    Compiling futures v0.3.32
[INFO] [stderr]    Compiling tokio-macros v2.6.0
[INFO] [stderr]    Compiling postgres-derive v0.4.7
[INFO] [stderr]    Compiling tokio v1.49.0
[INFO] [stderr]    Compiling rcgen v0.14.7
[INFO] [stderr]    Compiling xitca-postgres-codegen v0.1.0
[INFO] [stderr]    Compiling xitca-io v0.5.1
[INFO] [stderr]    Compiling bb8 v0.9.1
[INFO] [stderr]    Compiling xitca-postgres v0.4.0 (/opt/rustwide/workdir)
[INFO] [stdout] error[E0599]: no associated function or constant named `unnamed` found for struct `Statement` in the current scope
[INFO] [stdout]   --> examples/macro.rs:20:22
[INFO] [stdout]    |
[INFO] [stdout] 20 |     let mut stream = sql!("SELECT * FROM foo WHERE id = $1 AND name = $2", &1i32, &"alice")
[INFO] [stdout]    |                      ^^^^^^^^^^^^^^^^^^^^^^^^^^^^^^^^^^^^^^^^^^^^^^^^^^^^^^^^^^^^^^^^^^^^^^ associated function or constant not found in `Statement`
[INFO] [stdout]    |
[INFO] [stdout]    = note: this error originates in the macro `sql` (in Nightly builds, run with -Z macro-backtrace for more info)
[INFO] [stdout] 
[INFO] [stdout] 
[INFO] [stdout] error[E0308]: mismatched types
[INFO] [stdout]   --> examples/macro.rs:20:83
[INFO] [stdout]    |
[INFO] [stdout] 20 |     let mut stream = sql!("SELECT * FROM foo WHERE id = $1 AND name = $2", &1i32, &"alice")
[INFO] [stdout]    |                                                                                   ^^^^^^^^ expected `&i32`, found `&&str`
[INFO] [stdout]    |
[INFO] [stdout]    = note: expected reference `&i32`
[INFO] [stdout]               found reference `&&'static str`
[INFO] [stdout] 
[INFO] [stdout] 
[INFO] [stdout] warning: method call on a diverging inference variable
[INFO] [stdout]   --> examples/macro.rs:27:22
[INFO] [stdout]    |
[INFO] [stdout] 27 |     let row = stream.try_next().await?.ok_or("row not found")?;
[INFO] [stdout]    |                      ^^^^^^^^
[INFO] [stdout]    |
[INFO] [stdout]    = help: consider providing a type annotation
[INFO] [stdout]    = warning: this was previously accepted by the compiler but is being phased out; it will become a hard error in a future release!
[INFO] [stdout]    = note: for more information, see issue #156047 <https://github.com/rust-lang/rust/issues/156047>
[INFO] [stdout]    = note: `#[warn(method_call_on_diverging_infer_var)]` (part of `#[warn(future_incompatible)]`) on by default
[INFO] [stdout] 
[INFO] [stdout] 
[INFO] [stdout] error[E0599]: no method named `try_next` found for type `!` in the current scope
[INFO] [stdout]   --> examples/macro.rs:27:22
[INFO] [stdout]    |
[INFO] [stdout] 27 |     let row = stream.try_next().await?.ok_or("row not found")?;
[INFO] [stdout]    |                      ^^^^^^^^ method not found in `!`
[INFO] [stdout] 
[INFO] [stdout] 
[INFO] [stdout] warning: method call on a diverging inference variable
[INFO] [stdout]   --> examples/macro.rs:27:40
[INFO] [stdout]    |
[INFO] [stdout] 27 |     let row = stream.try_next().await?.ok_or("row not found")?;
[INFO] [stdout]    |                                        ^^^^^
[INFO] [stdout]    |
[INFO] [stdout]    = help: consider providing a type annotation
[INFO] [stdout]    = warning: this was previously accepted by the compiler but is being phased out; it will become a hard error in a future release!
[INFO] [stdout]    = note: for more information, see issue #156047 <https://github.com/rust-lang/rust/issues/156047>
[INFO] [stdout] 
[INFO] [stdout] 
[INFO] [stdout] error[E0599]: no method named `ok_or` found for type `_` in the current scope
[INFO] [stdout]   --> examples/macro.rs:27:40
[INFO] [stdout]    |
[INFO] [stdout] 27 |     let row = stream.try_next().await?.ok_or("row not found")?;
[INFO] [stdout]    |                                        ^^^^^ method not found in `_`
[INFO] [stdout] 
[INFO] [stdout] 
[INFO] [stdout] Some errors have detailed explanations: E0308, E0599.
[INFO] [stdout] 
[INFO] [stdout] For more information about an error, try `rustc --explain E0308`.
[INFO] [stdout] 
[INFO] [stderr] error: could not compile `xitca-postgres` (example "macro") due to 4 previous errors; 4 warnings emitted
[INFO] [stderr] warning: build failed, waiting for other jobs to finish...
[INFO] running `Command { std: "docker" "inspect" "d024f44f64347e9b1dc748b928350ac939f75694e55a1eafb28fea072ef71ec4", kill_on_drop: false }`
[INFO] running `Command { std: "docker" "rm" "-f" "d024f44f64347e9b1dc748b928350ac939f75694e55a1eafb28fea072ef71ec4", kill_on_drop: false }`
[INFO] [stdout] d024f44f64347e9b1dc748b928350ac939f75694e55a1eafb28fea072ef71ec4
