[INFO] fetching crate xinachtli 0.2.0...
[INFO] testing xinachtli-0.2.0 against 1.99.0-beta.8 for beta-1.100-2
[INFO] extracting crate xinachtli 0.2.0 into /workspace/builds/worker-0-tc1/source
[INFO] started tweaking crates.io crate xinachtli 0.2.0
[INFO] removed 0 missing tests
[INFO] finished tweaking crates.io crate xinachtli 0.2.0
[INFO] tweaked toml for crates.io crate xinachtli 0.2.0 written to /workspace/builds/worker-0-tc1/source/Cargo.toml
[INFO] validating manifest of crates.io crate xinachtli 0.2.0 on toolchain 1.99.0-beta.8
[INFO] running `Command { std: CARGO_HOME="/workspace/cargo-home" RUSTUP_HOME="/workspace/rustup-home" "/workspace/cargo-home/bin/cargo" "+1.99.0-beta.8" "metadata" "--manifest-path" "Cargo.toml" "--no-deps", kill_on_drop: false }`
[INFO] crate crates.io crate xinachtli 0.2.0 already has a lockfile, it will not be regenerated
[INFO] running `Command { std: CARGO_HOME="/workspace/cargo-home" RUSTUP_HOME="/workspace/rustup-home" "/workspace/cargo-home/bin/cargo" "+1.99.0-beta.8" "fetch" "--manifest-path" "Cargo.toml", kill_on_drop: false }`
[INFO] [stderr]     Updating crates.io index
[INFO] [stderr]  Downloading crates ...
[INFO] [stderr]   Downloaded divan v0.1.21
[INFO] [stderr]   Downloaded divan-macros v0.1.21
[INFO] running `Command { std: "docker" "create" "-v" "/var/lib/crater-agent-workspace/builds/worker-0-tc1/source:/opt/rustwide/workdir:ro,Z" "-v" "/var/lib/crater-agent-workspace/builds/worker-0-tc1/target:/opt/rustwide/target:rw,Z" "-v" "/var/lib/crater-agent-workspace/cargo-home:/opt/rustwide/cargo-home:ro,Z" "-v" "/var/lib/crater-agent-workspace/rustup-home:/opt/rustwide/rustup-home:ro,Z" "-m" "1610612736" "--network" "none" "ghcr.io/rust-lang/crates-build-env/linux@sha256:3111399a4047eeb3a02b7a90e478d715f38a8c6669b5c4b49d30a17385265909" "sleep" "infinity", kill_on_drop: false }`
[INFO] [stdout] 11d849f7777ece7d3d1504277b24259cdd1dfa03979ed2f61342ec774d437160
[INFO] running `Command { std: "docker" "start" "11d849f7777ece7d3d1504277b24259cdd1dfa03979ed2f61342ec774d437160", kill_on_drop: false }`
[INFO] running `Command { std: "docker" "inspect" "11d849f7777ece7d3d1504277b24259cdd1dfa03979ed2f61342ec774d437160", kill_on_drop: false }`
[INFO] running `Command { std: "docker" "exec" "-e" "SOURCE_DIR=/opt/rustwide/workdir" "-e" "CARGO_HOME=/opt/rustwide/cargo-home" "-e" "RUSTUP_HOME=/opt/rustwide/rustup-home" "-e" "CARGO_TARGET_DIR=/opt/rustwide/target" "-w" "/opt/rustwide/workdir" "--user" "0:0" "11d849f7777ece7d3d1504277b24259cdd1dfa03979ed2f61342ec774d437160" "/opt/rustwide/cargo-home/bin/cargo" "+1.99.0-beta.8" "metadata" "--no-deps" "--format-version=1", kill_on_drop: false }`
[INFO] running `Command { std: "docker" "inspect" "11d849f7777ece7d3d1504277b24259cdd1dfa03979ed2f61342ec774d437160", kill_on_drop: false }`
[INFO] running `Command { std: "docker" "exec" "-e" "SOURCE_DIR=/opt/rustwide/workdir" "-e" "CARGO_HOME=/opt/rustwide/cargo-home" "-e" "RUSTUP_HOME=/opt/rustwide/rustup-home" "-e" "CARGO_TARGET_DIR=/opt/rustwide/target" "-e" "CARGO_INCREMENTAL=0" "-e" "RUST_BACKTRACE=full" "-e" "RUSTFLAGS=--cap-lints=warn" "-e" "RUSTDOCFLAGS=--cap-lints=warn" "-w" "/opt/rustwide/workdir" "--user" "0:0" "11d849f7777ece7d3d1504277b24259cdd1dfa03979ed2f61342ec774d437160" "/opt/rustwide/cargo-home/bin/cargo" "+1.99.0-beta.8" "build" "--frozen" "--message-format=json", kill_on_drop: false }`
[INFO] [stderr]    Compiling crypto-common v0.2.2
[INFO] [stderr]    Compiling digest v0.11.3
[INFO] [stderr]    Compiling sha2 v0.11.0
[INFO] [stderr]    Compiling xinachtli v0.2.0 (/opt/rustwide/workdir)
[INFO] [stderr]     Finished `dev` profile [unoptimized + debuginfo] target(s) in 2.47s
[INFO] running `Command { std: "docker" "inspect" "11d849f7777ece7d3d1504277b24259cdd1dfa03979ed2f61342ec774d437160", kill_on_drop: false }`
[INFO] running `Command { std: "docker" "exec" "-e" "SOURCE_DIR=/opt/rustwide/workdir" "-e" "CARGO_HOME=/opt/rustwide/cargo-home" "-e" "RUSTUP_HOME=/opt/rustwide/rustup-home" "-e" "CARGO_TARGET_DIR=/opt/rustwide/target" "-e" "CARGO_INCREMENTAL=0" "-e" "RUST_BACKTRACE=full" "-e" "RUSTFLAGS=--cap-lints=warn" "-e" "RUSTDOCFLAGS=--cap-lints=warn" "-w" "/opt/rustwide/workdir" "--user" "0:0" "11d849f7777ece7d3d1504277b24259cdd1dfa03979ed2f61342ec774d437160" "/opt/rustwide/cargo-home/bin/cargo" "+1.99.0-beta.8" "test" "--frozen" "--no-run" "--message-format=json", kill_on_drop: false }`
[INFO] [stderr]    Compiling bitflags v2.11.1
[INFO] [stderr]    Compiling serde v1.0.228
[INFO] [stderr]    Compiling quote v1.0.45
[INFO] [stderr]    Compiling hex-conservative v0.2.2
[INFO] [stderr]    Compiling unicode-normalization v0.1.25
[INFO] [stderr]    Compiling bitcoin_hashes v0.14.1
[INFO] [stderr]    Compiling rustix v1.1.4
[INFO] [stderr]    Compiling syn v2.0.117
[INFO] [stderr]    Compiling terminal_size v0.4.4
[INFO] [stderr]    Compiling clap_builder v4.6.0
[INFO] [stderr]    Compiling bip39 v2.2.2
[INFO] [stderr]    Compiling clap v4.6.1
[INFO] [stderr]    Compiling divan-macros v0.1.21
[INFO] [stderr]    Compiling divan v0.1.21
[INFO] [stderr]    Compiling xinachtli v0.2.0 (/opt/rustwide/workdir)
[INFO] [stdout] error[E0599]: no variant, associated function, or constant named `ChineseSimplified` found for enum `xinachtli::Language` in the current scope
[INFO] [stdout]    --> tests/bip39.rs:184:56
[INFO] [stdout]     |
[INFO] [stdout] 184 |     let m = Mnemonic::from_entropy(&entropy, Language::ChineseSimplified).unwrap();
[INFO] [stdout]     |                                                        ^^^^^^^^^^^^^^^^^ variant, associated function, or constant not found in `xinachtli::Language`
[INFO] [stdout] 
[INFO] [stdout] 
[INFO] [stdout] error[E0599]: no variant, associated function, or constant named `Spanish` found for enum `xinachtli::Language` in the current scope
[INFO] [stdout]    --> tests/bip39.rs:198:56
[INFO] [stdout]     |
[INFO] [stdout] 198 |     let m = Mnemonic::from_entropy(&entropy, Language::Spanish).unwrap();
[INFO] [stdout]     |                                                        ^^^^^^^ variant, associated function, or constant not found in `xinachtli::Language`
[INFO] [stdout] 
[INFO] [stdout] 
[INFO] [stdout] error[E0599]: no variant, associated function, or constant named `Spanish` found for enum `xinachtli::Language` in the current scope
[INFO] [stdout]    --> tests/bip39.rs:200:55
[INFO] [stdout]     |
[INFO] [stdout] 200 |     let m2 = Mnemonic::from_phrase(&phrase, Language::Spanish).unwrap();
[INFO] [stdout]     |                                                       ^^^^^^^ variant, associated function, or constant not found in `xinachtli::Language`
[INFO] [stdout] 
[INFO] [stdout] 
[INFO] [stdout] error[E0599]: no variant, associated function, or constant named `Japanese` found for enum `xinachtli::Language` in the current scope
[INFO] [stdout]    --> tests/bip39.rs:207:56
[INFO] [stdout]     |
[INFO] [stdout] 207 |     let m = Mnemonic::from_entropy(&entropy, Language::Japanese).unwrap();
[INFO] [stdout]     |                                                        ^^^^^^^^ variant, associated function, or constant not found in `xinachtli::Language`
[INFO] [stdout] 
[INFO] [stdout] 
[INFO] [stdout] error[E0599]: no variant, associated function, or constant named `Japanese` found for enum `xinachtli::Language` in the current scope
[INFO] [stdout]    --> tests/bip39.rs:214:55
[INFO] [stdout]     |
[INFO] [stdout] 214 |     let m2 = Mnemonic::from_phrase(&phrase, Language::Japanese).unwrap();
[INFO] [stdout]     |                                                       ^^^^^^^^ variant, associated function, or constant not found in `xinachtli::Language`
[INFO] [stdout] 
[INFO] [stdout] 
[INFO] [stdout] error[E0599]: no variant, associated function, or constant named `Spanish` found for enum `xinachtli::Language` in the current scope
[INFO] [stdout]    --> tests/bip39.rs:224:19
[INFO] [stdout]     |
[INFO] [stdout] 224 |         Language::Spanish,
[INFO] [stdout]     |                   ^^^^^^^ variant, associated function, or constant not found in `xinachtli::Language`
[INFO] [stdout] 
[INFO] [stdout] 
[INFO] [stdout] error[E0599]: no variant, associated function, or constant named `French` found for enum `xinachtli::Language` in the current scope
[INFO] [stdout]    --> tests/bip39.rs:225:19
[INFO] [stdout]     |
[INFO] [stdout] 225 |         Language::French,
[INFO] [stdout]     |                   ^^^^^^ variant, associated function, or constant not found in `xinachtli::Language`
[INFO] [stdout] 
[INFO] [stdout] 
[INFO] [stdout] error[E0599]: no variant, associated function, or constant named `Italian` found for enum `xinachtli::Language` in the current scope
[INFO] [stdout]    --> tests/bip39.rs:226:19
[INFO] [stdout]     |
[INFO] [stdout] 226 |         Language::Italian,
[INFO] [stdout]     |                   ^^^^^^^ variant, associated function, or constant not found in `xinachtli::Language`
[INFO] [stdout] 
[INFO] [stdout] 
[INFO] [stdout] error[E0599]: no variant, associated function, or constant named `Japanese` found for enum `xinachtli::Language` in the current scope
[INFO] [stdout]    --> tests/bip39.rs:227:19
[INFO] [stdout]     |
[INFO] [stdout] 227 |         Language::Japanese,
[INFO] [stdout]     |                   ^^^^^^^^ variant, associated function, or constant not found in `xinachtli::Language`
[INFO] [stdout] 
[INFO] [stdout] 
[INFO] [stdout] error[E0599]: no variant, associated function, or constant named `Korean` found for enum `xinachtli::Language` in the current scope
[INFO] [stdout]    --> tests/bip39.rs:228:19
[INFO] [stdout]     |
[INFO] [stdout] 228 |         Language::Korean,
[INFO] [stdout]     |                   ^^^^^^ variant, associated function, or constant not found in `xinachtli::Language`
[INFO] [stdout] 
[INFO] [stdout] 
[INFO] [stdout] error[E0599]: no variant, associated function, or constant named `ChineseSimplified` found for enum `xinachtli::Language` in the current scope
[INFO] [stdout]    --> tests/bip39.rs:229:19
[INFO] [stdout]     |
[INFO] [stdout] 229 |         Language::ChineseSimplified,
[INFO] [stdout]     |                   ^^^^^^^^^^^^^^^^^ variant, associated function, or constant not found in `xinachtli::Language`
[INFO] [stdout] 
[INFO] [stdout] 
[INFO] [stdout] error[E0599]: no variant, associated function, or constant named `ChineseTraditional` found for enum `xinachtli::Language` in the current scope
[INFO] [stdout]    --> tests/bip39.rs:230:19
[INFO] [stdout]     |
[INFO] [stdout] 230 |         Language::ChineseTraditional,
[INFO] [stdout]     |                   ^^^^^^^^^^^^^^^^^^ variant, associated function, or constant not found in `xinachtli::Language`
[INFO] [stdout] 
[INFO] [stdout] 
[INFO] [stdout] error[E0599]: no variant, associated function, or constant named `Czech` found for enum `xinachtli::Language` in the current scope
[INFO] [stdout]    --> tests/bip39.rs:231:19
[INFO] [stdout]     |
[INFO] [stdout] 231 |         Language::Czech,
[INFO] [stdout]     |                   ^^^^^ variant, associated function, or constant not found in `xinachtli::Language`
[INFO] [stdout] 
[INFO] [stdout] 
[INFO] [stdout] error[E0599]: no variant, associated function, or constant named `Portuguese` found for enum `xinachtli::Language` in the current scope
[INFO] [stdout]    --> tests/bip39.rs:232:19
[INFO] [stdout]     |
[INFO] [stdout] 232 |         Language::Portuguese,
[INFO] [stdout]     |                   ^^^^^^^^^^ variant, associated function, or constant not found in `xinachtli::Language`
[INFO] [stdout] 
[INFO] [stdout] 
[INFO] [stdout] error[E0599]: no variant, associated function, or constant named `Spanish` found for enum `xinachtli::Language` in the current scope
[INFO] [stdout]    --> tests/bip39.rs:247:19
[INFO] [stdout]     |
[INFO] [stdout] 247 |         Language::Spanish,
[INFO] [stdout]     |                   ^^^^^^^ variant, associated function, or constant not found in `xinachtli::Language`
[INFO] [stdout] 
[INFO] [stdout] 
[INFO] [stdout] error[E0599]: no variant, associated function, or constant named `French` found for enum `xinachtli::Language` in the current scope
[INFO] [stdout]    --> tests/bip39.rs:248:19
[INFO] [stdout]     |
[INFO] [stdout] 248 |         Language::French,
[INFO] [stdout]     |                   ^^^^^^ variant, associated function, or constant not found in `xinachtli::Language`
[INFO] [stdout] 
[INFO] [stdout] 
[INFO] [stdout] error[E0599]: no variant, associated function, or constant named `Italian` found for enum `xinachtli::Language` in the current scope
[INFO] [stdout]    --> tests/bip39.rs:249:19
[INFO] [stdout]     |
[INFO] [stdout] 249 |         Language::Italian,
[INFO] [stdout]     |                   ^^^^^^^ variant, associated function, or constant not found in `xinachtli::Language`
[INFO] [stdout] 
[INFO] [stdout] 
[INFO] [stdout] error[E0599]: no variant, associated function, or constant named `Japanese` found for enum `xinachtli::Language` in the current scope
[INFO] [stdout]    --> tests/bip39.rs:250:19
[INFO] [stdout]     |
[INFO] [stdout] 250 |         Language::Japanese,
[INFO] [stdout]     |                   ^^^^^^^^ variant, associated function, or constant not found in `xinachtli::Language`
[INFO] [stdout] 
[INFO] [stdout] 
[INFO] [stdout] error[E0599]: no variant, associated function, or constant named `Korean` found for enum `xinachtli::Language` in the current scope
[INFO] [stdout]    --> tests/bip39.rs:251:19
[INFO] [stdout]     |
[INFO] [stdout] 251 |         Language::Korean,
[INFO] [stdout]     |                   ^^^^^^ variant, associated function, or constant not found in `xinachtli::Language`
[INFO] [stdout] 
[INFO] [stdout] 
[INFO] [stdout] error[E0599]: no variant, associated function, or constant named `ChineseSimplified` found for enum `xinachtli::Language` in the current scope
[INFO] [stdout]    --> tests/bip39.rs:252:19
[INFO] [stdout]     |
[INFO] [stdout] 252 |         Language::ChineseSimplified,
[INFO] [stdout]     |                   ^^^^^^^^^^^^^^^^^ variant, associated function, or constant not found in `xinachtli::Language`
[INFO] [stdout] 
[INFO] [stdout] 
[INFO] [stdout] error[E0599]: no variant, associated function, or constant named `ChineseTraditional` found for enum `xinachtli::Language` in the current scope
[INFO] [stdout]    --> tests/bip39.rs:253:19
[INFO] [stdout]     |
[INFO] [stdout] 253 |         Language::ChineseTraditional,
[INFO] [stdout]     |                   ^^^^^^^^^^^^^^^^^^ variant, associated function, or constant not found in `xinachtli::Language`
[INFO] [stdout] 
[INFO] [stdout] 
[INFO] [stdout] error[E0599]: no variant, associated function, or constant named `Czech` found for enum `xinachtli::Language` in the current scope
[INFO] [stdout]    --> tests/bip39.rs:254:19
[INFO] [stdout]     |
[INFO] [stdout] 254 |         Language::Czech,
[INFO] [stdout]     |                   ^^^^^ variant, associated function, or constant not found in `xinachtli::Language`
[INFO] [stdout] 
[INFO] [stdout] 
[INFO] [stdout] error[E0599]: no variant, associated function, or constant named `Portuguese` found for enum `xinachtli::Language` in the current scope
[INFO] [stdout]    --> tests/bip39.rs:255:19
[INFO] [stdout]     |
[INFO] [stdout] 255 |         Language::Portuguese,
[INFO] [stdout]     |                   ^^^^^^^^^^ variant, associated function, or constant not found in `xinachtli::Language`
[INFO] [stdout] 
[INFO] [stdout] 
[INFO] [stdout] error[E0599]: no variant, associated function, or constant named `Spanish` found for enum `xinachtli::Language` in the current scope
[INFO] [stdout]    --> tests/bip39.rs:316:19
[INFO] [stdout]     |
[INFO] [stdout] 316 |         Language::Spanish,
[INFO] [stdout]     |                   ^^^^^^^ variant, associated function, or constant not found in `xinachtli::Language`
[INFO] [stdout] 
[INFO] [stdout] 
[INFO] [stdout] error[E0599]: no variant, associated function, or constant named `French` found for enum `xinachtli::Language` in the current scope
[INFO] [stdout]    --> tests/bip39.rs:317:19
[INFO] [stdout]     |
[INFO] [stdout] 317 |         Language::French,
[INFO] [stdout]     |                   ^^^^^^ variant, associated function, or constant not found in `xinachtli::Language`
[INFO] [stdout] 
[INFO] [stdout] 
[INFO] [stdout] error[E0599]: no variant, associated function, or constant named `Italian` found for enum `xinachtli::Language` in the current scope
[INFO] [stdout]    --> tests/bip39.rs:318:19
[INFO] [stdout]     |
[INFO] [stdout] 318 |         Language::Italian,
[INFO] [stdout]     |                   ^^^^^^^ variant, associated function, or constant not found in `xinachtli::Language`
[INFO] [stdout] 
[INFO] [stdout] 
[INFO] [stdout] error[E0599]: no variant, associated function, or constant named `Japanese` found for enum `xinachtli::Language` in the current scope
[INFO] [stdout]    --> tests/bip39.rs:319:19
[INFO] [stdout]     |
[INFO] [stdout] 319 |         Language::Japanese,
[INFO] [stdout]     |                   ^^^^^^^^ variant, associated function, or constant not found in `xinachtli::Language`
[INFO] [stdout] 
[INFO] [stdout] 
[INFO] [stdout] error[E0599]: no variant, associated function, or constant named `Korean` found for enum `xinachtli::Language` in the current scope
[INFO] [stdout]    --> tests/bip39.rs:320:19
[INFO] [stdout]     |
[INFO] [stdout] 320 |         Language::Korean,
[INFO] [stdout]     |                   ^^^^^^ variant, associated function, or constant not found in `xinachtli::Language`
[INFO] [stdout] 
[INFO] [stdout] 
[INFO] [stdout] error[E0599]: no variant, associated function, or constant named `ChineseSimplified` found for enum `xinachtli::Language` in the current scope
[INFO] [stdout]    --> tests/bip39.rs:321:19
[INFO] [stdout]     |
[INFO] [stdout] 321 |         Language::ChineseSimplified,
[INFO] [stdout]     |                   ^^^^^^^^^^^^^^^^^ variant, associated function, or constant not found in `xinachtli::Language`
[INFO] [stdout] 
[INFO] [stdout] 
[INFO] [stdout] error[E0599]: no variant, associated function, or constant named `ChineseTraditional` found for enum `xinachtli::Language` in the current scope
[INFO] [stdout]    --> tests/bip39.rs:322:19
[INFO] [stdout]     |
[INFO] [stdout] 322 |         Language::ChineseTraditional,
[INFO] [stdout]     |                   ^^^^^^^^^^^^^^^^^^ variant, associated function, or constant not found in `xinachtli::Language`
[INFO] [stdout] 
[INFO] [stdout] 
[INFO] [stdout] error[E0599]: no variant, associated function, or constant named `Czech` found for enum `xinachtli::Language` in the current scope
[INFO] [stdout]    --> tests/bip39.rs:323:19
[INFO] [stdout]     |
[INFO] [stdout] 323 |         Language::Czech,
[INFO] [stdout]     |                   ^^^^^ variant, associated function, or constant not found in `xinachtli::Language`
[INFO] [stdout] 
[INFO] [stdout] 
[INFO] [stdout] error[E0599]: no variant, associated function, or constant named `Portuguese` found for enum `xinachtli::Language` in the current scope
[INFO] [stdout]    --> tests/bip39.rs:324:19
[INFO] [stdout]     |
[INFO] [stdout] 324 |         Language::Portuguese,
[INFO] [stdout]     |                   ^^^^^^^^^^ variant, associated function, or constant not found in `xinachtli::Language`
[INFO] [stdout] 
[INFO] [stdout] 
[INFO] [stdout] error[E0599]: no variant, associated function, or constant named `Spanish` found for enum `xinachtli::Language` in the current scope
[INFO] [stdout]    --> tests/bip39.rs:341:20
[INFO] [stdout]     |
[INFO] [stdout] 341 |         (Language::Spanish, bip39::Language::Spanish),
[INFO] [stdout]     |                    ^^^^^^^ variant, associated function, or constant not found in `xinachtli::Language`
[INFO] [stdout] 
[INFO] [stdout] 
[INFO] [stdout] error[E0599]: no variant, associated function, or constant named `French` found for enum `xinachtli::Language` in the current scope
[INFO] [stdout]    --> tests/bip39.rs:342:20
[INFO] [stdout]     |
[INFO] [stdout] 342 |         (Language::French, bip39::Language::French),
[INFO] [stdout]     |                    ^^^^^^ variant, associated function, or constant not found in `xinachtli::Language`
[INFO] [stdout] 
[INFO] [stdout] 
[INFO] [stdout] error[E0599]: no variant, associated function, or constant named `Italian` found for enum `xinachtli::Language` in the current scope
[INFO] [stdout]    --> tests/bip39.rs:343:20
[INFO] [stdout]     |
[INFO] [stdout] 343 |         (Language::Italian, bip39::Language::Italian),
[INFO] [stdout]     |                    ^^^^^^^ variant, associated function, or constant not found in `xinachtli::Language`
[INFO] [stdout] 
[INFO] [stdout] 
[INFO] [stdout] error[E0599]: no variant, associated function, or constant named `Japanese` found for enum `xinachtli::Language` in the current scope
[INFO] [stdout]    --> tests/bip39.rs:344:20
[INFO] [stdout]     |
[INFO] [stdout] 344 |         (Language::Japanese, bip39::Language::Japanese),
[INFO] [stdout]     |                    ^^^^^^^^ variant, associated function, or constant not found in `xinachtli::Language`
[INFO] [stdout] 
[INFO] [stdout] 
[INFO] [stdout] error[E0599]: no variant, associated function, or constant named `Korean` found for enum `xinachtli::Language` in the current scope
[INFO] [stdout]    --> tests/bip39.rs:345:20
[INFO] [stdout]     |
[INFO] [stdout] 345 |         (Language::Korean, bip39::Language::Korean),
[INFO] [stdout]     |                    ^^^^^^ variant, associated function, or constant not found in `xinachtli::Language`
[INFO] [stdout] 
[INFO] [stdout] 
[INFO] [stdout] error[E0599]: no variant, associated function, or constant named `ChineseSimplified` found for enum `xinachtli::Language` in the current scope
[INFO] [stdout]    --> tests/bip39.rs:347:23
[INFO] [stdout]     |
[INFO] [stdout] 347 |             Language::ChineseSimplified,
[INFO] [stdout]     |                       ^^^^^^^^^^^^^^^^^ variant, associated function, or constant not found in `xinachtli::Language`
[INFO] [stdout] 
[INFO] [stdout] 
[INFO] [stdout] error[E0599]: no variant, associated function, or constant named `ChineseTraditional` found for enum `xinachtli::Language` in the current scope
[INFO] [stdout]    --> tests/bip39.rs:351:23
[INFO] [stdout]     |
[INFO] [stdout] 351 |             Language::ChineseTraditional,
[INFO] [stdout]     |                       ^^^^^^^^^^^^^^^^^^ variant, associated function, or constant not found in `xinachtli::Language`
[INFO] [stdout] 
[INFO] [stdout] 
[INFO] [stdout] error[E0599]: no variant, associated function, or constant named `Czech` found for enum `xinachtli::Language` in the current scope
[INFO] [stdout]    --> tests/bip39.rs:354:20
[INFO] [stdout]     |
[INFO] [stdout] 354 |         (Language::Czech, bip39::Language::Czech),
[INFO] [stdout]     |                    ^^^^^ variant, associated function, or constant not found in `xinachtli::Language`
[INFO] [stdout] 
[INFO] [stdout] 
[INFO] [stdout] error[E0599]: no variant, associated function, or constant named `Portuguese` found for enum `xinachtli::Language` in the current scope
[INFO] [stdout]    --> tests/bip39.rs:355:20
[INFO] [stdout]     |
[INFO] [stdout] 355 |         (Language::Portuguese, bip39::Language::Portuguese),
[INFO] [stdout]     |                    ^^^^^^^^^^ variant, associated function, or constant not found in `xinachtli::Language`
[INFO] [stdout] 
[INFO] [stdout] 
[INFO] [stdout] error[E0599]: no variant, associated function, or constant named `Spanish` found for enum `xinachtli::Language` in the current scope
[INFO] [stdout]    --> tests/bip39.rs:387:19
[INFO] [stdout]     |
[INFO] [stdout] 387 |         Language::Spanish,
[INFO] [stdout]     |                   ^^^^^^^ variant, associated function, or constant not found in `xinachtli::Language`
[INFO] [stdout] 
[INFO] [stdout] 
[INFO] [stdout] error[E0599]: no variant, associated function, or constant named `French` found for enum `xinachtli::Language` in the current scope
[INFO] [stdout]    --> tests/bip39.rs:388:19
[INFO] [stdout]     |
[INFO] [stdout] 388 |         Language::French,
[INFO] [stdout]     |                   ^^^^^^ variant, associated function, or constant not found in `xinachtli::Language`
[INFO] [stdout] 
[INFO] [stdout] 
[INFO] [stdout] error[E0599]: no variant, associated function, or constant named `Italian` found for enum `xinachtli::Language` in the current scope
[INFO] [stdout]    --> tests/bip39.rs:389:19
[INFO] [stdout]     |
[INFO] [stdout] 389 |         Language::Italian,
[INFO] [stdout]     |                   ^^^^^^^ variant, associated function, or constant not found in `xinachtli::Language`
[INFO] [stdout] 
[INFO] [stdout] 
[INFO] [stdout] error[E0599]: no variant, associated function, or constant named `Japanese` found for enum `xinachtli::Language` in the current scope
[INFO] [stdout]    --> tests/bip39.rs:390:19
[INFO] [stdout]     |
[INFO] [stdout] 390 |         Language::Japanese,
[INFO] [stdout]     |                   ^^^^^^^^ variant, associated function, or constant not found in `xinachtli::Language`
[INFO] [stdout] 
[INFO] [stdout] 
[INFO] [stdout] error[E0599]: no variant, associated function, or constant named `Korean` found for enum `xinachtli::Language` in the current scope
[INFO] [stdout]    --> tests/bip39.rs:391:19
[INFO] [stdout]     |
[INFO] [stdout] 391 |         Language::Korean,
[INFO] [stdout]     |                   ^^^^^^ variant, associated function, or constant not found in `xinachtli::Language`
[INFO] [stdout] 
[INFO] [stdout] 
[INFO] [stdout] error[E0599]: no variant, associated function, or constant named `ChineseSimplified` found for enum `xinachtli::Language` in the current scope
[INFO] [stdout]    --> tests/bip39.rs:392:19
[INFO] [stdout]     |
[INFO] [stdout] 392 |         Language::ChineseSimplified,
[INFO] [stdout]     |                   ^^^^^^^^^^^^^^^^^ variant, associated function, or constant not found in `xinachtli::Language`
[INFO] [stdout] 
[INFO] [stdout] 
[INFO] [stdout] error[E0599]: no variant, associated function, or constant named `ChineseTraditional` found for enum `xinachtli::Language` in the current scope
[INFO] [stdout]    --> tests/bip39.rs:393:19
[INFO] [stdout]     |
[INFO] [stdout] 393 |         Language::ChineseTraditional,
[INFO] [stdout]     |                   ^^^^^^^^^^^^^^^^^^ variant, associated function, or constant not found in `xinachtli::Language`
[INFO] [stdout] 
[INFO] [stdout] 
[INFO] [stdout] error[E0599]: no variant, associated function, or constant named `Czech` found for enum `xinachtli::Language` in the current scope
[INFO] [stdout]    --> tests/bip39.rs:394:19
[INFO] [stdout]     |
[INFO] [stdout] 394 |         Language::Czech,
[INFO] [stdout]     |                   ^^^^^ variant, associated function, or constant not found in `xinachtli::Language`
[INFO] [stdout] 
[INFO] [stdout] 
[INFO] [stdout] error[E0599]: no variant, associated function, or constant named `Portuguese` found for enum `xinachtli::Language` in the current scope
[INFO] [stdout]    --> tests/bip39.rs:395:19
[INFO] [stdout]     |
[INFO] [stdout] 395 |         Language::Portuguese,
[INFO] [stdout]     |                   ^^^^^^^^^^ variant, associated function, or constant not found in `xinachtli::Language`
[INFO] [stdout] 
[INFO] [stdout] 
[INFO] [stdout] error[E0599]: no variant, associated function, or constant named `Spanish` found for enum `xinachtli::Language` in the current scope
[INFO] [stdout]    --> tests/bip39.rs:410:19
[INFO] [stdout]     |
[INFO] [stdout] 410 |         Language::Spanish,
[INFO] [stdout]     |                   ^^^^^^^ variant, associated function, or constant not found in `xinachtli::Language`
[INFO] [stdout] 
[INFO] [stdout] 
[INFO] [stdout] error[E0599]: no variant, associated function, or constant named `French` found for enum `xinachtli::Language` in the current scope
[INFO] [stdout]    --> tests/bip39.rs:411:19
[INFO] [stdout]     |
[INFO] [stdout] 411 |         Language::French,
[INFO] [stdout]     |                   ^^^^^^ variant, associated function, or constant not found in `xinachtli::Language`
[INFO] [stdout] 
[INFO] [stdout] 
[INFO] [stdout] error[E0599]: no variant, associated function, or constant named `Italian` found for enum `xinachtli::Language` in the current scope
[INFO] [stdout]    --> tests/bip39.rs:412:19
[INFO] [stdout]     |
[INFO] [stdout] 412 |         Language::Italian,
[INFO] [stdout]     |                   ^^^^^^^ variant, associated function, or constant not found in `xinachtli::Language`
[INFO] [stdout] 
[INFO] [stdout] 
[INFO] [stdout] error[E0599]: no variant, associated function, or constant named `Japanese` found for enum `xinachtli::Language` in the current scope
[INFO] [stdout]    --> tests/bip39.rs:413:19
[INFO] [stdout]     |
[INFO] [stdout] 413 |         Language::Japanese,
[INFO] [stdout]     |                   ^^^^^^^^ variant, associated function, or constant not found in `xinachtli::Language`
[INFO] [stdout] 
[INFO] [stdout] 
[INFO] [stdout] error[E0599]: no variant, associated function, or constant named `Korean` found for enum `xinachtli::Language` in the current scope
[INFO] [stdout]    --> tests/bip39.rs:414:19
[INFO] [stdout]     |
[INFO] [stdout] 414 |         Language::Korean,
[INFO] [stdout]     |                   ^^^^^^ variant, associated function, or constant not found in `xinachtli::Language`
[INFO] [stdout] 
[INFO] [stdout] 
[INFO] [stdout] error[E0599]: no variant, associated function, or constant named `ChineseSimplified` found for enum `xinachtli::Language` in the current scope
[INFO] [stdout]    --> tests/bip39.rs:415:19
[INFO] [stdout]     |
[INFO] [stdout] 415 |         Language::ChineseSimplified,
[INFO] [stdout]     |                   ^^^^^^^^^^^^^^^^^ variant, associated function, or constant not found in `xinachtli::Language`
[INFO] [stdout] 
[INFO] [stdout] 
[INFO] [stdout] error[E0599]: no variant, associated function, or constant named `ChineseTraditional` found for enum `xinachtli::Language` in the current scope
[INFO] [stdout]    --> tests/bip39.rs:416:19
[INFO] [stdout]     |
[INFO] [stdout] 416 |         Language::ChineseTraditional,
[INFO] [stdout]     |                   ^^^^^^^^^^^^^^^^^^ variant, associated function, or constant not found in `xinachtli::Language`
[INFO] [stdout] 
[INFO] [stdout] 
[INFO] [stdout] error[E0599]: no variant, associated function, or constant named `Czech` found for enum `xinachtli::Language` in the current scope
[INFO] [stdout]    --> tests/bip39.rs:417:19
[INFO] [stdout]     |
[INFO] [stdout] 417 |         Language::Czech,
[INFO] [stdout]     |                   ^^^^^ variant, associated function, or constant not found in `xinachtli::Language`
[INFO] [stdout] 
[INFO] [stdout] 
[INFO] [stdout] error[E0599]: no variant, associated function, or constant named `Portuguese` found for enum `xinachtli::Language` in the current scope
[INFO] [stdout]    --> tests/bip39.rs:418:19
[INFO] [stdout]     |
[INFO] [stdout] 418 |         Language::Portuguese,
[INFO] [stdout]     |                   ^^^^^^^^^^ variant, associated function, or constant not found in `xinachtli::Language`
[INFO] [stdout] 
[INFO] [stdout] 
[INFO] [stdout] error[E0599]: no variant, associated function, or constant named `Spanish` found for enum `xinachtli::Language` in the current scope
[INFO] [stdout]    --> tests/bip39.rs:492:20
[INFO] [stdout]     |
[INFO] [stdout] 492 |         (Language::Spanish, "Spanish"),
[INFO] [stdout]     |                    ^^^^^^^ variant, associated function, or constant not found in `xinachtli::Language`
[INFO] [stdout] 
[INFO] [stdout] 
[INFO] [stdout] error[E0599]: no variant, associated function, or constant named `French` found for enum `xinachtli::Language` in the current scope
[INFO] [stdout]    --> tests/bip39.rs:493:20
[INFO] [stdout]     |
[INFO] [stdout] 493 |         (Language::French, "French"),
[INFO] [stdout]     |                    ^^^^^^ variant, associated function, or constant not found in `xinachtli::Language`
[INFO] [stdout] 
[INFO] [stdout] 
[INFO] [stdout] error[E0599]: no variant, associated function, or constant named `Italian` found for enum `xinachtli::Language` in the current scope
[INFO] [stdout]    --> tests/bip39.rs:494:20
[INFO] [stdout]     |
[INFO] [stdout] 494 |         (Language::Italian, "Italian"),
[INFO] [stdout]     |                    ^^^^^^^ variant, associated function, or constant not found in `xinachtli::Language`
[INFO] [stdout] 
[INFO] [stdout] 
[INFO] [stdout] error[E0599]: no variant, associated function, or constant named `Japanese` found for enum `xinachtli::Language` in the current scope
[INFO] [stdout]    --> tests/bip39.rs:495:20
[INFO] [stdout]     |
[INFO] [stdout] 495 |         (Language::Japanese, "Japanese"),
[INFO] [stdout]     |                    ^^^^^^^^ variant, associated function, or constant not found in `xinachtli::Language`
[INFO] [stdout] 
[INFO] [stdout] 
[INFO] [stdout] error[E0599]: no variant, associated function, or constant named `Korean` found for enum `xinachtli::Language` in the current scope
[INFO] [stdout]    --> tests/bip39.rs:496:20
[INFO] [stdout]     |
[INFO] [stdout] 496 |         (Language::Korean, "Korean"),
[INFO] [stdout]     |                    ^^^^^^ variant, associated function, or constant not found in `xinachtli::Language`
[INFO] [stdout] 
[INFO] [stdout] 
[INFO] [stdout] error[E0599]: no variant, associated function, or constant named `ChineseSimplified` found for enum `xinachtli::Language` in the current scope
[INFO] [stdout]    --> tests/bip39.rs:497:20
[INFO] [stdout]     |
[INFO] [stdout] 497 |         (Language::ChineseSimplified, "Chinese Simplified"),
[INFO] [stdout]     |                    ^^^^^^^^^^^^^^^^^ variant, associated function, or constant not found in `xinachtli::Language`
[INFO] [stdout] 
[INFO] [stdout] 
[INFO] [stdout] error[E0599]: no variant, associated function, or constant named `ChineseTraditional` found for enum `xinachtli::Language` in the current scope
[INFO] [stdout]    --> tests/bip39.rs:498:20
[INFO] [stdout]     |
[INFO] [stdout] 498 |         (Language::ChineseTraditional, "Chinese Traditional"),
[INFO] [stdout]     |                    ^^^^^^^^^^^^^^^^^^ variant, associated function, or constant not found in `xinachtli::Language`
[INFO] [stdout] 
[INFO] [stdout] 
[INFO] [stdout] error[E0599]: no variant, associated function, or constant named `Czech` found for enum `xinachtli::Language` in the current scope
[INFO] [stdout]    --> tests/bip39.rs:499:20
[INFO] [stdout]     |
[INFO] [stdout] 499 |         (Language::Czech, "Czech"),
[INFO] [stdout]     |                    ^^^^^ variant, associated function, or constant not found in `xinachtli::Language`
[INFO] [stdout] 
[INFO] [stdout] 
[INFO] [stdout] error[E0599]: no variant, associated function, or constant named `Portuguese` found for enum `xinachtli::Language` in the current scope
[INFO] [stdout]    --> tests/bip39.rs:500:20
[INFO] [stdout]     |
[INFO] [stdout] 500 |         (Language::Portuguese, "Portuguese"),
[INFO] [stdout]     |                    ^^^^^^^^^^ variant, associated function, or constant not found in `xinachtli::Language`
[INFO] [stdout] 
[INFO] [stdout] 
[INFO] [stdout] error[E0599]: no variant, associated function, or constant named `Japanese` found for enum `xinachtli::Language` in the current scope
[INFO] [stdout]    --> tests/bip39.rs:553:56
[INFO] [stdout]     |
[INFO] [stdout] 553 |     let m = Mnemonic::from_entropy(&entropy, Language::Japanese).unwrap();
[INFO] [stdout]     |                                                        ^^^^^^^^ variant, associated function, or constant not found in `xinachtli::Language`
[INFO] [stdout] 
[INFO] [stdout] 
[INFO] [stdout] error[E0599]: no variant, associated function, or constant named `Japanese` found for enum `xinachtli::Language` in the current scope
[INFO] [stdout]    --> tests/bip39.rs:554:40
[INFO] [stdout]     |
[INFO] [stdout] 554 |     assert_eq!(m.language(), Language::Japanese);
[INFO] [stdout]     |                                        ^^^^^^^^ variant, associated function, or constant not found in `xinachtli::Language`
[INFO] [stdout] 
[INFO] [stdout] 
[INFO] [stdout] For more information about this error, try `rustc --explain E0599`.
[INFO] [stdout] 
[INFO] [stderr] error: could not compile `xinachtli` (test "bip39") due to 70 previous errors
[INFO] running `Command { std: "docker" "inspect" "11d849f7777ece7d3d1504277b24259cdd1dfa03979ed2f61342ec774d437160", kill_on_drop: false }`
[INFO] running `Command { std: "docker" "rm" "-f" "11d849f7777ece7d3d1504277b24259cdd1dfa03979ed2f61342ec774d437160", kill_on_drop: false }`
[INFO] [stdout] 11d849f7777ece7d3d1504277b24259cdd1dfa03979ed2f61342ec774d437160
