[INFO] fetching crate xde 0.2.0...
[INFO] testing xde-0.2.0 against 1.100.0-beta.1 for beta-1.100-2
[INFO] extracting crate xde 0.2.0 into /workspace/builds/worker-0-tc2/source
[INFO] started tweaking crates.io crate xde 0.2.0
[INFO] removed 0 missing examples
[INFO] removed 0 missing tests
[INFO] finished tweaking crates.io crate xde 0.2.0
[INFO] tweaked toml for crates.io crate xde 0.2.0 written to /workspace/builds/worker-0-tc2/source/Cargo.toml
[INFO] validating manifest of crates.io crate xde 0.2.0 on toolchain 1.100.0-beta.1
[INFO] running `Command { std: CARGO_HOME="/workspace/cargo-home" RUSTUP_HOME="/workspace/rustup-home" "/workspace/cargo-home/bin/cargo" "+1.100.0-beta.1" "metadata" "--manifest-path" "Cargo.toml" "--no-deps", kill_on_drop: false }`
[INFO] crate crates.io crate xde 0.2.0 already has a lockfile, it will not be regenerated
[INFO] running `Command { std: CARGO_HOME="/workspace/cargo-home" RUSTUP_HOME="/workspace/rustup-home" "/workspace/cargo-home/bin/cargo" "+1.100.0-beta.1" "fetch" "--manifest-path" "Cargo.toml", kill_on_drop: false }`
[INFO] running `Command { std: "docker" "create" "-v" "/var/lib/crater-agent-workspace/builds/worker-0-tc2/source:/opt/rustwide/workdir:ro,Z" "-v" "/var/lib/crater-agent-workspace/builds/worker-0-tc2/target:/opt/rustwide/target:rw,Z" "-v" "/var/lib/crater-agent-workspace/cargo-home:/opt/rustwide/cargo-home:ro,Z" "-v" "/var/lib/crater-agent-workspace/rustup-home:/opt/rustwide/rustup-home:ro,Z" "-m" "1610612736" "--network" "none" "ghcr.io/rust-lang/crates-build-env/linux@sha256:3111399a4047eeb3a02b7a90e478d715f38a8c6669b5c4b49d30a17385265909" "sleep" "infinity", kill_on_drop: false }`
[INFO] [stdout] aaf1f0b7d1f57ea2c3c46e5c367e9d58cde540e52fd6afecc2047b3523abdd97
[INFO] running `Command { std: "docker" "start" "aaf1f0b7d1f57ea2c3c46e5c367e9d58cde540e52fd6afecc2047b3523abdd97", kill_on_drop: false }`
[INFO] running `Command { std: "docker" "inspect" "aaf1f0b7d1f57ea2c3c46e5c367e9d58cde540e52fd6afecc2047b3523abdd97", kill_on_drop: false }`
[INFO] running `Command { std: "docker" "exec" "-e" "SOURCE_DIR=/opt/rustwide/workdir" "-e" "CARGO_HOME=/opt/rustwide/cargo-home" "-e" "RUSTUP_HOME=/opt/rustwide/rustup-home" "-e" "CARGO_TARGET_DIR=/opt/rustwide/target" "-w" "/opt/rustwide/workdir" "--user" "0:0" "aaf1f0b7d1f57ea2c3c46e5c367e9d58cde540e52fd6afecc2047b3523abdd97" "/opt/rustwide/cargo-home/bin/cargo" "+1.100.0-beta.1" "metadata" "--no-deps" "--format-version=1", kill_on_drop: false }`
[INFO] running `Command { std: "docker" "inspect" "aaf1f0b7d1f57ea2c3c46e5c367e9d58cde540e52fd6afecc2047b3523abdd97", kill_on_drop: false }`
[INFO] running `Command { std: "docker" "exec" "-e" "SOURCE_DIR=/opt/rustwide/workdir" "-e" "CARGO_HOME=/opt/rustwide/cargo-home" "-e" "RUSTUP_HOME=/opt/rustwide/rustup-home" "-e" "CARGO_TARGET_DIR=/opt/rustwide/target" "-e" "CARGO_INCREMENTAL=0" "-e" "RUST_BACKTRACE=full" "-e" "RUSTFLAGS=--cap-lints=warn" "-e" "RUSTDOCFLAGS=--cap-lints=warn" "-w" "/opt/rustwide/workdir" "--user" "0:0" "aaf1f0b7d1f57ea2c3c46e5c367e9d58cde540e52fd6afecc2047b3523abdd97" "/opt/rustwide/cargo-home/bin/cargo" "+1.100.0-beta.1" "build" "--frozen" "--message-format=json", kill_on_drop: false }`
[INFO] [stderr]    Compiling portable-atomic v1.15.0
[INFO] [stderr]    Compiling find-msvc-tools v0.1.11
[INFO] [stderr]    Compiling smallvec v1.15.2
[INFO] [stderr]    Compiling critical-section v1.2.0
[INFO] [stderr]    Compiling futures-io v0.3.34
[INFO] [stderr]    Compiling crossbeam-utils v0.8.22
[INFO] [stderr]    Compiling rustix v1.1.4
[INFO] [stderr]    Compiling linux-raw-sys v0.12.1
[INFO] [stderr]    Compiling syn v3.0.4
[INFO] [stderr]    Compiling syn v2.0.119
[INFO] [stderr]    Compiling serde_core v1.0.229
[INFO] [stderr]    Compiling aws-lc-rs v1.18.0
[INFO] [stderr]    Compiling parking v2.2.1
[INFO] [stderr]    Compiling arrayvec v0.7.8
[INFO] [stderr]    Compiling local-event v0.1.3
[INFO] [stderr]    Compiling mio v1.2.2
[INFO] [stderr]    Compiling spin v0.9.9
[INFO] [stderr]    Compiling cc v1.4.4
[INFO] [stderr]    Compiling event-listener v5.4.2
[INFO] [stderr]    Compiling either v1.18.0
[INFO] [stderr]    Compiling compio-buf v0.8.3
[INFO] [stderr]    Compiling slotmap v1.1.1
[INFO] [stderr]    Compiling getrandom v0.4.3
[INFO] [stderr]    Compiling io-uring v0.7.14
[INFO] [stderr]    Compiling semver v1.0.28
[INFO] [stderr]    Compiling rustls v0.23.43
[INFO] [stderr]    Compiling compio-driver v0.12.5
[INFO] [stderr]    Compiling compio-send-wrapper v0.7.2
[INFO] [stderr]    Compiling bytemuck v1.25.2
[INFO] [stderr]    Compiling num-traits v0.2.19
[INFO] [stderr]    Compiling indexmap v2.14.1
[INFO] [stderr]    Compiling rustc_version v0.4.1
[INFO] [stderr]    Compiling flume v0.12.0
[INFO] [stderr]    Compiling chacha20 v0.10.2
[INFO] [stderr]    Compiling mod_use v0.2.3
[INFO] [stderr]    Compiling winnow v1.0.4
[INFO] [stderr]    Compiling typenum v1.20.1
[INFO] [stderr]    Compiling scoped-tls v1.0.1
[INFO] [stderr]    Compiling crossbeam-queue v0.3.13
[INFO] [stderr]    Compiling strsim v0.11.1
[INFO] [stderr]    Compiling crossbeam-epoch v0.9.20
[INFO] [stderr]    Compiling rand v0.10.2
[INFO] [stderr]    Compiling toml_datetime v1.1.1+spec-1.1.0
[INFO] [stderr]    Compiling cmake v0.1.58
[INFO] [stderr]    Compiling rustversion v1.0.23
[INFO] [stderr]    Compiling parking_lot_core v0.9.12
[INFO] [stderr]    Compiling heapless v0.7.17
[INFO] [stderr]    Compiling once_cell v1.21.4
[INFO] [stderr]    Compiling compio-fs v0.12.1
[INFO] [stderr]    Compiling tracing-core v0.1.36
[INFO] [stderr]    Compiling futures-channel v0.3.34
[INFO] [stderr]    Compiling data-encoding v2.11.1
[INFO] [stderr]    Compiling hardware-address v0.3.0
[INFO] [stderr]    Compiling byteorder v1.5.0
[INFO] [stderr]    Compiling parking_lot v0.12.5
[INFO] [stderr]    Compiling hash32 v0.2.1
[INFO] [stderr]    Compiling crossbeam-channel v0.5.16
[INFO] [stderr]    Compiling crc32c v0.6.8
[INFO] [stderr]    Compiling uuid v1.26.0
[INFO] [stderr]    Compiling compio-quic v0.8.2
[INFO] [stderr]    Compiling getifs v0.6.1
[INFO] [stderr]    Compiling lru-slab v0.1.2
[INFO] [stderr]    Compiling hybrid-array v0.4.14
[INFO] [stderr]    Compiling aws-lc-sys v0.44.0
[INFO] [stderr]    Compiling ring v0.17.14
[INFO] [stderr]    Compiling blake3 v1.8.7
[INFO] [stderr]    Compiling tagptr v0.2.0
[INFO] [stderr]    Compiling const-oid v0.10.2
[INFO] [stderr]    Compiling castaway v0.2.4
[INFO] [stderr]    Compiling moka v0.12.16
[INFO] [stderr]    Compiling smallvec-wrapper v0.4.1
[INFO] [stderr]    Compiling http-body v1.1.0
[INFO] [stderr]    Compiling resolv-conf v0.7.6
[INFO] [stderr]    Compiling toml_parser v1.1.3+spec-1.1.0
[INFO] [stderr]    Compiling crypto-common v0.2.2
[INFO] [stderr]    Compiling block-buffer v0.12.1
[INFO] [stderr]    Compiling windows-link v0.2.1
[INFO] [stderr]    Compiling smol_str v0.3.6
[INFO] [stderr]    Compiling constant_time_eq v0.4.2
[INFO] [stderr]    Compiling windows-sys v0.61.2
[INFO] [stderr]    Compiling compact_str v0.10.0
[INFO] [stderr]    Compiling send_wrapper v0.6.0
[INFO] [stderr]    Compiling toml_edit v0.25.13+spec-1.1.0
[INFO] [stderr]    Compiling darling_core v0.24.1
[INFO] [stderr]    Compiling serde_json v1.0.151
[INFO] [stderr]    Compiling digest v0.11.3
[INFO] [stderr]    Compiling sha2 v0.11.0
[INFO] [stderr]    Compiling proc-macro-crate v3.5.0
[INFO] [stderr]    Compiling synstructure v0.13.2
[INFO] [stderr]    Compiling futures-macro v0.3.34
[INFO] [stderr]    Compiling zerovec-derive v0.11.6
[INFO] [stderr]    Compiling displaydoc v0.2.7
[INFO] [stderr]    Compiling serde_derive v1.0.229
[INFO] [stderr]    Compiling thiserror-impl v2.0.20
[INFO] [stderr]    Compiling tokio-macros v2.7.2
[INFO] [stderr]    Compiling async-trait v0.1.92
[INFO] [stderr]    Compiling zerofrom-derive v0.1.7
[INFO] [stderr]    Compiling yoke-derive v0.8.2
[INFO] [stderr]    Compiling tracing-attributes v0.1.31
[INFO] [stderr]    Compiling tokio v1.53.1
[INFO] [stderr]    Compiling futures-util v0.3.34
[INFO] [stderr]    Compiling thiserror v2.0.20
[INFO] [stderr]    Compiling cobs v0.3.0
[INFO] [stderr]    Compiling zerofrom v0.1.8
[INFO] [stderr]    Compiling tracing v0.1.44
[INFO] [stderr]    Compiling yoke v0.8.3
[INFO] [stderr]    Compiling compio-log v0.2.1
[INFO] [stderr]    Compiling compio-executor v0.1.4
[INFO] [stderr]    Compiling zerovec v0.11.8
[INFO] [stderr]    Compiling zerotrie v0.2.5
[INFO] [stderr]    Compiling darling_macro v0.24.1
[INFO] [stderr]    Compiling darling v0.24.1
[INFO] [stderr]    Compiling compio-macros v0.2.1
[INFO] [stderr]    Compiling iprobe v0.1.1
[INFO] [stderr]    Compiling tinystr v0.8.4
[INFO] [stderr]    Compiling potential_utf v0.1.6
[INFO] [stderr]    Compiling icu_collections v2.3.0
[INFO] [stderr]    Compiling icu_locale_core v2.3.0
[INFO] [stderr]    Compiling serde v1.0.229
[INFO] [stderr]    Compiling synchrony v0.1.9
[INFO] [stderr]    Compiling compio-io v0.10.1
[INFO] [stderr]    Compiling thin-cell v0.2.1
[INFO] [stderr]    Compiling ipnet v2.12.1
[INFO] [stderr]    Compiling triomphe v0.1.16
[INFO] [stderr]    Compiling icu_provider v2.3.1
[INFO] [stderr]    Compiling prefix-trie v0.8.4
[INFO] [stderr]    Compiling iprfc v0.2.3
[INFO] [stderr]    Compiling postcard v1.1.3
[INFO] [stderr]    Compiling icu_normalizer v2.3.0
[INFO] [stderr]    Compiling icu_properties v2.3.0
[INFO] [stderr]    Compiling compio-runtime v0.12.6
[INFO] [stderr]    Compiling idna_adapter v1.2.2
[INFO] [stderr]    Compiling idna v1.1.0
[INFO] [stderr]    Compiling compio-net v0.12.5
[INFO] [stderr]    Compiling url v2.5.8
[INFO] [stderr]    Compiling tokio-util v0.7.19
[INFO] [stderr]    Compiling hickory-proto v0.26.1
[INFO] [stderr]    Compiling h3 v0.0.8
[INFO] [stderr]    Compiling h2 v0.4.19
[INFO] [stderr]    Compiling h3-datagram v0.0.2
[INFO] [stderr]    Compiling hickory-net v0.26.1
[INFO] [stderr]    Compiling hyper v1.11.1
[INFO] [stderr]    Compiling hickory-resolver v0.26.1
[INFO] [stderr]    Compiling rustls-webpki v0.103.15
[INFO] [stderr]    Compiling futures-rustls v0.26.0
[INFO] [stderr]    Compiling quinn-proto v0.11.17
[INFO] [stderr]    Compiling rustls-platform-verifier v0.7.0
[INFO] [stderr]    Compiling compio-tls v0.10.0
[INFO] [stderr]    Compiling compio v0.19.2
[INFO] [stderr]    Compiling xde v0.2.0 (/opt/rustwide/workdir)
[INFO] [stderr] warning: unused dependency `windows-sys`
[INFO] [stderr]    --> Cargo.toml:132:15
[INFO] [stderr]     |
[INFO] [stderr] 132 | [dependencies.windows-sys]
[INFO] [stderr]     |               ^^^^^^^^^^^^
[INFO] [stderr]     |
[INFO] [stderr]     = note: `cargo::unused_dependencies` is set to `warn` by default
[INFO] [stderr] help: consider removing the dependency on `windows-sys`
[INFO] [stderr] warning: `xde` (manifest) generated 1 warning
[INFO] [stderr]     Finished `dev` profile [unoptimized + debuginfo] target(s) in 48.77s
[INFO] running `Command { std: "docker" "inspect" "aaf1f0b7d1f57ea2c3c46e5c367e9d58cde540e52fd6afecc2047b3523abdd97", kill_on_drop: false }`
[INFO] running `Command { std: "docker" "exec" "-e" "SOURCE_DIR=/opt/rustwide/workdir" "-e" "CARGO_HOME=/opt/rustwide/cargo-home" "-e" "RUSTUP_HOME=/opt/rustwide/rustup-home" "-e" "CARGO_TARGET_DIR=/opt/rustwide/target" "-e" "CARGO_INCREMENTAL=0" "-e" "RUST_BACKTRACE=full" "-e" "RUSTFLAGS=--cap-lints=warn" "-e" "RUSTDOCFLAGS=--cap-lints=warn" "-w" "/opt/rustwide/workdir" "--user" "0:0" "aaf1f0b7d1f57ea2c3c46e5c367e9d58cde540e52fd6afecc2047b3523abdd97" "/opt/rustwide/cargo-home/bin/cargo" "+1.100.0-beta.1" "test" "--frozen" "--no-run" "--message-format=json", kill_on_drop: false }`
[INFO] [stderr]    Compiling rustix v1.1.4
[INFO] [stderr]    Compiling getrandom v0.3.4
[INFO] [stderr]    Compiling zerocopy v0.8.56
[INFO] [stderr]    Compiling regex-syntax v0.8.11
[INFO] [stderr]    Compiling memchr v2.8.3
[INFO] [stderr]    Compiling rstest_macros v0.26.1
[INFO] [stderr]    Compiling wait-timeout v0.2.1
[INFO] [stderr]    Compiling relative-path v1.9.3
[INFO] [stderr]    Compiling divan-macros v0.1.21
[INFO] [stderr]    Compiling regex-lite v0.1.9
[INFO] [stderr]    Compiling condtype v1.3.0
[INFO] [stderr]    Compiling rand_core v0.9.5
[INFO] [stderr]    Compiling rand_xorshift v0.4.0
[INFO] [stderr]    Compiling rand v0.9.5
[INFO] [stderr]    Compiling aho-corasick v1.1.5
[INFO] [stderr]    Compiling regex-automata v0.4.18
[INFO] [stderr]    Compiling regex v1.13.1
[INFO] [stderr]    Compiling ppv-lite86 v0.2.21
[INFO] [stderr]    Compiling compio-io v0.10.1
[INFO] [stderr]    Compiling compio-driver v0.12.5
[INFO] [stderr]    Compiling terminal_size v0.4.4
[INFO] [stderr]    Compiling tempfile v3.27.0
[INFO] [stderr]    Compiling iprobe v0.1.1
[INFO] [stderr]    Compiling clap_builder v4.6.6
[INFO] [stderr]    Compiling getifs v0.6.1
[INFO] [stderr]    Compiling rand_chacha v0.9.0
[INFO] [stderr]    Compiling rusty-fork v0.3.1
[INFO] [stderr]    Compiling proptest v1.11.0
[INFO] [stderr]    Compiling compio-tls v0.10.0
[INFO] [stderr]    Compiling compio-runtime v0.12.6
[INFO] [stderr]    Compiling compio-net v0.12.5
[INFO] [stderr]    Compiling compio-fs v0.12.1
[INFO] [stderr]    Compiling clap v4.6.6
[INFO] [stderr]    Compiling divan v0.1.21
[INFO] [stderr]    Compiling rstest v0.26.1
[INFO] [stderr]    Compiling compio-quic v0.8.2
[INFO] [stderr]    Compiling compio v0.19.2
[INFO] [stderr]    Compiling xde v0.2.0 (/opt/rustwide/workdir)
[INFO] [stdout] error[E0432]: unresolved import `xde_test`
[INFO] [stdout]   --> tests/lifecycle.rs:11:5
[INFO] [stdout]    |
[INFO] [stdout] 11 | use xde_test::{
[INFO] [stdout]    |     ^^^^^^^^ use of unresolved module or unlinked crate `xde_test`
[INFO] [stdout]    |
[INFO] [stdout]    = help: if you wanted to use a crate named `xde_test`, use `cargo add xde_test` to add it to your `Cargo.toml`
[INFO] [stdout] 
[INFO] [stdout] 
[INFO] [stdout] error[E0432]: unresolved import `xde_test`
[INFO] [stdout]  --> tests/adaptive.rs:4:5
[INFO] [stdout]   |
[INFO] [stdout] 4 | use xde_test::{
[INFO] [stdout]   |     ^^^^^^^^ use of unresolved module or unlinked crate `xde_test`
[INFO] [stdout]   |
[INFO] [stdout]   = help: if you wanted to use a crate named `xde_test`, use `cargo add xde_test` to add it to your `Cargo.toml`
[INFO] [stdout] 
[INFO] [stdout] 
[INFO] [stdout] error[E0432]: unresolved import `xde_test`
[INFO] [stdout]  --> tests/protocol.rs:7:5
[INFO] [stdout]   |
[INFO] [stdout] 7 | use xde_test::{
[INFO] [stdout]   |     ^^^^^^^^ use of unresolved module or unlinked crate `xde_test`
[INFO] [stdout]   |
[INFO] [stdout]   = help: if you wanted to use a crate named `xde_test`, use `cargo add xde_test` to add it to your `Cargo.toml`
[INFO] [stdout] 
[INFO] [stdout] 
[INFO] [stdout] For more information about this error, try `rustc --explain E0432`.
[INFO] [stdout] 
[INFO] [stderr] error: could not compile `xde` (test "adaptive") due to 1 previous error
[INFO] [stderr] warning: build failed, waiting for other jobs to finish...
[INFO] [stdout] For more information about this error, try `rustc --explain E0432`.
[INFO] [stdout] 
[INFO] [stderr] error: could not compile `xde` (test "lifecycle") due to 1 previous error
[INFO] [stdout] error[E0433]: cannot find module or crate `xde_test` in this scope
[INFO] [stdout]    --> tests/protocol.rs:155:24
[INFO] [stdout]     |
[INFO] [stdout] 155 |         redirect: Some(xde_test::Redirect {
[INFO] [stdout]     |                        ^^^^^^^^ use of unresolved module or unlinked crate `xde_test`
[INFO] [stdout]     |
[INFO] [stdout]     = help: if you wanted to use a crate named `xde_test`, use `cargo add xde_test` to add it to your `Cargo.toml`
[INFO] [stdout] 
[INFO] [stdout] 
[INFO] [stdout] Some errors have detailed explanations: E0432, E0433.
[INFO] [stdout] 
[INFO] [stdout] For more information about an error, try `rustc --explain E0432`.
[INFO] [stdout] 
[INFO] [stderr] error: could not compile `xde` (test "protocol") due to 2 previous errors
[INFO] [stderr] warning: unused dependency `windows-sys`
[INFO] [stderr]    --> Cargo.toml:132:15
[INFO] [stderr]     |
[INFO] [stderr] 132 | [dependencies.windows-sys]
[INFO] [stderr]     |               ^^^^^^^^^^^^
[INFO] [stderr]     |
[INFO] [stderr]     = note: `cargo::unused_dependencies` is set to `warn` by default
[INFO] [stderr] help: consider removing the dependency on `windows-sys`
[INFO] [stderr] warning: `xde` (manifest) generated 1 warning
[INFO] running `Command { std: "docker" "inspect" "aaf1f0b7d1f57ea2c3c46e5c367e9d58cde540e52fd6afecc2047b3523abdd97", kill_on_drop: false }`
[INFO] running `Command { std: "docker" "rm" "-f" "aaf1f0b7d1f57ea2c3c46e5c367e9d58cde540e52fd6afecc2047b3523abdd97", kill_on_drop: false }`
[INFO] [stdout] aaf1f0b7d1f57ea2c3c46e5c367e9d58cde540e52fd6afecc2047b3523abdd97
