[INFO] fetching crate xchecker-templates 1.2.0...
[INFO] testing xchecker-templates-1.2.0 against 1.100.0-beta.1 for beta-1.100-2
[INFO] extracting crate xchecker-templates 1.2.0 into /workspace/builds/worker-7-tc2/source
[INFO] started tweaking crates.io crate xchecker-templates 1.2.0
[INFO] finished tweaking crates.io crate xchecker-templates 1.2.0
[INFO] tweaked toml for crates.io crate xchecker-templates 1.2.0 written to /workspace/builds/worker-7-tc2/source/Cargo.toml
[INFO] validating manifest of crates.io crate xchecker-templates 1.2.0 on toolchain 1.100.0-beta.1
[INFO] running `Command { std: CARGO_HOME="/workspace/cargo-home" RUSTUP_HOME="/workspace/rustup-home" "/workspace/cargo-home/bin/cargo" "+1.100.0-beta.1" "metadata" "--manifest-path" "Cargo.toml" "--no-deps", kill_on_drop: false }`
[INFO] crate crates.io crate xchecker-templates 1.2.0 already has a lockfile, it will not be regenerated
[INFO] running `Command { std: CARGO_HOME="/workspace/cargo-home" RUSTUP_HOME="/workspace/rustup-home" "/workspace/cargo-home/bin/cargo" "+1.100.0-beta.1" "fetch" "--manifest-path" "Cargo.toml", kill_on_drop: false }`
[INFO] [stderr] warning: `package.homepage` is redundant with `package.repository`
[INFO] [stderr]   --> Cargo.toml:27:12
[INFO] [stderr]    |
[INFO] [stderr] 27 | homepage = "https://github.com/EffortlessMetrics/xchecker"
[INFO] [stderr]    |            ^^^^^^^^^^^^^^^^^^^^^^^^^^^^^^^^^^^^^^^^^^^^^^^
[INFO] [stderr] ...
[INFO] [stderr] 32 | repository = "https://github.com/EffortlessMetrics/xchecker"
[INFO] [stderr]    |              -----------------------------------------------
[INFO] [stderr]    |
[INFO] [stderr]    = note: `cargo::redundant_homepage` is set to `warn` by default
[INFO] [stderr] help: consider removing `package.homepage`
[INFO] [stderr] warning: `xchecker-templates` (manifest) generated 1 warning
[INFO] running `Command { std: "docker" "create" "-v" "/var/lib/crater-agent-workspace/builds/worker-7-tc2/source:/opt/rustwide/workdir:ro,Z" "-v" "/var/lib/crater-agent-workspace/builds/worker-7-tc2/target:/opt/rustwide/target:rw,Z" "-v" "/var/lib/crater-agent-workspace/cargo-home:/opt/rustwide/cargo-home:ro,Z" "-v" "/var/lib/crater-agent-workspace/rustup-home:/opt/rustwide/rustup-home:ro,Z" "-m" "1610612736" "--network" "none" "ghcr.io/rust-lang/crates-build-env/linux@sha256:3111399a4047eeb3a02b7a90e478d715f38a8c6669b5c4b49d30a17385265909" "sleep" "infinity", kill_on_drop: false }`
[INFO] [stdout] 5e48dfe5aae8cd5f0b269d979fbd0f401509ce2f3cd9c5f2a9e463fb5487d707
[INFO] running `Command { std: "docker" "start" "5e48dfe5aae8cd5f0b269d979fbd0f401509ce2f3cd9c5f2a9e463fb5487d707", kill_on_drop: false }`
[INFO] running `Command { std: "docker" "inspect" "5e48dfe5aae8cd5f0b269d979fbd0f401509ce2f3cd9c5f2a9e463fb5487d707", kill_on_drop: false }`
[INFO] running `Command { std: "docker" "exec" "-e" "SOURCE_DIR=/opt/rustwide/workdir" "-e" "CARGO_HOME=/opt/rustwide/cargo-home" "-e" "RUSTUP_HOME=/opt/rustwide/rustup-home" "-e" "CARGO_TARGET_DIR=/opt/rustwide/target" "-w" "/opt/rustwide/workdir" "--user" "0:0" "5e48dfe5aae8cd5f0b269d979fbd0f401509ce2f3cd9c5f2a9e463fb5487d707" "/opt/rustwide/cargo-home/bin/cargo" "+1.100.0-beta.1" "metadata" "--no-deps" "--format-version=1", kill_on_drop: false }`
[INFO] running `Command { std: "docker" "inspect" "5e48dfe5aae8cd5f0b269d979fbd0f401509ce2f3cd9c5f2a9e463fb5487d707", kill_on_drop: false }`
[INFO] running `Command { std: "docker" "exec" "-e" "SOURCE_DIR=/opt/rustwide/workdir" "-e" "CARGO_HOME=/opt/rustwide/cargo-home" "-e" "RUSTUP_HOME=/opt/rustwide/rustup-home" "-e" "CARGO_TARGET_DIR=/opt/rustwide/target" "-e" "CARGO_INCREMENTAL=0" "-e" "RUST_BACKTRACE=full" "-e" "RUSTFLAGS=--cap-lints=warn" "-e" "RUSTDOCFLAGS=--cap-lints=warn" "-w" "/opt/rustwide/workdir" "--user" "0:0" "5e48dfe5aae8cd5f0b269d979fbd0f401509ce2f3cd9c5f2a9e463fb5487d707" "/opt/rustwide/cargo-home/bin/cargo" "+1.100.0-beta.1" "build" "--frozen" "--message-format=json", kill_on_drop: false }`
[INFO] [stderr] warning: `package.homepage` is redundant with `package.repository`
[INFO] [stderr]   --> Cargo.toml:27:12
[INFO] [stderr]    |
[INFO] [stderr] 27 | homepage = "https://github.com/EffortlessMetrics/xchecker"
[INFO] [stderr]    |            ^^^^^^^^^^^^^^^^^^^^^^^^^^^^^^^^^^^^^^^^^^^^^^^
[INFO] [stderr] ...
[INFO] [stderr] 32 | repository = "https://github.com/EffortlessMetrics/xchecker"
[INFO] [stderr]    |              -----------------------------------------------
[INFO] [stderr]    |
[INFO] [stderr]    = note: `cargo::redundant_homepage` is set to `warn` by default
[INFO] [stderr] help: consider removing `package.homepage`
[INFO] [stderr] warning: `xchecker-templates` (manifest) generated 1 warning
[INFO] [stderr]    Compiling quote v1.0.44
[INFO] [stderr]    Compiling libc v0.2.180
[INFO] [stderr]    Compiling zmij v1.0.17
[INFO] [stderr]    Compiling serde_json v1.0.149
[INFO] [stderr]    Compiling proc-macro2 v1.0.106
[INFO] [stderr]    Compiling itoa v1.0.17
[INFO] [stderr]    Compiling rustix v1.1.3
[INFO] [stderr]    Compiling aho-corasick v1.1.4
[INFO] [stderr]    Compiling regex-syntax v0.8.8
[INFO] [stderr]    Compiling tracing-core v0.1.36
[INFO] [stderr]    Compiling find-msvc-tools v0.1.8
[INFO] [stderr]    Compiling unicode-segmentation v1.12.0
[INFO] [stderr]    Compiling nix v0.31.1
[INFO] [stderr]    Compiling camino v1.2.2
[INFO] [stderr]    Compiling bytes v1.11.0
[INFO] [stderr]    Compiling tinyvec v1.10.0
[INFO] [stderr]    Compiling unsafe-libyaml v0.2.11
[INFO] [stderr]    Compiling ryu-js v1.0.2
[INFO] [stderr]    Compiling cc v1.2.54
[INFO] [stderr]    Compiling ryu v1.0.22
[INFO] [stderr]    Compiling convert_case v0.10.0
[INFO] [stderr]    Compiling unicode-normalization v0.1.25
[INFO] [stderr]    Compiling syn v2.0.114
[INFO] [stderr]    Compiling tracing-log v0.2.0
[INFO] [stderr]    Compiling blake3 v1.8.3
[INFO] [stderr]    Compiling regex-automata v0.4.13
[INFO] [stderr]    Compiling fd-lock v4.0.4
[INFO] [stderr]    Compiling errno v0.3.14
[INFO] [stderr]    Compiling parking_lot_core v0.9.12
[INFO] [stderr]    Compiling mio v1.1.1
[INFO] [stderr]    Compiling socket2 v0.6.2
[INFO] [stderr]    Compiling getrandom v0.3.4
[INFO] [stderr]    Compiling sysinfo v0.38.0
[INFO] [stderr]    Compiling signal-hook-registry v1.4.8
[INFO] [stderr]    Compiling parking_lot v0.12.5
[INFO] [stderr]    Compiling signal-hook v0.3.18
[INFO] [stderr]    Compiling tempfile v3.24.0
[INFO] [stderr]    Compiling signal-hook-mio v0.2.5
[INFO] [stderr]    Compiling serde_derive v1.0.228
[INFO] [stderr]    Compiling thiserror-impl v2.0.18
[INFO] [stderr]    Compiling tracing-attributes v0.1.31
[INFO] [stderr]    Compiling tokio-macros v2.6.0
[INFO] [stderr]    Compiling derive_more-impl v2.1.1
[INFO] [stderr]    Compiling matchers v0.2.0
[INFO] [stderr]    Compiling regex v1.12.2
[INFO] [stderr]    Compiling xchecker-redaction v1.2.0
[INFO] [stderr]    Compiling derive_more v2.1.1
[INFO] [stderr]    Compiling tokio v1.49.0
[INFO] [stderr]    Compiling crossterm v0.29.0
[INFO] [stderr]    Compiling tracing v0.1.44
[INFO] [stderr]    Compiling thiserror v2.0.18
[INFO] [stderr]    Compiling serde v1.0.228
[INFO] [stderr]    Compiling chrono v0.4.43
[INFO] [stderr]    Compiling tracing-serde v0.2.0
[INFO] [stderr]    Compiling serde_yaml_ng v0.10.0
[INFO] [stderr]    Compiling serde_json_canonicalizer v0.3.1
[INFO] [stderr]    Compiling tracing-subscriber v0.3.22
[INFO] [stderr]    Compiling xchecker-lock v1.2.0
[INFO] [stderr]    Compiling xchecker-runner v1.2.0
[INFO] [stderr]    Compiling xchecker-utils v1.2.0
[INFO] [stderr]    Compiling xchecker-templates v1.2.0 (/opt/rustwide/workdir)
[INFO] [stderr]     Finished `dev` profile [unoptimized + debuginfo] target(s) in 24.82s
[INFO] [stderr] warning: the following packages contain code that will be rejected by a future version of Rust: nix v0.31.1
[INFO] [stderr] note: to see what the problems were, use the option `--future-incompat-report`, or run `cargo report future-incompatibilities --id 6`
[INFO] running `Command { std: "docker" "inspect" "5e48dfe5aae8cd5f0b269d979fbd0f401509ce2f3cd9c5f2a9e463fb5487d707", kill_on_drop: false }`
[INFO] running `Command { std: "docker" "exec" "-e" "SOURCE_DIR=/opt/rustwide/workdir" "-e" "CARGO_HOME=/opt/rustwide/cargo-home" "-e" "RUSTUP_HOME=/opt/rustwide/rustup-home" "-e" "CARGO_TARGET_DIR=/opt/rustwide/target" "-e" "CARGO_INCREMENTAL=0" "-e" "RUST_BACKTRACE=full" "-e" "RUSTFLAGS=--cap-lints=warn" "-e" "RUSTDOCFLAGS=--cap-lints=warn" "-w" "/opt/rustwide/workdir" "--user" "0:0" "5e48dfe5aae8cd5f0b269d979fbd0f401509ce2f3cd9c5f2a9e463fb5487d707" "/opt/rustwide/cargo-home/bin/cargo" "+1.100.0-beta.1" "test" "--frozen" "--no-run" "--message-format=json", kill_on_drop: false }`
[INFO] [stderr] warning: `package.homepage` is redundant with `package.repository`
[INFO] [stderr]   --> Cargo.toml:27:12
[INFO] [stderr]    |
[INFO] [stderr] 27 | homepage = "https://github.com/EffortlessMetrics/xchecker"
[INFO] [stderr]    |            ^^^^^^^^^^^^^^^^^^^^^^^^^^^^^^^^^^^^^^^^^^^^^^^
[INFO] [stderr] ...
[INFO] [stderr] 32 | repository = "https://github.com/EffortlessMetrics/xchecker"
[INFO] [stderr]    |              -----------------------------------------------
[INFO] [stderr]    |
[INFO] [stderr]    = note: `cargo::redundant_homepage` is set to `warn` by default
[INFO] [stderr] help: consider removing `package.homepage`
[INFO] [stderr] warning: `xchecker-templates` (manifest) generated 1 warning
[INFO] [stderr]    Compiling xchecker-templates v1.2.0 (/opt/rustwide/workdir)
[INFO] [stdout] error[E0425]: cannot find function `with_isolated_home` in module `paths`
[INFO] [stdout]    --> src/lib.rs:513:32
[INFO] [stdout]     |
[INFO] [stdout] 513 |         let _temp_dir = paths::with_isolated_home();
[INFO] [stdout]     |                                ^^^^^^^^^^^^^^^^^^ not found in `paths`
[INFO] [stdout]     |
[INFO] [stdout] note: found an item that was configured out
[INFO] [stdout]    --> /opt/rustwide/cargo-home/registry/src/index.crates.io-1949cf8c6b5b557f/xchecker-utils-1.2.0/src/paths.rs:551:8
[INFO] [stdout]     |
[INFO] [stdout] 548 | #[cfg(any(test, feature = "test-utils"))]
[INFO] [stdout]     |          ------------------------------ the item is gated here
[INFO] [stdout] ...
[INFO] [stdout] 551 | pub fn with_isolated_home() -> tempfile::TempDir {
[INFO] [stdout]     |        ^^^^^^^^^^^^^^^^^^
[INFO] [stdout] 
[INFO] [stdout] 
[INFO] [stdout] error[E0425]: cannot find function `with_isolated_home` in module `paths`
[INFO] [stdout]    --> src/lib.rs:532:32
[INFO] [stdout]     |
[INFO] [stdout] 532 |         let _temp_dir = paths::with_isolated_home();
[INFO] [stdout]     |                                ^^^^^^^^^^^^^^^^^^ not found in `paths`
[INFO] [stdout]     |
[INFO] [stdout] note: found an item that was configured out
[INFO] [stdout]    --> /opt/rustwide/cargo-home/registry/src/index.crates.io-1949cf8c6b5b557f/xchecker-utils-1.2.0/src/paths.rs:551:8
[INFO] [stdout]     |
[INFO] [stdout] 548 | #[cfg(any(test, feature = "test-utils"))]
[INFO] [stdout]     |          ------------------------------ the item is gated here
[INFO] [stdout] ...
[INFO] [stdout] 551 | pub fn with_isolated_home() -> tempfile::TempDir {
[INFO] [stdout]     |        ^^^^^^^^^^^^^^^^^^
[INFO] [stdout] 
[INFO] [stdout] 
[INFO] [stdout] error[E0425]: cannot find function `with_isolated_home` in module `paths`
[INFO] [stdout]    --> src/lib.rs:541:32
[INFO] [stdout]     |
[INFO] [stdout] 541 |         let _temp_dir = paths::with_isolated_home();
[INFO] [stdout]     |                                ^^^^^^^^^^^^^^^^^^ not found in `paths`
[INFO] [stdout]     |
[INFO] [stdout] note: found an item that was configured out
[INFO] [stdout]    --> /opt/rustwide/cargo-home/registry/src/index.crates.io-1949cf8c6b5b557f/xchecker-utils-1.2.0/src/paths.rs:551:8
[INFO] [stdout]     |
[INFO] [stdout] 548 | #[cfg(any(test, feature = "test-utils"))]
[INFO] [stdout]     |          ------------------------------ the item is gated here
[INFO] [stdout] ...
[INFO] [stdout] 551 | pub fn with_isolated_home() -> tempfile::TempDir {
[INFO] [stdout]     |        ^^^^^^^^^^^^^^^^^^
[INFO] [stdout] 
[INFO] [stdout] 
[INFO] [stdout] For more information about this error, try `rustc --explain E0425`.
[INFO] [stdout] 
[INFO] [stderr] error: could not compile `xchecker-templates` (lib test) due to 3 previous errors
[INFO] running `Command { std: "docker" "inspect" "5e48dfe5aae8cd5f0b269d979fbd0f401509ce2f3cd9c5f2a9e463fb5487d707", kill_on_drop: false }`
[INFO] running `Command { std: "docker" "rm" "-f" "5e48dfe5aae8cd5f0b269d979fbd0f401509ce2f3cd9c5f2a9e463fb5487d707", kill_on_drop: false }`
[INFO] [stdout] 5e48dfe5aae8cd5f0b269d979fbd0f401509ce2f3cd9c5f2a9e463fb5487d707
