[INFO] fetching crate x509-validator 0.3.1...
[INFO] testing x509-validator-0.3.1 against 1.100.0-beta.1 for beta-1.100-2
[INFO] extracting crate x509-validator 0.3.1 into /workspace/builds/worker-7-tc2/source
[INFO] started tweaking crates.io crate x509-validator 0.3.1
[INFO] finished tweaking crates.io crate x509-validator 0.3.1
[INFO] tweaked toml for crates.io crate x509-validator 0.3.1 written to /workspace/builds/worker-7-tc2/source/Cargo.toml
[INFO] validating manifest of crates.io crate x509-validator 0.3.1 on toolchain 1.100.0-beta.1
[INFO] running `Command { std: CARGO_HOME="/workspace/cargo-home" RUSTUP_HOME="/workspace/rustup-home" "/workspace/cargo-home/bin/cargo" "+1.100.0-beta.1" "metadata" "--manifest-path" "Cargo.toml" "--no-deps", kill_on_drop: false }`
[INFO] crate crates.io crate x509-validator 0.3.1 already has a lockfile, it will not be regenerated
[INFO] running `Command { std: CARGO_HOME="/workspace/cargo-home" RUSTUP_HOME="/workspace/rustup-home" "/workspace/cargo-home/bin/cargo" "+1.100.0-beta.1" "fetch" "--manifest-path" "Cargo.toml", kill_on_drop: false }`
[INFO] [stderr] warning: `package.homepage` is redundant with `package.repository`
[INFO] [stderr]    --> Cargo.toml:110:12
[INFO] [stderr]     |
[INFO] [stderr] 110 | homepage = "https://github.com/namecare/x509-validator"
[INFO] [stderr]     |            ^^^^^^^^^^^^^^^^^^^^^^^^^^^^^^^^^^^^^^^^^^^^
[INFO] [stderr] ...
[INFO] [stderr] 115 | repository = "https://github.com/namecare/x509-validator"
[INFO] [stderr]     |              --------------------------------------------
[INFO] [stderr]     |
[INFO] [stderr]     = note: `cargo::redundant_homepage` is set to `warn` by default
[INFO] [stderr] help: consider removing `package.homepage`
[INFO] [stderr] warning: `x509-validator` (manifest) generated 1 warning
[INFO] running `Command { std: "docker" "create" "-v" "/var/lib/crater-agent-workspace/builds/worker-7-tc2/source:/opt/rustwide/workdir:ro,Z" "-v" "/var/lib/crater-agent-workspace/builds/worker-7-tc2/target:/opt/rustwide/target:rw,Z" "-v" "/var/lib/crater-agent-workspace/cargo-home:/opt/rustwide/cargo-home:ro,Z" "-v" "/var/lib/crater-agent-workspace/rustup-home:/opt/rustwide/rustup-home:ro,Z" "-m" "1610612736" "--network" "none" "ghcr.io/rust-lang/crates-build-env/linux@sha256:3111399a4047eeb3a02b7a90e478d715f38a8c6669b5c4b49d30a17385265909" "sleep" "infinity", kill_on_drop: false }`
[INFO] [stdout] e751ba36085f6a01fa98070f9e3a8d52104e0882b20221730fc0062a2dfca423
[INFO] running `Command { std: "docker" "start" "e751ba36085f6a01fa98070f9e3a8d52104e0882b20221730fc0062a2dfca423", kill_on_drop: false }`
[INFO] running `Command { std: "docker" "inspect" "e751ba36085f6a01fa98070f9e3a8d52104e0882b20221730fc0062a2dfca423", kill_on_drop: false }`
[INFO] running `Command { std: "docker" "exec" "-e" "SOURCE_DIR=/opt/rustwide/workdir" "-e" "CARGO_HOME=/opt/rustwide/cargo-home" "-e" "RUSTUP_HOME=/opt/rustwide/rustup-home" "-e" "CARGO_TARGET_DIR=/opt/rustwide/target" "-w" "/opt/rustwide/workdir" "--user" "0:0" "e751ba36085f6a01fa98070f9e3a8d52104e0882b20221730fc0062a2dfca423" "/opt/rustwide/cargo-home/bin/cargo" "+1.100.0-beta.1" "metadata" "--no-deps" "--format-version=1", kill_on_drop: false }`
[INFO] running `Command { std: "docker" "inspect" "e751ba36085f6a01fa98070f9e3a8d52104e0882b20221730fc0062a2dfca423", kill_on_drop: false }`
[INFO] running `Command { std: "docker" "exec" "-e" "SOURCE_DIR=/opt/rustwide/workdir" "-e" "CARGO_HOME=/opt/rustwide/cargo-home" "-e" "RUSTUP_HOME=/opt/rustwide/rustup-home" "-e" "CARGO_TARGET_DIR=/opt/rustwide/target" "-e" "CARGO_INCREMENTAL=0" "-e" "RUST_BACKTRACE=full" "-e" "RUSTFLAGS=--cap-lints=warn" "-e" "RUSTDOCFLAGS=--cap-lints=warn" "-w" "/opt/rustwide/workdir" "--user" "0:0" "e751ba36085f6a01fa98070f9e3a8d52104e0882b20221730fc0062a2dfca423" "/opt/rustwide/cargo-home/bin/cargo" "+1.100.0-beta.1" "build" "--frozen" "--message-format=json", kill_on_drop: false }`
[INFO] [stderr] warning: `package.homepage` is redundant with `package.repository`
[INFO] [stderr]    --> Cargo.toml:110:12
[INFO] [stderr]     |
[INFO] [stderr] 110 | homepage = "https://github.com/namecare/x509-validator"
[INFO] [stderr]     |            ^^^^^^^^^^^^^^^^^^^^^^^^^^^^^^^^^^^^^^^^^^^^
[INFO] [stderr] ...
[INFO] [stderr] 115 | repository = "https://github.com/namecare/x509-validator"
[INFO] [stderr]     |              --------------------------------------------
[INFO] [stderr]     |
[INFO] [stderr]     = note: `cargo::redundant_homepage` is set to `warn` by default
[INFO] [stderr] help: consider removing `package.homepage`
[INFO] [stderr] warning: `x509-validator` (manifest) generated 1 warning
[INFO] [stderr]    Compiling time-core v0.1.9
[INFO] [stderr]    Compiling num-conv v0.2.2
[INFO] [stderr]    Compiling nom v7.1.3
[INFO] [stderr]    Compiling synstructure v0.13.2
[INFO] [stderr]    Compiling thiserror-impl v2.0.21
[INFO] [stderr]    Compiling deranged v0.5.8
[INFO] [stderr]    Compiling asn1-rs-impl v0.2.0
[INFO] [stderr]    Compiling displaydoc v0.2.7
[INFO] [stderr]    Compiling oid-registry v0.8.1
[INFO] [stderr]    Compiling time-macros v0.2.32
[INFO] [stderr]    Compiling data-encoding v2.11.1
[INFO] [stderr]    Compiling asn1-rs-derive v0.6.0
[INFO] [stderr]    Compiling thiserror v2.0.21
[INFO] [stderr]    Compiling time v0.3.55
[INFO] [stderr]    Compiling rusticata-macros v4.1.0
[INFO] [stderr]    Compiling asn1-rs v0.7.2
[INFO] [stderr]    Compiling der-parser v10.0.0
[INFO] [stderr]    Compiling x509-parser v0.18.1
[INFO] [stderr]    Compiling x509-validator v0.3.1 (/opt/rustwide/workdir)
[INFO] [stderr]     Finished `dev` profile [unoptimized + debuginfo] target(s) in 11.66s
[INFO] running `Command { std: "docker" "inspect" "e751ba36085f6a01fa98070f9e3a8d52104e0882b20221730fc0062a2dfca423", kill_on_drop: false }`
[INFO] running `Command { std: "docker" "exec" "-e" "SOURCE_DIR=/opt/rustwide/workdir" "-e" "CARGO_HOME=/opt/rustwide/cargo-home" "-e" "RUSTUP_HOME=/opt/rustwide/rustup-home" "-e" "CARGO_TARGET_DIR=/opt/rustwide/target" "-e" "CARGO_INCREMENTAL=0" "-e" "RUST_BACKTRACE=full" "-e" "RUSTFLAGS=--cap-lints=warn" "-e" "RUSTDOCFLAGS=--cap-lints=warn" "-w" "/opt/rustwide/workdir" "--user" "0:0" "e751ba36085f6a01fa98070f9e3a8d52104e0882b20221730fc0062a2dfca423" "/opt/rustwide/cargo-home/bin/cargo" "+1.100.0-beta.1" "test" "--frozen" "--no-run" "--message-format=json", kill_on_drop: false }`
[INFO] [stderr] warning: `package.homepage` is redundant with `package.repository`
[INFO] [stderr]    --> Cargo.toml:110:12
[INFO] [stderr]     |
[INFO] [stderr] 110 | homepage = "https://github.com/namecare/x509-validator"
[INFO] [stderr]     |            ^^^^^^^^^^^^^^^^^^^^^^^^^^^^^^^^^^^^^^^^^^^^
[INFO] [stderr] ...
[INFO] [stderr] 115 | repository = "https://github.com/namecare/x509-validator"
[INFO] [stderr]     |              --------------------------------------------
[INFO] [stderr]     |
[INFO] [stderr]     = note: `cargo::redundant_homepage` is set to `warn` by default
[INFO] [stderr] help: consider removing `package.homepage`
[INFO] [stderr] warning: `x509-validator` (manifest) generated 1 warning
[INFO] [stderr]    Compiling zeroize v1.9.0
[INFO] [stderr]    Compiling base64ct v1.8.3
[INFO] [stderr]    Compiling typenum v1.20.1
[INFO] [stderr]    Compiling cmov v0.5.4
[INFO] [stderr]    Compiling libc v0.2.189
[INFO] [stderr]    Compiling cpubits v0.1.1
[INFO] [stderr]    Compiling ctutils v0.4.2
[INFO] [stderr]    Compiling pem-rfc7468 v1.0.0
[INFO] [stderr]    Compiling crypto-bigint v0.7.5
[INFO] [stderr]    Compiling der v0.8.2
[INFO] [stderr]    Compiling hybrid-array v0.4.14
[INFO] [stderr]    Compiling spki v0.8.0
[INFO] [stderr]    Compiling pkcs1 v0.8.0-rc.4
[INFO] [stderr]    Compiling pkcs8 v0.11.0
[INFO] [stderr]    Compiling crypto-common v0.2.2
[INFO] [stderr]    Compiling getrandom v0.4.3
[INFO] [stderr]    Compiling rand v0.10.3
[INFO] [stderr]    Compiling digest v0.11.3
[INFO] [stderr]    Compiling signature v3.0.0
[INFO] [stderr]    Compiling crypto-primes v0.7.2
[INFO] [stderr]    Compiling rsa v0.10.0-rc.18
[INFO] [stderr]    Compiling x509-validator v0.3.1 (/opt/rustwide/workdir)
[INFO] [stdout] error[E0433]: cannot find module or crate `x509_validator_testkit` in this scope
[INFO] [stdout]    --> src/crypto/mod.rs:123:9
[INFO] [stdout]     |
[INFO] [stdout] 123 |     use x509_validator_testkit::rcgen::{CertificateParams, KeyPair};
[INFO] [stdout]     |         ^^^^^^^^^^^^^^^^^^^^^^ use of unresolved module or unlinked crate `x509_validator_testkit`
[INFO] [stdout]     |
[INFO] [stdout]     = help: if you wanted to use a crate named `x509_validator_testkit`, use `cargo add x509_validator_testkit` to add it to your `Cargo.toml`
[INFO] [stdout] 
[INFO] [stdout] 
[INFO] [stdout] error[E0432]: unresolved import `x509_validator_testkit`
[INFO] [stdout]    --> src/certificate.rs:150:9
[INFO] [stdout]     |
[INFO] [stdout] 150 |     use x509_validator_testkit::{cert, issue_ca, issue_leaf, self_signed_ca_with};
[INFO] [stdout]     |         ^^^^^^^^^^^^^^^^^^^^^^ use of unresolved module or unlinked crate `x509_validator_testkit`
[INFO] [stdout]     |
[INFO] [stdout]     = help: if you wanted to use a crate named `x509_validator_testkit`, use `cargo add x509_validator_testkit` to add it to your `Cargo.toml`
[INFO] [stdout] 
[INFO] [stdout] 
[INFO] [stdout] error[E0432]: unresolved import `x509_validator_testkit`
[INFO] [stdout]   --> src/unverified_chain.rs:41:9
[INFO] [stdout]    |
[INFO] [stdout] 41 |     use x509_validator_testkit::{cert, issue_ca, issue_leaf, self_signed_ca_with};
[INFO] [stdout]    |         ^^^^^^^^^^^^^^^^^^^^^^ use of unresolved module or unlinked crate `x509_validator_testkit`
[INFO] [stdout]    |
[INFO] [stdout]    = help: if you wanted to use a crate named `x509_validator_testkit`, use `cargo add x509_validator_testkit` to add it to your `Cargo.toml`
[INFO] [stdout] 
[INFO] [stdout] 
[INFO] [stdout] error[E0432]: unresolved import `x509_validator_testkit`
[INFO] [stdout]   --> src/validated_chain.rs:29:9
[INFO] [stdout]    |
[INFO] [stdout] 29 |     use x509_validator_testkit::{cert, issue_ca, issue_leaf, self_signed_ca_with};
[INFO] [stdout]    |         ^^^^^^^^^^^^^^^^^^^^^^ use of unresolved module or unlinked crate `x509_validator_testkit`
[INFO] [stdout]    |
[INFO] [stdout]    = help: if you wanted to use a crate named `x509_validator_testkit`, use `cargo add x509_validator_testkit` to add it to your `Cargo.toml`
[INFO] [stdout] 
[INFO] [stdout] 
[INFO] [stdout] error[E0432]: unresolved import `x509_validator_testkit`
[INFO] [stdout]   --> src/any_policy.rs:41:9
[INFO] [stdout]    |
[INFO] [stdout] 41 |     use x509_validator_testkit::{cert, self_signed_ca};
[INFO] [stdout]    |         ^^^^^^^^^^^^^^^^^^^^^^ use of unresolved module or unlinked crate `x509_validator_testkit`
[INFO] [stdout]    |
[INFO] [stdout]    = help: if you wanted to use a crate named `x509_validator_testkit`, use `cargo add x509_validator_testkit` to add it to your `Cargo.toml`
[INFO] [stdout] 
[INFO] [stdout] 
[INFO] [stdout] error[E0433]: cannot find module or crate `x509_validator_testkit` in this scope
[INFO] [stdout]    --> src/certificate.rs:243:17
[INFO] [stdout]     |
[INFO] [stdout] 243 |                 x509_validator_testkit::rcgen::KeyUsagePurpose::KeyCertSign,
[INFO] [stdout]     |                 ^^^^^^^^^^^^^^^^^^^^^^ use of unresolved module or unlinked crate `x509_validator_testkit`
[INFO] [stdout]     |
[INFO] [stdout]     = help: if you wanted to use a crate named `x509_validator_testkit`, use `cargo add x509_validator_testkit` to add it to your `Cargo.toml`
[INFO] [stdout] 
[INFO] [stdout] 
[INFO] [stdout] error[E0433]: cannot find module or crate `x509_validator_testkit` in this scope
[INFO] [stdout]    --> src/certificate.rs:244:17
[INFO] [stdout]     |
[INFO] [stdout] 244 |                 x509_validator_testkit::rcgen::KeyUsagePurpose::CrlSign,
[INFO] [stdout]     |                 ^^^^^^^^^^^^^^^^^^^^^^ use of unresolved module or unlinked crate `x509_validator_testkit`
[INFO] [stdout]     |
[INFO] [stdout]     = help: if you wanted to use a crate named `x509_validator_testkit`, use `cargo add x509_validator_testkit` to add it to your `Cargo.toml`
[INFO] [stdout] 
[INFO] [stdout] 
[INFO] [stdout] error[E0433]: cannot find module or crate `x509_validator_testkit` in this scope
[INFO] [stdout]    --> src/certificate.rs:246:44
[INFO] [stdout]     |
[INFO] [stdout] 246 |             params.name_constraints = Some(x509_validator_testkit::name_constraints(
[INFO] [stdout]     |                                            ^^^^^^^^^^^^^^^^^^^^^^ use of unresolved module or unlinked crate `x509_validator_testkit`
[INFO] [stdout]     |
[INFO] [stdout]     = help: if you wanted to use a crate named `x509_validator_testkit`, use `cargo add x509_validator_testkit` to add it to your `Cargo.toml`
[INFO] [stdout] 
[INFO] [stdout] 
[INFO] [stdout] error[E0433]: cannot find module or crate `x509_validator_testkit` in this scope
[INFO] [stdout]    --> src/certificate.rs:247:22
[INFO] [stdout]     |
[INFO] [stdout] 247 |                 vec![x509_validator_testkit::dns_subtree("example.com")],
[INFO] [stdout]     |                      ^^^^^^^^^^^^^^^^^^^^^^ use of unresolved module or unlinked crate `x509_validator_testkit`
[INFO] [stdout]     |
[INFO] [stdout]     = help: if you wanted to use a crate named `x509_validator_testkit`, use `cargo add x509_validator_testkit` to add it to your `Cargo.toml`
[INFO] [stdout] 
[INFO] [stdout] 
[INFO] [stdout] Some errors have detailed explanations: E0432, E0433.
[INFO] [stdout] 
[INFO] [stdout] For more information about an error, try `rustc --explain E0432`.
[INFO] [stdout] 
[INFO] [stderr] error: could not compile `x509-validator` (lib test) due to 9 previous errors
[INFO] running `Command { std: "docker" "inspect" "e751ba36085f6a01fa98070f9e3a8d52104e0882b20221730fc0062a2dfca423", kill_on_drop: false }`
[INFO] running `Command { std: "docker" "rm" "-f" "e751ba36085f6a01fa98070f9e3a8d52104e0882b20221730fc0062a2dfca423", kill_on_drop: false }`
[INFO] [stdout] e751ba36085f6a01fa98070f9e3a8d52104e0882b20221730fc0062a2dfca423
