[INFO] fetching crate wxscan 0.1.1...
[INFO] testing wxscan-0.1.1 against 1.99.0-beta.8 for beta-1.100-2
[INFO] extracting crate wxscan 0.1.1 into /workspace/builds/worker-2-tc1/source
[INFO] started tweaking crates.io crate wxscan 0.1.1
[INFO] removed 0 missing examples
[INFO] finished tweaking crates.io crate wxscan 0.1.1
[INFO] tweaked toml for crates.io crate wxscan 0.1.1 written to /workspace/builds/worker-2-tc1/source/Cargo.toml
[INFO] validating manifest of crates.io crate wxscan 0.1.1 on toolchain 1.99.0-beta.8
[INFO] running `Command { std: CARGO_HOME="/workspace/cargo-home" RUSTUP_HOME="/workspace/rustup-home" "/workspace/cargo-home/bin/cargo" "+1.99.0-beta.8" "metadata" "--manifest-path" "Cargo.toml" "--no-deps", kill_on_drop: false }`
[INFO] crate crates.io crate wxscan 0.1.1 already has a lockfile, it will not be regenerated
[INFO] running `Command { std: CARGO_HOME="/workspace/cargo-home" RUSTUP_HOME="/workspace/rustup-home" "/workspace/cargo-home/bin/cargo" "+1.99.0-beta.8" "fetch" "--manifest-path" "Cargo.toml", kill_on_drop: false }`
[INFO] [stderr]     Updating crates.io index
[INFO] [stderr]      Locking 2 packages to highest compatible versions
[INFO] [stderr]       Adding cvlite v0.1.0
[INFO] [stderr]       Adding wxing v0.1.0
[INFO] [stderr]  Downloading crates ...
[INFO] [stderr]   Downloaded wxscan-tflite v0.1.1
[INFO] [stderr]   Downloaded cvlite v0.1.0
[INFO] [stderr]   Downloaded tract-onnx-opl v0.21.17
[INFO] [stderr]   Downloaded wxing v0.1.0
[INFO] [stderr]   Downloaded tract-onnx v0.21.17
[INFO] [stderr]   Downloaded scan_fmt v0.2.6
[INFO] [stderr]   Downloaded simd-adler32 v0.3.10
[INFO] [stderr]   Downloaded fdeflate v0.3.7
[INFO] [stderr]   Downloaded transpose v0.2.3
[INFO] [stderr]   Downloaded zune-jpeg v0.5.15
[INFO] [stderr]   Downloaded primal-check v0.3.4
[INFO] [stderr]   Downloaded anymap3 v1.1.0
[INFO] [stderr]   Downloaded bit-set v0.5.3
[INFO] [stderr]   Downloaded downcast-rs v1.2.1
[INFO] [stderr]   Downloaded liquid v0.26.8
[INFO] [stderr]   Downloaded maplit v1.0.2
[INFO] [stderr]   Downloaded rawpointer v0.2.1
[INFO] [stderr]   Downloaded dyn-hash v0.2.2
[INFO] [stderr]   Downloaded time v0.3.41
[INFO] [stderr]   Downloaded pest_derive v2.9.0
[INFO] [stderr]   Downloaded ucd-trie v0.1.7
[INFO] [stderr]   Downloaded kstring v2.0.2
[INFO] [stderr]   Downloaded anymap2 v0.13.0
[INFO] [stderr]   Downloaded find-msvc-tools v0.1.11
[INFO] [stderr]   Downloaded xattr v1.6.1
[INFO] [stderr]   Downloaded byteorder-lite v0.1.0
[INFO] [stderr]   Downloaded string-interner v0.15.0
[INFO] [stderr]   Downloaded dyn-clone v1.0.20
[INFO] [stderr]   Downloaded time-core v0.1.4
[INFO] [stderr]   Downloaded num-complex v0.4.6
[INFO] [stderr]   Downloaded prost v0.11.9
[INFO] [stderr]   Downloaded bit-vec v0.6.3
[INFO] [stderr]   Downloaded static_assertions v1.1.0
[INFO] [stderr]   Downloaded derive-new v0.5.9
[INFO] [stderr]   Downloaded time-macros v0.2.22
[INFO] [stderr]   Downloaded paste v1.0.15
[INFO] [stderr]   Downloaded liquid-derive v0.26.8
[INFO] [stderr]   Downloaded pest_generator v2.9.0
[INFO] [stderr]   Downloaded filetime v0.2.29
[INFO] [stderr]   Downloaded prost-derive v0.11.9
[INFO] [stderr]   Downloaded memmap2 v0.9.11
[INFO] [stderr]   Downloaded zune-core v0.5.3
[INFO] [stderr]   Downloaded ahash v0.8.12
[INFO] [stderr]   Downloaded smallvec v1.15.2
[INFO] [stderr]   Downloaded num-integer v0.1.47
[INFO] [stderr]   Downloaded matrixmultiply v0.3.11
[INFO] [stderr]   Downloaded either v1.18.0
[INFO] [stderr]   Downloaded crunchy v0.2.4
[INFO] [stderr]   Downloaded deranged v0.4.0
[INFO] [stderr]   Downloaded pest_meta v2.9.0
[INFO] [stderr]   Downloaded liquid-lib v0.26.8
[INFO] [stderr]   Downloaded doc-comment v0.3.4
[INFO] [stderr]   Downloaded byteorder v1.5.0
[INFO] [stderr]   Downloaded strength_reduce v0.2.4
[INFO] [stderr]   Downloaded crc32fast v1.5.1
[INFO] [stderr]   Downloaded rand_distr v0.4.3
[INFO] [stderr]   Downloaded bytemuck v1.25.2
[INFO] [stderr]   Downloaded tract-nnef v0.21.17
[INFO] [stderr]   Downloaded tinyvec v1.12.0
[INFO] [stderr]   Downloaded bitflags v2.13.1
[INFO] [stderr]   Downloaded portable-atomic-util v0.2.7
[INFO] [stderr]   Downloaded tar v0.4.46
[INFO] [stderr]   Downloaded tract-hir v0.21.17
[INFO] [stderr]   Downloaded tract-data v0.21.17
[INFO] [stderr]   Downloaded minimal-lexical v0.2.1
[INFO] [stderr]   Downloaded half v2.4.1
[INFO] [stderr]   Downloaded png v0.18.1
[INFO] [stderr]   Downloaded zerocopy-derive v0.8.56
[INFO] [stderr]   Downloaded liquid-core v0.26.8
[INFO] [stderr]   Downloaded cc v1.4.4
[INFO] [stderr]   Downloaded itertools v0.10.5
[INFO] [stderr]   Downloaded libm v0.2.11
[INFO] [stderr]   Downloaded nom v7.1.3
[INFO] [stderr]   Downloaded pest v2.9.0
[INFO] [stderr]   Downloaded unicode-normalization v0.1.25
[INFO] [stderr]   Downloaded hashbrown v0.14.5
[INFO] [stderr]   Downloaded moxcms v0.8.1
[INFO] [stderr]   Downloaded itertools v0.12.1
[INFO] [stderr]   Downloaded itertools v0.13.0
[INFO] [stderr]   Downloaded portable-atomic v1.15.0
[INFO] [stderr]   Downloaded tract-core v0.21.17
[INFO] [stderr]   Downloaded tract-linalg v0.21.17
[INFO] [stderr]   Downloaded ndarray v0.16.1
[INFO] [stderr]   Downloaded image v0.25.10
[INFO] [stderr]   Downloaded syn v3.0.4
[INFO] [stderr]   Downloaded zerocopy v0.8.56
[INFO] [stderr]   Downloaded rustfft v6.4.1
[INFO] [stderr]   Downloaded rustix v1.1.4
[INFO] [stderr]   Downloaded libc v0.2.189
[INFO] [stderr]   Downloaded pxfm v0.1.30
[INFO] running `Command { std: "docker" "create" "-v" "/var/lib/crater-agent-workspace/builds/worker-2-tc1/source:/opt/rustwide/workdir:ro,Z" "-v" "/var/lib/crater-agent-workspace/builds/worker-2-tc1/target:/opt/rustwide/target:rw,Z" "-v" "/var/lib/crater-agent-workspace/cargo-home:/opt/rustwide/cargo-home:ro,Z" "-v" "/var/lib/crater-agent-workspace/rustup-home:/opt/rustwide/rustup-home:ro,Z" "-m" "1610612736" "--network" "none" "ghcr.io/rust-lang/crates-build-env/linux@sha256:3111399a4047eeb3a02b7a90e478d715f38a8c6669b5c4b49d30a17385265909" "sleep" "infinity", kill_on_drop: false }`
[INFO] [stdout] a365eaf2bf93c623b35626b2ad3c7148bbcf6b444f6a28259e02b89ca0c7842b
[INFO] running `Command { std: "docker" "start" "a365eaf2bf93c623b35626b2ad3c7148bbcf6b444f6a28259e02b89ca0c7842b", kill_on_drop: false }`
[INFO] running `Command { std: "docker" "inspect" "a365eaf2bf93c623b35626b2ad3c7148bbcf6b444f6a28259e02b89ca0c7842b", kill_on_drop: false }`
[INFO] running `Command { std: "docker" "exec" "-e" "SOURCE_DIR=/opt/rustwide/workdir" "-e" "CARGO_HOME=/opt/rustwide/cargo-home" "-e" "RUSTUP_HOME=/opt/rustwide/rustup-home" "-e" "CARGO_TARGET_DIR=/opt/rustwide/target" "-w" "/opt/rustwide/workdir" "--user" "0:0" "a365eaf2bf93c623b35626b2ad3c7148bbcf6b444f6a28259e02b89ca0c7842b" "/opt/rustwide/cargo-home/bin/cargo" "+1.99.0-beta.8" "metadata" "--no-deps" "--format-version=1", kill_on_drop: false }`
[INFO] running `Command { std: "docker" "inspect" "a365eaf2bf93c623b35626b2ad3c7148bbcf6b444f6a28259e02b89ca0c7842b", kill_on_drop: false }`
[INFO] running `Command { std: "docker" "exec" "-e" "SOURCE_DIR=/opt/rustwide/workdir" "-e" "CARGO_HOME=/opt/rustwide/cargo-home" "-e" "RUSTUP_HOME=/opt/rustwide/rustup-home" "-e" "CARGO_TARGET_DIR=/opt/rustwide/target" "-e" "CARGO_INCREMENTAL=0" "-e" "RUST_BACKTRACE=full" "-e" "RUSTFLAGS=--cap-lints=warn" "-e" "RUSTDOCFLAGS=--cap-lints=warn" "-w" "/opt/rustwide/workdir" "--user" "0:0" "a365eaf2bf93c623b35626b2ad3c7148bbcf6b444f6a28259e02b89ca0c7842b" "/opt/rustwide/cargo-home/bin/cargo" "+1.99.0-beta.8" "build" "--frozen" "--message-format=json", kill_on_drop: false }`
[INFO] [stderr]    Compiling wxscan-tflite v0.1.1
[INFO] [stderr]    Compiling cvlite v0.1.0
[INFO] [stderr]    Compiling wxing v0.1.0
[INFO] [stderr]    Compiling wxscan v0.1.1 (/opt/rustwide/workdir)
[INFO] [stderr]     Finished `dev` profile [unoptimized + debuginfo] target(s) in 2.53s
[INFO] running `Command { std: "docker" "inspect" "a365eaf2bf93c623b35626b2ad3c7148bbcf6b444f6a28259e02b89ca0c7842b", kill_on_drop: false }`
[INFO] running `Command { std: "docker" "exec" "-e" "SOURCE_DIR=/opt/rustwide/workdir" "-e" "CARGO_HOME=/opt/rustwide/cargo-home" "-e" "RUSTUP_HOME=/opt/rustwide/rustup-home" "-e" "CARGO_TARGET_DIR=/opt/rustwide/target" "-e" "CARGO_INCREMENTAL=0" "-e" "RUST_BACKTRACE=full" "-e" "RUSTFLAGS=--cap-lints=warn" "-e" "RUSTDOCFLAGS=--cap-lints=warn" "-w" "/opt/rustwide/workdir" "--user" "0:0" "a365eaf2bf93c623b35626b2ad3c7148bbcf6b444f6a28259e02b89ca0c7842b" "/opt/rustwide/cargo-home/bin/cargo" "+1.99.0-beta.8" "test" "--frozen" "--no-run" "--message-format=json", kill_on_drop: false }`
[INFO] [stderr]    Compiling crc32fast v1.5.1
[INFO] [stderr]    Compiling simd-adler32 v0.3.10
[INFO] [stderr]    Compiling autocfg v1.5.1
[INFO] [stderr]    Compiling cfg-if v1.0.4
[INFO] [stderr]    Compiling adler2 v2.0.1
[INFO] [stderr]    Compiling bitflags v2.13.1
[INFO] [stderr]    Compiling pxfm v0.1.30
[INFO] [stderr]    Compiling zune-core v0.5.3
[INFO] [stderr]    Compiling bytemuck v1.25.2
[INFO] [stderr]    Compiling byteorder-lite v0.1.0
[INFO] [stderr]    Compiling miniz_oxide v0.8.9
[INFO] [stderr]    Compiling fdeflate v0.3.7
[INFO] [stderr]    Compiling num-traits v0.2.19
[INFO] [stderr]    Compiling zune-jpeg v0.5.15
[INFO] [stderr]    Compiling flate2 v1.1.9
[INFO] [stderr]    Compiling png v0.18.1
[INFO] [stderr]    Compiling moxcms v0.8.1
[INFO] [stderr]    Compiling image v0.25.10
[INFO] [stderr]    Compiling wxscan v0.1.1 (/opt/rustwide/workdir)
[INFO] [stdout] error: linking with `cc` failed: exit status: 1
[INFO] [stdout]   |
[INFO] [stdout]   = note:  "cc" "-m64" "/opt/rustwide/target/debug/examples/rustcJUHAVv/symbols.o" "<2 object files omitted>" "-Wl,--as-needed" "-Wl,-Bstatic" "/opt/rustwide/target/debug/deps/{libwxscan-7f288fc53cfbfa84,libwxing-f502f675b06c186e,libcvlite-b683ba6f23d92bb2,libwxscan_tflite-fa23da641a8e47ca}.rlib" "<sysroot>/lib/rustlib/x86_64-unknown-linux-gnu/lib/{libstd-*,libpanic_unwind-*,libobject-*,libmemchr-*,libaddr2line-*,libgimli-*,libcfg_if-*,librustc_demangle-*,libstd_detect-*,libhashbrown-*,librustc_std_workspace_alloc-*,libminiz_oxide-*,libadler2-*,libunwind-*,liblibc-*,librustc_std_workspace_core-*,liballoc-*,libcore-*,libcompiler_builtins-*}.rlib" "-Wl,-Bdynamic" "-ltensorflowlite_c" "-lgcc_s" "-lutil" "-lrt" "-lpthread" "-lm" "-ldl" "-lc" "-L" "/opt/rustwide/target/debug/examples/rustcJUHAVv/raw-dylibs" "-B<sysroot>/lib/rustlib/x86_64-unknown-linux-gnu/bin/gcc-ld" "-fuse-ld=lld" "-Wl,--eh-frame-hdr" "-Wl,-z,noexecstack" "-L" "<sysroot>/lib/rustlib/x86_64-unknown-linux-gnu/lib" "-o" "/opt/rustwide/target/debug/examples/threads-c16c33581ec430e9" "-Wl,--gc-sections" "-pie" "-Wl,-z,relro,-z,now" "-nodefaultlibs"
[INFO] [stdout]   = note: some arguments are omitted. use `--verbose` to show all linker arguments
[INFO] [stdout]   = note: rust-lld: error: unable to find library -ltensorflowlite_c
[INFO] [stdout]           collect2: error: ld returned 1 exit status
[INFO] [stdout]           
[INFO] [stdout] 
[INFO] [stdout] 
[INFO] [stderr] error: could not compile `wxscan` (example "threads") due to 1 previous error
[INFO] [stderr] warning: build failed, waiting for other jobs to finish...
[INFO] [stdout] error: linking with `cc` failed: exit status: 1
[INFO] [stdout]   |
[INFO] [stdout]   = note:  "cc" "-m64" "/opt/rustwide/target/debug/examples/rustcxOJI5F/symbols.o" "<4 object files omitted>" "-Wl,--as-needed" "-Wl,-Bstatic" "/opt/rustwide/target/debug/deps/{libimage-e29e3ade7d18553c,libbytemuck-192cb376c5a89ca5,libbyteorder_lite-f5df2d14b4488fc7,libmoxcms-5169ec10df799ef3,libpxfm-91a3ea59a373319b,libpng-2f33c99fb3a5fe66,libbitflags-4e5b7311cdb9fa7b,libflate2-a0a2ec01ce66960a,libminiz_oxide-3e792ced8c47743d,libfdeflate-248f08862f655d63,libsimd_adler32-e4f4395b2ec58222,libcrc32fast-72a668f1caef57d4,libcfg_if-83060ec5685761ae,libzune_jpeg-5c46f3522f6ad063,libzune_core-b108a267678bb7c5,libnum_traits-87b85c9cd014cb66,libwxscan-7f288fc53cfbfa84,libwxing-f502f675b06c186e,libcvlite-b683ba6f23d92bb2,libwxscan_tflite-fa23da641a8e47ca}.rlib" "<sysroot>/lib/rustlib/x86_64-unknown-linux-gnu/lib/{libstd-*,libpanic_unwind-*,libobject-*,libmemchr-*,libaddr2line-*,libgimli-*,libcfg_if-*,librustc_demangle-*,libstd_detect-*,libhashbrown-*,librustc_std_workspace_alloc-*,libminiz_oxide-*,libadler2-*,libunwind-*,liblibc-*,librustc_std_workspace_core-*,liballoc-*,libcore-*,libcompiler_builtins-*}.rlib" "-Wl,-Bdynamic" "-ltensorflowlite_c" "-lgcc_s" "-lutil" "-lrt" "-lpthread" "-lm" "-ldl" "-lc" "-L" "/opt/rustwide/target/debug/examples/rustcxOJI5F/raw-dylibs" "-B<sysroot>/lib/rustlib/x86_64-unknown-linux-gnu/bin/gcc-ld" "-fuse-ld=lld" "-Wl,--eh-frame-hdr" "-Wl,-z,noexecstack" "-L" "<sysroot>/lib/rustlib/x86_64-unknown-linux-gnu/lib" "-o" "/opt/rustwide/target/debug/examples/dump_nn-470d218e6befe8ba" "-Wl,--gc-sections" "-pie" "-Wl,-z,relro,-z,now" "-nodefaultlibs"
[INFO] [stdout]   = note: some arguments are omitted. use `--verbose` to show all linker arguments
[INFO] [stdout]   = note: rust-lld: error: unable to find library -ltensorflowlite_c
[INFO] [stdout]           collect2: error: ld returned 1 exit status
[INFO] [stdout]           
[INFO] [stdout] 
[INFO] [stdout] 
[INFO] [stderr] error: could not compile `wxscan` (example "dump_nn") due to 1 previous error
[INFO] [stdout] error: linking with `cc` failed: exit status: 1
[INFO] [stdout]   |
[INFO] [stdout]   = note:  "cc" "-m64" "/opt/rustwide/target/debug/deps/rustceThhy9/symbols.o" "<2 object files omitted>" "-Wl,--as-needed" "-Wl,-Bstatic" "<sysroot>/lib/rustlib/x86_64-unknown-linux-gnu/lib/{libtest-*,libgetopts-*,librustc_std_workspace_std-*}.rlib" "/opt/rustwide/target/debug/deps/{libwxing-f502f675b06c186e,libcvlite-b683ba6f23d92bb2,libwxscan_tflite-fa23da641a8e47ca}.rlib" "<sysroot>/lib/rustlib/x86_64-unknown-linux-gnu/lib/{libstd-*,libpanic_unwind-*,libobject-*,libmemchr-*,libaddr2line-*,libgimli-*,libcfg_if-*,librustc_demangle-*,libstd_detect-*,libhashbrown-*,librustc_std_workspace_alloc-*,libminiz_oxide-*,libadler2-*,libunwind-*,liblibc-*,librustc_std_workspace_core-*,liballoc-*,libcore-*,libcompiler_builtins-*}.rlib" "-Wl,-Bdynamic" "-ltensorflowlite_c" "-lgcc_s" "-lutil" "-lrt" "-lpthread" "-lm" "-ldl" "-lc" "-L" "/opt/rustwide/target/debug/deps/rustceThhy9/raw-dylibs" "-B<sysroot>/lib/rustlib/x86_64-unknown-linux-gnu/bin/gcc-ld" "-fuse-ld=lld" "-Wl,--eh-frame-hdr" "-Wl,-z,noexecstack" "-L" "<sysroot>/lib/rustlib/x86_64-unknown-linux-gnu/lib" "-o" "/opt/rustwide/target/debug/deps/wxscan-fa81547cb42d64dc" "-Wl,--gc-sections" "-pie" "-Wl,-z,relro,-z,now" "-nodefaultlibs"
[INFO] [stdout]   = note: some arguments are omitted. use `--verbose` to show all linker arguments
[INFO] [stdout]   = note: rust-lld: error: unable to find library -ltensorflowlite_c
[INFO] [stdout]           collect2: error: ld returned 1 exit status
[INFO] [stdout]           
[INFO] [stdout] 
[INFO] [stdout] 
[INFO] [stderr] error: could not compile `wxscan` (lib test) due to 1 previous error
[INFO] [stdout] error: linking with `cc` failed: exit status: 1
[INFO] [stdout]   |
[INFO] [stdout]   = note:  "cc" "-m64" "/opt/rustwide/target/debug/examples/rustc5XG6wm/symbols.o" "<4 object files omitted>" "-Wl,--as-needed" "-Wl,-Bstatic" "/opt/rustwide/target/debug/deps/{libimage-e29e3ade7d18553c,libbytemuck-192cb376c5a89ca5,libbyteorder_lite-f5df2d14b4488fc7,libmoxcms-5169ec10df799ef3,libpxfm-91a3ea59a373319b,libpng-2f33c99fb3a5fe66,libbitflags-4e5b7311cdb9fa7b,libflate2-a0a2ec01ce66960a,libminiz_oxide-3e792ced8c47743d,libfdeflate-248f08862f655d63,libsimd_adler32-e4f4395b2ec58222,libcrc32fast-72a668f1caef57d4,libcfg_if-83060ec5685761ae,libzune_jpeg-5c46f3522f6ad063,libzune_core-b108a267678bb7c5,libnum_traits-87b85c9cd014cb66,libwxscan-7f288fc53cfbfa84,libwxing-f502f675b06c186e,libcvlite-b683ba6f23d92bb2,libwxscan_tflite-fa23da641a8e47ca}.rlib" "<sysroot>/lib/rustlib/x86_64-unknown-linux-gnu/lib/{libstd-*,libpanic_unwind-*,libobject-*,libmemchr-*,libaddr2line-*,libgimli-*,libcfg_if-*,librustc_demangle-*,libstd_detect-*,libhashbrown-*,librustc_std_workspace_alloc-*,libminiz_oxide-*,libadler2-*,libunwind-*,liblibc-*,librustc_std_workspace_core-*,liballoc-*,libcore-*,libcompiler_builtins-*}.rlib" "-Wl,-Bdynamic" "-ltensorflowlite_c" "-lgcc_s" "-lutil" "-lrt" "-lpthread" "-lm" "-ldl" "-lc" "-L" "/opt/rustwide/target/debug/examples/rustc5XG6wm/raw-dylibs" "-B<sysroot>/lib/rustlib/x86_64-unknown-linux-gnu/bin/gcc-ld" "-fuse-ld=lld" "-Wl,--eh-frame-hdr" "-Wl,-z,noexecstack" "-L" "<sysroot>/lib/rustlib/x86_64-unknown-linux-gnu/lib" "-o" "/opt/rustwide/target/debug/examples/dump-43a62099b5a9b631" "-Wl,--gc-sections" "-pie" "-Wl,-z,relro,-z,now" "-nodefaultlibs"
[INFO] [stdout]   = note: some arguments are omitted. use `--verbose` to show all linker arguments
[INFO] [stdout]   = note: rust-lld: error: unable to find library -ltensorflowlite_c
[INFO] [stdout]           collect2: error: ld returned 1 exit status
[INFO] [stdout]           
[INFO] [stdout] 
[INFO] [stdout] 
[INFO] [stderr] error: could not compile `wxscan` (example "dump") due to 1 previous error
[INFO] [stdout] error: linking with `cc` failed: exit status: 1
[INFO] [stdout]   |
[INFO] [stdout]   = note:  "cc" "-m64" "/opt/rustwide/target/debug/examples/rustc4TNUKv/symbols.o" "<4 object files omitted>" "-Wl,--as-needed" "-Wl,-Bstatic" "/opt/rustwide/target/debug/deps/{libimage-e29e3ade7d18553c,libbytemuck-192cb376c5a89ca5,libbyteorder_lite-f5df2d14b4488fc7,libmoxcms-5169ec10df799ef3,libpxfm-91a3ea59a373319b,libpng-2f33c99fb3a5fe66,libbitflags-4e5b7311cdb9fa7b,libflate2-a0a2ec01ce66960a,libminiz_oxide-3e792ced8c47743d,libfdeflate-248f08862f655d63,libsimd_adler32-e4f4395b2ec58222,libcrc32fast-72a668f1caef57d4,libcfg_if-83060ec5685761ae,libzune_jpeg-5c46f3522f6ad063,libzune_core-b108a267678bb7c5,libnum_traits-87b85c9cd014cb66,libwxscan-7f288fc53cfbfa84,libwxing-f502f675b06c186e,libcvlite-b683ba6f23d92bb2,libwxscan_tflite-fa23da641a8e47ca}.rlib" "<sysroot>/lib/rustlib/x86_64-unknown-linux-gnu/lib/{libstd-*,libpanic_unwind-*,libobject-*,libmemchr-*,libaddr2line-*,libgimli-*,libcfg_if-*,librustc_demangle-*,libstd_detect-*,libhashbrown-*,librustc_std_workspace_alloc-*,libminiz_oxide-*,libadler2-*,libunwind-*,liblibc-*,librustc_std_workspace_core-*,liballoc-*,libcore-*,libcompiler_builtins-*}.rlib" "-Wl,-Bdynamic" "-ltensorflowlite_c" "-lgcc_s" "-lutil" "-lrt" "-lpthread" "-lm" "-ldl" "-lc" "-L" "/opt/rustwide/target/debug/examples/rustc4TNUKv/raw-dylibs" "-B<sysroot>/lib/rustlib/x86_64-unknown-linux-gnu/bin/gcc-ld" "-fuse-ld=lld" "-Wl,--eh-frame-hdr" "-Wl,-z,noexecstack" "-L" "<sysroot>/lib/rustlib/x86_64-unknown-linux-gnu/lib" "-o" "/opt/rustwide/target/debug/examples/bench-57b4ae4eadc13093" "-Wl,--gc-sections" "-pie" "-Wl,-z,relro,-z,now" "-nodefaultlibs"
[INFO] [stdout]   = note: some arguments are omitted. use `--verbose` to show all linker arguments
[INFO] [stdout]   = note: rust-lld: error: unable to find library -ltensorflowlite_c
[INFO] [stdout]           collect2: error: ld returned 1 exit status
[INFO] [stdout]           
[INFO] [stdout] 
[INFO] [stdout] 
[INFO] [stderr] error: could not compile `wxscan` (example "bench") due to 1 previous error
[INFO] running `Command { std: "docker" "inspect" "a365eaf2bf93c623b35626b2ad3c7148bbcf6b444f6a28259e02b89ca0c7842b", kill_on_drop: false }`
[INFO] running `Command { std: "docker" "rm" "-f" "a365eaf2bf93c623b35626b2ad3c7148bbcf6b444f6a28259e02b89ca0c7842b", kill_on_drop: false }`
[INFO] [stdout] a365eaf2bf93c623b35626b2ad3c7148bbcf6b444f6a28259e02b89ca0c7842b
