[INFO] fetching crate wxpush 0.1.16...
[INFO] testing wxpush-0.1.16 against 1.99.0-beta.8 for beta-1.100-2
[INFO] extracting crate wxpush 0.1.16 into /workspace/builds/worker-2-tc1/source
[INFO] started tweaking crates.io crate wxpush 0.1.16
[INFO] removed 0 missing tests
[INFO] finished tweaking crates.io crate wxpush 0.1.16
[INFO] tweaked toml for crates.io crate wxpush 0.1.16 written to /workspace/builds/worker-2-tc1/source/Cargo.toml
[INFO] validating manifest of crates.io crate wxpush 0.1.16 on toolchain 1.99.0-beta.8
[INFO] running `Command { std: CARGO_HOME="/workspace/cargo-home" RUSTUP_HOME="/workspace/rustup-home" "/workspace/cargo-home/bin/cargo" "+1.99.0-beta.8" "metadata" "--manifest-path" "Cargo.toml" "--no-deps", kill_on_drop: false }`
[INFO] crate crates.io crate wxpush 0.1.16 already has a lockfile, it will not be regenerated
[INFO] running `Command { std: CARGO_HOME="/workspace/cargo-home" RUSTUP_HOME="/workspace/rustup-home" "/workspace/cargo-home/bin/cargo" "+1.99.0-beta.8" "fetch" "--manifest-path" "Cargo.toml", kill_on_drop: false }`
[INFO] [stderr]     Updating crates.io index
[INFO] [stderr]  Downloading crates ...
[INFO] [stderr]   Downloaded xstr v0.1.11
[INFO] [stderr]   Downloaded static_init_macro v1.0.4
[INFO] [stderr]   Downloaded ref-cast v1.0.23
[INFO] [stderr]   Downloaded rancor v0.1.0
[INFO] [stderr]   Downloaded ptr_meta v0.3.0
[INFO] [stderr]   Downloaded munge v0.4.1
[INFO] [stderr]   Downloaded miniz_oxide v0.8.4
[INFO] [stderr]   Downloaded ref-cast-impl v1.0.23
[INFO] [stderr]   Downloaded rend v0.5.2
[INFO] [stderr]   Downloaded sonic-simd v0.1.0
[INFO] [stderr]   Downloaded ptr_meta_derive v0.3.0
[INFO] [stderr]   Downloaded munge_macro v0.4.1
[INFO] [stderr]   Downloaded serde_with_macros v3.12.0
[INFO] [stderr]   Downloaded rkyv_derive v0.8.10
[INFO] [stderr]   Downloaded tokio-rustls v0.26.1
[INFO] [stderr]   Downloaded static_init v1.0.3
[INFO] [stderr]   Downloaded sonic-number v0.1.0
[INFO] [stderr]   Downloaded httparse v1.10.0
[INFO] [stderr]   Downloaded sonic-rs v0.3.17
[INFO] [stderr]   Downloaded tinyvec v1.8.1
[INFO] [stderr]   Downloaded uuid v1.13.2
[INFO] [stderr]   Downloaded hyper-util v0.1.10
[INFO] [stderr]   Downloaded http v1.2.0
[INFO] [stderr]   Downloaded serde_with v3.12.0
[INFO] [stderr]   Downloaded rkyv v0.8.10
[INFO] [stderr]   Downloaded reqwest v0.12.12
[INFO] [stderr]   Downloaded rustls v0.23.23
[INFO] [stderr]   Downloaded faststr v0.2.30
[INFO] [stderr]   Downloaded ring v0.17.9
[INFO] running `Command { std: "docker" "create" "-v" "/var/lib/crater-agent-workspace/builds/worker-2-tc1/source:/opt/rustwide/workdir:ro,Z" "-v" "/var/lib/crater-agent-workspace/builds/worker-2-tc1/target:/opt/rustwide/target:rw,Z" "-v" "/var/lib/crater-agent-workspace/cargo-home:/opt/rustwide/cargo-home:ro,Z" "-v" "/var/lib/crater-agent-workspace/rustup-home:/opt/rustwide/rustup-home:ro,Z" "-m" "1610612736" "--network" "none" "ghcr.io/rust-lang/crates-build-env/linux@sha256:3111399a4047eeb3a02b7a90e478d715f38a8c6669b5c4b49d30a17385265909" "sleep" "infinity", kill_on_drop: false }`
[INFO] [stdout] aff065ecad2a4b3f552cbc05d05a8d853727c3a0c2c996abbe14fb02f06e9962
[INFO] running `Command { std: "docker" "start" "aff065ecad2a4b3f552cbc05d05a8d853727c3a0c2c996abbe14fb02f06e9962", kill_on_drop: false }`
[INFO] running `Command { std: "docker" "inspect" "aff065ecad2a4b3f552cbc05d05a8d853727c3a0c2c996abbe14fb02f06e9962", kill_on_drop: false }`
[INFO] running `Command { std: "docker" "exec" "-e" "SOURCE_DIR=/opt/rustwide/workdir" "-e" "CARGO_HOME=/opt/rustwide/cargo-home" "-e" "RUSTUP_HOME=/opt/rustwide/rustup-home" "-e" "CARGO_TARGET_DIR=/opt/rustwide/target" "-w" "/opt/rustwide/workdir" "--user" "0:0" "aff065ecad2a4b3f552cbc05d05a8d853727c3a0c2c996abbe14fb02f06e9962" "/opt/rustwide/cargo-home/bin/cargo" "+1.99.0-beta.8" "metadata" "--no-deps" "--format-version=1", kill_on_drop: false }`
[INFO] running `Command { std: "docker" "inspect" "aff065ecad2a4b3f552cbc05d05a8d853727c3a0c2c996abbe14fb02f06e9962", kill_on_drop: false }`
[INFO] running `Command { std: "docker" "exec" "-e" "SOURCE_DIR=/opt/rustwide/workdir" "-e" "CARGO_HOME=/opt/rustwide/cargo-home" "-e" "RUSTUP_HOME=/opt/rustwide/rustup-home" "-e" "CARGO_TARGET_DIR=/opt/rustwide/target" "-e" "CARGO_INCREMENTAL=0" "-e" "RUST_BACKTRACE=full" "-e" "RUSTFLAGS=--cap-lints=warn" "-e" "RUSTDOCFLAGS=--cap-lints=warn" "-w" "/opt/rustwide/workdir" "--user" "0:0" "aff065ecad2a4b3f552cbc05d05a8d853727c3a0c2c996abbe14fb02f06e9962" "/opt/rustwide/cargo-home/bin/cargo" "+1.99.0-beta.8" "build" "--frozen" "--message-format=json", kill_on_drop: false }`
[INFO] [stderr]    Compiling proc-macro2 v1.0.93
[INFO] [stderr]    Compiling unicode-ident v1.0.17
[INFO] [stderr]    Compiling libc v0.2.169
[INFO] [stderr]    Compiling bytes v1.10.0
[INFO] [stderr]    Compiling itoa v1.0.14
[INFO] [stderr]    Compiling pkg-config v0.3.31
[INFO] [stderr]    Compiling once_cell v1.20.3
[INFO] [stderr]    Compiling writeable v0.5.5
[INFO] [stderr]    Compiling litemap v0.7.4
[INFO] [stderr]    Compiling cc v1.2.14
[INFO] [stderr]    Compiling smallvec v1.14.0
[INFO] [stderr]    Compiling autocfg v1.4.0
[INFO] [stderr]    Compiling serde v1.0.218
[INFO] [stderr]    Compiling futures-task v0.3.31
[INFO] [stderr]    Compiling icu_locid_transform_data v1.5.0
[INFO] [stderr]    Compiling hashbrown v0.15.2
[INFO] [stderr]    Compiling cfg_aliases v0.1.1
[INFO] [stderr]    Compiling openssl v0.10.71
[INFO] [stderr]    Compiling httparse v1.10.0
[INFO] [stderr]    Compiling icu_properties_data v1.5.0
[INFO] [stderr]    Compiling futures-util v0.3.31
[INFO] [stderr]    Compiling tracing-core v0.1.33
[INFO] [stderr]    Compiling bitflags v2.8.0
[INFO] [stderr]    Compiling write16 v1.0.0
[INFO] [stderr]    Compiling utf16_iter v1.0.5
[INFO] [stderr]    Compiling icu_normalizer_data v1.5.0
[INFO] [stderr]    Compiling futures-channel v0.3.31
[INFO] [stderr]    Compiling ryu v1.0.19
[INFO] [stderr]    Compiling log v0.4.25
[INFO] [stderr]    Compiling syn v1.0.109
[INFO] [stderr]    Compiling static_init_macro v1.0.4
[INFO] [stderr]    Compiling thiserror v2.0.11
[INFO] [stderr]    Compiling slab v0.4.9
[INFO] [stderr]    Compiling serde_json v1.0.139
[INFO] [stderr]    Compiling ref-cast v1.0.23
[INFO] [stderr]    Compiling static_init v1.0.3
[INFO] [stderr]    Compiling anyhow v1.0.96
[INFO] [stderr]    Compiling simdutf8 v0.1.5
[INFO] [stderr]    Compiling memchr v2.7.4
[INFO] [stderr]    Compiling rustls-pki-types v1.11.0
[INFO] [stderr]    Compiling encoding_rs v0.8.35
[INFO] [stderr]    Compiling sonic-simd v0.1.0
[INFO] [stderr]    Compiling sonic-number v0.1.0
[INFO] [stderr]    Compiling indexmap v2.7.1
[INFO] [stderr]    Compiling bumpalo v3.17.0
[INFO] [stderr]    Compiling tracing v0.1.41
[INFO] [stderr]    Compiling xstr v0.1.11
[INFO] [stderr]    Compiling http v1.2.0
[INFO] [stderr]    Compiling socket2 v0.5.8
[INFO] [stderr]    Compiling mio v1.0.3
[INFO] [stderr]    Compiling rustls-pemfile v2.2.0
[INFO] [stderr]    Compiling quote v1.0.38
[INFO] [stderr]    Compiling syn v2.0.98
[INFO] [stderr]    Compiling http-body v1.0.1
[INFO] [stderr]    Compiling tokio v1.43.0
[INFO] [stderr]    Compiling openssl-sys v0.9.106
[INFO] [stderr]    Compiling native-tls v0.2.14
[INFO] [stderr]    Compiling http-body-util v0.1.2
[INFO] [stderr]    Compiling synstructure v0.13.1
[INFO] [stderr]    Compiling darling_core v0.20.10
[INFO] [stdout] error[E0433]: cannot find module or crate `parking_lot` in this scope
[INFO] [stdout]    --> /opt/rustwide/cargo-home/registry/src/index.crates.io-1949cf8c6b5b557f/static_init-1.0.3/src/lazy_sequentializer.rs:336:13
[INFO] [stdout]     |
[INFO] [stdout] 336 |         use parking_lot::lock_api::GetThreadId;
[INFO] [stdout]     |             ^^^^^^^^^^^ use of unresolved module or unlinked crate `parking_lot`
[INFO] [stdout]     |
[INFO] [stdout]     = help: if you wanted to use a crate named `parking_lot`, use `cargo add parking_lot` to add it to your `Cargo.toml`
[INFO] [stdout] 
[INFO] [stdout] 
[INFO] [stdout] error[E0433]: cannot find module or crate `parking_lot` in this scope
[INFO] [stdout]    --> /opt/rustwide/cargo-home/registry/src/index.crates.io-1949cf8c6b5b557f/static_init-1.0.3/src/lazy_sequentializer.rs:371:21
[INFO] [stdout]     |
[INFO] [stdout] 371 |                 use parking_lot::lock_api::GetThreadId;
[INFO] [stdout]     |                     ^^^^^^^^^^^ use of unresolved module or unlinked crate `parking_lot`
[INFO] [stdout]     |
[INFO] [stdout]     = help: if you wanted to use a crate named `parking_lot`, use `cargo add parking_lot` to add it to your `Cargo.toml`
[INFO] [stdout] 
[INFO] [stdout] 
[INFO] [stdout] error[E0433]: cannot find module or crate `parking_lot` in this scope
[INFO] [stdout]    --> /opt/rustwide/cargo-home/registry/src/index.crates.io-1949cf8c6b5b557f/static_init-1.0.3/src/lazy_sequentializer.rs:338:13
[INFO] [stdout]     |
[INFO] [stdout] 338 |             parking_lot::RawThreadId.nonzero_thread_id().into(),
[INFO] [stdout]     |             ^^^^^^^^^^^ use of unresolved module or unlinked crate `parking_lot`
[INFO] [stdout]     |
[INFO] [stdout]     = help: if you wanted to use a crate named `parking_lot`, use `cargo add parking_lot` to add it to your `Cargo.toml`
[INFO] [stdout] 
[INFO] [stdout] 
[INFO] [stdout] error[E0433]: cannot find module or crate `parking_lot` in this scope
[INFO] [stdout]    --> /opt/rustwide/cargo-home/registry/src/index.crates.io-1949cf8c6b5b557f/static_init-1.0.3/src/lazy_sequentializer.rs:372:26
[INFO] [stdout]     |
[INFO] [stdout] 372 |                 if id == parking_lot::RawThreadId.nonzero_thread_id().into() {
[INFO] [stdout]     |                          ^^^^^^^^^^^ use of unresolved module or unlinked crate `parking_lot`
[INFO] [stdout]     |
[INFO] [stdout]     = help: if you wanted to use a crate named `parking_lot`, use `cargo add parking_lot` to add it to your `Cargo.toml`
[INFO] [stdout] 
[INFO] [stdout] 
[INFO] [stderr]    Compiling zerovec-derive v0.10.3
[INFO] [stderr]    Compiling displaydoc v0.2.5
[INFO] [stderr]    Compiling icu_provider_macros v1.5.0
[INFO] [stderr]    Compiling serde_derive v1.0.218
[INFO] [stderr]    Compiling openssl-macros v0.1.1
[INFO] [stderr]    Compiling thiserror-impl v2.0.11
[INFO] [stderr]    Compiling ref-cast-impl v1.0.23
[INFO] [stderr]    Compiling zerofrom-derive v0.1.5
[INFO] [stderr]    Compiling yoke-derive v0.7.5
[INFO] [stdout] For more information about this error, try `rustc --explain E0433`.
[INFO] [stdout] 
[INFO] [stderr] error: could not compile `static_init` (lib) due to 4 previous errors
[INFO] [stderr] warning: build failed, waiting for other jobs to finish...
[INFO] running `Command { std: "docker" "inspect" "aff065ecad2a4b3f552cbc05d05a8d853727c3a0c2c996abbe14fb02f06e9962", kill_on_drop: false }`
[INFO] running `Command { std: "docker" "rm" "-f" "aff065ecad2a4b3f552cbc05d05a8d853727c3a0c2c996abbe14fb02f06e9962", kill_on_drop: false }`
[INFO] [stdout] aff065ecad2a4b3f552cbc05d05a8d853727c3a0c2c996abbe14fb02f06e9962
