[INFO] fetching crate wx-rs 0.2.0...
[INFO] testing wx-rs-0.2.0 against 1.99.0-beta.8 for beta-1.100-2
[INFO] extracting crate wx-rs 0.2.0 into /workspace/builds/worker-5-tc1/source
[INFO] started tweaking crates.io crate wx-rs 0.2.0
[INFO] finished tweaking crates.io crate wx-rs 0.2.0
[INFO] tweaked toml for crates.io crate wx-rs 0.2.0 written to /workspace/builds/worker-5-tc1/source/Cargo.toml
[INFO] validating manifest of crates.io crate wx-rs 0.2.0 on toolchain 1.99.0-beta.8
[INFO] running `Command { std: CARGO_HOME="/workspace/cargo-home" RUSTUP_HOME="/workspace/rustup-home" "/workspace/cargo-home/bin/cargo" "+1.99.0-beta.8" "metadata" "--manifest-path" "Cargo.toml" "--no-deps", kill_on_drop: false }`
[INFO] crate crates.io crate wx-rs 0.2.0 already has a lockfile, it will not be regenerated
[INFO] running `Command { std: CARGO_HOME="/workspace/cargo-home" RUSTUP_HOME="/workspace/rustup-home" "/workspace/cargo-home/bin/cargo" "+1.99.0-beta.8" "fetch" "--manifest-path" "Cargo.toml", kill_on_drop: false }`
[INFO] [stderr]     Updating crates.io index
[INFO] [stderr]  Downloading crates ...
[INFO] [stderr]   Downloaded xattr v0.2.3
[INFO] [stderr]   Downloaded filetime v0.2.20
[INFO] [stderr]   Downloaded tar v0.4.38
[INFO] [stderr]   Downloaded futures-sink v0.3.27
[INFO] [stderr]   Downloaded tower-service v0.3.2
[INFO] [stderr]   Downloaded try-lock v0.2.4
[INFO] [stderr]   Downloaded futures-task v0.3.27
[INFO] [stderr]   Downloaded futures-channel v0.3.27
[INFO] [stderr]   Downloaded reqwest v0.11.15
[INFO] [stderr]   Downloaded hermit-abi v0.3.1
[INFO] [stderr]   Downloaded ipnet v2.7.1
[INFO] [stderr]   Downloaded num_cpus v1.15.0
[INFO] [stderr]   Downloaded wasm-bindgen-backend v0.2.84
[INFO] [stderr]   Downloaded itoa v1.0.6
[INFO] [stderr]   Downloaded unicode-bidi v0.3.13
[INFO] [stderr]   Downloaded serde v1.0.158
[INFO] [stderr]   Downloaded futures-core v0.3.27
[INFO] [stderr]   Downloaded embed-resource v1.8.0
[INFO] [stderr]   Downloaded cc v1.0.79
[INFO] [stderr]   Downloaded semver v1.0.17
[INFO] [stderr]   Downloaded raw-window-handle v0.5.2
[INFO] [stderr]   Downloaded once_cell v1.17.1
[INFO] [stderr]   Downloaded io-lifetimes v1.0.9
[INFO] [stderr]   Downloaded openssl-sys v0.9.83
[INFO] [stderr]   Downloaded ryu v1.0.13
[INFO] [stderr]   Downloaded tracing-core v0.1.30
[INFO] [stderr]   Downloaded httparse v1.8.0
[INFO] [stderr]   Downloaded wasm-bindgen-macro v0.2.84
[INFO] [stderr]   Downloaded unicode-ident v1.0.8
[INFO] [stderr]   Downloaded wasm-bindgen-shared v0.2.84
[INFO] [stderr]   Downloaded quote v1.0.26
[INFO] [stderr]   Downloaded tempfile v3.4.0
[INFO] [stderr]   Downloaded vswhom v0.1.0
[INFO] [stderr]   Downloaded wasm-bindgen-macro-support v0.2.84
[INFO] [stderr]   Downloaded vswhom-sys v0.1.2
[INFO] [stderr]   Downloaded proc-macro2 v1.0.54
[INFO] [stderr]   Downloaded bumpalo v3.12.0
[INFO] [stderr]   Downloaded js-sys v0.3.61
[INFO] [stderr]   Downloaded socket2 v0.4.9
[INFO] [stderr]   Downloaded bytes v1.4.0
[INFO] [stderr]   Downloaded security-framework v2.8.2
[INFO] [stderr]   Downloaded hyper v0.14.25
[INFO] [stderr]   Downloaded http v0.2.9
[INFO] [stderr]   Downloaded tokio-util v0.7.7
[INFO] [stderr]   Downloaded slab v0.4.8
[INFO] [stderr]   Downloaded mio v0.8.6
[INFO] [stderr]   Downloaded serde_json v1.0.94
[INFO] [stderr]   Downloaded tracing v0.1.37
[INFO] [stderr]   Downloaded h2 v0.3.16
[INFO] [stderr]   Downloaded wasm-bindgen-futures v0.4.34
[INFO] [stderr]   Downloaded futures-util v0.3.27
[INFO] [stderr]   Downloaded http-body v0.4.5
[INFO] [stderr]   Downloaded wasm-bindgen v0.2.84
[INFO] [stderr]   Downloaded rustix v0.36.11
[INFO] [stderr]   Downloaded openssl v0.10.48
[INFO] [stderr]   Downloaded futures-io v0.3.27
[INFO] [stderr]   Downloaded libc v0.2.140
[INFO] [stderr]   Downloaded base64 v0.21.0
[INFO] [stderr]   Downloaded tokio v1.26.0
[INFO] [stderr]   Downloaded web-sys v0.3.61
[INFO] [stderr]   Downloaded encoding_rs v0.8.32
[INFO] [stderr]   Downloaded bzip2-sys v0.1.11+1.0.8
[INFO] [stderr]   Downloaded linux-raw-sys v0.1.4
[INFO] running `Command { std: "docker" "create" "-v" "/var/lib/crater-agent-workspace/builds/worker-5-tc1/source:/opt/rustwide/workdir:ro,Z" "-v" "/var/lib/crater-agent-workspace/builds/worker-5-tc1/target:/opt/rustwide/target:rw,Z" "-v" "/var/lib/crater-agent-workspace/cargo-home:/opt/rustwide/cargo-home:ro,Z" "-v" "/var/lib/crater-agent-workspace/rustup-home:/opt/rustwide/rustup-home:ro,Z" "-m" "1610612736" "--network" "none" "ghcr.io/rust-lang/crates-build-env/linux@sha256:3111399a4047eeb3a02b7a90e478d715f38a8c6669b5c4b49d30a17385265909" "sleep" "infinity", kill_on_drop: false }`
[INFO] [stdout] 4b2ea75f8b756829a415375250a9cea2f001d5f830f41e45e09543a55ef97b1e
[INFO] running `Command { std: "docker" "start" "4b2ea75f8b756829a415375250a9cea2f001d5f830f41e45e09543a55ef97b1e", kill_on_drop: false }`
[INFO] running `Command { std: "docker" "inspect" "4b2ea75f8b756829a415375250a9cea2f001d5f830f41e45e09543a55ef97b1e", kill_on_drop: false }`
[INFO] running `Command { std: "docker" "exec" "-e" "SOURCE_DIR=/opt/rustwide/workdir" "-e" "CARGO_HOME=/opt/rustwide/cargo-home" "-e" "RUSTUP_HOME=/opt/rustwide/rustup-home" "-e" "CARGO_TARGET_DIR=/opt/rustwide/target" "-w" "/opt/rustwide/workdir" "--user" "0:0" "4b2ea75f8b756829a415375250a9cea2f001d5f830f41e45e09543a55ef97b1e" "/opt/rustwide/cargo-home/bin/cargo" "+1.99.0-beta.8" "metadata" "--no-deps" "--format-version=1", kill_on_drop: false }`
[INFO] running `Command { std: "docker" "inspect" "4b2ea75f8b756829a415375250a9cea2f001d5f830f41e45e09543a55ef97b1e", kill_on_drop: false }`
[INFO] running `Command { std: "docker" "exec" "-e" "SOURCE_DIR=/opt/rustwide/workdir" "-e" "CARGO_HOME=/opt/rustwide/cargo-home" "-e" "RUSTUP_HOME=/opt/rustwide/rustup-home" "-e" "CARGO_TARGET_DIR=/opt/rustwide/target" "-e" "CARGO_INCREMENTAL=0" "-e" "RUST_BACKTRACE=full" "-e" "RUSTFLAGS=--cap-lints=warn" "-e" "RUSTDOCFLAGS=--cap-lints=warn" "-w" "/opt/rustwide/workdir" "--user" "0:0" "4b2ea75f8b756829a415375250a9cea2f001d5f830f41e45e09543a55ef97b1e" "/opt/rustwide/cargo-home/bin/cargo" "+1.99.0-beta.8" "build" "--frozen" "--message-format=json", kill_on_drop: false }`
[INFO] [stderr]    Compiling autocfg v1.1.0
[INFO] [stderr]    Compiling libc v0.2.140
[INFO] [stderr]    Compiling cfg-if v1.0.0
[INFO] [stderr]    Compiling cc v1.0.79
[INFO] [stderr]    Compiling pkg-config v0.3.26
[INFO] [stderr]    Compiling log v0.4.17
[INFO] [stderr]    Compiling proc-macro2 v1.0.54
[INFO] [stderr]    Compiling memchr v2.5.0
[INFO] [stderr]    Compiling pin-project-lite v0.2.9
[INFO] [stderr]    Compiling once_cell v1.17.1
[INFO] [stderr]    Compiling futures-core v0.3.27
[INFO] [stderr]    Compiling bytes v1.4.0
[INFO] [stderr]    Compiling quote v1.0.26
[INFO] [stderr]    Compiling unicode-ident v1.0.8
[INFO] [stderr]    Compiling syn v1.0.109
[INFO] [stderr]    Compiling itoa v1.0.6
[INFO] [stderr]    Compiling futures-task v0.3.27
[INFO] [stderr]    Compiling serde v1.0.158
[INFO] [stderr]    Compiling tracing-core v0.1.30
[INFO] [stderr]    Compiling openssl v0.10.48
[INFO] [stderr]    Compiling futures-util v0.3.27
[INFO] [stderr]    Compiling fnv v1.0.7
[INFO] [stderr]    Compiling foreign-types-shared v0.1.1
[INFO] [stderr]    Compiling tokio v1.26.0
[INFO] [stderr]    Compiling slab v0.4.8
[INFO] [stderr]    Compiling indexmap v1.9.3
[INFO] [stderr]    Compiling foreign-types v0.3.2
[INFO] [stderr]    Compiling pin-utils v0.1.0
[INFO] [stderr]    Compiling tinyvec_macros v0.1.1
[INFO] [stderr]    Compiling futures-channel v0.3.27
[INFO] [stderr]    Compiling futures-io v0.3.27
[INFO] [stderr]    Compiling tracing v0.1.37
[INFO] [stderr]    Compiling hashbrown v0.12.3
[INFO] [stderr]    Compiling futures-sink v0.3.27
[INFO] [stderr]    Compiling httparse v1.8.0
[INFO] [stderr]    Compiling native-tls v0.2.11
[INFO] [stderr]    Compiling tinyvec v1.6.0
[INFO] [stderr]    Compiling try-lock v0.2.4
[INFO] [stderr]    Compiling http v0.2.9
[INFO] [stderr]    Compiling semver v1.0.17
[INFO] [stderr]    Compiling percent-encoding v2.2.0
[INFO] [stderr]    Compiling openssl-probe v0.1.5
[INFO] [stderr]    Compiling want v0.3.0
[INFO] [stderr]    Compiling httpdate v1.0.2
[INFO] [stderr]    Compiling form_urlencoded v1.1.0
[INFO] [stderr]    Compiling tower-service v0.3.2
[INFO] [stderr]    Compiling unicode-bidi v0.3.13
[INFO] [stderr]    Compiling ryu v1.0.13
[INFO] [stderr]    Compiling encoding_rs v0.8.32
[INFO] [stderr]    Compiling num_cpus v1.15.0
[INFO] [stderr]    Compiling mio v0.8.6
[INFO] [stderr]    Compiling socket2 v0.4.9
[INFO] [stderr]    Compiling xattr v0.2.3
[INFO] [stderr]    Compiling filetime v0.2.20
[INFO] [stderr]    Compiling ipnet v2.7.1
[INFO] [stderr]    Compiling openssl-sys v0.9.83
[INFO] [stderr]    Compiling bzip2-sys v0.1.11+1.0.8
[INFO] [stderr]    Compiling rustc_version v0.4.0
[INFO] [stderr]    Compiling mime v0.3.17
[INFO] [stderr]    Compiling base64 v0.21.0
[INFO] [stderr]    Compiling tar v0.4.38
[INFO] [stderr]    Compiling bzip2 v0.4.4
[INFO] [stderr]    Compiling raw-window-handle v0.5.2
[INFO] [stderr]    Compiling http-body v0.4.5
[INFO] [stderr]    Compiling unicode-normalization v0.1.22
[INFO] [stderr]    Compiling idna v0.3.0
[INFO] [stderr]    Compiling url v2.3.1
[INFO] [stderr]    Compiling toml v0.5.11
[INFO] [stderr]    Compiling serde_urlencoded v0.7.1
[INFO] [stderr]    Compiling openssl-macros v0.1.0
[INFO] [stderr]    Compiling tokio-util v0.7.7
[INFO] [stderr]    Compiling embed-resource v1.8.0
[INFO] [stderr]    Compiling h2 v0.3.16
[INFO] [stderr]    Compiling tokio-native-tls v0.3.1
[INFO] [stderr]    Compiling hyper v0.14.25
[INFO] [stderr]    Compiling hyper-tls v0.5.0
[INFO] [stderr]    Compiling reqwest v0.11.15
[INFO] [stderr]    Compiling wx-rs v0.2.0 (/opt/rustwide/workdir)
[INFO] [stderr] warning: wx-rs@0.2.0: wx-rs: Platform unsupported. Building a stub library.
[INFO] [stderr]     Finished `dev` profile [unoptimized + debuginfo] target(s) in 30.93s
[INFO] [stderr] warning: the following packages contain code that will be rejected by a future version of Rust: openssl v0.10.48
[INFO] [stderr] note: to see what the problems were, use the option `--future-incompat-report`, or run `cargo report future-incompatibilities --id 2`
[INFO] running `Command { std: "docker" "inspect" "4b2ea75f8b756829a415375250a9cea2f001d5f830f41e45e09543a55ef97b1e", kill_on_drop: false }`
[INFO] running `Command { std: "docker" "exec" "-e" "SOURCE_DIR=/opt/rustwide/workdir" "-e" "CARGO_HOME=/opt/rustwide/cargo-home" "-e" "RUSTUP_HOME=/opt/rustwide/rustup-home" "-e" "CARGO_TARGET_DIR=/opt/rustwide/target" "-e" "CARGO_INCREMENTAL=0" "-e" "RUST_BACKTRACE=full" "-e" "RUSTFLAGS=--cap-lints=warn" "-e" "RUSTDOCFLAGS=--cap-lints=warn" "-w" "/opt/rustwide/workdir" "--user" "0:0" "4b2ea75f8b756829a415375250a9cea2f001d5f830f41e45e09543a55ef97b1e" "/opt/rustwide/cargo-home/bin/cargo" "+1.99.0-beta.8" "test" "--frozen" "--no-run" "--message-format=json", kill_on_drop: false }`
[INFO] [stderr] warning: wx-rs@0.2.0: wx-rs: Platform unsupported. Building a stub library.
[INFO] [stderr]    Compiling wx-rs v0.2.0 (/opt/rustwide/workdir)
[INFO] [stdout] error: linking with `cc` failed: exit status: 1
[INFO] [stdout]   |
[INFO] [stdout]   = note:  "cc" "-m64" "/opt/rustwide/target/debug/examples/rustcnQ6syB/symbols.o" "<2 object files omitted>" "-Wl,--as-needed" "-Wl,-Bstatic" "/opt/rustwide/target/debug/deps/{libwx_rs-62c072c8524c9cdf,libbitflags-dde12b0d7d495b50,libraw_window_handle-fa6b9cb7b8d4289b}.rlib" "<sysroot>/lib/rustlib/x86_64-unknown-linux-gnu/lib/{libstd-*,libpanic_unwind-*,libobject-*,libmemchr-*,libaddr2line-*,libgimli-*,libcfg_if-*,librustc_demangle-*,libstd_detect-*,libhashbrown-*,librustc_std_workspace_alloc-*,libminiz_oxide-*,libadler2-*,libunwind-*,liblibc-*,librustc_std_workspace_core-*,liballoc-*,libcore-*,libcompiler_builtins-*}.rlib" "-Wl,-Bdynamic" "-lstdc++" "-lgcc_s" "-lutil" "-lrt" "-lpthread" "-lm" "-ldl" "-lc" "-L" "/opt/rustwide/target/debug/examples/rustcnQ6syB/raw-dylibs" "-B<sysroot>/lib/rustlib/x86_64-unknown-linux-gnu/bin/gcc-ld" "-fuse-ld=lld" "-Wl,--eh-frame-hdr" "-Wl,-z,noexecstack" "-L" "/opt/rustwide/target/debug/build/wx-rs-485ef23d25cf5a58/out" "-L" "<sysroot>/lib/rustlib/x86_64-unknown-linux-gnu/lib" "-o" "/opt/rustwide/target/debug/examples/hello-2e43e675de02c45d" "-Wl,--gc-sections" "-pie" "-Wl,-z,relro,-z,now" "-nodefaultlibs"
[INFO] [stdout]   = note: some arguments are omitted. use `--verbose` to show all linker arguments
[INFO] [stdout]   = note: rust-lld: error: undefined symbol: set_render
[INFO] [stdout]           >>> referenced by bridge.rs:226 (src/bridge.rs:226)
[INFO] [stdout]           >>>               wx_rs-62c072c8524c9cdf.wx_rs.11b42c17675d285-cgu.0.rcgu.o:(wx_rs::bridge::set_render) in archive /opt/rustwide/target/debug/deps/libwx_rs-62c072c8524c9cdf.rlib
[INFO] [stdout]           
[INFO] [stdout]           rust-lld: error: undefined symbol: get_event_type
[INFO] [stdout]           >>> referenced by bridge.rs:287 (src/bridge.rs:287)
[INFO] [stdout]           >>>               wx_rs-62c072c8524c9cdf.wx_rs.11b42c17675d285-cgu.0.rcgu.o:(wx_rs::bridge::get_event_type) in archive /opt/rustwide/target/debug/deps/libwx_rs-62c072c8524c9cdf.rlib
[INFO] [stdout]           
[INFO] [stdout]           rust-lld: error: undefined symbol: get_client_size
[INFO] [stdout]           >>> referenced by bridge.rs:231 (src/bridge.rs:231)
[INFO] [stdout]           >>>               wx_rs-62c072c8524c9cdf.wx_rs.11b42c17675d285-cgu.0.rcgu.o:(wx_rs::bridge::get_client_size) in archive /opt/rustwide/target/debug/deps/libwx_rs-62c072c8524c9cdf.rlib
[INFO] [stdout]           
[INFO] [stdout]           rust-lld: error: undefined symbol: set_status_text
[INFO] [stdout]           >>> referenced by bridge.rs:382 (src/bridge.rs:382)
[INFO] [stdout]           >>>               wx_rs-62c072c8524c9cdf.wx_rs.11b42c17675d285-cgu.0.rcgu.o:(wx_rs::bridge::set_status_text) in archive /opt/rustwide/target/debug/deps/libwx_rs-62c072c8524c9cdf.rlib
[INFO] [stdout]           
[INFO] [stdout]           rust-lld: error: undefined symbol: get_display_size
[INFO] [stdout]           >>> referenced by bridge.rs:235 (src/bridge.rs:235)
[INFO] [stdout]           >>>               wx_rs-62c072c8524c9cdf.wx_rs.11b42c17675d285-cgu.0.rcgu.o:(wx_rs::bridge::get_display_size) in archive /opt/rustwide/target/debug/deps/libwx_rs-62c072c8524c9cdf.rlib
[INFO] [stdout]           
[INFO] [stdout]           rust-lld: error: undefined symbol: get_scale_factor
[INFO] [stdout]           >>> referenced by bridge.rs:239 (src/bridge.rs:239)
[INFO] [stdout]           >>>               wx_rs-62c072c8524c9cdf.wx_rs.11b42c17675d285-cgu.0.rcgu.o:(wx_rs::bridge::get_scale_factor) in archive /opt/rustwide/target/debug/deps/libwx_rs-62c072c8524c9cdf.rlib
[INFO] [stdout]           
[INFO] [stdout]           rust-lld: error: undefined symbol: create_status_bar
[INFO] [stdout]           >>> referenced by bridge.rs:386 (src/bridge.rs:386)
[INFO] [stdout]           >>>               wx_rs-62c072c8524c9cdf.wx_rs.11b42c17675d285-cgu.0.rcgu.o:(wx_rs::bridge::create_status_bar) in archive /opt/rustwide/target/debug/deps/libwx_rs-62c072c8524c9cdf.rlib
[INFO] [stdout]           
[INFO] [stdout]           rust-lld: error: undefined symbol: bind_canvas_events
[INFO] [stdout]           >>> referenced by bridge.rs:243 (src/bridge.rs:243)
[INFO] [stdout]           >>>               wx_rs-62c072c8524c9cdf.wx_rs.11b42c17675d285-cgu.0.rcgu.o:(wx_rs::bridge::bind_canvas_events) in archive /opt/rustwide/target/debug/deps/libwx_rs-62c072c8524c9cdf.rlib
[INFO] [stdout]           
[INFO] [stdout]           rust-lld: error: undefined symbol: run_app
[INFO] [stdout]           >>> referenced by bridge.rs:208 (src/bridge.rs:208)
[INFO] [stdout]           >>>               wx_rs-62c072c8524c9cdf.wx_rs.11b42c17675d285-cgu.0.rcgu.o:(wx_rs::bridge::run_app) in archive /opt/rustwide/target/debug/deps/libwx_rs-62c072c8524c9cdf.rlib
[INFO] [stdout]           
[INFO] [stdout]           rust-lld: error: undefined symbol: init_app
[INFO] [stdout]           >>> referenced by bridge.rs:202 (src/bridge.rs:202)
[INFO] [stdout]           >>>               wx_rs-62c072c8524c9cdf.wx_rs.11b42c17675d285-cgu.0.rcgu.o:(wx_rs::bridge::init_app) in archive /opt/rustwide/target/debug/deps/libwx_rs-62c072c8524c9cdf.rlib
[INFO] [stdout]           collect2: error: ld returned 1 exit status
[INFO] [stdout]           
[INFO] [stdout] 
[INFO] [stdout] 
[INFO] [stderr] warning: wx-rs@0.2.0: wx-rs: Platform unsupported. Building a stub library.
[INFO] [stderr] error: could not compile `wx-rs` (example "hello") due to 1 previous error
[INFO] [stderr] warning: build failed, waiting for other jobs to finish...
[INFO] [stdout] error: linking with `cc` failed: exit status: 1
[INFO] [stdout]   |
[INFO] [stdout]   = note:  "cc" "-m64" "/opt/rustwide/target/debug/examples/rustcZfexKQ/symbols.o" "<2 object files omitted>" "-Wl,--as-needed" "-Wl,-Bstatic" "/opt/rustwide/target/debug/deps/{libwx_rs-62c072c8524c9cdf,libbitflags-dde12b0d7d495b50,libraw_window_handle-fa6b9cb7b8d4289b}.rlib" "<sysroot>/lib/rustlib/x86_64-unknown-linux-gnu/lib/{libstd-*,libpanic_unwind-*,libobject-*,libmemchr-*,libaddr2line-*,libgimli-*,libcfg_if-*,librustc_demangle-*,libstd_detect-*,libhashbrown-*,librustc_std_workspace_alloc-*,libminiz_oxide-*,libadler2-*,libunwind-*,liblibc-*,librustc_std_workspace_core-*,liballoc-*,libcore-*,libcompiler_builtins-*}.rlib" "-Wl,-Bdynamic" "-lstdc++" "-lgcc_s" "-lutil" "-lrt" "-lpthread" "-lm" "-ldl" "-lc" "-L" "/opt/rustwide/target/debug/examples/rustcZfexKQ/raw-dylibs" "-B<sysroot>/lib/rustlib/x86_64-unknown-linux-gnu/bin/gcc-ld" "-fuse-ld=lld" "-Wl,--eh-frame-hdr" "-Wl,-z,noexecstack" "-L" "/opt/rustwide/target/debug/build/wx-rs-485ef23d25cf5a58/out" "-L" "<sysroot>/lib/rustlib/x86_64-unknown-linux-gnu/lib" "-o" "/opt/rustwide/target/debug/examples/cursor-f3b35566eea9ca7a" "-Wl,--gc-sections" "-pie" "-Wl,-z,relro,-z,now" "-nodefaultlibs"
[INFO] [stdout]   = note: some arguments are omitted. use `--verbose` to show all linker arguments
[INFO] [stdout]   = note: rust-lld: error: undefined symbol: set_cursor
[INFO] [stdout]           >>> referenced by bridge.rs:376 (src/bridge.rs:376)
[INFO] [stdout]           >>>               wx_rs-62c072c8524c9cdf.wx_rs.11b42c17675d285-cgu.0.rcgu.o:(wx_rs::bridge::set_cursor) in archive /opt/rustwide/target/debug/deps/libwx_rs-62c072c8524c9cdf.rlib
[INFO] [stdout]           
[INFO] [stdout]           rust-lld: error: undefined symbol: get_event_type
[INFO] [stdout]           >>> referenced by bridge.rs:287 (src/bridge.rs:287)
[INFO] [stdout]           >>>               wx_rs-62c072c8524c9cdf.wx_rs.11b42c17675d285-cgu.0.rcgu.o:(wx_rs::bridge::get_event_type) in archive /opt/rustwide/target/debug/deps/libwx_rs-62c072c8524c9cdf.rlib
[INFO] [stdout]           
[INFO] [stdout]           rust-lld: error: undefined symbol: bind_canvas_events
[INFO] [stdout]           >>> referenced by bridge.rs:243 (src/bridge.rs:243)
[INFO] [stdout]           >>>               wx_rs-62c072c8524c9cdf.wx_rs.11b42c17675d285-cgu.0.rcgu.o:(wx_rs::bridge::bind_canvas_events) in archive /opt/rustwide/target/debug/deps/libwx_rs-62c072c8524c9cdf.rlib
[INFO] [stdout]           
[INFO] [stdout]           rust-lld: error: undefined symbol: run_app
[INFO] [stdout]           >>> referenced by bridge.rs:208 (src/bridge.rs:208)
[INFO] [stdout]           >>>               wx_rs-62c072c8524c9cdf.wx_rs.11b42c17675d285-cgu.0.rcgu.o:(wx_rs::bridge::run_app) in archive /opt/rustwide/target/debug/deps/libwx_rs-62c072c8524c9cdf.rlib
[INFO] [stdout]           
[INFO] [stdout]           rust-lld: error: undefined symbol: init_app
[INFO] [stdout]           >>> referenced by bridge.rs:202 (src/bridge.rs:202)
[INFO] [stdout]           >>>               wx_rs-62c072c8524c9cdf.wx_rs.11b42c17675d285-cgu.0.rcgu.o:(wx_rs::bridge::init_app) in archive /opt/rustwide/target/debug/deps/libwx_rs-62c072c8524c9cdf.rlib
[INFO] [stdout]           collect2: error: ld returned 1 exit status
[INFO] [stdout]           
[INFO] [stdout] 
[INFO] [stdout] 
[INFO] [stderr] warning: wx-rs@0.2.0: wx-rs: Platform unsupported. Building a stub library.
[INFO] [stderr] error: could not compile `wx-rs` (example "cursor") due to 1 previous error
[INFO] running `Command { std: "docker" "inspect" "4b2ea75f8b756829a415375250a9cea2f001d5f830f41e45e09543a55ef97b1e", kill_on_drop: false }`
[INFO] running `Command { std: "docker" "rm" "-f" "4b2ea75f8b756829a415375250a9cea2f001d5f830f41e45e09543a55ef97b1e", kill_on_drop: false }`
[INFO] [stdout] 4b2ea75f8b756829a415375250a9cea2f001d5f830f41e45e09543a55ef97b1e
