[INFO] fetching crate wtx-apis 0.2.4...
[INFO] testing wtx-apis-0.2.4 against 1.99.0-beta.8 for beta-1.100-2
[INFO] extracting crate wtx-apis 0.2.4 into /workspace/builds/worker-2-tc1/source
[INFO] removed /workspace/builds/worker-2-tc1/source/rust-toolchain
[INFO] started tweaking crates.io crate wtx-apis 0.2.4
[INFO] finished tweaking crates.io crate wtx-apis 0.2.4
[INFO] tweaked toml for crates.io crate wtx-apis 0.2.4 written to /workspace/builds/worker-2-tc1/source/Cargo.toml
[INFO] validating manifest of crates.io crate wtx-apis 0.2.4 on toolchain 1.99.0-beta.8
[INFO] running `Command { std: CARGO_HOME="/workspace/cargo-home" RUSTUP_HOME="/workspace/rustup-home" "/workspace/cargo-home/bin/cargo" "+1.99.0-beta.8" "metadata" "--manifest-path" "Cargo.toml" "--no-deps", kill_on_drop: false }`
[INFO] crate crates.io crate wtx-apis 0.2.4 already has a lockfile, it will not be regenerated
[INFO] running `Command { std: CARGO_HOME="/workspace/cargo-home" RUSTUP_HOME="/workspace/rustup-home" "/workspace/cargo-home/bin/cargo" "+1.99.0-beta.8" "fetch" "--manifest-path" "Cargo.toml", kill_on_drop: false }`
[INFO] [stderr]     Updating crates.io index
[INFO] [stderr]  Downloading crates ...
[INFO] [stderr]   Downloaded wtx-macros v0.8.1
[INFO] [stderr]   Downloaded tracing-tree v0.4.1
[INFO] [stderr]   Downloaded sponge-cursor v0.1.0
[INFO] [stderr]   Downloaded keccak v0.1.6
[INFO] [stderr]   Downloaded starknet-crypto v0.8.1
[INFO] [stderr]   Downloaded rfc6979 v0.4.0
[INFO] [stderr]   Downloaded signature v3.0.0
[INFO] [stderr]   Downloaded rust_decimal_macros v1.40.0
[INFO] [stderr]   Downloaded base16ct v1.0.0
[INFO] [stderr]   Downloaded ed25519 v3.0.0
[INFO] [stderr]   Downloaded curve25519-dalek-derive v0.1.1
[INFO] [stderr]   Downloaded wasm-bindgen-macro v0.2.122
[INFO] [stderr]   Downloaded wasm-bindgen-shared v0.2.122
[INFO] [stderr]   Downloaded starknet-curve v0.6.0
[INFO] [stderr]   Downloaded rfc6979 v0.5.0
[INFO] [stderr]   Downloaded serdect v0.4.3
[INFO] [stderr]   Downloaded spki v0.8.0
[INFO] [stderr]   Downloaded keccak v0.2.0
[INFO] [stderr]   Downloaded rustcrypto-group v0.14.0-rc.1
[INFO] [stderr]   Downloaded sec1 v0.8.1
[INFO] [stderr]   Downloaded rmp-serde v1.3.1
[INFO] [stderr]   Downloaded webpki-roots v1.0.7
[INFO] [stderr]   Downloaded rustcrypto-ff v0.14.0-rc.1
[INFO] [stderr]   Downloaded blake2 v0.10.6
[INFO] [stderr]   Downloaded rmp v0.8.15
[INFO] [stderr]   Downloaded pkcs8 v0.11.0
[INFO] [stderr]   Downloaded ecdsa v0.17.0-rc.18
[INFO] [stderr]   Downloaded wasm-bindgen v0.2.122
[INFO] [stderr]   Downloaded starknet-types-core v0.2.4
[INFO] [stderr]   Downloaded elliptic-curve v0.14.0-rc.32
[INFO] [stderr]   Downloaded wasm-bindgen-macro-support v0.2.122
[INFO] [stderr]   Downloaded zerocopy-derive v0.8.50
[INFO] [stderr]   Downloaded cc v1.2.63
[INFO] [stderr]   Downloaded crypto-bigint v0.5.5
[INFO] [stderr]   Downloaded ed25519-dalek v3.0.0-rc.0
[INFO] [stderr]   Downloaded k256 v0.14.0-rc.9
[INFO] [stderr]   Downloaded der v0.8.0
[INFO] [stderr]   Downloaded js-sys v0.3.99
[INFO] [stderr]   Downloaded rust_decimal v1.42.0
[INFO] [stderr]   Downloaded sha3 v0.12.0
[INFO] [stderr]   Downloaded lambdaworks-crypto v0.13.0
[INFO] [stderr]   Downloaded lambdaworks-math v0.13.0
[INFO] [stderr]   Downloaded zerocopy v0.8.50
[INFO] [stderr]   Downloaded crypto-bigint v0.7.3
[INFO] [stderr]   Downloaded curve25519-dalek v5.0.0-rc.0
[INFO] [stderr]   Downloaded wtx v0.47.3
[INFO] [stderr]   Downloaded fiat-crypto v0.3.0
[INFO] [stderr]   Downloaded sha3 v0.10.9
[INFO] running `Command { std: "docker" "create" "-v" "/var/lib/crater-agent-workspace/builds/worker-2-tc1/source:/opt/rustwide/workdir:ro,Z" "-v" "/var/lib/crater-agent-workspace/builds/worker-2-tc1/target:/opt/rustwide/target:rw,Z" "-v" "/var/lib/crater-agent-workspace/cargo-home:/opt/rustwide/cargo-home:ro,Z" "-v" "/var/lib/crater-agent-workspace/rustup-home:/opt/rustwide/rustup-home:ro,Z" "-m" "1610612736" "--network" "none" "ghcr.io/rust-lang/crates-build-env/linux@sha256:3111399a4047eeb3a02b7a90e478d715f38a8c6669b5c4b49d30a17385265909" "sleep" "infinity", kill_on_drop: false }`
[INFO] [stdout] 95ae656915f698ef3cf917ac6d215aa357a63639a7e7a5f375b0c1af2d8b906b
[INFO] running `Command { std: "docker" "start" "95ae656915f698ef3cf917ac6d215aa357a63639a7e7a5f375b0c1af2d8b906b", kill_on_drop: false }`
[INFO] running `Command { std: "docker" "inspect" "95ae656915f698ef3cf917ac6d215aa357a63639a7e7a5f375b0c1af2d8b906b", kill_on_drop: false }`
[INFO] running `Command { std: "docker" "exec" "-e" "SOURCE_DIR=/opt/rustwide/workdir" "-e" "CARGO_HOME=/opt/rustwide/cargo-home" "-e" "RUSTUP_HOME=/opt/rustwide/rustup-home" "-e" "CARGO_TARGET_DIR=/opt/rustwide/target" "-w" "/opt/rustwide/workdir" "--user" "0:0" "95ae656915f698ef3cf917ac6d215aa357a63639a7e7a5f375b0c1af2d8b906b" "/opt/rustwide/cargo-home/bin/cargo" "+1.99.0-beta.8" "metadata" "--no-deps" "--format-version=1", kill_on_drop: false }`
[INFO] running `Command { std: "docker" "inspect" "95ae656915f698ef3cf917ac6d215aa357a63639a7e7a5f375b0c1af2d8b906b", kill_on_drop: false }`
[INFO] running `Command { std: "docker" "exec" "-e" "SOURCE_DIR=/opt/rustwide/workdir" "-e" "CARGO_HOME=/opt/rustwide/cargo-home" "-e" "RUSTUP_HOME=/opt/rustwide/rustup-home" "-e" "CARGO_TARGET_DIR=/opt/rustwide/target" "-e" "CARGO_INCREMENTAL=0" "-e" "RUST_BACKTRACE=full" "-e" "RUSTFLAGS=--cap-lints=warn" "-e" "RUSTDOCFLAGS=--cap-lints=warn" "-w" "/opt/rustwide/workdir" "--user" "0:0" "95ae656915f698ef3cf917ac6d215aa357a63639a7e7a5f375b0c1af2d8b906b" "/opt/rustwide/cargo-home/bin/cargo" "+1.99.0-beta.8" "build" "--frozen" "--message-format=json", kill_on_drop: false }`
[INFO] [stderr]    Compiling proc-macro2 v1.0.106
[INFO] [stderr]    Compiling unicode-ident v1.0.24
[INFO] [stderr]    Compiling quote v1.0.45
[INFO] [stderr]    Compiling serde_core v1.0.228
[INFO] [stderr]    Compiling serde v1.0.228
[INFO] [stderr]    Compiling syn v2.0.117
[INFO] [stderr]    Compiling serde_derive v1.0.228
[INFO] [stderr]    Compiling wtx-macros v0.8.1
[INFO] [stderr]    Compiling wtx v0.47.3
[INFO] [stderr]    Compiling wtx-apis v0.2.4 (/opt/rustwide/workdir)
[INFO] [stderr]     Finished `dev` profile [unoptimized + debuginfo] target(s) in 15.92s
[INFO] running `Command { std: "docker" "inspect" "95ae656915f698ef3cf917ac6d215aa357a63639a7e7a5f375b0c1af2d8b906b", kill_on_drop: false }`
[INFO] running `Command { std: "docker" "exec" "-e" "SOURCE_DIR=/opt/rustwide/workdir" "-e" "CARGO_HOME=/opt/rustwide/cargo-home" "-e" "RUSTUP_HOME=/opt/rustwide/rustup-home" "-e" "CARGO_TARGET_DIR=/opt/rustwide/target" "-e" "CARGO_INCREMENTAL=0" "-e" "RUST_BACKTRACE=full" "-e" "RUSTFLAGS=--cap-lints=warn" "-e" "RUSTDOCFLAGS=--cap-lints=warn" "-w" "/opt/rustwide/workdir" "--user" "0:0" "95ae656915f698ef3cf917ac6d215aa357a63639a7e7a5f375b0c1af2d8b906b" "/opt/rustwide/cargo-home/bin/cargo" "+1.99.0-beta.8" "test" "--frozen" "--no-run" "--message-format=json", kill_on_drop: false }`
[INFO] [stderr]    Compiling find-msvc-tools v0.1.9
[INFO] [stderr]    Compiling shlex v2.0.1
[INFO] [stderr]    Compiling zeroize v1.8.2
[INFO] [stderr]    Compiling pin-project-lite v0.2.17
[INFO] [stderr]    Compiling regex-syntax v0.8.10
[INFO] [stderr]    Compiling untrusted v0.9.0
[INFO] [stderr]    Compiling serde_core v1.0.228
[INFO] [stderr]    Compiling rustls v0.23.40
[INFO] [stderr]    Compiling zmij v1.0.21
[INFO] [stderr]    Compiling lazy_static v1.5.0
[INFO] [stderr]    Compiling bytes v1.11.1
[INFO] [stderr]    Compiling proc-macro2 v1.0.106
[INFO] [stderr]    Compiling libc v0.2.186
[INFO] [stderr]    Compiling tracing-core v0.1.36
[INFO] [stderr]    Compiling thread_local v1.1.9
[INFO] [stderr]    Compiling httparse v1.10.1
[INFO] [stderr]    Compiling sharded-slab v0.1.7
[INFO] [stderr]    Compiling subtle v2.6.1
[INFO] [stderr]    Compiling serde_json v1.0.150
[INFO] [stderr]    Compiling memchr v2.8.1
[INFO] [stderr]    Compiling itoa v1.0.18
[INFO] [stderr]    Compiling cc v1.2.63
[INFO] [stderr]    Compiling rustls-pki-types v1.14.1
[INFO] [stderr]    Compiling nu-ansi-term v0.50.3
[INFO] [stderr]    Compiling hashbrown v0.17.1
[INFO] [stderr]    Compiling rustls-pemfile v2.2.0
[INFO] [stderr]    Compiling webpki-roots v1.0.7
[INFO] [stderr]    Compiling quote v1.0.45
[INFO] [stderr]    Compiling syn v2.0.117
[INFO] [stderr]    Compiling regex-automata v0.4.14
[INFO] [stderr]    Compiling getrandom v0.2.17
[INFO] [stderr]    Compiling socket2 v0.6.4
[INFO] [stderr]    Compiling mio v1.2.1
[INFO] [stderr]    Compiling ring v0.17.14
[INFO] [stderr]    Compiling matchers v0.2.0
[INFO] [stderr]    Compiling tracing-attributes v0.1.31
[INFO] [stderr]    Compiling tokio-macros v2.7.0
[INFO] [stderr]    Compiling serde_derive v1.0.228
[INFO] [stderr]    Compiling wtx-macros v0.8.1
[INFO] [stderr]    Compiling rust_decimal_macros v1.40.0
[INFO] [stderr]    Compiling rustls-webpki v0.103.13
[INFO] [stderr]    Compiling tokio v1.52.3
[INFO] [stderr]    Compiling tracing v0.1.44
[INFO] [stderr]    Compiling tracing-subscriber v0.3.23
[INFO] [stderr]    Compiling tracing-tree v0.4.1
[INFO] [stderr]    Compiling serde v1.0.228
[INFO] [stderr]    Compiling tokio-rustls v0.26.4
[INFO] [stderr]    Compiling wtx v0.47.3
[INFO] [stdout] error[E0432]: unresolved import `core::random::RandomSource`
[INFO] [stdout]   --> /opt/rustwide/cargo-home/registry/src/index.crates.io-1949cf8c6b5b557f/wtx-0.47.3/src/rng/crypto_seedable_rng.rs:32:9
[INFO] [stdout]    |
[INFO] [stdout] 32 |     use core::random::RandomSource as _;
[INFO] [stdout]    |         ^^^^^^^^^^^^^^------------^^^^^
[INFO] [stdout]    |                       |
[INFO] [stdout]    |                       no `RandomSource` in `random`
[INFO] [stdout] 
[INFO] [stdout] 
[INFO] [stdout] error[E0425]: cannot find value `DefaultRandomSource` in module `std::random`
[INFO] [stdout]   --> /opt/rustwide/cargo-home/registry/src/index.crates.io-1949cf8c6b5b557f/wtx-0.47.3/src/rng/crypto_seedable_rng.rs:34:18
[INFO] [stdout]    |
[INFO] [stdout] 34 |     std::random::DefaultRandomSource.fill_bytes(seed.lease_mut());
[INFO] [stdout]    |                  ^^^^^^^^^^^^^^^^^^^ not found in `std::random`
[INFO] [stdout] 
[INFO] [stdout] 
[INFO] [stdout] error[E0554]: `#![feature]` may not be used on the beta release channel
[INFO] [stdout]  --> /opt/rustwide/cargo-home/registry/src/index.crates.io-1949cf8c6b5b557f/wtx-0.47.3/src/lib.rs:4:34
[INFO] [stdout]   |
[INFO] [stdout] 4 | #![cfg_attr(feature = "nightly", feature(random, return_type_notation))]
[INFO] [stdout]   |                                  ^^^^^^^^^^^^^^^^^^^^^^^^^^^^^^^^^^^^^
[INFO] [stdout] 
[INFO] [stdout] 
[INFO] [stdout] Some errors have detailed explanations: E0425, E0432, E0554.
[INFO] [stdout] 
[INFO] [stdout] For more information about an error, try `rustc --explain E0425`.
[INFO] [stdout] 
[INFO] [stderr] error: could not compile `wtx` (lib) due to 3 previous errors
[INFO] running `Command { std: "docker" "inspect" "95ae656915f698ef3cf917ac6d215aa357a63639a7e7a5f375b0c1af2d8b906b", kill_on_drop: false }`
[INFO] running `Command { std: "docker" "rm" "-f" "95ae656915f698ef3cf917ac6d215aa357a63639a7e7a5f375b0c1af2d8b906b", kill_on_drop: false }`
[INFO] [stdout] 95ae656915f698ef3cf917ac6d215aa357a63639a7e7a5f375b0c1af2d8b906b
