[INFO] fetching crate wslplugins-rs 0.1.0-beta.4...
[INFO] testing wslplugins-rs-0.1.0-beta.4 against 1.100.0-beta.1 for beta-1.100-2
[INFO] extracting crate wslplugins-rs 0.1.0-beta.4 into /workspace/builds/worker-7-tc2/source
[INFO] started tweaking crates.io crate wslplugins-rs 0.1.0-beta.4
[INFO] finished tweaking crates.io crate wslplugins-rs 0.1.0-beta.4
[INFO] tweaked toml for crates.io crate wslplugins-rs 0.1.0-beta.4 written to /workspace/builds/worker-7-tc2/source/Cargo.toml
[INFO] validating manifest of crates.io crate wslplugins-rs 0.1.0-beta.4 on toolchain 1.100.0-beta.1
[INFO] running `Command { std: CARGO_HOME="/workspace/cargo-home" RUSTUP_HOME="/workspace/rustup-home" "/workspace/cargo-home/bin/cargo" "+1.100.0-beta.1" "metadata" "--manifest-path" "Cargo.toml" "--no-deps", kill_on_drop: false }`
[INFO] crate crates.io crate wslplugins-rs 0.1.0-beta.4 already has a lockfile, it will not be regenerated
[INFO] running `Command { std: CARGO_HOME="/workspace/cargo-home" RUSTUP_HOME="/workspace/rustup-home" "/workspace/cargo-home/bin/cargo" "+1.100.0-beta.1" "fetch" "--manifest-path" "Cargo.toml", kill_on_drop: false }`
[INFO] running `Command { std: "docker" "create" "-v" "/var/lib/crater-agent-workspace/builds/worker-7-tc2/source:/opt/rustwide/workdir:ro,Z" "-v" "/var/lib/crater-agent-workspace/builds/worker-7-tc2/target:/opt/rustwide/target:rw,Z" "-v" "/var/lib/crater-agent-workspace/cargo-home:/opt/rustwide/cargo-home:ro,Z" "-v" "/var/lib/crater-agent-workspace/rustup-home:/opt/rustwide/rustup-home:ro,Z" "-m" "1610612736" "--network" "none" "ghcr.io/rust-lang/crates-build-env/linux@sha256:3111399a4047eeb3a02b7a90e478d715f38a8c6669b5c4b49d30a17385265909" "sleep" "infinity", kill_on_drop: false }`
[INFO] [stdout] bb487581e532b233d4f673c151232976beddab7c1125b007235cf734455107ae
[INFO] running `Command { std: "docker" "start" "bb487581e532b233d4f673c151232976beddab7c1125b007235cf734455107ae", kill_on_drop: false }`
[INFO] running `Command { std: "docker" "inspect" "bb487581e532b233d4f673c151232976beddab7c1125b007235cf734455107ae", kill_on_drop: false }`
[INFO] running `Command { std: "docker" "exec" "-e" "SOURCE_DIR=/opt/rustwide/workdir" "-e" "CARGO_HOME=/opt/rustwide/cargo-home" "-e" "RUSTUP_HOME=/opt/rustwide/rustup-home" "-e" "CARGO_TARGET_DIR=/opt/rustwide/target" "-w" "/opt/rustwide/workdir" "--user" "0:0" "bb487581e532b233d4f673c151232976beddab7c1125b007235cf734455107ae" "/opt/rustwide/cargo-home/bin/cargo" "+1.100.0-beta.1" "metadata" "--no-deps" "--format-version=1", kill_on_drop: false }`
[INFO] running `Command { std: "docker" "inspect" "bb487581e532b233d4f673c151232976beddab7c1125b007235cf734455107ae", kill_on_drop: false }`
[INFO] running `Command { std: "docker" "exec" "-e" "SOURCE_DIR=/opt/rustwide/workdir" "-e" "CARGO_HOME=/opt/rustwide/cargo-home" "-e" "RUSTUP_HOME=/opt/rustwide/rustup-home" "-e" "CARGO_TARGET_DIR=/opt/rustwide/target" "-e" "CARGO_INCREMENTAL=0" "-e" "RUST_BACKTRACE=full" "-e" "RUSTFLAGS=--cap-lints=warn" "-e" "RUSTDOCFLAGS=--cap-lints=warn" "-w" "/opt/rustwide/workdir" "--user" "0:0" "bb487581e532b233d4f673c151232976beddab7c1125b007235cf734455107ae" "/opt/rustwide/cargo-home/bin/cargo" "+1.100.0-beta.1" "build" "--frozen" "--message-format=json", kill_on_drop: false }`
[INFO] [stderr]    Compiling typenum v1.20.1
[INFO] [stderr]    Compiling anyhow v1.0.102
[INFO] [stderr]    Compiling memchr v2.8.1
[INFO] [stderr]    Compiling itoa v1.0.18
[INFO] [stderr]    Compiling cpufeatures v0.2.17
[INFO] [stderr]    Compiling cfg-if v1.0.4
[INFO] [stderr]    Compiling serde_core v1.0.228
[INFO] [stderr]    Compiling zmij v1.0.21
[INFO] [stderr]    Compiling serde v1.0.228
[INFO] [stderr]    Compiling serde_json v1.0.150
[INFO] [stderr]    Compiling hex v0.4.3
[INFO] [stderr]    Compiling cow-utils v0.1.3
[INFO] [stderr]    Compiling generic-array v0.14.7
[INFO] [stderr]    Compiling syn v2.0.117
[INFO] [stderr]    Compiling windows-result v0.4.1
[INFO] [stderr]    Compiling windows-strings v0.5.1
[INFO] [stderr]    Compiling windows-sys v0.61.2
[INFO] [stderr]    Compiling typed-path v0.12.3
[INFO] [stderr]    Compiling smallvec v1.15.1
[INFO] [stderr]    Compiling widestring v1.2.1
[INFO] [stderr]    Compiling block-buffer v0.10.4
[INFO] [stderr]    Compiling crypto-common v0.1.7
[INFO] [stderr]    Compiling digest v0.10.7
[INFO] [stderr]    Compiling sha2 v0.10.9
[INFO] [stderr]    Compiling serde_derive v1.0.228
[INFO] [stderr]    Compiling windows-implement v0.60.2
[INFO] [stderr]    Compiling windows-interface v0.59.3
[INFO] [stderr]    Compiling thiserror-impl v2.0.18
[INFO] [stderr]    Compiling strum_macros v0.28.0
[INFO] [stderr]    Compiling windows-core v0.62.2
[INFO] [stderr]    Compiling thiserror v2.0.18
[INFO] [stderr]    Compiling strum v0.28.0
[INFO] [stderr]    Compiling wslpluginapi-sys v0.2.0+2.4.4
[INFO] [stderr]    Compiling wslplugins-rs v0.1.0-beta.4 (/opt/rustwide/workdir)
[INFO] [stdout] error[E0433]: cannot find `windows` in `os`
[INFO] [stdout]   --> src/api/api_v1.rs:11:14
[INFO] [stdout]    |
[INFO] [stdout] 11 | use std::os::windows::io::FromRawSocket as _;
[INFO] [stdout]    |              ^^^^^^^ could not find `windows` in `os`
[INFO] [stdout]    |
[INFO] [stdout] note: found an item that was configured out
[INFO] [stdout]   --> /rustc/e3feeb59cd1bdd011a2bfcc0747b55125d9b8527/library/std/src/os/mod.rs:62:4
[INFO] [stdout]    |
[INFO] [stdout]    = note: the item is gated behind the `windows` feature
[INFO] [stdout] 
[INFO] [stdout] 
[INFO] [stdout] error[E0433]: cannot find `windows` in `os`
[INFO] [stdout]   --> src/api/api_v1.rs:12:14
[INFO] [stdout]    |
[INFO] [stdout] 12 | use std::os::windows::raw::SOCKET;
[INFO] [stdout]    |              ^^^^^^^ could not find `windows` in `os`
[INFO] [stdout]    |
[INFO] [stdout] note: found an item that was configured out
[INFO] [stdout]   --> /rustc/e3feeb59cd1bdd011a2bfcc0747b55125d9b8527/library/std/src/os/mod.rs:62:4
[INFO] [stdout]    |
[INFO] [stdout]    = note: the item is gated behind the `windows` feature
[INFO] [stdout] 
[INFO] [stdout] 
[INFO] [stdout] error[E0433]: cannot find `windows` in `os`
[INFO] [stdout]   --> src/wsl_offline_distribution_information.rs:16:9
[INFO] [stdout]    |
[INFO] [stdout] 16 |     os::windows::ffi::OsStringExt as _,
[INFO] [stdout]    |         ^^^^^^^ could not find `windows` in `os`
[INFO] [stdout]    |
[INFO] [stdout] note: found an item that was configured out
[INFO] [stdout]   --> /rustc/e3feeb59cd1bdd011a2bfcc0747b55125d9b8527/library/std/src/os/mod.rs:62:4
[INFO] [stdout]    |
[INFO] [stdout]    = note: the item is gated behind the `windows` feature
[INFO] [stdout] 
[INFO] [stdout] 
[INFO] [stdout] error[E0433]: cannot find `windows` in `os`
[INFO] [stdout]  --> src/utils.rs:4:14
[INFO] [stdout]   |
[INFO] [stdout] 4 | use std::os::windows::ffi::OsStringExt as _;
[INFO] [stdout]   |              ^^^^^^^ could not find `windows` in `os`
[INFO] [stdout]   |
[INFO] [stdout] note: found an item that was configured out
[INFO] [stdout]  --> /rustc/e3feeb59cd1bdd011a2bfcc0747b55125d9b8527/library/std/src/os/mod.rs:62:4
[INFO] [stdout]   |
[INFO] [stdout]   = note: the item is gated behind the `windows` feature
[INFO] [stdout] 
[INFO] [stdout] 
[INFO] [stdout] error[E0432]: unresolved import `windows_core::PCWSTR`
[INFO] [stdout]   --> src/wsl_offline_distribution_information.rs:19:5
[INFO] [stdout]    |
[INFO] [stdout] 19 | use windows_core::PCWSTR;
[INFO] [stdout]    |     ^^^^^^^^^^^^^^------
[INFO] [stdout]    |                   |
[INFO] [stdout]    |                   no `PCWSTR` in the root
[INFO] [stdout] 
[INFO] [stdout] 
[INFO] [stdout] error[E0433]: cannot find `windows` in `os`
[INFO] [stdout]   --> src/wsl_distribution_information.rs:27:14
[INFO] [stdout]    |
[INFO] [stdout] 27 | use std::os::windows::ffi::OsStringExt as _;
[INFO] [stdout]    |              ^^^^^^^ could not find `windows` in `os`
[INFO] [stdout]    |
[INFO] [stdout] note: found an item that was configured out
[INFO] [stdout]   --> /rustc/e3feeb59cd1bdd011a2bfcc0747b55125d9b8527/library/std/src/os/mod.rs:62:4
[INFO] [stdout]    |
[INFO] [stdout]    = note: the item is gated behind the `windows` feature
[INFO] [stdout] 
[INFO] [stdout] 
[INFO] [stdout] error[E0432]: unresolved import `windows_core::PCWSTR`
[INFO] [stdout]  --> src/utils.rs:5:5
[INFO] [stdout]   |
[INFO] [stdout] 5 | use windows_core::PCWSTR;
[INFO] [stdout]   |     ^^^^^^^^^^^^^^------
[INFO] [stdout]   |                   |
[INFO] [stdout]   |                   no `PCWSTR` in the root
[INFO] [stdout] 
[INFO] [stdout] 
[INFO] [stdout] error[E0433]: cannot find `windows` in `os`
[INFO] [stdout]  --> src/wsl_session_information.rs:8:20
[INFO] [stdout]   |
[INFO] [stdout] 8 | use std::{fmt, os::windows::raw::HANDLE};
[INFO] [stdout]   |                    ^^^^^^^ could not find `windows` in `os`
[INFO] [stdout]   |
[INFO] [stdout] note: found an item that was configured out
[INFO] [stdout]  --> /rustc/e3feeb59cd1bdd011a2bfcc0747b55125d9b8527/library/std/src/os/mod.rs:62:4
[INFO] [stdout]   |
[INFO] [stdout]   = note: the item is gated behind the `windows` feature
[INFO] [stdout] 
[INFO] [stdout] 
[INFO] [stdout] error[E0432]: unresolved import `windows_core::PCWSTR`
[INFO] [stdout]   --> src/wsl_distribution_information.rs:29:5
[INFO] [stdout]    |
[INFO] [stdout] 29 | use windows_core::PCWSTR;
[INFO] [stdout]    |     ^^^^^^^^^^^^^^------
[INFO] [stdout]    |                   |
[INFO] [stdout]    |                   no `PCWSTR` in the root
[INFO] [stdout] 
[INFO] [stdout] 
[INFO] [stdout] warning: unused import: `str::FromStr`
[INFO] [stdout]  --> src/user_distribution_id.rs:3:5
[INFO] [stdout]   |
[INFO] [stdout] 3 |     str::FromStr,
[INFO] [stdout]   |     ^^^^^^^^^^^^
[INFO] [stdout]   |
[INFO] [stdout]   = note: `-W unused-imports` implied by `-W unused`
[INFO] [stdout]   = help: to override `-W unused` add `#[allow(unused_imports)]`
[INFO] [stdout] 
[INFO] [stdout] 
[INFO] [stdout] error[E0599]: no associated function or constant named `from_raw_socket` found for struct `TcpStream` in the current scope
[INFO] [stdout]    --> src/api/api_v1.rs:162:24
[INFO] [stdout]     |
[INFO] [stdout] 162 |             TcpStream::from_raw_socket(socket as SOCKET)
[INFO] [stdout]     |                        ^^^^^^^^^^^^^^^ associated function or constant not found in `TcpStream`
[INFO] [stdout]     |
[INFO] [stdout] note: if you're trying to build a new `TcpStream` consider using one of the following associated functions:
[INFO] [stdout]       TcpStream::connect
[INFO] [stdout]       TcpStream::connect_timeout
[INFO] [stdout]    --> /rustc/e3feeb59cd1bdd011a2bfcc0747b55125d9b8527/library/std/src/net/tcp.rs:169:4
[INFO] [stdout] help: there is an associated function `from_raw_fd` with a similar name
[INFO] [stdout]     |
[INFO] [stdout] 162 -             TcpStream::from_raw_socket(socket as SOCKET)
[INFO] [stdout] 162 +             TcpStream::from_raw_fd(socket as SOCKET)
[INFO] [stdout]     |
[INFO] [stdout] 
[INFO] [stdout] 
[INFO] [stdout] error[E0599]: no associated function or constant named `from_raw_socket` found for struct `TcpStream` in the current scope
[INFO] [stdout]    --> src/api/api_v1.rs:200:24
[INFO] [stdout]     |
[INFO] [stdout] 200 |             TcpStream::from_raw_socket(socket as SOCKET)
[INFO] [stdout]     |                        ^^^^^^^^^^^^^^^ associated function or constant not found in `TcpStream`
[INFO] [stdout]     |
[INFO] [stdout] note: if you're trying to build a new `TcpStream` consider using one of the following associated functions:
[INFO] [stdout]       TcpStream::connect
[INFO] [stdout]       TcpStream::connect_timeout
[INFO] [stdout]    --> /rustc/e3feeb59cd1bdd011a2bfcc0747b55125d9b8527/library/std/src/net/tcp.rs:169:4
[INFO] [stdout] help: there is an associated function `from_raw_fd` with a similar name
[INFO] [stdout]     |
[INFO] [stdout] 200 -             TcpStream::from_raw_socket(socket as SOCKET)
[INFO] [stdout] 200 +             TcpStream::from_raw_fd(socket as SOCKET)
[INFO] [stdout]     |
[INFO] [stdout] 
[INFO] [stdout] 
[INFO] [stdout] error[E0599]: no associated function or constant named `from_wide` found for struct `OsString` in the current scope
[INFO] [stdout]   --> src/wsl_offline_distribution_information.rs:75:28
[INFO] [stdout]    |
[INFO] [stdout] 75 |         unsafe { OsString::from_wide(PCWSTR::from_raw(self.0.Name).as_wide()) }
[INFO] [stdout]    |                            ^^^^^^^^^ associated function or constant not found in `OsString`
[INFO] [stdout]    |
[INFO] [stdout] note: if you're trying to build a new `OsString` consider using one of the following associated functions:
[INFO] [stdout]       OsString::new
[INFO] [stdout]       OsString::from_encoded_bytes_unchecked
[INFO] [stdout]       OsString::with_capacity
[INFO] [stdout]   --> /rustc/e3feeb59cd1bdd011a2bfcc0747b55125d9b8527/library/std/src/ffi/os_str.rs:134:4
[INFO] [stdout] help: there is an associated function `from_iter` with a similar name
[INFO] [stdout]    |
[INFO] [stdout] 75 -         unsafe { OsString::from_wide(PCWSTR::from_raw(self.0.Name).as_wide()) }
[INFO] [stdout] 75 +         unsafe { OsString::from_iter(PCWSTR::from_raw(self.0.Name).as_wide()) }
[INFO] [stdout]    |
[INFO] [stdout] 
[INFO] [stdout] 
[INFO] [stdout] error[E0599]: no associated function or constant named `from_wide` found for struct `OsString` in the current scope
[INFO] [stdout]   --> src/utils.rs:23:32
[INFO] [stdout]    |
[INFO] [stdout] 23 |                 Some(OsString::from_wide(wide))
[INFO] [stdout]    |                                ^^^^^^^^^ associated function or constant not found in `OsString`
[INFO] [stdout]    |
[INFO] [stdout] note: if you're trying to build a new `OsString` consider using one of the following associated functions:
[INFO] [stdout]       OsString::new
[INFO] [stdout]       OsString::from_encoded_bytes_unchecked
[INFO] [stdout]       OsString::with_capacity
[INFO] [stdout]   --> /rustc/e3feeb59cd1bdd011a2bfcc0747b55125d9b8527/library/std/src/ffi/os_str.rs:134:4
[INFO] [stdout] help: there is an associated function `from_iter` with a similar name
[INFO] [stdout]    |
[INFO] [stdout] 23 -                 Some(OsString::from_wide(wide))
[INFO] [stdout] 23 +                 Some(OsString::from_iter(wide))
[INFO] [stdout]    |
[INFO] [stdout] 
[INFO] [stdout] 
[INFO] [stdout] error[E0599]: no associated function or constant named `from_wide` found for struct `OsString` in the current scope
[INFO] [stdout]    --> src/wsl_distribution_information.rs:107:28
[INFO] [stdout]     |
[INFO] [stdout] 107 |         unsafe { OsString::from_wide(PCWSTR::from_raw(self.0.Name).as_wide()) }
[INFO] [stdout]     |                            ^^^^^^^^^ associated function or constant not found in `OsString`
[INFO] [stdout]     |
[INFO] [stdout] note: if you're trying to build a new `OsString` consider using one of the following associated functions:
[INFO] [stdout]       OsString::new
[INFO] [stdout]       OsString::from_encoded_bytes_unchecked
[INFO] [stdout]       OsString::with_capacity
[INFO] [stdout]    --> /rustc/e3feeb59cd1bdd011a2bfcc0747b55125d9b8527/library/std/src/ffi/os_str.rs:134:4
[INFO] [stdout] help: there is an associated function `from_iter` with a similar name
[INFO] [stdout]     |
[INFO] [stdout] 107 -         unsafe { OsString::from_wide(PCWSTR::from_raw(self.0.Name).as_wide()) }
[INFO] [stdout] 107 +         unsafe { OsString::from_iter(PCWSTR::from_raw(self.0.Name).as_wide()) }
[INFO] [stdout]     |
[INFO] [stdout] 
[INFO] [stdout] 
[INFO] [stdout] Some errors have detailed explanations: E0432, E0433, E0599.
[INFO] [stdout] 
[INFO] [stdout] For more information about an error, try `rustc --explain E0432`.
[INFO] [stdout] 
[INFO] [stderr] error: could not compile `wslplugins-rs` (lib) due to 14 previous errors; 1 warning emitted
[INFO] running `Command { std: "docker" "inspect" "bb487581e532b233d4f673c151232976beddab7c1125b007235cf734455107ae", kill_on_drop: false }`
[INFO] running `Command { std: "docker" "rm" "-f" "bb487581e532b233d4f673c151232976beddab7c1125b007235cf734455107ae", kill_on_drop: false }`
[INFO] [stdout] bb487581e532b233d4f673c151232976beddab7c1125b007235cf734455107ae
