[INFO] fetching crate wsl-manager-tui 1.0.0...
[INFO] testing wsl-manager-tui-1.0.0 against 1.100.0-beta.1 for beta-1.100-2
[INFO] extracting crate wsl-manager-tui 1.0.0 into /workspace/builds/worker-0-tc2/source
[INFO] started tweaking crates.io crate wsl-manager-tui 1.0.0
[INFO] finished tweaking crates.io crate wsl-manager-tui 1.0.0
[INFO] tweaked toml for crates.io crate wsl-manager-tui 1.0.0 written to /workspace/builds/worker-0-tc2/source/Cargo.toml
[INFO] validating manifest of crates.io crate wsl-manager-tui 1.0.0 on toolchain 1.100.0-beta.1
[INFO] running `Command { std: CARGO_HOME="/workspace/cargo-home" RUSTUP_HOME="/workspace/rustup-home" "/workspace/cargo-home/bin/cargo" "+1.100.0-beta.1" "metadata" "--manifest-path" "Cargo.toml" "--no-deps", kill_on_drop: false }`
[INFO] crate crates.io crate wsl-manager-tui 1.0.0 already has a lockfile, it will not be regenerated
[INFO] running `Command { std: CARGO_HOME="/workspace/cargo-home" RUSTUP_HOME="/workspace/rustup-home" "/workspace/cargo-home/bin/cargo" "+1.100.0-beta.1" "fetch" "--manifest-path" "Cargo.toml", kill_on_drop: false }`
[INFO] [stderr] warning: `package.homepage` is redundant with `package.repository`
[INFO] [stderr]   --> Cargo.toml:69:12
[INFO] [stderr]    |
[INFO] [stderr] 69 | homepage = "https://github.com/nakaba-lab/wsl-manager-tui"
[INFO] [stderr]    |            ^^^^^^^^^^^^^^^^^^^^^^^^^^^^^^^^^^^^^^^^^^^^^^^
[INFO] [stderr] ...
[INFO] [stderr] 75 | repository = "https://github.com/nakaba-lab/wsl-manager-tui"
[INFO] [stderr]    |              -----------------------------------------------
[INFO] [stderr]    |
[INFO] [stderr]    = note: `cargo::redundant_homepage` is set to `warn` by default
[INFO] [stderr] help: consider removing `package.homepage`
[INFO] [stderr] warning: `wsl-manager-tui` (manifest) generated 1 warning
[INFO] running `Command { std: "docker" "create" "-v" "/var/lib/crater-agent-workspace/builds/worker-0-tc2/source:/opt/rustwide/workdir:ro,Z" "-v" "/var/lib/crater-agent-workspace/builds/worker-0-tc2/target:/opt/rustwide/target:rw,Z" "-v" "/var/lib/crater-agent-workspace/cargo-home:/opt/rustwide/cargo-home:ro,Z" "-v" "/var/lib/crater-agent-workspace/rustup-home:/opt/rustwide/rustup-home:ro,Z" "-m" "1610612736" "--network" "none" "ghcr.io/rust-lang/crates-build-env/linux@sha256:3111399a4047eeb3a02b7a90e478d715f38a8c6669b5c4b49d30a17385265909" "sleep" "infinity", kill_on_drop: false }`
[INFO] [stdout] 1c86766eb80810c6e3b8d3bde098474e208af9d8e80dbf5a050cd5abd833eb17
[INFO] running `Command { std: "docker" "start" "1c86766eb80810c6e3b8d3bde098474e208af9d8e80dbf5a050cd5abd833eb17", kill_on_drop: false }`
[INFO] running `Command { std: "docker" "inspect" "1c86766eb80810c6e3b8d3bde098474e208af9d8e80dbf5a050cd5abd833eb17", kill_on_drop: false }`
[INFO] running `Command { std: "docker" "exec" "-e" "SOURCE_DIR=/opt/rustwide/workdir" "-e" "CARGO_HOME=/opt/rustwide/cargo-home" "-e" "RUSTUP_HOME=/opt/rustwide/rustup-home" "-e" "CARGO_TARGET_DIR=/opt/rustwide/target" "-w" "/opt/rustwide/workdir" "--user" "0:0" "1c86766eb80810c6e3b8d3bde098474e208af9d8e80dbf5a050cd5abd833eb17" "/opt/rustwide/cargo-home/bin/cargo" "+1.100.0-beta.1" "metadata" "--no-deps" "--format-version=1", kill_on_drop: false }`
[INFO] running `Command { std: "docker" "inspect" "1c86766eb80810c6e3b8d3bde098474e208af9d8e80dbf5a050cd5abd833eb17", kill_on_drop: false }`
[INFO] running `Command { std: "docker" "exec" "-e" "SOURCE_DIR=/opt/rustwide/workdir" "-e" "CARGO_HOME=/opt/rustwide/cargo-home" "-e" "RUSTUP_HOME=/opt/rustwide/rustup-home" "-e" "CARGO_TARGET_DIR=/opt/rustwide/target" "-e" "CARGO_INCREMENTAL=0" "-e" "RUST_BACKTRACE=full" "-e" "RUSTFLAGS=--cap-lints=warn" "-e" "RUSTDOCFLAGS=--cap-lints=warn" "-w" "/opt/rustwide/workdir" "--user" "0:0" "1c86766eb80810c6e3b8d3bde098474e208af9d8e80dbf5a050cd5abd833eb17" "/opt/rustwide/cargo-home/bin/cargo" "+1.100.0-beta.1" "build" "--frozen" "--message-format=json", kill_on_drop: false }`
[INFO] [stderr] warning: `package.homepage` is redundant with `package.repository`
[INFO] [stderr]   --> Cargo.toml:69:12
[INFO] [stderr]    |
[INFO] [stderr] 69 | homepage = "https://github.com/nakaba-lab/wsl-manager-tui"
[INFO] [stderr]    |            ^^^^^^^^^^^^^^^^^^^^^^^^^^^^^^^^^^^^^^^^^^^^^^^
[INFO] [stderr] ...
[INFO] [stderr] 75 | repository = "https://github.com/nakaba-lab/wsl-manager-tui"
[INFO] [stderr]    |              -----------------------------------------------
[INFO] [stderr]    |
[INFO] [stderr]    = note: `cargo::redundant_homepage` is set to `warn` by default
[INFO] [stderr] help: consider removing `package.homepage`
[INFO] [stderr] warning: `wsl-manager-tui` (manifest) generated 1 warning
[INFO] [stderr]    Compiling unicode-segmentation v1.13.3
[INFO] [stderr]    Compiling strsim v0.11.1
[INFO] [stderr]    Compiling foldhash v0.2.0
[INFO] [stderr]    Compiling heck v0.5.0
[INFO] [stderr]    Compiling allocator-api2 v0.2.21
[INFO] [stderr]    Compiling rustversion v1.0.22
[INFO] [stderr]    Compiling ident_case v1.0.1
[INFO] [stderr]    Compiling bitflags v2.13.0
[INFO] [stderr]    Compiling futures-core v0.3.32
[INFO] [stderr]    Compiling either v1.16.0
[INFO] [stderr]    Compiling memchr v2.8.1
[INFO] [stderr]    Compiling static_assertions v1.1.0
[INFO] [stderr]    Compiling syn v2.0.117
[INFO] [stderr]    Compiling log v0.4.32
[INFO] [stderr]    Compiling unicode-width v0.2.2
[INFO] [stderr]    Compiling signal-hook v0.3.18
[INFO] [stderr]    Compiling serde_core v1.0.228
[INFO] [stderr]    Compiling indoc v2.0.7
[INFO] [stderr]    Compiling instability v0.3.12
[INFO] [stderr]    Compiling tracing-core v0.1.36
[INFO] [stderr]    Compiling lazy_static v1.5.0
[INFO] [stderr]    Compiling critical-section v1.2.0
[INFO] [stderr]    Compiling rustix v1.1.4
[INFO] [stderr]    Compiling smallvec v1.15.1
[INFO] [stderr]    Compiling sharded-slab v0.1.7
[INFO] [stderr]    Compiling itertools v0.14.0
[INFO] [stderr]    Compiling mio v1.2.1
[INFO] [stderr]    Compiling thread_local v1.1.9
[INFO] [stderr]    Compiling linux-raw-sys v0.12.1
[INFO] [stderr]    Compiling parking_lot_core v0.9.12
[INFO] [stderr]    Compiling num-conv v0.2.2
[INFO] [stderr]    Compiling object v0.37.3
[INFO] [stderr]    Compiling windows_x86_64_gnu v0.52.6
[INFO] [stderr]    Compiling num_threads v0.1.7
[INFO] [stderr]    Compiling hashbrown v0.16.1
[INFO] [stderr]    Compiling hashbrown v0.17.1
[INFO] [stderr]    Compiling futures-sink v0.3.32
[INFO] [stderr]    Compiling litrs v1.0.0
[INFO] [stderr]    Compiling convert_case v0.10.0
[INFO] [stderr]    Compiling owo-colors v4.3.0
[INFO] [stderr]    Compiling utf8parse v0.2.2
[INFO] [stderr]    Compiling futures-channel v0.3.32
[INFO] [stderr]    Compiling tracing-subscriber v0.3.23
[INFO] [stderr]    Compiling anstyle-parse v1.0.0
[INFO] [stderr]    Compiling signal-hook-mio v0.2.5
[INFO] [stderr]    Compiling parking_lot v0.12.5
[INFO] [stderr]    Compiling time v0.3.47
[INFO] [stderr]    Compiling tracing v0.1.44
[INFO] [stderr]    Compiling line-clipping v0.3.7
[INFO] [stderr]    Compiling castaway v0.2.4
[INFO] [stderr]    Compiling is_terminal_polyfill v1.70.2
[INFO] [stderr]    Compiling compact_str v0.9.1
[INFO] [stderr]    Compiling anstyle v1.0.14
[INFO] [stderr]    Compiling colorchoice v1.0.5
[INFO] [stderr]    Compiling color-spantrace v0.3.0
[INFO] [stderr]    Compiling anstyle-query v1.1.5
[INFO] [stderr]    Compiling eyre v0.6.12
[INFO] [stderr]    Compiling windows-link v0.2.1
[INFO] [stderr]    Compiling document-features v0.2.12
[INFO] [stderr]    Compiling lru v0.18.0
[INFO] [stderr]    Compiling gimli v0.32.3
[INFO] [stderr]    Compiling anstream v1.0.0
[INFO] [stderr]    Compiling miniz_oxide v0.8.9
[INFO] [stderr]    Compiling winnow v1.0.3
[INFO] [stderr]    Compiling clap_lex v1.1.0
[INFO] [stderr]    Compiling indenter v0.3.4
[INFO] [stderr]    Compiling rustc-demangle v0.1.27
[INFO] [stderr]    Compiling toml_parser v1.1.2+spec-1.1.0
[INFO] [stderr]    Compiling clap_builder v4.6.0
[INFO] [stderr]    Compiling windows-targets v0.52.6
[INFO] [stderr]    Compiling windows-result v0.4.1
[INFO] [stderr]    Compiling windows-strings v0.5.1
[INFO] [stderr]    Compiling toml_writer v1.1.1+spec-1.1.0
[INFO] [stderr]    Compiling windows-registry v0.6.1
[INFO] [stderr]    Compiling windows-sys v0.59.0
[INFO] [stderr]    Compiling sysinfo v0.39.3
[INFO] [stderr]    Compiling tracing-error v0.2.1
[INFO] [stderr]    Compiling darling_core v0.23.0
[INFO] [stderr]    Compiling serde_spanned v1.1.1
[INFO] [stderr]    Compiling toml_datetime v1.1.1+spec-1.1.0
[INFO] [stderr]    Compiling unicode-truncate v2.0.1
[INFO] [stderr]    Compiling toml v1.1.2+spec-1.1.0
[INFO] [stderr]    Compiling addr2line v0.25.1
[INFO] [stderr]    Compiling thiserror-impl v2.0.18
[INFO] [stderr]    Compiling strum_macros v0.28.0
[INFO] [stderr]    Compiling derive_more-impl v2.1.1
[INFO] [stderr]    Compiling futures-macro v0.3.32
[INFO] [stderr]    Compiling tokio-macros v2.7.0
[INFO] [stderr]    Compiling serde_derive v1.0.228
[INFO] [stderr]    Compiling clap_derive v4.6.1
[INFO] [stderr]    Compiling async-trait v0.1.89
[INFO] [stderr]    Compiling futures-util v0.3.32
[INFO] [stderr]    Compiling tokio v1.52.3
[INFO] [stderr]    Compiling derive_more v2.1.1
[INFO] [stderr]    Compiling crossterm v0.29.0
[INFO] [stderr]    Compiling thiserror v2.0.18
[INFO] [stderr]    Compiling backtrace v0.3.76
[INFO] [stderr]    Compiling kasuari v0.4.12
[INFO] [stderr]    Compiling darling_macro v0.23.0
[INFO] [stderr]    Compiling color-eyre v0.6.5
[INFO] [stderr]    Compiling clap v4.6.1
[INFO] [stderr]    Compiling darling v0.23.0
[INFO] [stderr]    Compiling strum v0.28.0
[INFO] [stderr]    Compiling ratatui-core v0.1.1
[INFO] [stderr]    Compiling serde v1.0.228
[INFO] [stderr]    Compiling futures-executor v0.3.32
[INFO] [stderr]    Compiling futures v0.3.32
[INFO] [stderr]    Compiling ratatui-widgets v0.3.1
[INFO] [stderr]    Compiling ratatui-crossterm v0.1.1
[INFO] [stderr]    Compiling ratatui-macros v0.7.1
[INFO] [stderr]    Compiling ratatui v0.30.1
[INFO] [stderr]    Compiling wsl-manager-tui v1.0.0 (/opt/rustwide/workdir)
[INFO] [stdout] error[E0425]: cannot find value `CURRENT_USER` in crate `windows_registry`
[INFO] [stdout]   --> src/registry/mod.rs:29:34
[INFO] [stdout]    |
[INFO] [stdout] 29 |     let lxss = windows_registry::CURRENT_USER
[INFO] [stdout]    |                                  ^^^^^^^^^^^^ not found in `windows_registry`
[INFO] [stdout] 
[INFO] [stdout] 
[INFO] [stdout] error[E0425]: cannot find value `CURRENT_USER` in crate `windows_registry`
[INFO] [stdout]   --> src/registry/mod.rs:63:23
[INFO] [stdout]    |
[INFO] [stdout] 63 |     windows_registry::CURRENT_USER
[INFO] [stdout]    |                       ^^^^^^^^^^^^ not found in `windows_registry`
[INFO] [stdout] 
[INFO] [stdout] 
[INFO] [stdout] error[E0599]: no method named `creation_flags` found for mutable reference `&mut tokio::process::Command` in the current scope
[INFO] [stdout]    --> src/wsl/backend.rs:260:10
[INFO] [stdout]     |
[INFO] [stdout] 258 |     let output = tokio::process::Command::new("wsl.exe")
[INFO] [stdout] 259 |         .args(args)
[INFO] [stdout] 260 |         .creation_flags(CREATE_NO_WINDOW)
[INFO] [stdout]     |          ^^^^^^^^^^^^^^ method not found in `&mut tokio::process::Command`
[INFO] [stdout] 
[INFO] [stdout] 
[INFO] [stdout] error[E0599]: no method named `creation_flags` found for mutable reference `&mut tokio::process::Command` in the current scope
[INFO] [stdout]    --> src/wsl/backend.rs:145:14
[INFO] [stdout]     |
[INFO] [stdout] 143 |         let output = tokio::process::Command::new("wsl.exe")
[INFO] [stdout] 144 |             .args(["-d", distro, "--", "df", "-kP", "/"])
[INFO] [stdout] 145 |             .creation_flags(CREATE_NO_WINDOW)
[INFO] [stdout]     |              ^^^^^^^^^^^^^^ method not found in `&mut tokio::process::Command`
[INFO] [stdout] 
[INFO] [stdout] 
[INFO] [stdout] error[E0599]: no method named `creation_flags` found for mutable reference `&mut tokio::process::Command` in the current scope
[INFO] [stdout]    --> src/wsl/backend.rs:160:14
[INFO] [stdout]     |
[INFO] [stdout] 158 |         let output = tokio::process::Command::new("wsl.exe")
[INFO] [stdout] 159 |             .args(["-d", distro, "--", "cat", "/proc/meminfo"])
[INFO] [stdout] 160 |             .creation_flags(CREATE_NO_WINDOW)
[INFO] [stdout]     |              ^^^^^^^^^^^^^^ method not found in `&mut tokio::process::Command`
[INFO] [stdout] 
[INFO] [stdout] 
[INFO] [stdout] error[E0599]: no method named `creation_flags` found for mutable reference `&mut tokio::process::Command` in the current scope
[INFO] [stdout]    --> src/wsl/backend.rs:174:14
[INFO] [stdout]     |
[INFO] [stdout] 172 |         let output = tokio::process::Command::new("wsl.exe")
[INFO] [stdout] 173 |             .args(["-d", distro, "-u", "root", "--", "cat", "/etc/wsl.conf"])
[INFO] [stdout] 174 |             .creation_flags(CREATE_NO_WINDOW)
[INFO] [stdout]     |              ^^^^^^^^^^^^^^ method not found in `&mut tokio::process::Command`
[INFO] [stdout] 
[INFO] [stdout] 
[INFO] [stdout] error[E0599]: no method named `creation_flags` found for mutable reference `&mut tokio::process::Command` in the current scope
[INFO] [stdout]    --> src/wsl/backend.rs:197:14
[INFO] [stdout]     |
[INFO] [stdout] 186 |         let _ = tokio::process::Command::new("wsl.exe")
[INFO] [stdout] 187 |             .args([
[INFO] [stdout] 188 |                 "-d",
[INFO] [stdout] 189 |                 distro,
[INFO] [stdout] 190 |                 "-u",
[INFO] [stdout] 191 |                 "root",
[INFO] [stdout] 192 |                 "--",
[INFO] [stdout] 193 |                 "sh",
[INFO] [stdout] 194 |                 "-c",
[INFO] [stdout] 195 |                 "test -f /etc/wsl.conf && cp /etc/wsl.conf /etc/wsl.conf.bak || true",
[INFO] [stdout] 196 |             ])
[INFO] [stdout] 197 |             .creation_flags(CREATE_NO_WINDOW)
[INFO] [stdout]     |              ^^^^^^^^^^^^^^ method not found in `&mut tokio::process::Command`
[INFO] [stdout] 
[INFO] [stdout] 
[INFO] [stdout] error[E0599]: no method named `creation_flags` found for mutable reference `&mut tokio::process::Command` in the current scope
[INFO] [stdout]    --> src/wsl/backend.rs:204:14
[INFO] [stdout]     |
[INFO] [stdout] 202 |         let mut child = tokio::process::Command::new("wsl.exe")
[INFO] [stdout] 203 |             .args(["-d", distro, "-u", "root", "--", "tee", "/etc/wsl.conf"])
[INFO] [stdout] 204 |             .creation_flags(CREATE_NO_WINDOW)
[INFO] [stdout]     |              ^^^^^^^^^^^^^^ method not found in `&mut tokio::process::Command`
[INFO] [stdout] 
[INFO] [stdout] 
[INFO] [stdout] warning: method call on a diverging inference variable
[INFO] [stdout]    --> src/wsl/backend.rs:213:19
[INFO] [stdout]     |
[INFO] [stdout] 213 |         if status.success() {
[INFO] [stdout]     |                   ^^^^^^^
[INFO] [stdout]     |
[INFO] [stdout]     = help: consider providing a type annotation
[INFO] [stdout]     = warning: this was previously accepted by the compiler but is being phased out; it will become a hard error in a future release!
[INFO] [stdout]     = note: for more information, see issue #156047 <https://github.com/rust-lang/rust/issues/156047>
[INFO] [stdout]     = note: `#[warn(method_call_on_diverging_infer_var)]` (part of `#[warn(future_incompatible)]`) on by default
[INFO] [stdout] 
[INFO] [stdout] 
[INFO] [stdout] error[E0599]: no method named `success` found for type `!` in the current scope
[INFO] [stdout]    --> src/wsl/backend.rs:213:19
[INFO] [stdout]     |
[INFO] [stdout] 213 |         if status.success() {
[INFO] [stdout]     |                   ^^^^^^^ method not found in `!`
[INFO] [stdout] 
[INFO] [stdout] 
[INFO] [stdout] Some errors have detailed explanations: E0425, E0599.
[INFO] [stdout] 
[INFO] [stdout] For more information about an error, try `rustc --explain E0425`.
[INFO] [stdout] 
[INFO] [stderr] error: could not compile `wsl-manager-tui` (lib) due to 9 previous errors; 2 warnings emitted
[INFO] running `Command { std: "docker" "inspect" "1c86766eb80810c6e3b8d3bde098474e208af9d8e80dbf5a050cd5abd833eb17", kill_on_drop: false }`
[INFO] running `Command { std: "docker" "rm" "-f" "1c86766eb80810c6e3b8d3bde098474e208af9d8e80dbf5a050cd5abd833eb17", kill_on_drop: false }`
[INFO] [stdout] 1c86766eb80810c6e3b8d3bde098474e208af9d8e80dbf5a050cd5abd833eb17
