[INFO] fetching crate wrend 0.3.6...
[INFO] testing wrend-0.3.6 against 1.100.0-beta.1 for beta-1.100-2
[INFO] extracting crate wrend 0.3.6 into /workspace/builds/worker-2-tc2/source
[INFO] started tweaking crates.io crate wrend 0.3.6
[INFO] finished tweaking crates.io crate wrend 0.3.6
[INFO] tweaked toml for crates.io crate wrend 0.3.6 written to /workspace/builds/worker-2-tc2/source/Cargo.toml
[INFO] validating manifest of crates.io crate wrend 0.3.6 on toolchain 1.100.0-beta.1
[INFO] running `Command { std: CARGO_HOME="/workspace/cargo-home" RUSTUP_HOME="/workspace/rustup-home" "/workspace/cargo-home/bin/cargo" "+1.100.0-beta.1" "metadata" "--manifest-path" "Cargo.toml" "--no-deps", kill_on_drop: false }`
[INFO] running `Command { std: CARGO_HOME="/workspace/cargo-home" RUSTUP_HOME="/workspace/rustup-home" "/workspace/cargo-home/bin/cargo" "+1.100.0-beta.1" "generate-lockfile" "--manifest-path" "Cargo.toml", kill_on_drop: false }`
[INFO] [stderr]     Updating crates.io index
[INFO] [stderr]      Locking 38 packages to highest compatible versions
[INFO] [stderr]       Adding thiserror v1.0.69 (available: v2.0.21)
[INFO] running `Command { std: CARGO_HOME="/workspace/cargo-home" RUSTUP_HOME="/workspace/rustup-home" "/workspace/cargo-home/bin/cargo" "+1.100.0-beta.1" "fetch" "--manifest-path" "Cargo.toml", kill_on_drop: false }`
[INFO] [stderr] warning: `package.homepage` is redundant with `package.repository`
[INFO] [stderr]   --> Cargo.toml:41:12
[INFO] [stderr]    |
[INFO] [stderr] 41 | homepage = "https://github.com/austintheriot/wrend"
[INFO] [stderr]    |            ^^^^^^^^^^^^^^^^^^^^^^^^^^^^^^^^^^^^^^^^
[INFO] [stderr] ...
[INFO] [stderr] 46 | repository = "https://github.com/austintheriot/wrend"
[INFO] [stderr]    |              ----------------------------------------
[INFO] [stderr]    |
[INFO] [stderr]    = note: `cargo::redundant_homepage` is set to `warn` by default
[INFO] [stderr] help: consider removing `package.homepage`
[INFO] [stderr] warning: `wrend` (manifest) generated 1 warning
[INFO] running `Command { std: "docker" "create" "-v" "/var/lib/crater-agent-workspace/builds/worker-2-tc2/source:/opt/rustwide/workdir:ro,Z" "-v" "/var/lib/crater-agent-workspace/builds/worker-2-tc2/target:/opt/rustwide/target:rw,Z" "-v" "/var/lib/crater-agent-workspace/cargo-home:/opt/rustwide/cargo-home:ro,Z" "-v" "/var/lib/crater-agent-workspace/rustup-home:/opt/rustwide/rustup-home:ro,Z" "-m" "1610612736" "--network" "none" "ghcr.io/rust-lang/crates-build-env/linux@sha256:3111399a4047eeb3a02b7a90e478d715f38a8c6669b5c4b49d30a17385265909" "sleep" "infinity", kill_on_drop: false }`
[INFO] [stdout] d5ec445bf8857321796b853ab5ab90f9486bcda882b699d105cc3abed5979db4
[INFO] running `Command { std: "docker" "start" "d5ec445bf8857321796b853ab5ab90f9486bcda882b699d105cc3abed5979db4", kill_on_drop: false }`
[INFO] running `Command { std: "docker" "inspect" "d5ec445bf8857321796b853ab5ab90f9486bcda882b699d105cc3abed5979db4", kill_on_drop: false }`
[INFO] running `Command { std: "docker" "exec" "-e" "SOURCE_DIR=/opt/rustwide/workdir" "-e" "CARGO_HOME=/opt/rustwide/cargo-home" "-e" "RUSTUP_HOME=/opt/rustwide/rustup-home" "-e" "CARGO_TARGET_DIR=/opt/rustwide/target" "-w" "/opt/rustwide/workdir" "--user" "0:0" "d5ec445bf8857321796b853ab5ab90f9486bcda882b699d105cc3abed5979db4" "/opt/rustwide/cargo-home/bin/cargo" "+1.100.0-beta.1" "metadata" "--no-deps" "--format-version=1", kill_on_drop: false }`
[INFO] running `Command { std: "docker" "inspect" "d5ec445bf8857321796b853ab5ab90f9486bcda882b699d105cc3abed5979db4", kill_on_drop: false }`
[INFO] running `Command { std: "docker" "exec" "-e" "SOURCE_DIR=/opt/rustwide/workdir" "-e" "CARGO_HOME=/opt/rustwide/cargo-home" "-e" "RUSTUP_HOME=/opt/rustwide/rustup-home" "-e" "CARGO_TARGET_DIR=/opt/rustwide/target" "-e" "CARGO_INCREMENTAL=0" "-e" "RUST_BACKTRACE=full" "-e" "RUSTFLAGS=--cap-lints=warn" "-e" "RUSTDOCFLAGS=--cap-lints=warn" "-w" "/opt/rustwide/workdir" "--user" "0:0" "d5ec445bf8857321796b853ab5ab90f9486bcda882b699d105cc3abed5979db4" "/opt/rustwide/cargo-home/bin/cargo" "+1.100.0-beta.1" "build" "--frozen" "--message-format=json", kill_on_drop: false }`
[INFO] [stderr] warning: `package.homepage` is redundant with `package.repository`
[INFO] [stderr]   --> Cargo.toml:41:12
[INFO] [stderr]    |
[INFO] [stderr] 41 | homepage = "https://github.com/austintheriot/wrend"
[INFO] [stderr]    |            ^^^^^^^^^^^^^^^^^^^^^^^^^^^^^^^^^^^^^^^^
[INFO] [stderr] ...
[INFO] [stderr] 46 | repository = "https://github.com/austintheriot/wrend"
[INFO] [stderr]    |              ----------------------------------------
[INFO] [stderr]    |
[INFO] [stderr]    = note: `cargo::redundant_homepage` is set to `warn` by default
[INFO] [stderr] help: consider removing `package.homepage`
[INFO] [stderr] warning: `wrend` (manifest) generated 1 warning
[INFO] [stderr]    Compiling libc v0.2.190
[INFO] [stderr]    Compiling wasm-bindgen v0.2.129
[INFO] [stderr]    Compiling syn v2.0.119
[INFO] [stderr]    Compiling getrandom v0.4.3
[INFO] [stderr]    Compiling js-sys v0.3.106
[INFO] [stderr]    Compiling console_error_panic_hook v0.1.7
[INFO] [stderr]    Compiling uuid v1.27.0
[INFO] [stderr]    Compiling thiserror-impl v1.0.69
[INFO] [stderr]    Compiling thiserror v1.0.69
[INFO] [stderr]    Compiling web-sys v0.3.106
[INFO] [stderr]    Compiling wasm-bindgen-futures v0.4.79
[INFO] [stderr]    Compiling wasm-logger v0.2.0
[INFO] [stderr]    Compiling wrend v0.3.6 (/opt/rustwide/workdir)
[INFO] [stdout] warning: ambiguous glob re-exports
[INFO] [stdout]    --> src/lib.rs:275:9
[INFO] [stdout]     |
[INFO] [stdout] 275 | pub use buffers::*;
[INFO] [stdout]     |         ^^^^^^^^^^ the name `BufferCreateContextJsInner` in the type namespace is first re-exported here
[INFO] [stdout] ...
[INFO] [stdout] 278 | pub use framebuffers::*;
[INFO] [stdout]     |         --------------- but the name `BufferCreateContextJsInner` in the type namespace is also re-exported here
[INFO] [stdout]     |
[INFO] [stdout]     = note: `#[warn(ambiguous_glob_reexports)]` on by default
[INFO] [stdout] 
[INFO] [stdout] 
[INFO] [stdout] warning: use of deprecated method `web_sys::MediaRecorderOptions::mime_type`: Use `set_mime_type()` instead.
[INFO] [stdout]   --> src/recording/recording_data.rs:46:32
[INFO] [stdout]    |
[INFO] [stdout] 46 |         media_recorder_options.mime_type(&mime_type);
[INFO] [stdout]    |                                ^^^^^^^^^
[INFO] [stdout]    |
[INFO] [stdout]    = note: `#[warn(deprecated)]` on by default
[INFO] [stdout] 
[INFO] [stdout] 
[INFO] [stdout] warning: use of deprecated method `web_sys::MediaRecorderOptions::bits_per_second`: Use `set_bits_per_second()` instead.
[INFO] [stdout]   --> src/recording/recording_data.rs:47:32
[INFO] [stdout]    |
[INFO] [stdout] 47 |         media_recorder_options.bits_per_second(u32::MAX);
[INFO] [stdout]    |                                ^^^^^^^^^^^^^^^
[INFO] [stdout] 
[INFO] [stdout] 
[INFO] [stdout] warning: use of deprecated method `web_sys::BlobPropertyBag::type_`: Use `set_type()` instead.
[INFO] [stdout]   --> src/recording/recording_data.rs:85:27
[INFO] [stdout]    |
[INFO] [stdout] 85 |         blob_property_bag.type_(RecordingData::VIDEO_TYPE);
[INFO] [stdout]    |                           ^^^^^
[INFO] [stdout] 
[INFO] [stdout] 
[INFO] [stdout] warning: use of deprecated associated function `wasm_bindgen::JsValue::from_serde`: causes dependency cycles, use `serde-wasm-bindgen` or `gloo_utils::format::JsValueSerdeExt` instead
[INFO] [stdout]     --> src/renderer_data/renderer_data.rs:1185:46
[INFO] [stdout]      |
[INFO] [stdout] 1185 |             let varyings_js_value = JsValue::from_serde(&transform_feedback_varyings)
[INFO] [stdout]      |                                              ^^^^^^^^^^
[INFO] [stdout] 
[INFO] [stdout] 
[INFO] [stdout] error[E0277]: the trait bound `JsValue: Eq` is not satisfied
[INFO] [stdout]     --> src/types/attribute_map.rs:9:1
[INFO] [stdout]      |
[INFO] [stdout]    9 | #[wasm_bindgen]
[INFO] [stdout]      | ^^^^^^^^^^^^^^^ the trait `Eq` is not implemented for `JsValue`
[INFO] [stdout] ...
[INFO] [stdout]   12 |     #[derive(Clone, Debug, PartialEq, Eq)]
[INFO] [stdout]      |                                       -- in this derive macro expansion
[INFO] [stdout]      |
[INFO] [stdout] help: the trait `Eq` is conditionally implemented for `js_sys::Map<K, V>`
[INFO] [stdout]     --> /opt/rustwide/cargo-home/registry/src/index.crates.io-1949cf8c6b5b557f/js-sys-0.3.106/src/lib.rs:5170:39
[INFO] [stdout]      |
[INFO] [stdout] 5170 |     #[derive(Clone, Debug, PartialEq, Eq)]
[INFO] [stdout]      |                                       ^^
[INFO] [stdout] 5171 |     pub type Map<K = JsValue, V = JsValue>;
[INFO] [stdout]      |                  - unsatisfied requirement introduced here: `JsValue: Eq`
[INFO] [stdout]      = note: required for `js_sys::Map` to implement `Eq`
[INFO] [stdout] note: required by a bound in `std::cmp::AssertParamIsEq`
[INFO] [stdout]     --> /rustc/e3feeb59cd1bdd011a2bfcc0747b55125d9b8527/library/core/src/cmp.rs:395:0
[INFO] [stdout] 
[INFO] [stdout] 
[INFO] [stdout] error[E0277]: the trait bound `JsValue: Eq` is not satisfied
[INFO] [stdout]     --> src/types/buffer_map.rs:9:1
[INFO] [stdout]      |
[INFO] [stdout]    9 | #[wasm_bindgen]
[INFO] [stdout]      | ^^^^^^^^^^^^^^^ the trait `Eq` is not implemented for `JsValue`
[INFO] [stdout] ...
[INFO] [stdout]   12 |     #[derive(Clone, Debug, PartialEq, Eq)]
[INFO] [stdout]      |                                       -- in this derive macro expansion
[INFO] [stdout]      |
[INFO] [stdout] help: the trait `Eq` is conditionally implemented for `js_sys::Map<K, V>`
[INFO] [stdout]     --> /opt/rustwide/cargo-home/registry/src/index.crates.io-1949cf8c6b5b557f/js-sys-0.3.106/src/lib.rs:5170:39
[INFO] [stdout]      |
[INFO] [stdout] 5170 |     #[derive(Clone, Debug, PartialEq, Eq)]
[INFO] [stdout]      |                                       ^^
[INFO] [stdout] 5171 |     pub type Map<K = JsValue, V = JsValue>;
[INFO] [stdout]      |                  - unsatisfied requirement introduced here: `JsValue: Eq`
[INFO] [stdout]      = note: required for `js_sys::Map` to implement `Eq`
[INFO] [stdout] note: required by a bound in `std::cmp::AssertParamIsEq`
[INFO] [stdout]     --> /rustc/e3feeb59cd1bdd011a2bfcc0747b55125d9b8527/library/core/src/cmp.rs:395:0
[INFO] [stdout] 
[INFO] [stdout] 
[INFO] [stdout] error[E0277]: the trait bound `JsValue: Eq` is not satisfied
[INFO] [stdout]    --> src/types/string_array.rs:9:1
[INFO] [stdout]     |
[INFO] [stdout]   9 | #[wasm_bindgen]
[INFO] [stdout]     | ^^^^^^^^^^^^^^^ the trait `Eq` is not implemented for `JsValue`
[INFO] [stdout] ...
[INFO] [stdout]  12 |     #[derive(Clone, Debug, PartialEq, Eq)]
[INFO] [stdout]     |                                       -- in this derive macro expansion
[INFO] [stdout]     |
[INFO] [stdout] help: the trait `Eq` is conditionally implemented for `js_sys::Array<T>`
[INFO] [stdout]    --> /opt/rustwide/cargo-home/registry/src/index.crates.io-1949cf8c6b5b557f/js-sys-0.3.106/src/lib.rs:533:39
[INFO] [stdout]     |
[INFO] [stdout] 533 |     #[derive(Clone, Debug, PartialEq, Eq)]
[INFO] [stdout]     |                                       ^^
[INFO] [stdout] 534 |     pub type Array<T = JsValue>;
[INFO] [stdout]     |                    - unsatisfied requirement introduced here: `JsValue: Eq`
[INFO] [stdout]     = note: required for `js_sys::Array` to implement `Eq`
[INFO] [stdout] note: required by a bound in `std::cmp::AssertParamIsEq`
[INFO] [stdout]    --> /rustc/e3feeb59cd1bdd011a2bfcc0747b55125d9b8527/library/core/src/cmp.rs:395:0
[INFO] [stdout] 
[INFO] [stdout] 
[INFO] [stdout] error[E0277]: the trait bound `JsValue: Eq` is not satisfied
[INFO] [stdout]    --> src/types/texture_js_array.rs:9:1
[INFO] [stdout]     |
[INFO] [stdout]   9 | #[wasm_bindgen]
[INFO] [stdout]     | ^^^^^^^^^^^^^^^ the trait `Eq` is not implemented for `JsValue`
[INFO] [stdout] ...
[INFO] [stdout]  12 |     #[derive(Clone, Debug, PartialEq, Eq)]
[INFO] [stdout]     |                                       -- in this derive macro expansion
[INFO] [stdout]     |
[INFO] [stdout] help: the trait `Eq` is conditionally implemented for `js_sys::Array<T>`
[INFO] [stdout]    --> /opt/rustwide/cargo-home/registry/src/index.crates.io-1949cf8c6b5b557f/js-sys-0.3.106/src/lib.rs:533:39
[INFO] [stdout]     |
[INFO] [stdout] 533 |     #[derive(Clone, Debug, PartialEq, Eq)]
[INFO] [stdout]     |                                       ^^
[INFO] [stdout] 534 |     pub type Array<T = JsValue>;
[INFO] [stdout]     |                    - unsatisfied requirement introduced here: `JsValue: Eq`
[INFO] [stdout]     = note: required for `js_sys::Array` to implement `Eq`
[INFO] [stdout] note: required by a bound in `std::cmp::AssertParamIsEq`
[INFO] [stdout]    --> /rustc/e3feeb59cd1bdd011a2bfcc0747b55125d9b8527/library/core/src/cmp.rs:395:0
[INFO] [stdout] 
[INFO] [stdout] 
[INFO] [stdout] error[E0277]: the trait bound `JsValue: Eq` is not satisfied
[INFO] [stdout]     --> src/types/texture_map.rs:9:1
[INFO] [stdout]      |
[INFO] [stdout]    9 | #[wasm_bindgen]
[INFO] [stdout]      | ^^^^^^^^^^^^^^^ the trait `Eq` is not implemented for `JsValue`
[INFO] [stdout] ...
[INFO] [stdout]   12 |     #[derive(Clone, Debug, PartialEq, Eq)]
[INFO] [stdout]      |                                       -- in this derive macro expansion
[INFO] [stdout]      |
[INFO] [stdout] help: the trait `Eq` is conditionally implemented for `js_sys::Map<K, V>`
[INFO] [stdout]     --> /opt/rustwide/cargo-home/registry/src/index.crates.io-1949cf8c6b5b557f/js-sys-0.3.106/src/lib.rs:5170:39
[INFO] [stdout]      |
[INFO] [stdout] 5170 |     #[derive(Clone, Debug, PartialEq, Eq)]
[INFO] [stdout]      |                                       ^^
[INFO] [stdout] 5171 |     pub type Map<K = JsValue, V = JsValue>;
[INFO] [stdout]      |                  - unsatisfied requirement introduced here: `JsValue: Eq`
[INFO] [stdout]      = note: required for `js_sys::Map` to implement `Eq`
[INFO] [stdout] note: required by a bound in `std::cmp::AssertParamIsEq`
[INFO] [stdout]     --> /rustc/e3feeb59cd1bdd011a2bfcc0747b55125d9b8527/library/core/src/cmp.rs:395:0
[INFO] [stdout] 
[INFO] [stdout] 
[INFO] [stdout] error[E0277]: the trait bound `JsValue: Eq` is not satisfied
[INFO] [stdout]     --> src/types/uniform_locations_map.rs:9:1
[INFO] [stdout]      |
[INFO] [stdout]    9 | #[wasm_bindgen]
[INFO] [stdout]      | ^^^^^^^^^^^^^^^ the trait `Eq` is not implemented for `JsValue`
[INFO] [stdout] ...
[INFO] [stdout]   12 |     #[derive(Clone, Debug, PartialEq, Eq)]
[INFO] [stdout]      |                                       -- in this derive macro expansion
[INFO] [stdout]      |
[INFO] [stdout] help: the trait `Eq` is conditionally implemented for `js_sys::Map<K, V>`
[INFO] [stdout]     --> /opt/rustwide/cargo-home/registry/src/index.crates.io-1949cf8c6b5b557f/js-sys-0.3.106/src/lib.rs:5170:39
[INFO] [stdout]      |
[INFO] [stdout] 5170 |     #[derive(Clone, Debug, PartialEq, Eq)]
[INFO] [stdout]      |                                       ^^
[INFO] [stdout] 5171 |     pub type Map<K = JsValue, V = JsValue>;
[INFO] [stdout]      |                  - unsatisfied requirement introduced here: `JsValue: Eq`
[INFO] [stdout]      = note: required for `js_sys::Map` to implement `Eq`
[INFO] [stdout] note: required by a bound in `std::cmp::AssertParamIsEq`
[INFO] [stdout]     --> /rustc/e3feeb59cd1bdd011a2bfcc0747b55125d9b8527/library/core/src/cmp.rs:395:0
[INFO] [stdout] 
[INFO] [stdout] 
[INFO] [stdout] error[E0277]: the trait bound `JsValue: Eq` is not satisfied
[INFO] [stdout]     --> src/types/uniform_map.rs:9:1
[INFO] [stdout]      |
[INFO] [stdout]    9 | #[wasm_bindgen]
[INFO] [stdout]      | ^^^^^^^^^^^^^^^ the trait `Eq` is not implemented for `JsValue`
[INFO] [stdout] ...
[INFO] [stdout]   12 |     #[derive(Clone, Debug, PartialEq, Eq)]
[INFO] [stdout]      |                                       -- in this derive macro expansion
[INFO] [stdout]      |
[INFO] [stdout] help: the trait `Eq` is conditionally implemented for `js_sys::Map<K, V>`
[INFO] [stdout]     --> /opt/rustwide/cargo-home/registry/src/index.crates.io-1949cf8c6b5b557f/js-sys-0.3.106/src/lib.rs:5170:39
[INFO] [stdout]      |
[INFO] [stdout] 5170 |     #[derive(Clone, Debug, PartialEq, Eq)]
[INFO] [stdout]      |                                       ^^
[INFO] [stdout] 5171 |     pub type Map<K = JsValue, V = JsValue>;
[INFO] [stdout]      |                  - unsatisfied requirement introduced here: `JsValue: Eq`
[INFO] [stdout]      = note: required for `js_sys::Map` to implement `Eq`
[INFO] [stdout] note: required by a bound in `std::cmp::AssertParamIsEq`
[INFO] [stdout]     --> /rustc/e3feeb59cd1bdd011a2bfcc0747b55125d9b8527/library/core/src/cmp.rs:395:0
[INFO] [stdout] 
[INFO] [stdout] 
[INFO] [stdout] error[E0277]: the trait bound `JsValue: Eq` is not satisfied
[INFO] [stdout]     --> src/types/webgl_program_map.rs:9:1
[INFO] [stdout]      |
[INFO] [stdout]    9 | #[wasm_bindgen]
[INFO] [stdout]      | ^^^^^^^^^^^^^^^ the trait `Eq` is not implemented for `JsValue`
[INFO] [stdout] ...
[INFO] [stdout]   12 |     #[derive(Clone, Debug, PartialEq, Eq)]
[INFO] [stdout]      |                                       -- in this derive macro expansion
[INFO] [stdout]      |
[INFO] [stdout] help: the trait `Eq` is conditionally implemented for `js_sys::Map<K, V>`
[INFO] [stdout]     --> /opt/rustwide/cargo-home/registry/src/index.crates.io-1949cf8c6b5b557f/js-sys-0.3.106/src/lib.rs:5170:39
[INFO] [stdout]      |
[INFO] [stdout] 5170 |     #[derive(Clone, Debug, PartialEq, Eq)]
[INFO] [stdout]      |                                       ^^
[INFO] [stdout] 5171 |     pub type Map<K = JsValue, V = JsValue>;
[INFO] [stdout]      |                  - unsatisfied requirement introduced here: `JsValue: Eq`
[INFO] [stdout]      = note: required for `js_sys::Map` to implement `Eq`
[INFO] [stdout] note: required by a bound in `std::cmp::AssertParamIsEq`
[INFO] [stdout]     --> /rustc/e3feeb59cd1bdd011a2bfcc0747b55125d9b8527/library/core/src/cmp.rs:395:0
[INFO] [stdout] 
[INFO] [stdout] 
[INFO] [stdout] error[E0277]: the trait bound `JsValue: Eq` is not satisfied
[INFO] [stdout]     --> src/types/webgl_shader_map.rs:9:1
[INFO] [stdout]      |
[INFO] [stdout]    9 | #[wasm_bindgen]
[INFO] [stdout]      | ^^^^^^^^^^^^^^^ the trait `Eq` is not implemented for `JsValue`
[INFO] [stdout] ...
[INFO] [stdout]   12 |     #[derive(Clone, Debug, PartialEq, Eq)]
[INFO] [stdout]      |                                       -- in this derive macro expansion
[INFO] [stdout]      |
[INFO] [stdout] help: the trait `Eq` is conditionally implemented for `js_sys::Map<K, V>`
[INFO] [stdout]     --> /opt/rustwide/cargo-home/registry/src/index.crates.io-1949cf8c6b5b557f/js-sys-0.3.106/src/lib.rs:5170:39
[INFO] [stdout]      |
[INFO] [stdout] 5170 |     #[derive(Clone, Debug, PartialEq, Eq)]
[INFO] [stdout]      |                                       ^^
[INFO] [stdout] 5171 |     pub type Map<K = JsValue, V = JsValue>;
[INFO] [stdout]      |                  - unsatisfied requirement introduced here: `JsValue: Eq`
[INFO] [stdout]      = note: required for `js_sys::Map` to implement `Eq`
[INFO] [stdout] note: required by a bound in `std::cmp::AssertParamIsEq`
[INFO] [stdout]     --> /rustc/e3feeb59cd1bdd011a2bfcc0747b55125d9b8527/library/core/src/cmp.rs:395:0
[INFO] [stdout] 
[INFO] [stdout] 
[INFO] [stdout] For more information about this error, try `rustc --explain E0277`.
[INFO] [stdout] 
[INFO] [stderr] error: could not compile `wrend` (lib) due to 9 previous errors; 5 warnings emitted
[INFO] running `Command { std: "docker" "inspect" "d5ec445bf8857321796b853ab5ab90f9486bcda882b699d105cc3abed5979db4", kill_on_drop: false }`
[INFO] running `Command { std: "docker" "rm" "-f" "d5ec445bf8857321796b853ab5ab90f9486bcda882b699d105cc3abed5979db4", kill_on_drop: false }`
[INFO] [stdout] d5ec445bf8857321796b853ab5ab90f9486bcda882b699d105cc3abed5979db4
