[INFO] fetching crate wp-solana-jupiter-lend-core 0.1.2...
[INFO] testing wp-solana-jupiter-lend-core-0.1.2 against 1.99.0-beta.8 for beta-1.100-2
[INFO] extracting crate wp-solana-jupiter-lend-core 0.1.2 into /workspace/builds/worker-3-tc1/source
[INFO] started tweaking crates.io crate wp-solana-jupiter-lend-core 0.1.2
[INFO] removed 0 missing tests
[INFO] finished tweaking crates.io crate wp-solana-jupiter-lend-core 0.1.2
[INFO] tweaked toml for crates.io crate wp-solana-jupiter-lend-core 0.1.2 written to /workspace/builds/worker-3-tc1/source/Cargo.toml
[INFO] validating manifest of crates.io crate wp-solana-jupiter-lend-core 0.1.2 on toolchain 1.99.0-beta.8
[INFO] running `Command { std: CARGO_HOME="/workspace/cargo-home" RUSTUP_HOME="/workspace/rustup-home" "/workspace/cargo-home/bin/cargo" "+1.99.0-beta.8" "metadata" "--manifest-path" "Cargo.toml" "--no-deps", kill_on_drop: false }`
[INFO] crate crates.io crate wp-solana-jupiter-lend-core 0.1.2 already has a lockfile, it will not be regenerated
[INFO] running `Command { std: CARGO_HOME="/workspace/cargo-home" RUSTUP_HOME="/workspace/rustup-home" "/workspace/cargo-home/bin/cargo" "+1.99.0-beta.8" "fetch" "--manifest-path" "Cargo.toml", kill_on_drop: false }`
[INFO] [stderr]     Blocking waiting for file lock on package cache
[INFO] [stderr]     Updating crates.io index
[INFO] [stderr]  Downloading crates ...
[INFO] [stderr]   Downloaded wincode-derive v0.4.3
[INFO] [stderr]   Downloaded solana-sdk-ids v3.1.0
[INFO] [stderr]   Downloaded spl-token-interface v2.0.0
[INFO] [stderr]   Downloaded wincode v0.5.1
[INFO] [stderr]   Downloaded spl-discriminator v0.5.2
[INFO] [stderr]   Downloaded solana-atomic-u64 v3.0.1
[INFO] [stderr]   Downloaded spl-discriminator-syn v0.2.1
[INFO] [stderr]   Downloaded wp-solana-jupiter-vaults-client v0.1.2
[INFO] [stderr]   Downloaded solana-nullable v1.1.0
[INFO] [stderr]   Downloaded solana-define-syscall v5.0.0
[INFO] [stderr]   Downloaded solana-address v1.1.0
[INFO] [stderr]   Downloaded solana-program-pack v3.1.0
[INFO] [stderr]   Downloaded solana-program-option v3.1.0
[INFO] [stderr]   Downloaded solana-zero-copy v1.0.0
[INFO] [stderr]   Downloaded solana-account-info v3.1.1
[INFO] [stderr]   Downloaded solana-program-memory v3.1.0
[INFO] [stderr]   Downloaded solana-signer v3.0.0
[INFO] [stderr]   Downloaded solana-transaction-error v3.2.0
[INFO] [stderr]   Downloaded solana-signature v3.4.0
[INFO] [stderr]   Downloaded wasm-bindgen-macro v0.2.118
[INFO] [stderr]   Downloaded serde-big-array v0.5.1
[INFO] [stderr]   Downloaded solana-cpi v3.1.0
[INFO] [stderr]   Downloaded solana-pubkey v3.0.0
[INFO] [stderr]   Downloaded spl-token-metadata-interface v0.8.0
[INFO] [stderr]   Downloaded spl-pod v0.7.3
[INFO] [stderr]   Downloaded solana-derivation-path v3.0.0
[INFO] [stderr]   Downloaded solana-sysvar-id v3.1.0
[INFO] [stderr]   Downloaded spl-type-length-value v0.9.1
[INFO] [stderr]   Downloaded spl-discriminator-derive v0.2.0
[INFO] [stderr]   Downloaded solana-seed-phrase v3.0.0
[INFO] [stderr]   Downloaded solana-seed-derivable v3.0.0
[INFO] [stderr]   Downloaded solana-borsh v3.0.2
[INFO] [stderr]   Downloaded js-sys v0.3.95
[INFO] [stderr]   Downloaded wasm-bindgen-shared v0.2.118
[INFO] [stderr]   Downloaded aes-gcm-siv v0.11.1
[INFO] [stderr]   Downloaded spl-token-group-interface v0.7.2
[INFO] [stderr]   Downloaded spl-token-confidential-transfer-proof-generation v0.5.1
[INFO] [stderr]   Downloaded spl-token-confidential-transfer-proof-extraction v0.5.1
[INFO] [stderr]   Downloaded wasm-bindgen v0.2.118
[INFO] [stderr]   Downloaded wasm-bindgen-macro-support v0.2.118
[INFO] [stderr]   Downloaded spl-associated-token-account-interface v2.0.0
[INFO] [stderr]   Downloaded spl-token-2022-interface v2.1.0
[INFO] [stderr]   Downloaded solana-curve25519 v3.1.12
[INFO] [stderr]   Downloaded solana-define-syscall v3.0.0
[INFO] [stderr]   Downloaded solana-stable-layout v3.0.1
[INFO] [stderr]   Downloaded solana-serialize-utils v3.1.1
[INFO] [stderr]   Downloaded solana-transaction-metrics-tracker v3.1.12
[INFO] [stderr]   Downloaded solana-packet v3.0.0
[INFO] [stderr]   Downloaded winnow v1.0.1
[INFO] [stderr]   Downloaded solana-short-vec v3.2.0
[INFO] [stderr]   Downloaded solana-slot-history v3.0.0
[INFO] [stderr]   Downloaded solana-instructions-sysvar v3.0.0
[INFO] [stderr]   Downloaded solana-program-entrypoint v3.1.1
[INFO] [stderr]   Downloaded solana-time-utils v3.0.0
[INFO] [stderr]   Downloaded solana-system-interface v2.0.0
[INFO] [stderr]   Downloaded solana-rent v3.1.0
[INFO] [stderr]   Downloaded solana-client v3.1.12
[INFO] [stderr]   Downloaded solana-udp-client v3.1.12
[INFO] [stderr]   Downloaded solana-perf v3.1.12
[INFO] [stderr]   Downloaded solana-transaction-context v3.1.12
[INFO] [stderr]   Downloaded solana-rayon-threadlimit v3.1.12
[INFO] [stderr]   Downloaded solana-epoch-rewards v3.0.1
[INFO] [stderr]   Downloaded solana-clock v3.0.1
[INFO] [stderr]   Downloaded solana-streamer v3.1.12
[INFO] [stderr]   Downloaded x509-parser v0.14.0
[INFO] [stderr]   Downloaded solana-sbpf v0.13.1
[INFO] [stderr]   Downloaded solana-last-restart-slot v3.0.0
[INFO] [stderr]   Downloaded solana-fee-calculator v3.2.0
[INFO] [stderr]   Downloaded solana-epoch-schedule v3.1.0
[INFO] [stderr]   Downloaded wasm-bindgen-futures v0.4.68
[INFO] [stderr]   Downloaded solana-account v3.4.0
[INFO] [stderr]   Downloaded solana-sdk-macro v3.0.1
[INFO] [stderr]   Downloaded solana-cluster-type v3.1.0
[INFO] [stderr]   Downloaded solana-sysvar v3.1.1
[INFO] [stderr]   Downloaded serde_with v3.18.0
[INFO] [stderr]   Downloaded solana-slot-hashes v3.0.1
[INFO] [stderr]   Downloaded cfg_eval v0.1.2
[INFO] [stderr]   Downloaded rustls-webpki v0.103.11
[INFO] [stderr]   Downloaded solana-metrics v3.1.12
[INFO] [stderr]   Downloaded web-sys v0.3.95
[INFO] [stderr]   Downloaded serde_with_macros v3.18.0
[INFO] [stderr]   Downloaded rand v0.9.3
[INFO] [stderr]   Downloaded solana-zk-sdk v4.0.0
[INFO] [stderr]   Downloaded solana-message v3.1.0
[INFO] [stderr]   Downloaded solana-hash v3.1.0
[INFO] [stderr]   Downloaded dlopen2_derive v0.3.0
[INFO] [stderr]   Downloaded solana-quic-definitions v3.0.0
[INFO] [stderr]   Downloaded dlopen2 v0.5.0
[INFO] [stderr]   Downloaded solana-tls-utils v3.1.12
[INFO] [stderr]   Downloaded solana-keypair v3.1.2
[INFO] [stderr]   Downloaded solana-svm-type-overrides v3.1.12
[INFO] [stderr]   Downloaded solana-net-utils v3.1.12
[INFO] [stderr]   Downloaded solana-measure v3.1.12
[INFO] [stderr]   Downloaded solana-serde v3.0.0
[INFO] [stderr]   Downloaded num v0.2.1
[INFO] [stderr]   Downloaded percentage v0.1.0
[INFO] [stderr]   Downloaded histogram v0.6.9
[INFO] [stderr]   Downloaded governor v0.6.3
[INFO] [stderr]   Downloaded num-complex v0.2.4
[INFO] [stderr]   Downloaded num-bigint v0.2.6
[INFO] [stderr]   Downloaded no-std-compat v0.4.1
[INFO] [stderr]   Downloaded anza-quinn-proto v0.11.13-rustsec20260037
[INFO] [stderr]   Downloaded solana-transaction-status-client-types v3.1.12
[INFO] [stderr]   Downloaded solana-connection-cache v3.1.12
[INFO] [stderr]   Downloaded solana-rpc-client-types v3.1.12
[INFO] [stderr]   Downloaded solana-tpu-client v3.1.12
[INFO] [stderr]   Downloaded solana-vote-interface v4.0.4
[INFO] [stderr]   Downloaded solana-nonce v3.2.0
[INFO] [stderr]   Downloaded solana-rpc-client-api v3.1.12
[INFO] [stderr]   Downloaded solana-inflation v3.1.0
[INFO] [stderr]   Downloaded solana-transaction v3.1.0
[INFO] [stderr]   Downloaded solana-epoch-info v3.1.0
[INFO] [stderr]   Downloaded solana-account-decoder-client-types v3.1.12
[INFO] [stderr]   Downloaded solana-commitment-config v3.1.1
[INFO] [stderr]   Downloaded reqwest-middleware v0.4.2
[INFO] [stderr]   Downloaded solana-version v3.1.12
[INFO] [stderr]   Downloaded solana-feature-gate-interface v3.1.0
[INFO] [stderr]   Downloaded solana-config-interface v2.0.0
[INFO] [stderr]   Downloaded solana-reward-info v3.0.0
[INFO] [stderr]   Downloaded agave-feature-set v3.1.12
[INFO] [stderr]   Downloaded wp-solana-jupiter-liquidity-client v0.1.2
[INFO] [stderr]   Downloaded anza-quinn v0.11.9-rustsec20260037
[INFO] [stderr]   Downloaded solana-pubsub-client v3.1.12
[INFO] [stderr]   Downloaded solana-rpc-client-nonce-utils v3.1.12
[INFO] [stderr]   Downloaded wp-solana-jupiter-lending-rewards-client v0.1.2
[INFO] [stderr]   Downloaded spl-generic-token v2.0.1
[INFO] [stderr]   Downloaded solana-rpc-client v3.1.12
[INFO] [stderr]   Downloaded solana-stake-interface v2.0.2
[INFO] [stderr]   Downloaded solana-quic-client v3.1.12
[INFO] [stderr]   Downloaded solana-account-decoder v3.1.12
[INFO] [stderr]   Downloaded solana-serde-varint v3.0.1
[INFO] [stderr]   Downloaded jsonrpc-core v18.0.0
[INFO] [stderr]   Downloaded solana-address-lookup-table-interface v3.1.0
[INFO] [stderr]   Downloaded solana-svm-feature-set v3.1.12
[INFO] [stderr]   Downloaded solana-loader-v3-interface v6.1.1
[INFO] [stderr]   Downloaded solana-client-traits v3.0.0
[INFO] [stderr]   Downloaded ruint v1.17.2
[INFO] [stderr]   Downloaded alloy-rlp v0.3.15
[INFO] running `Command { std: "docker" "create" "-v" "/var/lib/crater-agent-workspace/builds/worker-3-tc1/source:/opt/rustwide/workdir:ro,Z" "-v" "/var/lib/crater-agent-workspace/builds/worker-3-tc1/target:/opt/rustwide/target:rw,Z" "-v" "/var/lib/crater-agent-workspace/cargo-home:/opt/rustwide/cargo-home:ro,Z" "-v" "/var/lib/crater-agent-workspace/rustup-home:/opt/rustwide/rustup-home:ro,Z" "-m" "1610612736" "--network" "none" "ghcr.io/rust-lang/crates-build-env/linux@sha256:3111399a4047eeb3a02b7a90e478d715f38a8c6669b5c4b49d30a17385265909" "sleep" "infinity", kill_on_drop: false }`
[INFO] [stdout] 9f608157aaaff079f511bce5c2c4dd2cd5bdd612f43b388d8e3b81804ab1213e
[INFO] running `Command { std: "docker" "start" "9f608157aaaff079f511bce5c2c4dd2cd5bdd612f43b388d8e3b81804ab1213e", kill_on_drop: false }`
[INFO] running `Command { std: "docker" "inspect" "9f608157aaaff079f511bce5c2c4dd2cd5bdd612f43b388d8e3b81804ab1213e", kill_on_drop: false }`
[INFO] running `Command { std: "docker" "exec" "-e" "SOURCE_DIR=/opt/rustwide/workdir" "-e" "CARGO_HOME=/opt/rustwide/cargo-home" "-e" "RUSTUP_HOME=/opt/rustwide/rustup-home" "-e" "CARGO_TARGET_DIR=/opt/rustwide/target" "-w" "/opt/rustwide/workdir" "--user" "0:0" "9f608157aaaff079f511bce5c2c4dd2cd5bdd612f43b388d8e3b81804ab1213e" "/opt/rustwide/cargo-home/bin/cargo" "+1.99.0-beta.8" "metadata" "--no-deps" "--format-version=1", kill_on_drop: false }`
[INFO] running `Command { std: "docker" "inspect" "9f608157aaaff079f511bce5c2c4dd2cd5bdd612f43b388d8e3b81804ab1213e", kill_on_drop: false }`
[INFO] running `Command { std: "docker" "exec" "-e" "SOURCE_DIR=/opt/rustwide/workdir" "-e" "CARGO_HOME=/opt/rustwide/cargo-home" "-e" "RUSTUP_HOME=/opt/rustwide/rustup-home" "-e" "CARGO_TARGET_DIR=/opt/rustwide/target" "-e" "CARGO_INCREMENTAL=0" "-e" "RUST_BACKTRACE=full" "-e" "RUSTFLAGS=--cap-lints=warn" "-e" "RUSTDOCFLAGS=--cap-lints=warn" "-w" "/opt/rustwide/workdir" "--user" "0:0" "9f608157aaaff079f511bce5c2c4dd2cd5bdd612f43b388d8e3b81804ab1213e" "/opt/rustwide/cargo-home/bin/cargo" "+1.99.0-beta.8" "build" "--frozen" "--message-format=json", kill_on_drop: false }`
[INFO] [stderr]    Compiling libc v0.2.184
[INFO] [stderr]    Compiling winnow v1.0.1
[INFO] [stderr]    Compiling indexmap v2.14.0
[INFO] [stderr]    Compiling toml_datetime v1.1.1+spec-1.1.0
[INFO] [stderr]    Compiling borsh v1.6.1
[INFO] [stderr]    Compiling five8_core v1.0.0
[INFO] [stderr]    Compiling solana-sanitize v3.0.1
[INFO] [stderr]    Compiling semver v1.0.28
[INFO] [stderr]    Compiling solana-atomic-u64 v3.0.1
[INFO] [stderr]    Compiling sha2-const-stable v0.1.0
[INFO] [stderr]    Compiling memchr v2.8.0
[INFO] [stderr]    Compiling five8 v1.0.0
[INFO] [stderr]    Compiling bytemuck v1.25.0
[INFO] [stderr]    Compiling five8_const v1.0.0
[INFO] [stderr]    Compiling bincode v1.3.3
[INFO] [stderr]    Compiling smallvec v1.15.1
[INFO] [stderr]    Compiling bs58 v0.5.1
[INFO] [stderr]    Compiling bitflags v2.11.0
[INFO] [stderr]    Compiling solana-program-memory v3.1.0
[INFO] [stderr]    Compiling rustls-pki-types v1.14.0
[INFO] [stderr]    Compiling serde-big-array v0.5.1
[INFO] [stderr]    Compiling rustls v0.23.37
[INFO] [stderr]    Compiling feature-probe v0.1.1
[INFO] [stderr]    Compiling tinystr v0.8.3
[INFO] [stderr]    Compiling solana-sdk-macro v3.0.1
[INFO] [stderr]    Compiling solana-hash v4.3.0
[INFO] [stderr]    Compiling solana-nullable v1.1.0
[INFO] [stderr]    Compiling bv v0.11.1
[INFO] [stderr]    Compiling thiserror-impl v1.0.69
[INFO] [stderr]    Compiling zerotrie v0.2.4
[INFO] [stderr]    Compiling icu_locale_core v2.2.0
[INFO] [stderr]    Compiling solana-fee-calculator v3.2.0
[INFO] [stderr]    Compiling rustc_version v0.4.1
[INFO] [stderr]    Compiling serde_json v1.0.149
[INFO] [stderr]    Compiling futures-util v0.3.32
[INFO] [stderr]    Compiling solana-define-syscall v4.0.1
[INFO] [stderr]    Compiling icu_collections v2.2.0
[INFO] [stderr]    Compiling serde_bytes v0.11.19
[INFO] [stderr]    Compiling alloc-stdlib v0.2.2
[INFO] [stderr]    Compiling tracing v0.1.44
[INFO] [stderr]    Compiling toml_parser v1.1.2+spec-1.1.0
[INFO] [stderr]    Compiling curve25519-dalek v4.1.3
[INFO] [stderr]    Compiling webpki-roots v1.0.6
[INFO] [stderr]    Compiling solana-short-vec v3.2.0
[INFO] [stderr]    Compiling miniz_oxide v0.8.9
[INFO] [stderr]    Compiling solana-hash v3.1.0
[INFO] [stderr]    Compiling strsim v0.11.1
[INFO] [stderr]    Compiling compression-core v0.4.31
[INFO] [stderr]    Compiling void v1.0.2
[INFO] [stderr]    Compiling ahash v0.8.12
[INFO] [stderr]    Compiling brotli-decompressor v5.0.0
[INFO] [stderr]    Compiling icu_provider v2.2.0
[INFO] [stderr]    Compiling unreachable v1.0.0
[INFO] [stderr]    Compiling darling_core v0.23.0
[INFO] [stderr]    Compiling ascii v0.9.3
[INFO] [stderr]    Compiling jobserver v0.1.34
[INFO] [stderr]    Compiling thiserror v1.0.69
[INFO] [stderr]    Compiling hash32 v0.3.1
[INFO] [stderr]    Compiling itertools v0.12.1
[INFO] [stderr]    Compiling toml_edit v0.25.11+spec-1.1.0
[INFO] [stderr]    Compiling num-derive v0.4.2
[INFO] [stderr]    Compiling cc v1.2.60
[INFO] [stderr]    Compiling icu_properties v2.2.0
[INFO] [stderr]    Compiling icu_normalizer v2.2.0
[INFO] [stderr]    Compiling iri-string v0.7.12
[INFO] [stderr]    Compiling flate2 v1.1.9
[INFO] [stderr]    Compiling combine v3.8.1
[INFO] [stderr]    Compiling getrandom v0.2.17
[INFO] [stderr]    Compiling parking_lot_core v0.9.12
[INFO] [stderr]    Compiling socket2 v0.6.3
[INFO] [stderr]    Compiling errno v0.3.14
[INFO] [stderr]    Compiling rand_core v0.6.4
[INFO] [stderr]    Compiling parking_lot v0.12.5
[INFO] [stderr]    Compiling signal-hook-registry v1.4.8
[INFO] [stderr]    Compiling mio v1.2.0
[INFO] [stderr]    Compiling getrandom v0.3.4
[INFO] [stderr]    Compiling rand_core v0.9.5
[INFO] [stderr]    Compiling rustc-demangle v0.1.27
[INFO] [stderr]    Compiling serde_urlencoded v0.7.1
[INFO] [stderr]    Compiling crypto-common v0.1.7
[INFO] [stderr]    Compiling proc-macro-crate v3.5.0
[INFO] [stderr]    Compiling tokio v1.49.0
[INFO] [stderr]    Compiling rand_chacha v0.3.1
[INFO] [stderr]    Compiling digest v0.10.7
[INFO] [stderr]    Compiling rand_chacha v0.9.0
[INFO] [stderr]    Compiling cipher v0.4.4
[INFO] [stderr]    Compiling rand v0.8.5
[INFO] [stderr]    Compiling sha2 v0.10.9
[INFO] [stderr]    Compiling borsh-derive v1.6.1
[INFO] [stderr]    Compiling hmac v0.12.1
[INFO] [stderr]    Compiling pbkdf2 v0.11.0
[INFO] [stderr]    Compiling brotli v8.0.2
[INFO] [stderr]    Compiling rand v0.9.3
[INFO] [stderr]    Compiling syn v1.0.109
[INFO] [stderr]    Compiling num_enum_derive v0.7.6
[INFO] [stderr]    Compiling idna_adapter v1.2.1
[INFO] [stderr]    Compiling idna v1.1.0
[INFO] [stderr]    Compiling solana-sha256-hasher v3.1.0
[INFO] [stderr]    Compiling solana-seed-phrase v3.0.0
[INFO] [stderr]    Compiling universal-hash v0.5.1
[INFO] [stderr]    Compiling uriparse v0.6.4
[INFO] [stderr]    Compiling url v2.5.8
[INFO] [stderr]    Compiling qstring v0.7.2
[INFO] [stderr]    Compiling keccak v0.1.6
[INFO] [stderr]    Compiling derivation-path v0.2.0
[INFO] [stderr]    Compiling ring v0.17.14
[INFO] [stderr]    Compiling zstd-sys v2.0.16+zstd.1.5.7
[INFO] [stderr]    Compiling ed25519-dalek v2.2.0
[INFO] [stderr]    Compiling polyval v0.6.2
[INFO] [stderr]    Compiling ctr v0.9.2
[INFO] [stderr]    Compiling solana-signature v3.4.0
[INFO] [stderr]    Compiling darling_macro v0.23.0
[INFO] [stderr]    Compiling num_enum v0.7.6
[INFO] [stderr]    Compiling aes v0.8.4
[INFO] [stderr]    Compiling solana-derivation-path v3.0.0
[INFO] [stderr]    Compiling aead v0.5.2
[INFO] [stderr]    Compiling cfg_eval v0.1.2
[INFO] [stderr]    Compiling solana-msg v3.1.0
[INFO] [stderr]    Compiling spl-discriminator-syn v0.2.1
[INFO] [stderr]    Compiling solana-seed-derivable v3.0.0
[INFO] [stderr]    Compiling merlin v3.0.0
[INFO] [stderr]    Compiling sha3 v0.10.8
[INFO] [stderr]    Compiling futures-executor v0.3.32
[INFO] [stderr]    Compiling darling v0.23.0
[INFO] [stderr]    Compiling solana-serde-varint v3.0.1
[INFO] [stderr]    Compiling aes-gcm-siv v0.11.1
[INFO] [stderr]    Compiling time-macros v0.2.27
[INFO] [stderr]    Compiling futures v0.3.32
[INFO] [stderr]    Compiling nom v7.1.3
[INFO] [stderr]    Compiling spl-discriminator-derive v0.2.0
[INFO] [stderr]    Compiling crossbeam-channel v0.5.15
[INFO] [stderr]    Compiling serde_with_macros v3.18.0
[INFO] [stderr]    Compiling solana-commitment-config v3.1.1
[INFO] [stderr]    Compiling nix v0.30.1
[INFO] [stderr]    Compiling solana-version v3.1.12
[INFO] [stderr]    Compiling solana-program-option v3.1.0
[INFO] [stderr]    Compiling solana-svm-feature-set v3.1.12
[INFO] [stderr]    Compiling gethostname v0.2.3
[INFO] [stderr]    Compiling solana-sbpf v0.13.1
[INFO] [stderr]    Compiling solana-cluster-type v3.1.0
[INFO] [stderr]    Compiling solana-reward-info v3.0.0
[INFO] [stderr]    Compiling num-bigint v0.2.6
[INFO] [stderr]    Compiling solana-time-utils v3.0.0
[INFO] [stderr]    Compiling aho-corasick v1.1.4
[INFO] [stderr]    Compiling num-rational v0.2.4
[INFO] [stderr]    Compiling num-complex v0.2.4
[INFO] [stderr]    Compiling oid-registry v0.6.1
[INFO] [stderr]    Compiling solana-inflation v3.1.0
[INFO] [stderr]    Compiling hashbrown v0.14.5
[INFO] [stderr]    Compiling rustls-native-certs v0.8.3
[INFO] [stderr]    Compiling solana-program-error v3.0.1
[INFO] [stderr]    Compiling solana-address v2.6.0
[INFO] [stderr]    Compiling solana-instruction-error v2.3.0
[INFO] [stderr]    Compiling solana-zero-copy v1.0.0
[INFO] [stderr]    Compiling solana-sdk-ids v3.1.0
[INFO] [stderr]    Compiling solana-pubkey v4.2.0
[INFO] [stderr]    Compiling solana-address v1.1.0
[INFO] [stderr]    Compiling solana-account-info v3.1.1
[INFO] [stderr]    Compiling solana-sysvar-id v3.1.0
[INFO] [stderr]    Compiling solana-pubkey v3.0.0
[INFO] [stderr]    Compiling solana-instruction v3.4.0
[INFO] [stderr]    Compiling solana-transaction-error v3.2.0
[INFO] [stderr]    Compiling solana-serialize-utils v3.1.1
[INFO] [stderr]    Compiling solana-program-entrypoint v3.1.1
[INFO] [stderr]    Compiling serde_with v3.18.0
[INFO] [stderr]    Compiling solana-clock v3.0.1
[INFO] [stderr]    Compiling solana-epoch-schedule v3.1.0
[INFO] [stderr]    Compiling solana-rent v3.1.0
[INFO] [stderr]    Compiling solana-slot-hashes v3.0.1
[INFO] [stderr]    Compiling solana-epoch-rewards v3.0.1
[INFO] [stderr]    Compiling solana-last-restart-slot v3.0.0
[INFO] [stderr]    Compiling solana-slot-history v3.0.0
[INFO] [stderr]    Compiling solana-instructions-sysvar v3.0.0
[INFO] [stderr]    Compiling solana-signer v3.0.0
[INFO] [stderr]    Compiling compression-codecs v0.4.37
[INFO] [stderr]    Compiling hyper v1.9.0
[INFO] [stderr]    Compiling solana-sysvar v3.1.1
[INFO] [stderr]    Compiling solana-message v3.1.0
[INFO] [stderr]    Compiling tower v0.5.3
[INFO] [stderr]    Compiling tokio-util v0.7.18
[INFO] [stderr]    Compiling solana-zk-sdk v4.0.0
[INFO] [stderr]    Compiling solana-keypair v3.1.2
[INFO] [stderr]    Compiling solana-account v3.4.0
[INFO] [stderr]    Compiling async-compression v0.4.41
[INFO] [stderr]    Compiling agave-feature-set v3.1.12
[INFO] [stderr]    Compiling synstructure v0.12.6
[INFO] [stderr]    Compiling solana-transaction-context v3.1.12
[INFO] [stderr]    Compiling solana-transaction v3.1.0
[INFO] [stderr]    Compiling tower-http v0.6.8
[INFO] [stderr]    Compiling hyper-util v0.1.20
[INFO] [stderr]    Compiling solana-system-interface v2.0.0
[INFO] [stderr]    Compiling spl-generic-token v2.0.1
[INFO] [stderr]    Compiling rusticata-macros v4.1.0
[INFO] [stderr]    Compiling time v0.3.47
[INFO] [stderr]    Compiling spl-discriminator v0.5.2
[INFO] [stderr]    Compiling dashmap v5.5.3
[INFO] [stderr]    Compiling regex-automata v0.4.14
[INFO] [stderr]    Compiling spl-type-length-value v0.9.1
[INFO] [stderr]    Compiling solana-program-pack v3.1.0
[INFO] [stderr]    Compiling solana-borsh v3.0.2
[INFO] [stderr]    Compiling solana-curve25519 v3.1.12
[INFO] [stderr]    Compiling num_cpus v1.17.0
[INFO] [stderr]    Compiling dlopen2_derive v0.3.0
[INFO] [stderr]    Compiling quinn-udp v0.5.14
[INFO] [stderr]    Compiling solana-perf v3.1.12
[INFO] [stderr]    Compiling siphasher v1.0.2
[INFO] [stderr]    Compiling base64 v0.13.1
[INFO] [stderr]    Compiling arrayref v0.3.9
[INFO] [stderr]    Compiling dlopen2 v0.5.0
[INFO] [stderr]    Compiling tinyvec v1.11.0
[INFO] [stderr]    Compiling fastbloom v0.14.1
[INFO] [stderr]    Compiling solana-rayon-threadlimit v3.1.12
[INFO] [stderr]    Compiling asn1-rs-derive v0.4.0
[INFO] [stderr]    Compiling asn1-rs-impl v0.1.0
[INFO] [stderr]    Compiling spl-token-group-interface v0.7.2
[INFO] [stderr]    Compiling solana-packet v3.0.0
[INFO] [stderr]    Compiling solana-cpi v3.1.0
[INFO] [stderr]    Compiling jsonrpc-core v18.0.0
[INFO] [stderr]    Compiling num-iter v0.1.45
[INFO] [stderr]    Compiling solana-svm-type-overrides v3.1.12
[INFO] [stderr]    Compiling caps v0.5.6
[INFO] [stderr]    Compiling raw-cpuid v11.6.0
[INFO] [stderr]    Compiling solana-serde v3.0.0
[INFO] [stderr]    Compiling anza-quinn v0.11.9-rustsec20260037
[INFO] [stderr]    Compiling solana-measure v3.1.12
[INFO] [stderr]    Compiling lru-slab v0.1.2
[INFO] [stderr]    Compiling console v0.16.3
[INFO] [stderr]    Compiling num v0.2.1
[INFO] [stderr]    Compiling solana-net-utils v3.1.12
[INFO] [stderr]    Compiling rustls-webpki v0.103.11
[INFO] [stderr]    Compiling solana-stake-interface v2.0.2
[INFO] [stderr]    Compiling regex v1.12.3
[INFO] [stderr]    Compiling spl-token-interface v2.0.0
[INFO] [stderr]    Compiling solana-vote-interface v4.0.4
[INFO] [stderr]    Compiling solana-config-interface v2.0.0
[INFO] [stderr]    Compiling solana-quic-definitions v3.0.0
[INFO] [stderr]    Compiling solana-address-lookup-table-interface v3.1.0
[INFO] [stderr]    Compiling solana-loader-v3-interface v6.1.1
[INFO] [stderr]    Compiling asn1-rs v0.5.2
[INFO] [stderr]    Compiling solana-nonce v3.2.0
[INFO] [stderr]    Compiling sha1 v0.10.6
[INFO] [stderr]    Compiling webpki-roots v0.26.11
[INFO] [stderr]    Compiling Inflector v0.11.4
[INFO] [stderr]    Compiling concurrent-queue v2.5.0
[INFO] [stderr]    Compiling solana-epoch-info v3.1.0
[INFO] [stderr]    Compiling no-std-compat v0.4.1
[INFO] [stderr]    Compiling unit-prefix v0.5.2
[INFO] [stderr]    Compiling percentage v0.1.0
[INFO] [stderr]    Compiling pem v1.1.1
[INFO] [stderr]    Compiling solana-feature-gate-interface v3.1.0
[INFO] [stderr]    Compiling arc-swap v1.9.1
[INFO] [stderr]    Compiling histogram v0.6.9
[INFO] [stderr]    Compiling tokio-stream v0.1.18
[INFO] [stderr]    Compiling quanta v0.12.6
[INFO] [stderr]    Compiling event-listener v5.4.1
[INFO] [stderr]    Compiling solana-client-traits v3.0.0
[INFO] [stderr]    Compiling spl-associated-token-account-interface v2.0.0
[INFO] [stderr]    Compiling ruint-macro v1.2.1
[INFO] [stderr]    Compiling spl-pod v0.7.3
[INFO] [stderr]    Compiling spl-token-confidential-transfer-proof-generation v0.5.1
[INFO] [stderr]    Compiling governor v0.6.3
[INFO] [stderr]    Compiling indicatif v0.18.4
[INFO] [stderr]    Compiling event-listener-strategy v0.5.4
[INFO] [stderr]    Compiling der-parser v8.2.0
[INFO] [stderr]    Compiling spl-token-confidential-transfer-proof-extraction v0.5.1
[INFO] [stderr]    Compiling spl-token-metadata-interface v0.8.0
[INFO] [stderr]    Compiling async-lock v3.4.2
[INFO] [stderr]    Compiling ruint v1.17.2
[INFO] [stderr]    Compiling spl-token-2022-interface v2.1.0
[INFO] [stderr]    Compiling x509-parser v0.14.0
[INFO] [stderr]    Compiling tokio-rustls v0.26.4
[INFO] [stderr]    Compiling rustls-platform-verifier v0.6.2
[INFO] [stderr]    Compiling tungstenite v0.28.0
[INFO] [stderr]    Compiling anza-quinn-proto v0.11.13-rustsec20260037
[INFO] [stderr]    Compiling zstd-safe v7.2.4
[INFO] [stderr]    Compiling hyper-rustls v0.27.7
[INFO] [stderr]    Compiling solana-tls-utils v3.1.12
[INFO] [stderr]    Compiling reqwest v0.12.28
[INFO] [stderr]    Compiling zstd v0.13.3
[INFO] [stderr]    Compiling tokio-tungstenite v0.28.0
[INFO] [stderr]    Compiling solana-account-decoder-client-types v3.1.12
[INFO] [stderr]    Compiling solana-transaction-status-client-types v3.1.12
[INFO] [stderr]    Compiling solana-account-decoder v3.1.12
[INFO] [stderr]    Compiling solana-metrics v3.1.12
[INFO] [stderr]    Compiling reqwest-middleware v0.4.2
[INFO] [stderr]    Compiling solana-connection-cache v3.1.12
[INFO] [stderr]    Compiling solana-rpc-client-types v3.1.12
[INFO] [stderr]    Compiling solana-transaction-metrics-tracker v3.1.12
[INFO] [stderr]    Compiling solana-streamer v3.1.12
[INFO] [stderr]    Compiling solana-rpc-client-api v3.1.12
[INFO] [stderr]    Compiling solana-pubsub-client v3.1.12
[INFO] [stderr]    Compiling solana-udp-client v3.1.12
[INFO] [stderr]    Compiling solana-rpc-client v3.1.12
[INFO] [stderr]    Compiling solana-quic-client v3.1.12
[INFO] [stderr]    Compiling solana-rpc-client-nonce-utils v3.1.12
[INFO] [stderr]    Compiling solana-tpu-client v3.1.12
[INFO] [stderr]    Compiling solana-client v3.1.12
[INFO] [stderr]    Compiling wp-solana-jupiter-lending-rewards-client v0.1.2
[INFO] [stderr]    Compiling wp-solana-jupiter-liquidity-client v0.1.2
[INFO] [stderr]    Compiling wp-solana-jupiter-vaults-client v0.1.2
[INFO] [stderr]    Compiling wp-solana-jupiter-lend-core v0.1.2 (/opt/rustwide/workdir)
[INFO] [stderr]     Finished `dev` profile [unoptimized + debuginfo] target(s) in 1m 16s
[INFO] running `Command { std: "docker" "inspect" "9f608157aaaff079f511bce5c2c4dd2cd5bdd612f43b388d8e3b81804ab1213e", kill_on_drop: false }`
[INFO] running `Command { std: "docker" "exec" "-e" "SOURCE_DIR=/opt/rustwide/workdir" "-e" "CARGO_HOME=/opt/rustwide/cargo-home" "-e" "RUSTUP_HOME=/opt/rustwide/rustup-home" "-e" "CARGO_TARGET_DIR=/opt/rustwide/target" "-e" "CARGO_INCREMENTAL=0" "-e" "RUST_BACKTRACE=full" "-e" "RUSTFLAGS=--cap-lints=warn" "-e" "RUSTDOCFLAGS=--cap-lints=warn" "-w" "/opt/rustwide/workdir" "--user" "0:0" "9f608157aaaff079f511bce5c2c4dd2cd5bdd612f43b388d8e3b81804ab1213e" "/opt/rustwide/cargo-home/bin/cargo" "+1.99.0-beta.8" "test" "--frozen" "--no-run" "--message-format=json", kill_on_drop: false }`
[INFO] [stderr]    Compiling wp-solana-jupiter-lend-core v0.1.2 (/opt/rustwide/workdir)
[INFO] [stderr] error: could not compile `wp-solana-jupiter-lend-core` (test "vault")
[INFO] [stderr] 
[INFO] [stderr] Caused by:
[INFO] [stderr]   process didn't exit successfully: `/opt/rustwide/rustup-home/toolchains/1.99.0-beta.8-x86_64-unknown-linux-gnu/bin/rustc --crate-name vault --edition=2021 tests/vault.rs --error-format=json --json=diagnostic-rendered-ansi,artifacts,future-incompat --emit=dep-info,link -C embed-bitcode=no -C debuginfo=2 --test --check-cfg 'cfg(docsrs,test)' --check-cfg 'cfg(feature, values())' -C metadata=3b9e262a8bed5813 -C extra-filename=-86ec95e1c32e44d7 --out-dir /opt/rustwide/target/debug/deps -L dependency=/opt/rustwide/target/debug/deps --extern borsh=/opt/rustwide/target/debug/deps/libborsh-ccc7881eb75768f2.rlib --extern ruint=/opt/rustwide/target/debug/deps/libruint-ff13967eccb94537.rlib --extern serde=/opt/rustwide/target/debug/deps/libserde-243f950081e30d70.rlib --extern serde_json=/opt/rustwide/target/debug/deps/libserde_json-395dddec4bbe5d2c.rlib --extern solana_pubkey=/opt/rustwide/target/debug/deps/libsolana_pubkey-96455fac60e14c44.rlib --extern thiserror=/opt/rustwide/target/debug/deps/libthiserror-5e90adc18491a337.rlib --extern wp_solana_jupiter_lend_core=/opt/rustwide/target/debug/deps/libwp_solana_jupiter_lend_core-f3ed59112b5edfce.rlib --extern wp_solana_jupiter_lending_rewards_client=/opt/rustwide/target/debug/deps/libwp_solana_jupiter_lending_rewards_client-dfac786b69417988.rlib --extern wp_solana_jupiter_liquidity_client=/opt/rustwide/target/debug/deps/libwp_solana_jupiter_liquidity_client-bf98c1d8a39c5659.rlib --extern wp_solana_jupiter_vaults_client=/opt/rustwide/target/debug/deps/libwp_solana_jupiter_vaults_client-f96688a5a0dd171f.rlib --cap-lints=warn -L native=/opt/rustwide/target/debug/build/zstd-sys-ab56ab82a46eeb06/out -L native=/opt/rustwide/target/debug/build/ring-62276af9092cebaf/out` (signal: 9, SIGKILL: kill)
[INFO] [stderr] warning: build failed, waiting for other jobs to finish...
[INFO] [stderr] error: could not compile `wp-solana-jupiter-lend-core` (test "overall_data")
[INFO] [stderr] 
[INFO] [stderr] Caused by:
[INFO] [stderr]   process didn't exit successfully: `/opt/rustwide/rustup-home/toolchains/1.99.0-beta.8-x86_64-unknown-linux-gnu/bin/rustc --crate-name overall_data --edition=2021 tests/overall_data.rs --error-format=json --json=diagnostic-rendered-ansi,artifacts,future-incompat --emit=dep-info,link -C embed-bitcode=no -C debuginfo=2 --test --check-cfg 'cfg(docsrs,test)' --check-cfg 'cfg(feature, values())' -C metadata=02db97e9e0ec2117 -C extra-filename=-ec0266b07b044b5d --out-dir /opt/rustwide/target/debug/deps -L dependency=/opt/rustwide/target/debug/deps --extern borsh=/opt/rustwide/target/debug/deps/libborsh-ccc7881eb75768f2.rlib --extern ruint=/opt/rustwide/target/debug/deps/libruint-ff13967eccb94537.rlib --extern serde=/opt/rustwide/target/debug/deps/libserde-243f950081e30d70.rlib --extern serde_json=/opt/rustwide/target/debug/deps/libserde_json-395dddec4bbe5d2c.rlib --extern solana_pubkey=/opt/rustwide/target/debug/deps/libsolana_pubkey-96455fac60e14c44.rlib --extern thiserror=/opt/rustwide/target/debug/deps/libthiserror-5e90adc18491a337.rlib --extern wp_solana_jupiter_lend_core=/opt/rustwide/target/debug/deps/libwp_solana_jupiter_lend_core-f3ed59112b5edfce.rlib --extern wp_solana_jupiter_lending_rewards_client=/opt/rustwide/target/debug/deps/libwp_solana_jupiter_lending_rewards_client-dfac786b69417988.rlib --extern wp_solana_jupiter_liquidity_client=/opt/rustwide/target/debug/deps/libwp_solana_jupiter_liquidity_client-bf98c1d8a39c5659.rlib --extern wp_solana_jupiter_vaults_client=/opt/rustwide/target/debug/deps/libwp_solana_jupiter_vaults_client-f96688a5a0dd171f.rlib --cap-lints=warn -L native=/opt/rustwide/target/debug/build/zstd-sys-ab56ab82a46eeb06/out -L native=/opt/rustwide/target/debug/build/ring-62276af9092cebaf/out` (signal: 9, SIGKILL: kill)
[INFO] [stderr] error: could not compile `wp-solana-jupiter-lend-core` (test "user_data")
[INFO] [stderr] 
[INFO] [stderr] Caused by:
[INFO] [stderr]   process didn't exit successfully: `/opt/rustwide/rustup-home/toolchains/1.99.0-beta.8-x86_64-unknown-linux-gnu/bin/rustc --crate-name user_data --edition=2021 tests/user_data.rs --error-format=json --json=diagnostic-rendered-ansi,artifacts,future-incompat --emit=dep-info,link -C embed-bitcode=no -C debuginfo=2 --test --check-cfg 'cfg(docsrs,test)' --check-cfg 'cfg(feature, values())' -C metadata=e30fbe4c9d20418c -C extra-filename=-5b73a18cce854697 --out-dir /opt/rustwide/target/debug/deps -L dependency=/opt/rustwide/target/debug/deps --extern borsh=/opt/rustwide/target/debug/deps/libborsh-ccc7881eb75768f2.rlib --extern ruint=/opt/rustwide/target/debug/deps/libruint-ff13967eccb94537.rlib --extern serde=/opt/rustwide/target/debug/deps/libserde-243f950081e30d70.rlib --extern serde_json=/opt/rustwide/target/debug/deps/libserde_json-395dddec4bbe5d2c.rlib --extern solana_pubkey=/opt/rustwide/target/debug/deps/libsolana_pubkey-96455fac60e14c44.rlib --extern thiserror=/opt/rustwide/target/debug/deps/libthiserror-5e90adc18491a337.rlib --extern wp_solana_jupiter_lend_core=/opt/rustwide/target/debug/deps/libwp_solana_jupiter_lend_core-f3ed59112b5edfce.rlib --extern wp_solana_jupiter_lending_rewards_client=/opt/rustwide/target/debug/deps/libwp_solana_jupiter_lending_rewards_client-dfac786b69417988.rlib --extern wp_solana_jupiter_liquidity_client=/opt/rustwide/target/debug/deps/libwp_solana_jupiter_liquidity_client-bf98c1d8a39c5659.rlib --extern wp_solana_jupiter_vaults_client=/opt/rustwide/target/debug/deps/libwp_solana_jupiter_vaults_client-f96688a5a0dd171f.rlib --cap-lints=warn -L native=/opt/rustwide/target/debug/build/zstd-sys-ab56ab82a46eeb06/out -L native=/opt/rustwide/target/debug/build/ring-62276af9092cebaf/out` (signal: 9, SIGKILL: kill)
[INFO] [stderr] error: could not compile `wp-solana-jupiter-lend-core` (test "vault_limits")
[INFO] [stderr] 
[INFO] [stderr] Caused by:
[INFO] [stderr]   process didn't exit successfully: `/opt/rustwide/rustup-home/toolchains/1.99.0-beta.8-x86_64-unknown-linux-gnu/bin/rustc --crate-name vault_limits --edition=2021 tests/vault_limits.rs --error-format=json --json=diagnostic-rendered-ansi,artifacts,future-incompat --emit=dep-info,link -C embed-bitcode=no -C debuginfo=2 --test --check-cfg 'cfg(docsrs,test)' --check-cfg 'cfg(feature, values())' -C metadata=2822c60fd32959a7 -C extra-filename=-e9c3669f409dbbba --out-dir /opt/rustwide/target/debug/deps -L dependency=/opt/rustwide/target/debug/deps --extern borsh=/opt/rustwide/target/debug/deps/libborsh-ccc7881eb75768f2.rlib --extern ruint=/opt/rustwide/target/debug/deps/libruint-ff13967eccb94537.rlib --extern serde=/opt/rustwide/target/debug/deps/libserde-243f950081e30d70.rlib --extern serde_json=/opt/rustwide/target/debug/deps/libserde_json-395dddec4bbe5d2c.rlib --extern solana_pubkey=/opt/rustwide/target/debug/deps/libsolana_pubkey-96455fac60e14c44.rlib --extern thiserror=/opt/rustwide/target/debug/deps/libthiserror-5e90adc18491a337.rlib --extern wp_solana_jupiter_lend_core=/opt/rustwide/target/debug/deps/libwp_solana_jupiter_lend_core-f3ed59112b5edfce.rlib --extern wp_solana_jupiter_lending_rewards_client=/opt/rustwide/target/debug/deps/libwp_solana_jupiter_lending_rewards_client-dfac786b69417988.rlib --extern wp_solana_jupiter_liquidity_client=/opt/rustwide/target/debug/deps/libwp_solana_jupiter_liquidity_client-bf98c1d8a39c5659.rlib --extern wp_solana_jupiter_vaults_client=/opt/rustwide/target/debug/deps/libwp_solana_jupiter_vaults_client-f96688a5a0dd171f.rlib --cap-lints=warn -L native=/opt/rustwide/target/debug/build/zstd-sys-ab56ab82a46eeb06/out -L native=/opt/rustwide/target/debug/build/ring-62276af9092cebaf/out` (signal: 9, SIGKILL: kill)
[INFO] [stderr] error: could not compile `wp-solana-jupiter-lend-core` (test "user_position")
[INFO] [stderr] 
[INFO] [stderr] Caused by:
[INFO] [stderr]   process didn't exit successfully: `/opt/rustwide/rustup-home/toolchains/1.99.0-beta.8-x86_64-unknown-linux-gnu/bin/rustc --crate-name user_position --edition=2021 tests/user_position.rs --error-format=json --json=diagnostic-rendered-ansi,artifacts,future-incompat --emit=dep-info,link -C embed-bitcode=no -C debuginfo=2 --test --check-cfg 'cfg(docsrs,test)' --check-cfg 'cfg(feature, values())' -C metadata=2156b209cce21364 -C extra-filename=-0d147ff5f4627105 --out-dir /opt/rustwide/target/debug/deps -L dependency=/opt/rustwide/target/debug/deps --extern borsh=/opt/rustwide/target/debug/deps/libborsh-ccc7881eb75768f2.rlib --extern ruint=/opt/rustwide/target/debug/deps/libruint-ff13967eccb94537.rlib --extern serde=/opt/rustwide/target/debug/deps/libserde-243f950081e30d70.rlib --extern serde_json=/opt/rustwide/target/debug/deps/libserde_json-395dddec4bbe5d2c.rlib --extern solana_pubkey=/opt/rustwide/target/debug/deps/libsolana_pubkey-96455fac60e14c44.rlib --extern thiserror=/opt/rustwide/target/debug/deps/libthiserror-5e90adc18491a337.rlib --extern wp_solana_jupiter_lend_core=/opt/rustwide/target/debug/deps/libwp_solana_jupiter_lend_core-f3ed59112b5edfce.rlib --extern wp_solana_jupiter_lending_rewards_client=/opt/rustwide/target/debug/deps/libwp_solana_jupiter_lending_rewards_client-dfac786b69417988.rlib --extern wp_solana_jupiter_liquidity_client=/opt/rustwide/target/debug/deps/libwp_solana_jupiter_liquidity_client-bf98c1d8a39c5659.rlib --extern wp_solana_jupiter_vaults_client=/opt/rustwide/target/debug/deps/libwp_solana_jupiter_vaults_client-f96688a5a0dd171f.rlib --cap-lints=warn -L native=/opt/rustwide/target/debug/build/zstd-sys-ab56ab82a46eeb06/out -L native=/opt/rustwide/target/debug/build/ring-62276af9092cebaf/out` (signal: 9, SIGKILL: kill)
[INFO] [stderr] error: could not compile `wp-solana-jupiter-lend-core` (test "lending_helpers")
[INFO] [stderr] 
[INFO] [stderr] Caused by:
[INFO] [stderr]   process didn't exit successfully: `/opt/rustwide/rustup-home/toolchains/1.99.0-beta.8-x86_64-unknown-linux-gnu/bin/rustc --crate-name lending_helpers --edition=2021 tests/lending_helpers.rs --error-format=json --json=diagnostic-rendered-ansi,artifacts,future-incompat --emit=dep-info,link -C embed-bitcode=no -C debuginfo=2 --test --check-cfg 'cfg(docsrs,test)' --check-cfg 'cfg(feature, values())' -C metadata=6a3eed2a8e861dc3 -C extra-filename=-e1d2c2b9f0ebbdaf --out-dir /opt/rustwide/target/debug/deps -L dependency=/opt/rustwide/target/debug/deps --extern borsh=/opt/rustwide/target/debug/deps/libborsh-ccc7881eb75768f2.rlib --extern ruint=/opt/rustwide/target/debug/deps/libruint-ff13967eccb94537.rlib --extern serde=/opt/rustwide/target/debug/deps/libserde-243f950081e30d70.rlib --extern serde_json=/opt/rustwide/target/debug/deps/libserde_json-395dddec4bbe5d2c.rlib --extern solana_pubkey=/opt/rustwide/target/debug/deps/libsolana_pubkey-96455fac60e14c44.rlib --extern thiserror=/opt/rustwide/target/debug/deps/libthiserror-5e90adc18491a337.rlib --extern wp_solana_jupiter_lend_core=/opt/rustwide/target/debug/deps/libwp_solana_jupiter_lend_core-f3ed59112b5edfce.rlib --extern wp_solana_jupiter_lending_rewards_client=/opt/rustwide/target/debug/deps/libwp_solana_jupiter_lending_rewards_client-dfac786b69417988.rlib --extern wp_solana_jupiter_liquidity_client=/opt/rustwide/target/debug/deps/libwp_solana_jupiter_liquidity_client-bf98c1d8a39c5659.rlib --extern wp_solana_jupiter_vaults_client=/opt/rustwide/target/debug/deps/libwp_solana_jupiter_vaults_client-f96688a5a0dd171f.rlib --cap-lints=warn -L native=/opt/rustwide/target/debug/build/zstd-sys-ab56ab82a46eeb06/out -L native=/opt/rustwide/target/debug/build/ring-62276af9092cebaf/out` (signal: 9, SIGKILL: kill)
[INFO] [stdout] error: linking with `cc` failed: exit status: 1
[INFO] [stdout]   |
[INFO] [stdout]   = note:  "cc" "-m64" "/opt/rustwide/target/debug/deps/rustcMBthOT/symbols.o" "<2 object files omitted>" "-Wl,--as-needed" "-Wl,-Bstatic" "<sysroot>/lib/rustlib/x86_64-unknown-linux-gnu/lib/{libtest-*,libgetopts-*,librustc_std_workspace_std-*}.rlib" "/opt/rustwide/target/debug/deps/{libwp_solana_jupiter_lend_core-f3ed59112b5edfce,libwp_solana_jupiter_vaults_client-f96688a5a0dd171f,libspl_associated_token_account_interface-0be34f46cf1d91b0,libwp_solana_jupiter_liquidity_client-bf98c1d8a39c5659,libwp_solana_jupiter_lending_rewards_client-dfac786b69417988,libsolana_client-c049137a4bd604c3,libsolana_rpc_client_nonce_utils-0b7eb956766fe99d,libsolana_tpu_client-2a0d99eeacdd1a2e,libsolana_client_traits-8b34e685c1658c41,libsolana_rpc_client-b2bbac18d50d3f79,libindicatif-f0c548a7cdbc2820,libunit_prefix-1f322e2873265049,libconsole-06f3bbadbefa8a8a,libunicode_width-c0be3735b741df1b,libsolana_feature_gate_interface-0f39e4a04705d8be,libsolana_account_decoder-b62a9cb1eb3f1619,libspl_token_interface-435bb79a00ea64b5,libspl_generic_token-f664a882c17e5fc2,libsolana_nonce-a85b26999b614daa,libsolana_stake_interface-241b6e89ba75868d,libsolana_cpi-10dadd806884e3b2,libsolana_config_interface-c814115e512e337f,libsolana_loader_v3_interface-e1288843e6ec69a9,libsolana_address_lookup_table_interface-271ebd344d3b08ff,libspl_token_2022_interface-5e35f3c6fa935a82,libarrayref-81fde35c69841043,libspl_token_metadata_interface-407170e8f9527b04,libsolana_borsh-548c9180195792de,libspl_type_length_value-624cd281d3d64955,libspl_token_group_interface-42c29322a7bcd512,libspl_discriminator-732f3ed1a790112a,libsolana_program_pack-aed127566919413f,libspl_token_confidential_transfer_proof_extraction-ba42a92f7f7c66fa,libsolana_curve25519-f93078f993d95ec1,libspl_pod-4a727a1e98850cfc,libnum_enum-3e0e6ae8ebdf76d0,libsolana_zero_copy-1d69234283953243,libsolana_program_option-d50419919566073f,libsolana_msg-66f5a9700dbd8b4c,libspl_token_confidential_transfer_proof_generation-922106f5dff38b01,libsolana_zk_sdk-8b9698b32d394726,libmerlin-114057090938bb51,libsolana_seed_derivable-fbe8202f90bd4f35,libsolana_derivation_path-1fd7b58b9886b836,libqstring-dec736cfb6ec533c,liburiparse-19f8c80c3f0e3f41,libfnv-79e2cbfbe03dcd16,libderivation_path-014b75022b4cfaf3,libsha3-437164fa8f814efe,libkeccak-a9108406cf8c163c,libaes_gcm_siv-82378857691cc441,libctr-791f002bd6164f9b,libaes-dd54c2e112641b0d,libpolyval-91be5458a385b545,libopaque_debug-90e66d859d53ff28,libuniversal_hash-5647713408412751,libcipher-901af2c54089ce24,libinout-1d1fb26a44a5b26f,libaead-9083348091f0618e,libinflector-face292472503d02,libregex-cef06f22b712568b,libregex_automata-9eccf7f0a0fe5f20,libaho_corasick-09af9ecf900891d2,libregex_syntax-6d6ee545e2ffad72,libsolana_vote_interface-c0c96c30cfbba1b8,libsolana_system_interface-c420c4adcc2cb6e4,libsolana_epoch_info-f522ff778f0defcf,libsolana_pubsub_client-eccbb506bcc506d6,libtokio_tungstenite-5bb7065a75ed39af,libtungstenite-dc382ee38e948b0e,libwebpki_roots-225d94af58559f3b,libutf8-f4341c3c7568480d,libsha1-a2e82cdfafdc5d37,libtokio_stream-ba7a33bc52196d7d,libsolana_udp_client-2b428c9b0e67d7fa,libsolana_quic_client-e0bd6cc22bf98422,libsolana_streamer-b72e3896917bcb42,libhistogram-974d8acb19550f5e,libpem-0f4a31e13d862321,libpercentage-2b27873d5bddf9a2,libnum-efbf4252f09a14c8,libnum_rational-f8503404e6b58ff8,libnum_iter-4c8b9c313e0ac4e3,libnum_complex-9f2d3ce0d388c76d,libnum_bigint-98d0c09c15f069fc,libsolana_transaction_metrics_tracker-0f442f1e5ce7cfc9,libsolana_tls_utils-a02b773c58d3ff60,libx509_parser-42a5c84eaba01ccf,libbase64-42295ac2e0e134a3,libdata_encoding-4b0fc7d26697af29,liboid_registry-1789c3f8ed124bb3,libder_parser-0e0add839ee23910,libnum_bigint-914061b6a0c2b743,libnum_integer-e1dae9bde9b8ffd5,libasn1_rs-1b2df9f9bd812b68,librusticata_macros-d6d3cc9b7c93e378,libnom-9d42585bb9d80afd,libtime-028f82f5a26f646c,libtime_core-031b6ab885a7634b,libnum_conv-4e1233169d5eeba7,libderanged-d0114085ae3b02c5,libpowerfmt-f6019a2766e431f7,libsolana_perf-2bdf847eecf9997f,libcaps-723ee3be102dd98b,libsolana_rayon_threadlimit-8207a75c7e04f1f6,libnum_cpus-fb9a924794da2561,libdlopen2-5e4d1e077d6a6877,librayon-cddd5520333a5540,librayon_core-e986c1d1845fe6c3,libcrossbeam_deque-e71c6317821167fb,libcrossbeam_epoch-5fdcd5978a9f0010,libsolana_packet-f2ea628600e289e3,libserde_with-a0474f8f6d3a55b2,libgovernor-5ae05b898c66a22c,libquanta-2da280af5c3f9674,libraw_cpuid-f7bcfb7682466a27,libfutures_timer-17baedd4276dc448,libnonzero_ext-203430fae6cd36ff,libportable_atomic-a2913edf01b5bd0d,libno_std_compat-493d4a0343c995b5,libsolana_rpc_client_api-f718ff54ea7e410e,libreqwest_middleware-873cbf92cda99bfd,libthiserror-305297abc8a52265,libsolana_rpc_client_types-c6794081213b113d,libsolana_version-9a274b0ea7e82eef,libagave_feature_set-a48d33a311151298,libsolana_svm_feature_set-bfad53ec5fbc1c95,libsolana_hash-8f077006bdb6ef5e,libahash-82709e2c19bcba88,libsolana_serde_varint-08095c916d9f10c5,libsemver-f2ab12e28ce3f339,libsolana_inflation-2711dd32ffcaf674,libsolana_transaction_status_client_types-c16932131eddd3ba,libsolana_transaction_context-1d60531f707e88a8,libsolana_sbpf-0f518ed39cc4312b,librustc_demangle-019906bbd6792ceb,libhash32-39d0b88af1436d69,libcombine-06724e804dadd59c,libascii-cf905215b3b3c09d,libunreachable-dfb44441764d6937,libvoid-6336667ff9ef9cc5,libbyteorder-8f59b6d1bfdaa844,libsolana_instructions_sysvar-3424bbac972baba7,libsolana_serialize_utils-756ede7cdd6f6e83,libsolana_transaction-3ef2323d773996f3,libsolana_reward_info-24b3f31e4c054838,libsolana_message-343e234e2fbf82bf,libsolana_short_vec-1b43bb482b545e4e,libsolana_commitment_config-ca7368066e9cf445,libsolana_account_decoder_client_types-2d2a0e897548b200,libzstd-aff9b684a005ee2e,libzstd_safe-47555d9fee6e504b,libzstd_sys-4634828a53e226d6,libbs58-6d9c7a5f59ca4fad,libsolana_account-504325d84b8ea0f2,libserde_bytes-0324949e7a5d88bf,libsolana_sysvar-fca0d46fe8672eca,liblazy_static-3674be3f4245d19b,libsolana_slot_history-f761a4bc5186706d,libbv-b54edd1780331f9e,libsolana_slot_hashes-060c091cfd17a927,libsolana_rent-25812452a3eb1dad,libsolana_instruction-9f6e304b3c384aa2,libsolana_last_restart_slot-427e2365b8de1a86,libsolana_fee_calculator-d40ab623bdf52b13,libsolana_epoch_schedule-b9feb95162b804d7,libsolana_epoch_rewards-3b00f09b5cd1b7c2,libsolana_program_entrypoint-e7de61adca957797,libsolana_define_syscall-1c11c70275017b29,libsolana_pubkey-96455fac60e14c44,libsolana_account_info-c96caed049716aee,libsolana_program_memory-ec201eb47a6e1cfc,libsolana_clock-60f2cf4edf36872f,libsolana_sysvar_id-13edcc92403d7050,libsolana_sdk_ids-08e19c6ff7f2aba0,libjsonrpc_core-16bd5b040ddc58c2,libsolana_quic_definitions-99ea3ed9a743d829,libsolana_net_utils-b5bda61ca1e2d32d,libbincode-214d0f0403a1136f,libsolana_svm_type_overrides-d0dca3368e6b41d3,libdashmap-b8c3d809f31de81c,libhashbrown-d952ad0946629507,libnix-d8721f98260479f4,libmemoffset-d5728f86d1484854,libsolana_serde-ab521b521c3d9327,libitertools-144f4b3efc3ba30a,libeither-e5ea87bd27ac73a9,libanyhow-9e4c44ac98d8e4ea,libanza_quinn-cec11212ba4be4e0,libquinn_udp-0910201aff5a7520,libanza_quinn_proto-22b3555eea36b584,liblru_slab-3437f7a29fa5ef09,librustls_platform_verifier-b3b9762f3ea894d8,librustls_native_certs-b79fe64489a2e1b3,libopenssl_probe-6b1b371432012237,libfastbloom-4dc9db51f5910091,libsiphasher-b386b3b339112ba5,libtinyvec-aaac35e3e185f648,libtinyvec_macros-7b77ea21c73594ca,librustc_hash-68cbcd0e35cfafe6,libfutures-12545fbeb549e98f,libfutures_executor-bdaf228da57132c0,libasync_lock-4338eaf30ff4c848,libevent_listener_strategy-75f1571973c80e1c,libevent_listener-661aaa943e4c7f0c,libparking-a9ae72c6c16ee980,libsolana_connection_cache-a9b16ae3e8cda57e,libsolana_measure-048e58c2e6e760e5,librand-008ccfcfa54f9238,librand_chacha-158a2dbf846c2d5f,libindexmap-0d7f2c48190e6f4d,libequivalent-6a754676e6af62ae,libhashbrown-6b92ca17a46d4c7a,libsolana_metrics-f6c98e3f8c7a56ae,libreqwest-d6be7ff993ae0a7b,libhyper_rustls-b42dd85782e13f59,libwebpki_roots-a7445c65e8749793,libtokio_rustls-b5ad67e7d7b50cc9,librustls-50c7055929abcb17,libwebpki-18d261c8fb6a7d96,libring-781bbddf3e36c963,libuntrusted-b2f816886faf2178,librustls_pki_types-906f4a3e92f81a02,libserde_urlencoded-104a43a081a1afba,libryu-1f4f40e4352371e5,libserde_json-395dddec4bbe5d2c,libzmij-ef63f1da73704b4c,libtower_http-3e5e62a82991a076,libbitflags-5071391cff5b3ab7,libiri_string-9568090a19df0016,libasync_compression-108f17906e710c4d,libcompression_codecs-03a0ffcad07b7956,libflate2-84acb1666c285b0c,libminiz_oxide-6d5382b540dd717a,libsimd_adler32-7babdb89f91b6742,libcrc32fast-77160f4e25d6fc25,libbrotli-6db41a91c52358d5,libbrotli_decompressor-d52593c63eaec5e1,liballoc_stdlib-4aac9f1b7fbf996b,liballoc_no_stdlib-118b0458ceca2dd8,libcompression_core-9f39a33edcc54b96,libtower-1b5e708a40dafb9f,libtower_layer-d908dd771b239ecd,libhyper_util-da13c5878cdc459b,libbase64-32787b0325ea6df8,libipnet-61ca7a5e1c2863d4,libtower_service-3fb88d28c2218805,libtracing-02779275e9ae46ef,libtracing_core-89b602bc4a7d7f8a,libonce_cell-b5bdc597ed9676b3,libhyper-968ccc2a78e10b24,libwant-7a6260b9c50f1479,libtry_lock-8fa2f6971035be84,libhttparse-8c9b827b8f345444,libatomic_waker-06950c8c08d2b8fa,libhttp_body_util-8e36e92578bdadb4,libhttp_body-0ff24006cb82f555,liburl-90dad5e25ce1942d,libidna-90c7879bb2c05a4e,libidna_adapter-087b171468ae1133,libicu_properties-f69ac67f787f46c6,libicu_properties_data-e6cf238fc98dd59d,libicu_normalizer-1d89179bc5c55784,libicu_normalizer_data-8fea05bee0bb4e49,libicu_collections-c6fe9f2a7859138d,libutf8_iter-51566bbad89f3a68,libpotential_utf-dfc67b58ecdfe49f,libicu_provider-8783da9d10afb86f,libicu_locale_core-c21231f2847d47a1,libtinystr-a20e7e786d319adc,liblitemap-dc288f07f8f61193,libwriteable-48b3e52227924bb5,libzerovec-ca67d97079b95e44,libzerotrie-7f914fcdb1665125,libyoke-a73bb16c30c8666f,libstable_deref_trait-63cbf3f3d3f94e56,libzerofrom-3c4bc0c4c9717ce1,libform_urlencoded-58b0f0edb59b40d2,libpercent_encoding-fa055ecaa1e57cfa,libhttp-7499d7b0309852b1,libitoa-5de11b3b23bfe572,libsync_wrapper-6bdfbc29c4269203,libsolana_time_utils-94579270804efcc3,libsolana_cluster_type-15da6710cffe7606,libgethostname-834f03b7058bb1c7,libcrossbeam_channel-c975edaf87631b25,libcrossbeam_utils-f696a08ab1e94e7a,liblog-f16ce4b64309590f,libtokio_util-510faac2d903d3a2,libfutures_util-38887207c7f3e8b8,libmemchr-f43b81797ff441e3,libfutures_io-a8805bd12b2ab705,libslab-0582d648e59ab406,libfutures_channel-04b287164a72dbf0,libfutures_task-36f327cfab86eddc,libfutures_core-1121ff913ed87f93,libfutures_sink-3971bde37bb30e19,libtokio-98dca1439371883c,libsignal_hook_registry-84b8c537bd9b67c6,liberrno-5c5d1d093623d629,libsocket2-2d3b31818900487f,libbytes-79c0ec47c5219e02,libmio-1c44bf0801ff6947,libparking_lot-75f63308b6c13524,libparking_lot_core-932450a948ba2edf,libsmallvec-6c6c590a496f6ac5,liblock_api-16d46fed645f7bff,libscopeguard-7ec2214574194454,libpin_project_lite-0a15d51c77964692,libsolana_keypair-326c0dedb3ee677c,librand-c5f4667b09fae2f5,librand_chacha-6fe3d4808a0eb82d,libppv_lite86-7f5ba35fc3b17562,libzerocopy-ad92ccf16844b543,librand_core-d3dcfc469271693f,libgetrandom-dd5a874cba74b4c4,libsolana_signer-a9c26afa513c9127,libsolana_transaction_error-360a871798a4819a,libsolana_instruction_error-67a393fbb2ed99f1,libnum_traits-61451ab850bd490d,libsolana_signature-c42d47a814a8561e,libserde_big_array-a3a7c234297b3f7d,libsolana_pubkey-696e55b3308bab2d,libsolana_address-3335060d4b5c0f94,libsolana_address-a8608e8906881214,libsolana_nullable-9cd30544520a772d,libfive8_const-1bbd43105df48e3f,libsolana_program_error-35c134067009bf58,libborsh-ccc7881eb75768f2,libsolana_sha256_hasher-ba054fe4ff9b9c10,libsolana_hash-80041a6368dda47b,libbytemuck-0a13c0e99d2f2528,libsolana_atomic_u64-d4464f92186b9f1d,libfive8-8b93330c7542f855,libfive8_core-b949451705e34d19,libsolana_sanitize-619c0748fe17c029,libsha2_const_stable-0ed995a13ed18080,libsolana_seed_phrase-864a4af805ecfb2d,libpbkdf2-19015a821a0d21e1,libhmac-e7a3eb427ab7878a,libed25519_dalek-6505c9b2360f002a,libsha2-dd2020f121ca134e,libcurve25519_dalek-04560160ee047dea,libcpufeatures-e04321643d03190d,libzeroize-8791936fa9a99a6f,libdigest-b711a2c34b842918,libsubtle-9600f7efd1e82d97,libblock_buffer-ceb5bfb4b62e5dc4,libcrypto_common-f3291d9f73a2faac,libgeneric_array-3399f74876fb1fa9,libtypenum-973adb5204d6e560,librand_core-bb243f568976e3c7,libgetrandom-fd99ea86b5100c67,liblibc-7af43ebbcb076349,libcfg_if-83060ec5685761ae,libed25519-44e6328192700ad9,libsignature-3b38413e1bea4ec2,libruint-ff13967eccb94537,libthiserror-5e90adc18491a337,libserde-243f950081e30d70,libserde_core-21f22ac7b803fb0e}.rlib" "<sysroot>/lib/rustlib/x86_64-unknown-linux-gnu/lib/{libstd-*,libpanic_unwind-*,libobject-*,libmemchr-*,libaddr2line-*,libgimli-*,libcfg_if-*,librustc_demangle-*,libstd_detect-*,libhashbrown-*,librustc_std_workspace_alloc-*,libminiz_oxide-*,libadler2-*,libunwind-*,liblibc-*,librustc_std_workspace_core-*,liballoc-*,libcore-*,libcompiler_builtins-*}.rlib" "-Wl,-Bdynamic" "-lgcc_s" "-lutil" "-lrt" "-lpthread" "-lm" "-ldl" "-lc" "-L" "/opt/rustwide/target/debug/deps/rustcMBthOT/raw-dylibs" "-B<sysroot>/lib/rustlib/x86_64-unknown-linux-gnu/bin/gcc-ld" "-fuse-ld=lld" "-Wl,--eh-frame-hdr" "-Wl,-z,noexecstack" "-L" "/opt/rustwide/target/debug/build/zstd-sys-ab56ab82a46eeb06/out" "-L" "/opt/rustwide/target/debug/build/ring-62276af9092cebaf/out" "-L" "<sysroot>/lib/rustlib/x86_64-unknown-linux-gnu/lib" "-o" "/opt/rustwide/target/debug/deps/exchange_price-802de274f8436e27" "-Wl,--gc-sections" "-pie" "-Wl,-z,relro,-z,now" "-nodefaultlibs"
[INFO] [stdout]   = note: some arguments are omitted. use `--verbose` to show all linker arguments
[INFO] [stdout]   = note: collect2: fatal error: ld terminated with signal 9 [Killed]
[INFO] [stdout]           compilation terminated.
[INFO] [stdout]           
[INFO] [stdout] 
[INFO] [stdout] 
[INFO] [stderr] error: could not compile `wp-solana-jupiter-lend-core` (test "exchange_price") due to 1 previous error
[INFO] [stdout] error: linking with `cc` failed: exit status: 1
[INFO] [stdout]   |
[INFO] [stdout]   = note:  "cc" "-m64" "/opt/rustwide/target/debug/deps/rustchPD5Ii/symbols.o" "<2 object files omitted>" "-Wl,--as-needed" "-Wl,-Bstatic" "<sysroot>/lib/rustlib/x86_64-unknown-linux-gnu/lib/{libtest-*,libgetopts-*,librustc_std_workspace_std-*}.rlib" "/opt/rustwide/target/debug/deps/{libwp_solana_jupiter_lend_core-f3ed59112b5edfce,libwp_solana_jupiter_vaults_client-f96688a5a0dd171f,libspl_associated_token_account_interface-0be34f46cf1d91b0,libwp_solana_jupiter_liquidity_client-bf98c1d8a39c5659,libwp_solana_jupiter_lending_rewards_client-dfac786b69417988,libsolana_client-c049137a4bd604c3,libsolana_rpc_client_nonce_utils-0b7eb956766fe99d,libsolana_tpu_client-2a0d99eeacdd1a2e,libsolana_client_traits-8b34e685c1658c41,libsolana_rpc_client-b2bbac18d50d3f79,libindicatif-f0c548a7cdbc2820,libunit_prefix-1f322e2873265049,libconsole-06f3bbadbefa8a8a,libunicode_width-c0be3735b741df1b,libsolana_feature_gate_interface-0f39e4a04705d8be,libsolana_account_decoder-b62a9cb1eb3f1619,libspl_token_interface-435bb79a00ea64b5,libspl_generic_token-f664a882c17e5fc2,libsolana_nonce-a85b26999b614daa,libsolana_stake_interface-241b6e89ba75868d,libsolana_cpi-10dadd806884e3b2,libsolana_config_interface-c814115e512e337f,libsolana_loader_v3_interface-e1288843e6ec69a9,libsolana_address_lookup_table_interface-271ebd344d3b08ff,libspl_token_2022_interface-5e35f3c6fa935a82,libarrayref-81fde35c69841043,libspl_token_metadata_interface-407170e8f9527b04,libsolana_borsh-548c9180195792de,libspl_type_length_value-624cd281d3d64955,libspl_token_group_interface-42c29322a7bcd512,libspl_discriminator-732f3ed1a790112a,libsolana_program_pack-aed127566919413f,libspl_token_confidential_transfer_proof_extraction-ba42a92f7f7c66fa,libsolana_curve25519-f93078f993d95ec1,libspl_pod-4a727a1e98850cfc,libnum_enum-3e0e6ae8ebdf76d0,libsolana_zero_copy-1d69234283953243,libsolana_program_option-d50419919566073f,libsolana_msg-66f5a9700dbd8b4c,libspl_token_confidential_transfer_proof_generation-922106f5dff38b01,libsolana_zk_sdk-8b9698b32d394726,libmerlin-114057090938bb51,libsolana_seed_derivable-fbe8202f90bd4f35,libsolana_derivation_path-1fd7b58b9886b836,libqstring-dec736cfb6ec533c,liburiparse-19f8c80c3f0e3f41,libfnv-79e2cbfbe03dcd16,libderivation_path-014b75022b4cfaf3,libsha3-437164fa8f814efe,libkeccak-a9108406cf8c163c,libaes_gcm_siv-82378857691cc441,libctr-791f002bd6164f9b,libaes-dd54c2e112641b0d,libpolyval-91be5458a385b545,libopaque_debug-90e66d859d53ff28,libuniversal_hash-5647713408412751,libcipher-901af2c54089ce24,libinout-1d1fb26a44a5b26f,libaead-9083348091f0618e,libinflector-face292472503d02,libregex-cef06f22b712568b,libregex_automata-9eccf7f0a0fe5f20,libaho_corasick-09af9ecf900891d2,libregex_syntax-6d6ee545e2ffad72,libsolana_vote_interface-c0c96c30cfbba1b8,libsolana_system_interface-c420c4adcc2cb6e4,libsolana_epoch_info-f522ff778f0defcf,libsolana_pubsub_client-eccbb506bcc506d6,libtokio_tungstenite-5bb7065a75ed39af,libtungstenite-dc382ee38e948b0e,libwebpki_roots-225d94af58559f3b,libutf8-f4341c3c7568480d,libsha1-a2e82cdfafdc5d37,libtokio_stream-ba7a33bc52196d7d,libsolana_udp_client-2b428c9b0e67d7fa,libsolana_quic_client-e0bd6cc22bf98422,libsolana_streamer-b72e3896917bcb42,libhistogram-974d8acb19550f5e,libpem-0f4a31e13d862321,libpercentage-2b27873d5bddf9a2,libnum-efbf4252f09a14c8,libnum_rational-f8503404e6b58ff8,libnum_iter-4c8b9c313e0ac4e3,libnum_complex-9f2d3ce0d388c76d,libnum_bigint-98d0c09c15f069fc,libsolana_transaction_metrics_tracker-0f442f1e5ce7cfc9,libsolana_tls_utils-a02b773c58d3ff60,libx509_parser-42a5c84eaba01ccf,libbase64-42295ac2e0e134a3,libdata_encoding-4b0fc7d26697af29,liboid_registry-1789c3f8ed124bb3,libder_parser-0e0add839ee23910,libnum_bigint-914061b6a0c2b743,libnum_integer-e1dae9bde9b8ffd5,libasn1_rs-1b2df9f9bd812b68,librusticata_macros-d6d3cc9b7c93e378,libnom-9d42585bb9d80afd,libtime-028f82f5a26f646c,libtime_core-031b6ab885a7634b,libnum_conv-4e1233169d5eeba7,libderanged-d0114085ae3b02c5,libpowerfmt-f6019a2766e431f7,libsolana_perf-2bdf847eecf9997f,libcaps-723ee3be102dd98b,libsolana_rayon_threadlimit-8207a75c7e04f1f6,libnum_cpus-fb9a924794da2561,libdlopen2-5e4d1e077d6a6877,librayon-cddd5520333a5540,librayon_core-e986c1d1845fe6c3,libcrossbeam_deque-e71c6317821167fb,libcrossbeam_epoch-5fdcd5978a9f0010,libsolana_packet-f2ea628600e289e3,libserde_with-a0474f8f6d3a55b2,libgovernor-5ae05b898c66a22c,libquanta-2da280af5c3f9674,libraw_cpuid-f7bcfb7682466a27,libfutures_timer-17baedd4276dc448,libnonzero_ext-203430fae6cd36ff,libportable_atomic-a2913edf01b5bd0d,libno_std_compat-493d4a0343c995b5,libsolana_rpc_client_api-f718ff54ea7e410e,libreqwest_middleware-873cbf92cda99bfd,libthiserror-305297abc8a52265,libsolana_rpc_client_types-c6794081213b113d,libsolana_version-9a274b0ea7e82eef,libagave_feature_set-a48d33a311151298,libsolana_svm_feature_set-bfad53ec5fbc1c95,libsolana_hash-8f077006bdb6ef5e,libahash-82709e2c19bcba88,libsolana_serde_varint-08095c916d9f10c5,libsemver-f2ab12e28ce3f339,libsolana_inflation-2711dd32ffcaf674,libsolana_transaction_status_client_types-c16932131eddd3ba,libsolana_transaction_context-1d60531f707e88a8,libsolana_sbpf-0f518ed39cc4312b,librustc_demangle-019906bbd6792ceb,libhash32-39d0b88af1436d69,libcombine-06724e804dadd59c,libascii-cf905215b3b3c09d,libunreachable-dfb44441764d6937,libvoid-6336667ff9ef9cc5,libbyteorder-8f59b6d1bfdaa844,libsolana_instructions_sysvar-3424bbac972baba7,libsolana_serialize_utils-756ede7cdd6f6e83,libsolana_transaction-3ef2323d773996f3,libsolana_reward_info-24b3f31e4c054838,libsolana_message-343e234e2fbf82bf,libsolana_short_vec-1b43bb482b545e4e,libsolana_commitment_config-ca7368066e9cf445,libsolana_account_decoder_client_types-2d2a0e897548b200,libzstd-aff9b684a005ee2e,libzstd_safe-47555d9fee6e504b,libzstd_sys-4634828a53e226d6,libbs58-6d9c7a5f59ca4fad,libsolana_account-504325d84b8ea0f2,libserde_bytes-0324949e7a5d88bf,libsolana_sysvar-fca0d46fe8672eca,liblazy_static-3674be3f4245d19b,libsolana_slot_history-f761a4bc5186706d,libbv-b54edd1780331f9e,libsolana_slot_hashes-060c091cfd17a927,libsolana_rent-25812452a3eb1dad,libsolana_instruction-9f6e304b3c384aa2,libsolana_last_restart_slot-427e2365b8de1a86,libsolana_fee_calculator-d40ab623bdf52b13,libsolana_epoch_schedule-b9feb95162b804d7,libsolana_epoch_rewards-3b00f09b5cd1b7c2,libsolana_program_entrypoint-e7de61adca957797,libsolana_define_syscall-1c11c70275017b29,libsolana_pubkey-96455fac60e14c44,libsolana_account_info-c96caed049716aee,libsolana_program_memory-ec201eb47a6e1cfc,libsolana_clock-60f2cf4edf36872f,libsolana_sysvar_id-13edcc92403d7050,libsolana_sdk_ids-08e19c6ff7f2aba0,libjsonrpc_core-16bd5b040ddc58c2,libsolana_quic_definitions-99ea3ed9a743d829,libsolana_net_utils-b5bda61ca1e2d32d,libbincode-214d0f0403a1136f,libsolana_svm_type_overrides-d0dca3368e6b41d3,libdashmap-b8c3d809f31de81c,libhashbrown-d952ad0946629507,libnix-d8721f98260479f4,libmemoffset-d5728f86d1484854,libsolana_serde-ab521b521c3d9327,libitertools-144f4b3efc3ba30a,libeither-e5ea87bd27ac73a9,libanyhow-9e4c44ac98d8e4ea,libanza_quinn-cec11212ba4be4e0,libquinn_udp-0910201aff5a7520,libanza_quinn_proto-22b3555eea36b584,liblru_slab-3437f7a29fa5ef09,librustls_platform_verifier-b3b9762f3ea894d8,librustls_native_certs-b79fe64489a2e1b3,libopenssl_probe-6b1b371432012237,libfastbloom-4dc9db51f5910091,libsiphasher-b386b3b339112ba5,libtinyvec-aaac35e3e185f648,libtinyvec_macros-7b77ea21c73594ca,librustc_hash-68cbcd0e35cfafe6,libfutures-12545fbeb549e98f,libfutures_executor-bdaf228da57132c0,libasync_lock-4338eaf30ff4c848,libevent_listener_strategy-75f1571973c80e1c,libevent_listener-661aaa943e4c7f0c,libparking-a9ae72c6c16ee980,libsolana_connection_cache-a9b16ae3e8cda57e,libsolana_measure-048e58c2e6e760e5,librand-008ccfcfa54f9238,librand_chacha-158a2dbf846c2d5f,libindexmap-0d7f2c48190e6f4d,libequivalent-6a754676e6af62ae,libhashbrown-6b92ca17a46d4c7a,libsolana_metrics-f6c98e3f8c7a56ae,libreqwest-d6be7ff993ae0a7b,libhyper_rustls-b42dd85782e13f59,libwebpki_roots-a7445c65e8749793,libtokio_rustls-b5ad67e7d7b50cc9,librustls-50c7055929abcb17,libwebpki-18d261c8fb6a7d96,libring-781bbddf3e36c963,libuntrusted-b2f816886faf2178,librustls_pki_types-906f4a3e92f81a02,libserde_urlencoded-104a43a081a1afba,libryu-1f4f40e4352371e5,libserde_json-395dddec4bbe5d2c,libzmij-ef63f1da73704b4c,libtower_http-3e5e62a82991a076,libbitflags-5071391cff5b3ab7,libiri_string-9568090a19df0016,libasync_compression-108f17906e710c4d,libcompression_codecs-03a0ffcad07b7956,libflate2-84acb1666c285b0c,libminiz_oxide-6d5382b540dd717a,libsimd_adler32-7babdb89f91b6742,libcrc32fast-77160f4e25d6fc25,libbrotli-6db41a91c52358d5,libbrotli_decompressor-d52593c63eaec5e1,liballoc_stdlib-4aac9f1b7fbf996b,liballoc_no_stdlib-118b0458ceca2dd8,libcompression_core-9f39a33edcc54b96,libtower-1b5e708a40dafb9f,libtower_layer-d908dd771b239ecd,libhyper_util-da13c5878cdc459b,libbase64-32787b0325ea6df8,libipnet-61ca7a5e1c2863d4,libtower_service-3fb88d28c2218805,libtracing-02779275e9ae46ef,libtracing_core-89b602bc4a7d7f8a,libonce_cell-b5bdc597ed9676b3,libhyper-968ccc2a78e10b24,libwant-7a6260b9c50f1479,libtry_lock-8fa2f6971035be84,libhttparse-8c9b827b8f345444,libatomic_waker-06950c8c08d2b8fa,libhttp_body_util-8e36e92578bdadb4,libhttp_body-0ff24006cb82f555,liburl-90dad5e25ce1942d,libidna-90c7879bb2c05a4e,libidna_adapter-087b171468ae1133,libicu_properties-f69ac67f787f46c6,libicu_properties_data-e6cf238fc98dd59d,libicu_normalizer-1d89179bc5c55784,libicu_normalizer_data-8fea05bee0bb4e49,libicu_collections-c6fe9f2a7859138d,libutf8_iter-51566bbad89f3a68,libpotential_utf-dfc67b58ecdfe49f,libicu_provider-8783da9d10afb86f,libicu_locale_core-c21231f2847d47a1,libtinystr-a20e7e786d319adc,liblitemap-dc288f07f8f61193,libwriteable-48b3e52227924bb5,libzerovec-ca67d97079b95e44,libzerotrie-7f914fcdb1665125,libyoke-a73bb16c30c8666f,libstable_deref_trait-63cbf3f3d3f94e56,libzerofrom-3c4bc0c4c9717ce1,libform_urlencoded-58b0f0edb59b40d2,libpercent_encoding-fa055ecaa1e57cfa,libhttp-7499d7b0309852b1,libitoa-5de11b3b23bfe572,libsync_wrapper-6bdfbc29c4269203,libsolana_time_utils-94579270804efcc3,libsolana_cluster_type-15da6710cffe7606,libgethostname-834f03b7058bb1c7,libcrossbeam_channel-c975edaf87631b25,libcrossbeam_utils-f696a08ab1e94e7a,liblog-f16ce4b64309590f,libtokio_util-510faac2d903d3a2,libfutures_util-38887207c7f3e8b8,libmemchr-f43b81797ff441e3,libfutures_io-a8805bd12b2ab705,libslab-0582d648e59ab406,libfutures_channel-04b287164a72dbf0,libfutures_task-36f327cfab86eddc,libfutures_core-1121ff913ed87f93,libfutures_sink-3971bde37bb30e19,libtokio-98dca1439371883c,libsignal_hook_registry-84b8c537bd9b67c6,liberrno-5c5d1d093623d629,libsocket2-2d3b31818900487f,libbytes-79c0ec47c5219e02,libmio-1c44bf0801ff6947,libparking_lot-75f63308b6c13524,libparking_lot_core-932450a948ba2edf,libsmallvec-6c6c590a496f6ac5,liblock_api-16d46fed645f7bff,libscopeguard-7ec2214574194454,libpin_project_lite-0a15d51c77964692,libsolana_keypair-326c0dedb3ee677c,librand-c5f4667b09fae2f5,librand_chacha-6fe3d4808a0eb82d,libppv_lite86-7f5ba35fc3b17562,libzerocopy-ad92ccf16844b543,librand_core-d3dcfc469271693f,libgetrandom-dd5a874cba74b4c4,libsolana_signer-a9c26afa513c9127,libsolana_transaction_error-360a871798a4819a,libsolana_instruction_error-67a393fbb2ed99f1,libnum_traits-61451ab850bd490d,libsolana_signature-c42d47a814a8561e,libserde_big_array-a3a7c234297b3f7d,libsolana_pubkey-696e55b3308bab2d,libsolana_address-3335060d4b5c0f94,libsolana_address-a8608e8906881214,libsolana_nullable-9cd30544520a772d,libfive8_const-1bbd43105df48e3f,libsolana_program_error-35c134067009bf58,libborsh-ccc7881eb75768f2,libsolana_sha256_hasher-ba054fe4ff9b9c10,libsolana_hash-80041a6368dda47b,libbytemuck-0a13c0e99d2f2528,libsolana_atomic_u64-d4464f92186b9f1d,libfive8-8b93330c7542f855,libfive8_core-b949451705e34d19,libsolana_sanitize-619c0748fe17c029,libsha2_const_stable-0ed995a13ed18080,libsolana_seed_phrase-864a4af805ecfb2d,libpbkdf2-19015a821a0d21e1,libhmac-e7a3eb427ab7878a,libed25519_dalek-6505c9b2360f002a,libsha2-dd2020f121ca134e,libcurve25519_dalek-04560160ee047dea,libcpufeatures-e04321643d03190d,libzeroize-8791936fa9a99a6f,libdigest-b711a2c34b842918,libsubtle-9600f7efd1e82d97,libblock_buffer-ceb5bfb4b62e5dc4,libcrypto_common-f3291d9f73a2faac,libgeneric_array-3399f74876fb1fa9,libtypenum-973adb5204d6e560,librand_core-bb243f568976e3c7,libgetrandom-fd99ea86b5100c67,liblibc-7af43ebbcb076349,libcfg_if-83060ec5685761ae,libed25519-44e6328192700ad9,libsignature-3b38413e1bea4ec2,libruint-ff13967eccb94537,libthiserror-5e90adc18491a337,libserde-243f950081e30d70,libserde_core-21f22ac7b803fb0e}.rlib" "<sysroot>/lib/rustlib/x86_64-unknown-linux-gnu/lib/{libstd-*,libpanic_unwind-*,libobject-*,libmemchr-*,libaddr2line-*,libgimli-*,libcfg_if-*,librustc_demangle-*,libstd_detect-*,libhashbrown-*,librustc_std_workspace_alloc-*,libminiz_oxide-*,libadler2-*,libunwind-*,liblibc-*,librustc_std_workspace_core-*,liballoc-*,libcore-*,libcompiler_builtins-*}.rlib" "-Wl,-Bdynamic" "-lgcc_s" "-lutil" "-lrt" "-lpthread" "-lm" "-ldl" "-lc" "-L" "/opt/rustwide/target/debug/deps/rustchPD5Ii/raw-dylibs" "-B<sysroot>/lib/rustlib/x86_64-unknown-linux-gnu/bin/gcc-ld" "-fuse-ld=lld" "-Wl,--eh-frame-hdr" "-Wl,-z,noexecstack" "-L" "/opt/rustwide/target/debug/build/zstd-sys-ab56ab82a46eeb06/out" "-L" "/opt/rustwide/target/debug/build/ring-62276af9092cebaf/out" "-L" "<sysroot>/lib/rustlib/x86_64-unknown-linux-gnu/lib" "-o" "/opt/rustwide/target/debug/deps/revenue-cd724640bd19b171" "-Wl,--gc-sections" "-pie" "-Wl,-z,relro,-z,now" "-nodefaultlibs"
[INFO] [stdout]   = note: some arguments are omitted. use `--verbose` to show all linker arguments
[INFO] [stdout]   = note: collect2: fatal error: ld terminated with signal 9 [Killed]
[INFO] [stdout]           compilation terminated.
[INFO] [stdout]           
[INFO] [stdout] 
[INFO] [stdout] 
[INFO] [stderr] error: could not compile `wp-solana-jupiter-lend-core` (test "revenue") due to 1 previous error
[INFO] [stdout] error: linking with `cc` failed: exit status: 1
[INFO] [stdout]   |
[INFO] [stdout]   = note:  "cc" "-m64" "/opt/rustwide/target/debug/deps/rustcAiS5EL/symbols.o" "<2 object files omitted>" "-Wl,--as-needed" "-Wl,-Bstatic" "<sysroot>/lib/rustlib/x86_64-unknown-linux-gnu/lib/{libtest-*,libgetopts-*,librustc_std_workspace_std-*}.rlib" "/opt/rustwide/target/debug/deps/{libwp_solana_jupiter_lend_core-f3ed59112b5edfce,libwp_solana_jupiter_vaults_client-f96688a5a0dd171f,libspl_associated_token_account_interface-0be34f46cf1d91b0,libwp_solana_jupiter_liquidity_client-bf98c1d8a39c5659,libwp_solana_jupiter_lending_rewards_client-dfac786b69417988,libsolana_client-c049137a4bd604c3,libsolana_rpc_client_nonce_utils-0b7eb956766fe99d,libsolana_tpu_client-2a0d99eeacdd1a2e,libsolana_client_traits-8b34e685c1658c41,libsolana_rpc_client-b2bbac18d50d3f79,libindicatif-f0c548a7cdbc2820,libunit_prefix-1f322e2873265049,libconsole-06f3bbadbefa8a8a,libunicode_width-c0be3735b741df1b,libsolana_feature_gate_interface-0f39e4a04705d8be,libsolana_account_decoder-b62a9cb1eb3f1619,libspl_token_interface-435bb79a00ea64b5,libspl_generic_token-f664a882c17e5fc2,libsolana_nonce-a85b26999b614daa,libsolana_stake_interface-241b6e89ba75868d,libsolana_cpi-10dadd806884e3b2,libsolana_config_interface-c814115e512e337f,libsolana_loader_v3_interface-e1288843e6ec69a9,libsolana_address_lookup_table_interface-271ebd344d3b08ff,libspl_token_2022_interface-5e35f3c6fa935a82,libarrayref-81fde35c69841043,libspl_token_metadata_interface-407170e8f9527b04,libsolana_borsh-548c9180195792de,libspl_type_length_value-624cd281d3d64955,libspl_token_group_interface-42c29322a7bcd512,libspl_discriminator-732f3ed1a790112a,libsolana_program_pack-aed127566919413f,libspl_token_confidential_transfer_proof_extraction-ba42a92f7f7c66fa,libsolana_curve25519-f93078f993d95ec1,libspl_pod-4a727a1e98850cfc,libnum_enum-3e0e6ae8ebdf76d0,libsolana_zero_copy-1d69234283953243,libsolana_program_option-d50419919566073f,libsolana_msg-66f5a9700dbd8b4c,libspl_token_confidential_transfer_proof_generation-922106f5dff38b01,libsolana_zk_sdk-8b9698b32d394726,libmerlin-114057090938bb51,libsolana_seed_derivable-fbe8202f90bd4f35,libsolana_derivation_path-1fd7b58b9886b836,libqstring-dec736cfb6ec533c,liburiparse-19f8c80c3f0e3f41,libfnv-79e2cbfbe03dcd16,libderivation_path-014b75022b4cfaf3,libsha3-437164fa8f814efe,libkeccak-a9108406cf8c163c,libaes_gcm_siv-82378857691cc441,libctr-791f002bd6164f9b,libaes-dd54c2e112641b0d,libpolyval-91be5458a385b545,libopaque_debug-90e66d859d53ff28,libuniversal_hash-5647713408412751,libcipher-901af2c54089ce24,libinout-1d1fb26a44a5b26f,libaead-9083348091f0618e,libinflector-face292472503d02,libregex-cef06f22b712568b,libregex_automata-9eccf7f0a0fe5f20,libaho_corasick-09af9ecf900891d2,libregex_syntax-6d6ee545e2ffad72,libsolana_vote_interface-c0c96c30cfbba1b8,libsolana_system_interface-c420c4adcc2cb6e4,libsolana_epoch_info-f522ff778f0defcf,libsolana_pubsub_client-eccbb506bcc506d6,libtokio_tungstenite-5bb7065a75ed39af,libtungstenite-dc382ee38e948b0e,libwebpki_roots-225d94af58559f3b,libutf8-f4341c3c7568480d,libsha1-a2e82cdfafdc5d37,libtokio_stream-ba7a33bc52196d7d,libsolana_udp_client-2b428c9b0e67d7fa,libsolana_quic_client-e0bd6cc22bf98422,libsolana_streamer-b72e3896917bcb42,libhistogram-974d8acb19550f5e,libpem-0f4a31e13d862321,libpercentage-2b27873d5bddf9a2,libnum-efbf4252f09a14c8,libnum_rational-f8503404e6b58ff8,libnum_iter-4c8b9c313e0ac4e3,libnum_complex-9f2d3ce0d388c76d,libnum_bigint-98d0c09c15f069fc,libsolana_transaction_metrics_tracker-0f442f1e5ce7cfc9,libsolana_tls_utils-a02b773c58d3ff60,libx509_parser-42a5c84eaba01ccf,libbase64-42295ac2e0e134a3,libdata_encoding-4b0fc7d26697af29,liboid_registry-1789c3f8ed124bb3,libder_parser-0e0add839ee23910,libnum_bigint-914061b6a0c2b743,libnum_integer-e1dae9bde9b8ffd5,libasn1_rs-1b2df9f9bd812b68,librusticata_macros-d6d3cc9b7c93e378,libnom-9d42585bb9d80afd,libtime-028f82f5a26f646c,libtime_core-031b6ab885a7634b,libnum_conv-4e1233169d5eeba7,libderanged-d0114085ae3b02c5,libpowerfmt-f6019a2766e431f7,libsolana_perf-2bdf847eecf9997f,libcaps-723ee3be102dd98b,libsolana_rayon_threadlimit-8207a75c7e04f1f6,libnum_cpus-fb9a924794da2561,libdlopen2-5e4d1e077d6a6877,librayon-cddd5520333a5540,librayon_core-e986c1d1845fe6c3,libcrossbeam_deque-e71c6317821167fb,libcrossbeam_epoch-5fdcd5978a9f0010,libsolana_packet-f2ea628600e289e3,libserde_with-a0474f8f6d3a55b2,libgovernor-5ae05b898c66a22c,libquanta-2da280af5c3f9674,libraw_cpuid-f7bcfb7682466a27,libfutures_timer-17baedd4276dc448,libnonzero_ext-203430fae6cd36ff,libportable_atomic-a2913edf01b5bd0d,libno_std_compat-493d4a0343c995b5,libsolana_rpc_client_api-f718ff54ea7e410e,libreqwest_middleware-873cbf92cda99bfd,libthiserror-305297abc8a52265,libsolana_rpc_client_types-c6794081213b113d,libsolana_version-9a274b0ea7e82eef,libagave_feature_set-a48d33a311151298,libsolana_svm_feature_set-bfad53ec5fbc1c95,libsolana_hash-8f077006bdb6ef5e,libahash-82709e2c19bcba88,libsolana_serde_varint-08095c916d9f10c5,libsemver-f2ab12e28ce3f339,libsolana_inflation-2711dd32ffcaf674,libsolana_transaction_status_client_types-c16932131eddd3ba,libsolana_transaction_context-1d60531f707e88a8,libsolana_sbpf-0f518ed39cc4312b,librustc_demangle-019906bbd6792ceb,libhash32-39d0b88af1436d69,libcombine-06724e804dadd59c,libascii-cf905215b3b3c09d,libunreachable-dfb44441764d6937,libvoid-6336667ff9ef9cc5,libbyteorder-8f59b6d1bfdaa844,libsolana_instructions_sysvar-3424bbac972baba7,libsolana_serialize_utils-756ede7cdd6f6e83,libsolana_transaction-3ef2323d773996f3,libsolana_reward_info-24b3f31e4c054838,libsolana_message-343e234e2fbf82bf,libsolana_short_vec-1b43bb482b545e4e,libsolana_commitment_config-ca7368066e9cf445,libsolana_account_decoder_client_types-2d2a0e897548b200,libzstd-aff9b684a005ee2e,libzstd_safe-47555d9fee6e504b,libzstd_sys-4634828a53e226d6,libbs58-6d9c7a5f59ca4fad,libsolana_account-504325d84b8ea0f2,libserde_bytes-0324949e7a5d88bf,libsolana_sysvar-fca0d46fe8672eca,liblazy_static-3674be3f4245d19b,libsolana_slot_history-f761a4bc5186706d,libbv-b54edd1780331f9e,libsolana_slot_hashes-060c091cfd17a927,libsolana_rent-25812452a3eb1dad,libsolana_instruction-9f6e304b3c384aa2,libsolana_last_restart_slot-427e2365b8de1a86,libsolana_fee_calculator-d40ab623bdf52b13,libsolana_epoch_schedule-b9feb95162b804d7,libsolana_epoch_rewards-3b00f09b5cd1b7c2,libsolana_program_entrypoint-e7de61adca957797,libsolana_define_syscall-1c11c70275017b29,libsolana_pubkey-96455fac60e14c44,libsolana_account_info-c96caed049716aee,libsolana_program_memory-ec201eb47a6e1cfc,libsolana_clock-60f2cf4edf36872f,libsolana_sysvar_id-13edcc92403d7050,libsolana_sdk_ids-08e19c6ff7f2aba0,libjsonrpc_core-16bd5b040ddc58c2,libsolana_quic_definitions-99ea3ed9a743d829,libsolana_net_utils-b5bda61ca1e2d32d,libbincode-214d0f0403a1136f,libsolana_svm_type_overrides-d0dca3368e6b41d3,libdashmap-b8c3d809f31de81c,libhashbrown-d952ad0946629507,libnix-d8721f98260479f4,libmemoffset-d5728f86d1484854,libsolana_serde-ab521b521c3d9327,libitertools-144f4b3efc3ba30a,libeither-e5ea87bd27ac73a9,libanyhow-9e4c44ac98d8e4ea,libanza_quinn-cec11212ba4be4e0,libquinn_udp-0910201aff5a7520,libanza_quinn_proto-22b3555eea36b584,liblru_slab-3437f7a29fa5ef09,librustls_platform_verifier-b3b9762f3ea894d8,librustls_native_certs-b79fe64489a2e1b3,libopenssl_probe-6b1b371432012237,libfastbloom-4dc9db51f5910091,libsiphasher-b386b3b339112ba5,libtinyvec-aaac35e3e185f648,libtinyvec_macros-7b77ea21c73594ca,librustc_hash-68cbcd0e35cfafe6,libfutures-12545fbeb549e98f,libfutures_executor-bdaf228da57132c0,libasync_lock-4338eaf30ff4c848,libevent_listener_strategy-75f1571973c80e1c,libevent_listener-661aaa943e4c7f0c,libparking-a9ae72c6c16ee980,libsolana_connection_cache-a9b16ae3e8cda57e,libsolana_measure-048e58c2e6e760e5,librand-008ccfcfa54f9238,librand_chacha-158a2dbf846c2d5f,libindexmap-0d7f2c48190e6f4d,libequivalent-6a754676e6af62ae,libhashbrown-6b92ca17a46d4c7a,libsolana_metrics-f6c98e3f8c7a56ae,libreqwest-d6be7ff993ae0a7b,libhyper_rustls-b42dd85782e13f59,libwebpki_roots-a7445c65e8749793,libtokio_rustls-b5ad67e7d7b50cc9,librustls-50c7055929abcb17,libwebpki-18d261c8fb6a7d96,libring-781bbddf3e36c963,libuntrusted-b2f816886faf2178,librustls_pki_types-906f4a3e92f81a02,libserde_urlencoded-104a43a081a1afba,libryu-1f4f40e4352371e5,libserde_json-395dddec4bbe5d2c,libzmij-ef63f1da73704b4c,libtower_http-3e5e62a82991a076,libbitflags-5071391cff5b3ab7,libiri_string-9568090a19df0016,libasync_compression-108f17906e710c4d,libcompression_codecs-03a0ffcad07b7956,libflate2-84acb1666c285b0c,libminiz_oxide-6d5382b540dd717a,libsimd_adler32-7babdb89f91b6742,libcrc32fast-77160f4e25d6fc25,libbrotli-6db41a91c52358d5,libbrotli_decompressor-d52593c63eaec5e1,liballoc_stdlib-4aac9f1b7fbf996b,liballoc_no_stdlib-118b0458ceca2dd8,libcompression_core-9f39a33edcc54b96,libtower-1b5e708a40dafb9f,libtower_layer-d908dd771b239ecd,libhyper_util-da13c5878cdc459b,libbase64-32787b0325ea6df8,libipnet-61ca7a5e1c2863d4,libtower_service-3fb88d28c2218805,libtracing-02779275e9ae46ef,libtracing_core-89b602bc4a7d7f8a,libonce_cell-b5bdc597ed9676b3,libhyper-968ccc2a78e10b24,libwant-7a6260b9c50f1479,libtry_lock-8fa2f6971035be84,libhttparse-8c9b827b8f345444,libatomic_waker-06950c8c08d2b8fa,libhttp_body_util-8e36e92578bdadb4,libhttp_body-0ff24006cb82f555,liburl-90dad5e25ce1942d,libidna-90c7879bb2c05a4e,libidna_adapter-087b171468ae1133,libicu_properties-f69ac67f787f46c6,libicu_properties_data-e6cf238fc98dd59d,libicu_normalizer-1d89179bc5c55784,libicu_normalizer_data-8fea05bee0bb4e49,libicu_collections-c6fe9f2a7859138d,libutf8_iter-51566bbad89f3a68,libpotential_utf-dfc67b58ecdfe49f,libicu_provider-8783da9d10afb86f,libicu_locale_core-c21231f2847d47a1,libtinystr-a20e7e786d319adc,liblitemap-dc288f07f8f61193,libwriteable-48b3e52227924bb5,libzerovec-ca67d97079b95e44,libzerotrie-7f914fcdb1665125,libyoke-a73bb16c30c8666f,libstable_deref_trait-63cbf3f3d3f94e56,libzerofrom-3c4bc0c4c9717ce1,libform_urlencoded-58b0f0edb59b40d2,libpercent_encoding-fa055ecaa1e57cfa,libhttp-7499d7b0309852b1,libitoa-5de11b3b23bfe572,libsync_wrapper-6bdfbc29c4269203,libsolana_time_utils-94579270804efcc3,libsolana_cluster_type-15da6710cffe7606,libgethostname-834f03b7058bb1c7,libcrossbeam_channel-c975edaf87631b25,libcrossbeam_utils-f696a08ab1e94e7a,liblog-f16ce4b64309590f,libtokio_util-510faac2d903d3a2,libfutures_util-38887207c7f3e8b8,libmemchr-f43b81797ff441e3,libfutures_io-a8805bd12b2ab705,libslab-0582d648e59ab406,libfutures_channel-04b287164a72dbf0,libfutures_task-36f327cfab86eddc,libfutures_core-1121ff913ed87f93,libfutures_sink-3971bde37bb30e19,libtokio-98dca1439371883c,libsignal_hook_registry-84b8c537bd9b67c6,liberrno-5c5d1d093623d629,libsocket2-2d3b31818900487f,libbytes-79c0ec47c5219e02,libmio-1c44bf0801ff6947,libparking_lot-75f63308b6c13524,libparking_lot_core-932450a948ba2edf,libsmallvec-6c6c590a496f6ac5,liblock_api-16d46fed645f7bff,libscopeguard-7ec2214574194454,libpin_project_lite-0a15d51c77964692,libsolana_keypair-326c0dedb3ee677c,librand-c5f4667b09fae2f5,librand_chacha-6fe3d4808a0eb82d,libppv_lite86-7f5ba35fc3b17562,libzerocopy-ad92ccf16844b543,librand_core-d3dcfc469271693f,libgetrandom-dd5a874cba74b4c4,libsolana_signer-a9c26afa513c9127,libsolana_transaction_error-360a871798a4819a,libsolana_instruction_error-67a393fbb2ed99f1,libnum_traits-61451ab850bd490d,libsolana_signature-c42d47a814a8561e,libserde_big_array-a3a7c234297b3f7d,libsolana_pubkey-696e55b3308bab2d,libsolana_address-3335060d4b5c0f94,libsolana_address-a8608e8906881214,libsolana_nullable-9cd30544520a772d,libfive8_const-1bbd43105df48e3f,libsolana_program_error-35c134067009bf58,libborsh-ccc7881eb75768f2,libsolana_sha256_hasher-ba054fe4ff9b9c10,libsolana_hash-80041a6368dda47b,libbytemuck-0a13c0e99d2f2528,libsolana_atomic_u64-d4464f92186b9f1d,libfive8-8b93330c7542f855,libfive8_core-b949451705e34d19,libsolana_sanitize-619c0748fe17c029,libsha2_const_stable-0ed995a13ed18080,libsolana_seed_phrase-864a4af805ecfb2d,libpbkdf2-19015a821a0d21e1,libhmac-e7a3eb427ab7878a,libed25519_dalek-6505c9b2360f002a,libsha2-dd2020f121ca134e,libcurve25519_dalek-04560160ee047dea,libcpufeatures-e04321643d03190d,libzeroize-8791936fa9a99a6f,libdigest-b711a2c34b842918,libsubtle-9600f7efd1e82d97,libblock_buffer-ceb5bfb4b62e5dc4,libcrypto_common-f3291d9f73a2faac,libgeneric_array-3399f74876fb1fa9,libtypenum-973adb5204d6e560,librand_core-bb243f568976e3c7,libgetrandom-fd99ea86b5100c67,liblibc-7af43ebbcb076349,libcfg_if-83060ec5685761ae,libed25519-44e6328192700ad9,libsignature-3b38413e1bea4ec2,libruint-ff13967eccb94537,libthiserror-5e90adc18491a337,libserde-243f950081e30d70,libserde_core-21f22ac7b803fb0e}.rlib" "<sysroot>/lib/rustlib/x86_64-unknown-linux-gnu/lib/{libstd-*,libpanic_unwind-*,libobject-*,libmemchr-*,libaddr2line-*,libgimli-*,libcfg_if-*,librustc_demangle-*,libstd_detect-*,libhashbrown-*,librustc_std_workspace_alloc-*,libminiz_oxide-*,libadler2-*,libunwind-*,liblibc-*,librustc_std_workspace_core-*,liballoc-*,libcore-*,libcompiler_builtins-*}.rlib" "-Wl,-Bdynamic" "-lgcc_s" "-lutil" "-lrt" "-lpthread" "-lm" "-ldl" "-lc" "-L" "/opt/rustwide/target/debug/deps/rustcAiS5EL/raw-dylibs" "-B<sysroot>/lib/rustlib/x86_64-unknown-linux-gnu/bin/gcc-ld" "-fuse-ld=lld" "-Wl,--eh-frame-hdr" "-Wl,-z,noexecstack" "-L" "/opt/rustwide/target/debug/build/zstd-sys-ab56ab82a46eeb06/out" "-L" "/opt/rustwide/target/debug/build/ring-62276af9092cebaf/out" "-L" "<sysroot>/lib/rustlib/x86_64-unknown-linux-gnu/lib" "-o" "/opt/rustwide/target/debug/deps/tick_math-412470ca3406fcd4" "-Wl,--gc-sections" "-pie" "-Wl,-z,relro,-z,now" "-nodefaultlibs"
[INFO] [stdout]   = note: some arguments are omitted. use `--verbose` to show all linker arguments
[INFO] [stdout]   = note: collect2: fatal error: ld terminated with signal 9 [Killed]
[INFO] [stdout]           compilation terminated.
[INFO] [stdout]           
[INFO] [stdout] 
[INFO] [stdout] 
[INFO] [stderr] error: could not compile `wp-solana-jupiter-lend-core` (test "tick_math") due to 1 previous error
[INFO] running `Command { std: "docker" "inspect" "9f608157aaaff079f511bce5c2c4dd2cd5bdd612f43b388d8e3b81804ab1213e", kill_on_drop: false }`
[INFO] running `Command { std: "docker" "rm" "-f" "9f608157aaaff079f511bce5c2c4dd2cd5bdd612f43b388d8e3b81804ab1213e", kill_on_drop: false }`
[INFO] [stdout] 9f608157aaaff079f511bce5c2c4dd2cd5bdd612f43b388d8e3b81804ab1213e
