[INFO] fetching crate wp-evm-v4-provider 0.1.14...
[INFO] testing wp-evm-v4-provider-0.1.14 against 1.99.0-beta.8 for beta-1.100-2
[INFO] extracting crate wp-evm-v4-provider 0.1.14 into /workspace/builds/worker-6-tc1/source
[INFO] started tweaking crates.io crate wp-evm-v4-provider 0.1.14
[INFO] removed 0 missing tests
[INFO] finished tweaking crates.io crate wp-evm-v4-provider 0.1.14
[INFO] tweaked toml for crates.io crate wp-evm-v4-provider 0.1.14 written to /workspace/builds/worker-6-tc1/source/Cargo.toml
[INFO] validating manifest of crates.io crate wp-evm-v4-provider 0.1.14 on toolchain 1.99.0-beta.8
[INFO] running `Command { std: CARGO_HOME="/workspace/cargo-home" RUSTUP_HOME="/workspace/rustup-home" "/workspace/cargo-home/bin/cargo" "+1.99.0-beta.8" "metadata" "--manifest-path" "Cargo.toml" "--no-deps", kill_on_drop: false }`
[INFO] crate crates.io crate wp-evm-v4-provider 0.1.14 already has a lockfile, it will not be regenerated
[INFO] running `Command { std: CARGO_HOME="/workspace/cargo-home" RUSTUP_HOME="/workspace/rustup-home" "/workspace/cargo-home/bin/cargo" "+1.99.0-beta.8" "fetch" "--manifest-path" "Cargo.toml", kill_on_drop: false }`
[INFO] [stderr]     Updating crates.io index
[INFO] [stderr]  Downloading crates ...
[INFO] [stderr]   Downloaded wp-evm-v4-core v0.1.14
[INFO] [stderr]   Downloaded alloy-sol-types v1.6.0
[INFO] [stderr]   Downloaded parity-scale-codec-derive v3.7.5
[INFO] [stderr]   Downloaded alloy-sol-macro v1.6.0
[INFO] [stderr]   Downloaded alloy-sol-macro-input v1.6.0
[INFO] [stderr]   Downloaded bitcoin_hashes v0.14.100
[INFO] [stderr]   Downloaded wp-evm-v4-interfaces v0.1.14
[INFO] [stderr]   Downloaded konst_macro_rules v0.2.19
[INFO] [stderr]   Downloaded fixed-hash v0.8.0
[INFO] [stderr]   Downloaded fastrlp v0.3.1
[INFO] [stderr]   Downloaded ark-ff-asm v0.5.0
[INFO] [stderr]   Downloaded ark-serialize v0.4.2
[INFO] [stderr]   Downloaded ark-ff-macros v0.4.2
[INFO] [stderr]   Downloaded ark-ff-asm v0.4.2
[INFO] [stderr]   Downloaded byte-slice-cast v1.2.3
[INFO] [stderr]   Downloaded enum-ordinalize v4.3.2
[INFO] [stderr]   Downloaded ark-ff-macros v0.5.0
[INFO] [stderr]   Downloaded enum-ordinalize-derive v4.3.2
[INFO] [stderr]   Downloaded rustc_version v0.3.3
[INFO] [stderr]   Downloaded fastrlp v0.4.0
[INFO] [stderr]   Downloaded wasm-bindgen-futures v0.4.72
[INFO] [stderr]   Downloaded ark-serialize v0.5.0
[INFO] [stderr]   Downloaded ark-serialize v0.3.0
[INFO] [stderr]   Downloaded alloy-rlp-derive v0.3.15
[INFO] [stderr]   Downloaded macro-string v0.2.0
[INFO] [stderr]   Downloaded futures-utils-wasm v0.1.0
[INFO] [stderr]   Downloaded primitive-types v0.12.2
[INFO] [stderr]   Downloaded serdect v0.2.0
[INFO] [stderr]   Downloaded rlp v0.5.2
[INFO] [stderr]   Downloaded base16ct v0.2.0
[INFO] [stderr]   Downloaded bitcoin-io v0.1.100
[INFO] [stderr]   Downloaded ark-ff-macros v0.3.0
[INFO] [stderr]   Downloaded ark-ff-asm v0.3.0
[INFO] [stderr]   Downloaded keccak-asm v0.1.7
[INFO] [stderr]   Downloaded ruint-macro v1.2.1
[INFO] [stderr]   Downloaded rustc-hex v2.1.0
[INFO] [stderr]   Downloaded impl-codec v0.6.0
[INFO] [stderr]   Downloaded const_format_proc_macros v0.2.34
[INFO] [stderr]   Downloaded ark-std v0.4.0
[INFO] [stderr]   Downloaded group v0.13.0
[INFO] [stderr]   Downloaded rfc6979 v0.4.0
[INFO] [stderr]   Downloaded alloy-eip2930 v0.2.3
[INFO] [stderr]   Downloaded impl-trait-for-tuples v0.2.3
[INFO] [stderr]   Downloaded auto_impl v1.3.0
[INFO] [stderr]   Downloaded ark-std v0.5.0
[INFO] [stderr]   Downloaded semver-parser v0.10.3
[INFO] [stderr]   Downloaded ark-std v0.3.0
[INFO] [stderr]   Downloaded alloy-rlp v0.3.15
[INFO] [stderr]   Downloaded sec1 v0.7.3
[INFO] [stderr]   Downloaded ecdsa v0.16.9
[INFO] [stderr]   Downloaded wp-evm-v3-interfaces v0.1.14
[INFO] [stderr]   Downloaded wp-evm-multicall v0.1.14
[INFO] [stderr]   Downloaded alloy-sol-type-parser v1.6.0
[INFO] [stderr]   Downloaded hex-conservative v0.2.2
[INFO] [stderr]   Downloaded ark-ff v0.3.0
[INFO] [stderr]   Downloaded semver v0.11.0
[INFO] [stderr]   Downloaded alloy-sol-macro-expander v1.6.0
[INFO] [stderr]   Downloaded wp-evm-v3-core v0.1.14
[INFO] [stderr]   Downloaded wp-evm-base v0.1.14
[INFO] [stderr]   Downloaded lru v0.16.4
[INFO] [stderr]   Downloaded alloy-transport-http v1.8.3
[INFO] [stderr]   Downloaded alloy-signer v1.8.3
[INFO] [stderr]   Downloaded bs58 v0.5.1
[INFO] [stderr]   Downloaded alloy-serde v1.8.3
[INFO] [stderr]   Downloaded alloy-eip7702 v0.6.3
[INFO] [stderr]   Downloaded const-hex v1.19.1
[INFO] [stderr]   Downloaded keccak v0.2.0
[INFO] [stderr]   Downloaded parity-scale-codec v3.7.5
[INFO] [stderr]   Downloaded educe v0.6.0
[INFO] [stderr]   Downloaded rapidhash v4.4.1
[INFO] [stderr]   Downloaded ff v0.13.1
[INFO] [stderr]   Downloaded wp-evm-amm-math v0.1.14
[INFO] [stderr]   Downloaded wasmtimer v0.4.3
[INFO] [stderr]   Downloaded alloy-json-rpc v1.8.3
[INFO] [stderr]   Downloaded alloy-eip2124 v0.2.0
[INFO] [stderr]   Downloaded alloy-tx-macros v1.8.3
[INFO] [stderr]   Downloaded syn-solidity v1.6.0
[INFO] [stderr]   Downloaded log v0.4.30
[INFO] [stderr]   Downloaded alloy-json-abi v1.6.0
[INFO] [stderr]   Downloaded const_format v0.2.36
[INFO] [stderr]   Downloaded konst v0.2.20
[INFO] [stderr]   Downloaded elliptic-curve v0.13.8
[INFO] [stderr]   Downloaded alloy-transport v1.8.3
[INFO] [stderr]   Downloaded alloy-rpc-types-eth v1.8.3
[INFO] [stderr]   Downloaded serde_with_macros v3.20.0
[INFO] [stderr]   Downloaded ark-ff v0.5.0
[INFO] [stderr]   Downloaded ark-ff v0.4.2
[INFO] [stderr]   Downloaded k256 v0.13.4
[INFO] [stderr]   Downloaded crypto-bigint v0.5.5
[INFO] [stderr]   Downloaded zerocopy-derive v0.8.49
[INFO] [stderr]   Downloaded secp256k1 v0.31.1
[INFO] [stderr]   Downloaded unicode-segmentation v1.13.2
[INFO] [stderr]   Downloaded http v1.4.1
[INFO] [stderr]   Downloaded alloy-primitives v1.6.0
[INFO] [stderr]   Downloaded pest v2.8.6
[INFO] [stderr]   Downloaded threadpool v1.8.1
[INFO] [stderr]   Downloaded alloy-rpc-types v1.8.3
[INFO] [stderr]   Downloaded ruint v1.18.0
[INFO] [stderr]   Downloaded alloy-rpc-types-any v1.8.3
[INFO] [stderr]   Downloaded alloy-provider v1.8.3
[INFO] [stderr]   Downloaded webpki-root-certs v1.0.7
[INFO] [stderr]   Downloaded hyper v1.10.0
[INFO] [stderr]   Downloaded reqwest v0.13.4
[INFO] [stderr]   Downloaded serde_with v3.20.0
[INFO] [stderr]   Downloaded strum v0.27.2
[INFO] [stderr]   Downloaded alloy-core v1.6.0
[INFO] [stderr]   Downloaded alloy-consensus-any v1.8.3
[INFO] [stderr]   Downloaded alloy-eip7928 v0.3.7
[INFO] [stderr]   Downloaded strum_macros v0.27.2
[INFO] [stderr]   Downloaded alloy-signer-local v1.8.3
[INFO] [stderr]   Downloaded alloy-network-primitives v1.8.3
[INFO] [stderr]   Downloaded nybbles v0.4.8
[INFO] [stderr]   Downloaded alloy-network v1.8.3
[INFO] [stderr]   Downloaded secp256k1 v0.30.0
[INFO] [stderr]   Downloaded alloy-contract v1.8.3
[INFO] [stderr]   Downloaded aws-lc-rs v1.17.0
[INFO] [stderr]   Downloaded alloy-rpc-client v1.8.3
[INFO] [stderr]   Downloaded alloy v1.8.3
[INFO] [stderr]   Downloaded zerocopy v0.8.49
[INFO] [stderr]   Downloaded simd_cesu8 v1.1.1
[INFO] [stderr]   Downloaded alloy-chains v0.2.34
[INFO] [stderr]   Downloaded sha3-asm v0.1.7
[INFO] [stderr]   Downloaded sha3 v0.11.0
[INFO] [stderr]   Downloaded alloy-trie v0.9.5
[INFO] [stderr]   Downloaded web-sys v0.3.99
[INFO] [stderr]   Downloaded alloy-dyn-abi v1.6.0
[INFO] [stderr]   Downloaded schemars v1.2.1
[INFO] [stderr]   Downloaded alloy-consensus v1.8.3
[INFO] [stderr]   Downloaded schemars v0.9.0
[INFO] [stderr]   Downloaded alloy-genesis v1.8.3
[INFO] [stderr]   Downloaded alloy-eips v1.8.3
[INFO] [stderr]   Downloaded blst v0.3.16
[INFO] [stderr]   Downloaded secp256k1-sys v0.11.0
[INFO] [stderr]   Downloaded c-kzg v2.1.7
[INFO] [stderr]   Downloaded secp256k1-sys v0.10.1
[INFO] [stderr]   Downloaded aws-lc-sys v0.41.0
[INFO] running `Command { std: "docker" "create" "-v" "/var/lib/crater-agent-workspace/builds/worker-6-tc1/source:/opt/rustwide/workdir:ro,Z" "-v" "/var/lib/crater-agent-workspace/builds/worker-6-tc1/target:/opt/rustwide/target:rw,Z" "-v" "/var/lib/crater-agent-workspace/cargo-home:/opt/rustwide/cargo-home:ro,Z" "-v" "/var/lib/crater-agent-workspace/rustup-home:/opt/rustwide/rustup-home:ro,Z" "-m" "1610612736" "--network" "none" "ghcr.io/rust-lang/crates-build-env/linux@sha256:3111399a4047eeb3a02b7a90e478d715f38a8c6669b5c4b49d30a17385265909" "sleep" "infinity", kill_on_drop: false }`
[INFO] [stdout] acd82e12e7279acf7b6adca48ea6abe022812590be80096c7eb80cd6237f5c0b
[INFO] running `Command { std: "docker" "start" "acd82e12e7279acf7b6adca48ea6abe022812590be80096c7eb80cd6237f5c0b", kill_on_drop: false }`
[INFO] running `Command { std: "docker" "inspect" "acd82e12e7279acf7b6adca48ea6abe022812590be80096c7eb80cd6237f5c0b", kill_on_drop: false }`
[INFO] running `Command { std: "docker" "exec" "-e" "SOURCE_DIR=/opt/rustwide/workdir" "-e" "CARGO_HOME=/opt/rustwide/cargo-home" "-e" "RUSTUP_HOME=/opt/rustwide/rustup-home" "-e" "CARGO_TARGET_DIR=/opt/rustwide/target" "-w" "/opt/rustwide/workdir" "--user" "0:0" "acd82e12e7279acf7b6adca48ea6abe022812590be80096c7eb80cd6237f5c0b" "/opt/rustwide/cargo-home/bin/cargo" "+1.99.0-beta.8" "metadata" "--no-deps" "--format-version=1", kill_on_drop: false }`
[INFO] running `Command { std: "docker" "inspect" "acd82e12e7279acf7b6adca48ea6abe022812590be80096c7eb80cd6237f5c0b", kill_on_drop: false }`
[INFO] running `Command { std: "docker" "exec" "-e" "SOURCE_DIR=/opt/rustwide/workdir" "-e" "CARGO_HOME=/opt/rustwide/cargo-home" "-e" "RUSTUP_HOME=/opt/rustwide/rustup-home" "-e" "CARGO_TARGET_DIR=/opt/rustwide/target" "-e" "CARGO_INCREMENTAL=0" "-e" "RUST_BACKTRACE=full" "-e" "RUSTFLAGS=--cap-lints=warn" "-e" "RUSTDOCFLAGS=--cap-lints=warn" "-w" "/opt/rustwide/workdir" "--user" "0:0" "acd82e12e7279acf7b6adca48ea6abe022812590be80096c7eb80cd6237f5c0b" "/opt/rustwide/cargo-home/bin/cargo" "+1.99.0-beta.8" "build" "--frozen" "--message-format=json", kill_on_drop: false }`
[INFO] [stderr]    Compiling serde v1.0.228
[INFO] [stderr]    Compiling zeroize v1.8.2
[INFO] [stderr]    Compiling subtle v2.6.1
[INFO] [stderr]    Compiling generic-array v0.14.7
[INFO] [stderr]    Compiling const-oid v0.9.6
[INFO] [stderr]    Compiling paste v1.0.15
[INFO] [stderr]    Compiling base16ct v0.2.0
[INFO] [stderr]    Compiling keccak v0.2.0
[INFO] [stderr]    Compiling unicode-segmentation v1.13.2
[INFO] [stderr]    Compiling arrayvec v0.7.6
[INFO] [stderr]    Compiling crypto-common v0.2.2
[INFO] [stderr]    Compiling foldhash v0.2.0
[INFO] [stderr]    Compiling getrandom v0.2.17
[INFO] [stderr]    Compiling ruint-macro v1.2.1
[INFO] [stderr]    Compiling alloy-rlp-derive v0.3.15
[INFO] [stderr]    Compiling const-hex v1.19.1
[INFO] [stderr]    Compiling rustc-hash v2.1.2
[INFO] [stderr]    Compiling heck v0.5.0
[INFO] [stderr]    Compiling rand_core v0.6.4
[INFO] [stderr]    Compiling hashbrown v0.17.1
[INFO] [stderr]    Compiling macro-string v0.2.0
[INFO] [stderr]    Compiling proc-macro-error-attr2 v2.0.0
[INFO] [stderr]    Compiling der v0.7.10
[INFO] [stderr]    Compiling ff v0.13.1
[INFO] [stderr]    Compiling memchr v2.8.1
[INFO] [stderr]    Compiling serde_core v1.0.228
[INFO] [stderr]    Compiling zerofrom v0.1.8
[INFO] [stderr]    Compiling proc-macro-error2 v2.0.1
[INFO] [stderr]    Compiling group v0.13.0
[INFO] [stderr]    Compiling convert_case v0.10.0
[INFO] [stderr]    Compiling yoke v0.8.2
[INFO] [stderr]    Compiling serde_json v1.0.150
[INFO] [stderr]    Compiling displaydoc v0.2.6
[INFO] [stderr]    Compiling auto_impl v1.3.0
[INFO] [stderr]    Compiling crc-catalog v2.5.0
[INFO] [stderr]    Compiling futures-channel v0.3.32
[INFO] [stderr]    Compiling futures-macro v0.3.32
[INFO] [stderr]    Compiling syn-solidity v1.6.0
[INFO] [stderr]    Compiling derive_more-impl v2.1.1
[INFO] [stderr]    Compiling crc v3.4.0
[INFO] [stderr]    Compiling zerovec v0.11.6
[INFO] [stderr]    Compiling tokio v1.49.0
[INFO] [stderr]    Compiling futures-utils-wasm v0.1.0
[INFO] [stderr]    Compiling sync_wrapper v1.0.2
[INFO] [stderr]    Compiling strum_macros v0.27.2
[INFO] [stderr]    Compiling indexmap v2.14.0
[INFO] [stderr]    Compiling block-buffer v0.10.4
[INFO] [stderr]    Compiling crypto-common v0.1.7
[INFO] [stderr]    Compiling bytes v1.11.1
[INFO] [stderr]    Compiling crypto-bigint v0.5.5
[INFO] [stderr]    Compiling digest v0.10.7
[INFO] [stderr]    Compiling smallvec v1.15.1
[INFO] [stderr]    Compiling either v1.16.0
[INFO] [stderr]    Compiling sec1 v0.7.3
[INFO] [stderr]    Compiling spki v0.7.3
[INFO] [stderr]    Compiling tinystr v0.8.3
[INFO] [stderr]    Compiling hmac v0.12.1
[INFO] [stderr]    Compiling digest v0.11.3
[INFO] [stderr]    Compiling rfc6979 v0.4.0
[INFO] [stderr]    Compiling signature v2.2.0
[INFO] [stderr]    Compiling sha2 v0.10.9
[INFO] [stderr]    Compiling icu_locale_core v2.2.0
[INFO] [stderr]    Compiling potential_utf v0.1.5
[INFO] [stderr]    Compiling sha3 v0.11.0
[INFO] [stderr]    Compiling zerotrie v0.2.4
[INFO] [stderr]    Compiling icu_collections v2.2.0
[INFO] [stderr]    Compiling futures-util v0.3.32
[INFO] [stderr]    Compiling parking_lot_core v0.9.12
[INFO] [stderr]    Compiling alloy-rlp v0.3.15
[INFO] [stderr]    Compiling http v1.4.1
[INFO] [stderr]    Compiling ruint v1.18.0
[INFO] [stderr]    Compiling itertools v0.14.0
[INFO] [stderr]    Compiling parking_lot v0.12.5
[INFO] [stderr]    Compiling num_enum_derive v0.7.6
[INFO] [stderr]    Compiling pin-project-internal v1.1.13
[INFO] [stderr]    Compiling async-trait v0.1.89
[INFO] [stderr]    Compiling winnow v1.0.3
[INFO] [stderr]    Compiling nybbles v0.4.8
[INFO] [stderr]    Compiling elliptic-curve v0.13.8
[INFO] [stderr]    Compiling hashbrown v0.16.1
[INFO] [stderr]    Compiling strum v0.27.2
[INFO] [stderr]    Compiling async-stream-impl v0.3.6
[INFO] [stderr]    Compiling hashbrown v0.14.5
[INFO] [stderr]    Compiling ecdsa v0.16.9
[INFO] [stderr]    Compiling icu_provider v2.2.0
[INFO] [stderr]    Compiling alloy-sol-type-parser v1.6.0
[INFO] [stderr]    Compiling async-stream v0.3.6
[INFO] [stderr]    Compiling k256 v0.13.4
[INFO] [stderr]    Compiling num_enum v0.7.6
[INFO] [stderr]    Compiling dashmap v6.2.1
[INFO] [stderr]    Compiling anyhow v1.0.102
[INFO] [stderr]    Compiling pin-project v1.1.13
[INFO] [stderr]    Compiling icu_properties v2.2.0
[INFO] [stderr]    Compiling icu_normalizer v2.2.0
[INFO] [stderr]    Compiling alloy-sol-macro-input v1.6.0
[INFO] [stderr]    Compiling lru v0.16.4
[INFO] [stderr]    Compiling darling_core v0.23.0
[INFO] [stderr]    Compiling alloy-sol-macro-expander v1.6.0
[INFO] [stderr]    Compiling derive_more v2.1.1
[INFO] [stderr]    Compiling alloy-primitives v1.6.0
[INFO] [stderr]    Compiling tokio-util v0.7.18
[INFO] [stderr]    Compiling tokio-stream v0.1.18
[INFO] [stderr]    Compiling idna_adapter v1.2.2
[INFO] [stderr]    Compiling alloy-eip2124 v0.2.0
[INFO] [stderr]    Compiling alloy-eip2930 v0.2.3
[INFO] [stderr]    Compiling alloy-eip7702 v0.6.3
[INFO] [stderr]    Compiling alloy-eip7928 v0.3.7
[INFO] [stderr]    Compiling alloy-serde v1.8.3
[INFO] [stderr]    Compiling alloy-trie v0.9.5
[INFO] [stderr]    Compiling alloy-signer v1.8.3
[INFO] [stderr]    Compiling wp-evm-amm-math v0.1.14
[INFO] [stderr]    Compiling alloy-chains v0.2.34
[INFO] [stderr]    Compiling idna v1.1.0
[INFO] [stderr]    Compiling alloy-json-abi v1.6.0
[INFO] [stderr]    Compiling futures-executor v0.3.32
[INFO] [stderr]    Compiling tower v0.5.3
[INFO] [stderr]    Compiling url v2.5.8
[INFO] [stderr]    Compiling futures v0.3.32
[INFO] [stderr]    Compiling alloy-sol-macro v1.6.0
[INFO] [stderr]    Compiling darling_macro v0.23.0
[INFO] [stderr]    Compiling darling v0.23.0
[INFO] [stderr]    Compiling alloy-sol-types v1.6.0
[INFO] [stderr]    Compiling serde_with_macros v3.20.0
[INFO] [stderr]    Compiling alloy-tx-macros v1.8.3
[INFO] [stderr]    Compiling serde_with v3.20.0
[INFO] [stderr]    Compiling alloy-json-rpc v1.8.3
[INFO] [stderr]    Compiling alloy-dyn-abi v1.6.0
[INFO] [stderr]    Compiling wp-evm-v3-interfaces v0.1.14
[INFO] [stderr]    Compiling wp-evm-base v0.1.14
[INFO] [stderr]    Compiling wp-evm-v4-interfaces v0.1.14
[INFO] [stderr]    Compiling wp-evm-v3-core v0.1.14
[INFO] [stderr]    Compiling alloy-eips v1.8.3
[INFO] [stderr]    Compiling alloy-transport v1.8.3
[INFO] [stderr]    Compiling wp-evm-v4-core v0.1.14
[INFO] [stderr]    Compiling alloy-rpc-client v1.8.3
[INFO] [stderr]    Compiling alloy-consensus v1.8.3
[INFO] [stderr]    Compiling alloy-consensus-any v1.8.3
[INFO] [stderr]    Compiling alloy-network-primitives v1.8.3
[INFO] [stderr]    Compiling alloy-rpc-types-eth v1.8.3
[INFO] [stderr]    Compiling alloy-rpc-types-any v1.8.3
[INFO] [stderr]    Compiling alloy-network v1.8.3
[INFO] [stderr]    Compiling alloy-provider v1.8.3
[INFO] [stderr]    Compiling alloy-contract v1.8.3
[INFO] [stderr]    Compiling wp-evm-multicall v0.1.14
[INFO] [stderr]    Compiling wp-evm-v4-provider v0.1.14 (/opt/rustwide/workdir)
[INFO] [stderr]     Finished `dev` profile [unoptimized + debuginfo] target(s) in 57.71s
[INFO] [stderr] warning: the following packages contain code that will be rejected by a future version of Rust: proc-macro-error2 v2.0.1
[INFO] [stderr] note: to see what the problems were, use the option `--future-incompat-report`, or run `cargo report future-incompatibilities --id 1`
[INFO] running `Command { std: "docker" "inspect" "acd82e12e7279acf7b6adca48ea6abe022812590be80096c7eb80cd6237f5c0b", kill_on_drop: false }`
[INFO] running `Command { std: "docker" "exec" "-e" "SOURCE_DIR=/opt/rustwide/workdir" "-e" "CARGO_HOME=/opt/rustwide/cargo-home" "-e" "RUSTUP_HOME=/opt/rustwide/rustup-home" "-e" "CARGO_TARGET_DIR=/opt/rustwide/target" "-e" "CARGO_INCREMENTAL=0" "-e" "RUST_BACKTRACE=full" "-e" "RUSTFLAGS=--cap-lints=warn" "-e" "RUSTDOCFLAGS=--cap-lints=warn" "-w" "/opt/rustwide/workdir" "--user" "0:0" "acd82e12e7279acf7b6adca48ea6abe022812590be80096c7eb80cd6237f5c0b" "/opt/rustwide/cargo-home/bin/cargo" "+1.99.0-beta.8" "test" "--frozen" "--no-run" "--message-format=json", kill_on_drop: false }`
[INFO] [stderr]    Compiling serde_core v1.0.228
[INFO] [stderr]    Compiling der v0.7.10
[INFO] [stderr]    Compiling serde v1.0.228
[INFO] [stderr]    Compiling generic-array v0.14.7
[INFO] [stderr]    Compiling serde_json v1.0.150
[INFO] [stderr]    Compiling memchr v2.8.1
[INFO] [stderr]    Compiling winnow v1.0.3
[INFO] [stderr]    Compiling rustc-hash v2.1.2
[INFO] [stderr]    Compiling derive_more v2.1.1
[INFO] [stderr]    Compiling aws-lc-sys v0.41.0
[INFO] [stderr]    Compiling futures-channel v0.3.32
[INFO] [stderr]    Compiling aws-lc-rs v1.17.0
[INFO] [stderr]    Compiling rustls v0.23.40
[INFO] [stderr]    Compiling log v0.4.30
[INFO] [stderr]    Compiling bitflags v2.11.1
[INFO] [stderr]    Compiling zerocopy v0.8.49
[INFO] [stderr]    Compiling futures-util v0.3.32
[INFO] [stderr]    Compiling crypto-common v0.1.7
[INFO] [stderr]    Compiling block-buffer v0.10.4
[INFO] [stderr]    Compiling crypto-bigint v0.5.5
[INFO] [stderr]    Compiling bytes v1.11.1
[INFO] [stderr]    Compiling smallvec v1.15.1
[INFO] [stderr]    Compiling alloy-sol-type-parser v1.6.0
[INFO] [stderr]    Compiling either v1.16.0
[INFO] [stderr]    Compiling digest v0.10.7
[INFO] [stderr]    Compiling hmac v0.12.1
[INFO] [stderr]    Compiling signature v2.2.0
[INFO] [stderr]    Compiling sha2 v0.10.9
[INFO] [stderr]    Compiling rfc6979 v0.4.0
[INFO] [stderr]    Compiling icu_normalizer v2.2.0
[INFO] [stderr]    Compiling itertools v0.14.0
[INFO] [stderr]    Compiling parking_lot_core v0.9.12
[INFO] [stderr]    Compiling parking_lot v0.12.5
[INFO] [stderr]    Compiling dashmap v6.2.1
[INFO] [stderr]    Compiling idna_adapter v1.2.2
[INFO] [stderr]    Compiling idna v1.1.0
[INFO] [stderr]    Compiling url v2.5.8
[INFO] [stderr]    Compiling sec1 v0.7.3
[INFO] [stderr]    Compiling alloy-rlp v0.3.15
[INFO] [stderr]    Compiling spki v0.7.3
[INFO] [stderr]    Compiling http v1.4.1
[INFO] [stderr]    Compiling tokio v1.49.0
[INFO] [stderr]    Compiling elliptic-curve v0.13.8
[INFO] [stderr]    Compiling ruint v1.18.0
[INFO] [stderr]    Compiling http-body v1.0.1
[INFO] [stderr]    Compiling ecdsa v0.16.9
[INFO] [stderr]    Compiling http-body-util v0.1.3
[INFO] [stderr]    Compiling k256 v0.13.4
[INFO] [stderr]    Compiling nybbles v0.4.8
[INFO] [stderr]    Compiling alloy-primitives v1.6.0
[INFO] [stderr]    Compiling const-hex v1.19.1
[INFO] [stderr]    Compiling darling_core v0.23.0
[INFO] [stderr]    Compiling futures-executor v0.3.32
[INFO] [stderr]    Compiling futures v0.3.32
[INFO] [stderr]    Compiling alloy-json-abi v1.6.0
[INFO] [stderr]    Compiling alloy-eip7702 v0.6.3
[INFO] [stderr]    Compiling alloy-eip7928 v0.3.7
[INFO] [stderr]    Compiling alloy-eip2124 v0.2.0
[INFO] [stderr]    Compiling alloy-eip2930 v0.2.3
[INFO] [stderr]    Compiling alloy-serde v1.8.3
[INFO] [stderr]    Compiling alloy-trie v0.9.5
[INFO] [stderr]    Compiling alloy-signer v1.8.3
[INFO] [stderr]    Compiling alloy-chains v0.2.34
[INFO] [stderr]    Compiling wp-evm-amm-math v0.1.14
[INFO] [stderr]    Compiling ppv-lite86 v0.2.21
[INFO] [stderr]    Compiling rand_chacha v0.3.1
[INFO] [stderr]    Compiling rand v0.8.6
[INFO] [stderr]    Compiling alloy-sol-macro-input v1.6.0
[INFO] [stderr]    Compiling darling_macro v0.23.0
[INFO] [stderr]    Compiling alloy-sol-macro-expander v1.6.0
[INFO] [stderr]    Compiling darling v0.23.0
[INFO] [stderr]    Compiling serde_with_macros v3.20.0
[INFO] [stderr]    Compiling alloy-tx-macros v1.8.3
[INFO] [stderr]    Compiling hyper v1.10.0
[INFO] [stderr]    Compiling tower v0.5.3
[INFO] [stderr]    Compiling tokio-util v0.7.18
[INFO] [stderr]    Compiling tokio-stream v0.1.18
[INFO] [stderr]    Compiling tower-http v0.6.11
[INFO] [stderr]    Compiling serde_with v3.20.0
[INFO] [stderr]    Compiling hyper-util v0.1.20
[INFO] [stderr]    Compiling alloy-sol-macro v1.6.0
[INFO] [stderr]    Compiling alloy-sol-types v1.6.0
[INFO] [stderr]    Compiling alloy-eips v1.8.3
[INFO] [stderr]    Compiling alloy-consensus v1.8.3
[INFO] [stderr]    Compiling alloy-json-rpc v1.8.3
[INFO] [stderr]    Compiling alloy-dyn-abi v1.6.0
[INFO] [stderr]    Compiling wp-evm-v3-interfaces v0.1.14
[INFO] [stderr]    Compiling wp-evm-base v0.1.14
[INFO] [stderr]    Compiling wp-evm-v4-interfaces v0.1.14
[INFO] [stderr]    Compiling wp-evm-v3-core v0.1.14
[INFO] [stderr]    Compiling alloy-core v1.6.0
[INFO] [stderr]    Compiling alloy-transport v1.8.3
[INFO] [stderr]    Compiling wp-evm-v4-core v0.1.14
[INFO] [stderr]    Compiling alloy-network-primitives v1.8.3
[INFO] [stderr]    Compiling alloy-consensus-any v1.8.3
[INFO] [stderr]    Compiling alloy-rpc-types-eth v1.8.3
[INFO] [stderr]    Compiling rustls-webpki v0.103.13
[INFO] [stderr]    Compiling alloy-rpc-types-any v1.8.3
[INFO] [stderr]    Compiling alloy-rpc-types v1.8.3
[INFO] [stderr]    Compiling alloy-network v1.8.3
[INFO] [stderr]    Compiling alloy-signer-local v1.8.3
[INFO] [stderr]    Compiling tokio-rustls v0.26.4
[INFO] [stderr]    Compiling rustls-platform-verifier v0.7.0
[INFO] [stderr]    Compiling hyper-rustls v0.27.9
[INFO] [stderr]    Compiling reqwest v0.13.4
[INFO] [stderr]    Compiling alloy-transport-http v1.8.3
[INFO] [stderr]    Compiling alloy-rpc-client v1.8.3
[INFO] [stderr]    Compiling alloy-provider v1.8.3
[INFO] [stderr]    Compiling alloy-contract v1.8.3
[INFO] [stderr]    Compiling wp-evm-multicall v0.1.14
[INFO] [stderr]    Compiling alloy v1.8.3
[INFO] [stderr]    Compiling wp-evm-v4-provider v0.1.14 (/opt/rustwide/workdir)
[INFO] [stdout] error[E0433]: cannot find module or crate `wp_evm_test_support` in this scope
[INFO] [stdout]   --> tests/fork_plan_submit_tier2.rs:53:5
[INFO] [stdout]    |
[INFO] [stdout] 53 | use wp_evm_test_support::fork::ForkEnv;
[INFO] [stdout]    |     ^^^^^^^^^^^^^^^^^^^ use of unresolved module or unlinked crate `wp_evm_test_support`
[INFO] [stdout]    |
[INFO] [stdout]    = help: if you wanted to use a crate named `wp_evm_test_support`, use `cargo add wp_evm_test_support` to add it to your `Cargo.toml`
[INFO] [stdout] 
[INFO] [stdout] 
[INFO] [stdout] error[E0432]: unresolved import `wp_evm_uniswap_v4`
[INFO] [stdout]   --> tests/fork_plan_submit_tier2.rs:54:5
[INFO] [stdout]    |
[INFO] [stdout] 54 | use wp_evm_uniswap_v4 as v4;
[INFO] [stdout]    |     -----------------^^^^^^
[INFO] [stdout]    |     |
[INFO] [stdout]    |     no external crate `wp_evm_uniswap_v4`
[INFO] [stdout] 
[INFO] [stdout] 
[INFO] [stdout] error[E0432]: unresolved import `alloy::node_bindings`
[INFO] [stdout]    --> tests/fork_plan_submit.rs:55:12
[INFO] [stdout]     |
[INFO] [stdout]  55 | use alloy::node_bindings::Anvil;
[INFO] [stdout]     |            ^^^^^^^^^^^^^ could not find `node_bindings` in `alloy`
[INFO] [stdout]     |
[INFO] [stdout] note: found an item that was configured out
[INFO] [stdout]    --> /opt/rustwide/cargo-home/registry/src/index.crates.io-1949cf8c6b5b557f/alloy-1.8.3/src/lib.rs:104:32
[INFO] [stdout]     |
[INFO] [stdout] 102 | #[cfg(feature = "node-bindings")]
[INFO] [stdout]     |       ------------------------- the item is gated behind the `node-bindings` feature
[INFO] [stdout] 103 | #[doc(inline)]
[INFO] [stdout] 104 | pub use alloy_node_bindings as node_bindings;
[INFO] [stdout]     |                                ^^^^^^^^^^^^^
[INFO] [stdout] 
[INFO] [stdout] 
[INFO] [stdout] error[E0432]: unresolved import `wp_evm_uniswap_v4`
[INFO] [stdout]   --> tests/fork_plan_submit.rs:67:5
[INFO] [stdout]    |
[INFO] [stdout] 67 | use wp_evm_uniswap_v4 as v4;
[INFO] [stdout]    |     -----------------^^^^^^
[INFO] [stdout]    |     |
[INFO] [stdout]    |     no external crate `wp_evm_uniswap_v4`
[INFO] [stdout] 
[INFO] [stdout] 
[INFO] [stdout] error[E0433]: cannot find module or crate `wp_evm_test_support` in this scope
[INFO] [stdout]   --> tests/fork_hydrate.rs:16:5
[INFO] [stdout]    |
[INFO] [stdout] 16 | use wp_evm_test_support::fork::ForkEnv;
[INFO] [stdout]    |     ^^^^^^^^^^^^^^^^^^^ use of unresolved module or unlinked crate `wp_evm_test_support`
[INFO] [stdout]    |
[INFO] [stdout]    = help: if you wanted to use a crate named `wp_evm_test_support`, use `cargo add wp_evm_test_support` to add it to your `Cargo.toml`
[INFO] [stdout] 
[INFO] [stdout] 
[INFO] [stdout] error[E0432]: unresolved import `wp_evm_uniswap_v4`
[INFO] [stdout]   --> tests/fork_hydrate.rs:17:5
[INFO] [stdout]    |
[INFO] [stdout] 17 | use wp_evm_uniswap_v4::CONFIG_ETHEREUM as CONFIG;
[INFO] [stdout]    |     ^^^^^^^^^^^^^^^^^ use of unresolved module or unlinked crate `wp_evm_uniswap_v4`
[INFO] [stdout]    |
[INFO] [stdout]    = help: if you wanted to use a crate named `wp_evm_uniswap_v4`, use `cargo add wp_evm_uniswap_v4` to add it to your `Cargo.toml`
[INFO] [stdout] 
[INFO] [stdout] 
[INFO] [stdout] Some errors have detailed explanations: E0432, E0433.
[INFO] [stdout] 
[INFO] [stdout] For more information about an error, try `rustc --explain E0432`.
[INFO] [stdout] 
[INFO] [stderr] error: could not compile `wp-evm-v4-provider` (test "fork_hydrate") due to 2 previous errors
[INFO] [stderr] warning: build failed, waiting for other jobs to finish...
[INFO] [stdout] error[E0433]: cannot find `node_bindings` in `alloy`
[INFO] [stdout]    --> tests/fork_plan_submit.rs:242:45
[INFO] [stdout]     |
[INFO] [stdout] 242 | async fn skip_if_no_rpc() -> Option<(alloy::node_bindings::AnvilInstance, impl Provider)> {
[INFO] [stdout]     |                                             ^^^^^^^^^^^^^ could not find `node_bindings` in `alloy`
[INFO] [stdout]     |
[INFO] [stdout] note: found an item that was configured out
[INFO] [stdout]    --> /opt/rustwide/cargo-home/registry/src/index.crates.io-1949cf8c6b5b557f/alloy-1.8.3/src/lib.rs:104:32
[INFO] [stdout]     |
[INFO] [stdout] 102 | #[cfg(feature = "node-bindings")]
[INFO] [stdout]     |       ------------------------- the item is gated behind the `node-bindings` feature
[INFO] [stdout] 103 | #[doc(inline)]
[INFO] [stdout] 104 | pub use alloy_node_bindings as node_bindings;
[INFO] [stdout]     |                                ^^^^^^^^^^^^^
[INFO] [stdout] 
[INFO] [stdout] 
[INFO] [stdout] error[E0432]: unresolved import `alloy::node_bindings`
[INFO] [stdout]    --> tests/fork_parity.rs:6:12
[INFO] [stdout]     |
[INFO] [stdout]   6 | use alloy::node_bindings::Anvil;
[INFO] [stdout]     |            ^^^^^^^^^^^^^ could not find `node_bindings` in `alloy`
[INFO] [stdout]     |
[INFO] [stdout] note: found an item that was configured out
[INFO] [stdout]    --> /opt/rustwide/cargo-home/registry/src/index.crates.io-1949cf8c6b5b557f/alloy-1.8.3/src/lib.rs:104:32
[INFO] [stdout]     |
[INFO] [stdout] 102 | #[cfg(feature = "node-bindings")]
[INFO] [stdout]     |       ------------------------- the item is gated behind the `node-bindings` feature
[INFO] [stdout] 103 | #[doc(inline)]
[INFO] [stdout] 104 | pub use alloy_node_bindings as node_bindings;
[INFO] [stdout]     |                                ^^^^^^^^^^^^^
[INFO] [stdout] 
[INFO] [stdout] 
[INFO] [stdout] error[E0432]: unresolved import `wp_evm_uniswap_v4`
[INFO] [stdout]   --> tests/fork_parity.rs:15:5
[INFO] [stdout]    |
[INFO] [stdout] 15 | use wp_evm_uniswap_v4::{
[INFO] [stdout]    |     ^^^^^^^^^^^^^^^^^ use of unresolved module or unlinked crate `wp_evm_uniswap_v4`
[INFO] [stdout]    |
[INFO] [stdout]    = help: if you wanted to use a crate named `wp_evm_uniswap_v4`, use `cargo add wp_evm_uniswap_v4` to add it to your `Cargo.toml`
[INFO] [stdout] 
[INFO] [stdout] 
[INFO] [stdout] For more information about this error, try `rustc --explain E0432`.
[INFO] [stdout] 
[INFO] [stderr] error: could not compile `wp-evm-v4-provider` (test "fork_parity") due to 2 previous errors
[INFO] [stdout] Some errors have detailed explanations: E0432, E0433.
[INFO] [stdout] 
[INFO] [stdout] For more information about an error, try `rustc --explain E0432`.
[INFO] [stdout] 
[INFO] [stderr] error: could not compile `wp-evm-v4-provider` (test "fork_plan_submit_tier2") due to 2 previous errors
[INFO] [stderr] error: could not compile `wp-evm-v4-provider` (test "fork_plan_submit") due to 3 previous errors
[INFO] [stdout] Some errors have detailed explanations: E0432, E0433.
[INFO] [stdout] 
[INFO] [stdout] For more information about an error, try `rustc --explain E0432`.
[INFO] [stdout] 
[INFO] running `Command { std: "docker" "inspect" "acd82e12e7279acf7b6adca48ea6abe022812590be80096c7eb80cd6237f5c0b", kill_on_drop: false }`
[INFO] running `Command { std: "docker" "rm" "-f" "acd82e12e7279acf7b6adca48ea6abe022812590be80096c7eb80cd6237f5c0b", kill_on_drop: false }`
[INFO] [stdout] acd82e12e7279acf7b6adca48ea6abe022812590be80096c7eb80cd6237f5c0b
