[INFO] fetching crate wit-dylib 0.258.3...
[INFO] testing wit-dylib-0.258.3 against 1.100.0-beta.1 for beta-1.100-2
[INFO] extracting crate wit-dylib 0.258.3 into /workspace/builds/worker-3-tc2/source
[INFO] started tweaking crates.io crate wit-dylib 0.258.3
[INFO] removed 0 missing tests
[INFO] finished tweaking crates.io crate wit-dylib 0.258.3
[INFO] tweaked toml for crates.io crate wit-dylib 0.258.3 written to /workspace/builds/worker-3-tc2/source/Cargo.toml
[INFO] validating manifest of crates.io crate wit-dylib 0.258.3 on toolchain 1.100.0-beta.1
[INFO] running `Command { std: CARGO_HOME="/workspace/cargo-home" RUSTUP_HOME="/workspace/rustup-home" "/workspace/cargo-home/bin/cargo" "+1.100.0-beta.1" "metadata" "--manifest-path" "Cargo.toml" "--no-deps", kill_on_drop: false }`
[INFO] crate crates.io crate wit-dylib 0.258.3 already has a lockfile, it will not be regenerated
[INFO] running `Command { std: CARGO_HOME="/workspace/cargo-home" RUSTUP_HOME="/workspace/rustup-home" "/workspace/cargo-home/bin/cargo" "+1.100.0-beta.1" "fetch" "--manifest-path" "Cargo.toml", kill_on_drop: false }`
[INFO] [stderr] warning: `package.homepage` is redundant with `package.repository`
[INFO] [stderr]    --> Cargo.toml:110:12
[INFO] [stderr]     |
[INFO] [stderr] 110 | homepage = "https://github.com/bytecodealliance/wasm-tools/tree/main/crates/wit-dylib"
[INFO] [stderr]     |            ^^^^^^^^^^^^^^^^^^^^^^^^^^^^^^^^^^^^^^^^^^^^^^^^^^^^^^^^^^^^^^^^^^^^^^^^^^^
[INFO] [stderr] ...
[INFO] [stderr] 114 | repository = "https://github.com/bytecodealliance/wasm-tools/tree/main/crates/wit-dylib"
[INFO] [stderr]     |              ---------------------------------------------------------------------------
[INFO] [stderr]     |
[INFO] [stderr]     = note: `cargo::redundant_homepage` is set to `warn` by default
[INFO] [stderr] help: consider removing `package.homepage`
[INFO] [stderr] warning: `wit-dylib` (manifest) generated 1 warning
[INFO] running `Command { std: "docker" "create" "-v" "/var/lib/crater-agent-workspace/builds/worker-3-tc2/source:/opt/rustwide/workdir:ro,Z" "-v" "/var/lib/crater-agent-workspace/builds/worker-3-tc2/target:/opt/rustwide/target:rw,Z" "-v" "/var/lib/crater-agent-workspace/cargo-home:/opt/rustwide/cargo-home:ro,Z" "-v" "/var/lib/crater-agent-workspace/rustup-home:/opt/rustwide/rustup-home:ro,Z" "-m" "1610612736" "--network" "none" "ghcr.io/rust-lang/crates-build-env/linux@sha256:3111399a4047eeb3a02b7a90e478d715f38a8c6669b5c4b49d30a17385265909" "sleep" "infinity", kill_on_drop: false }`
[INFO] [stdout] a48744a04ba170326d38c7a3a3f0ee6051dca31052e70d7e932c468efd5d7931
[INFO] running `Command { std: "docker" "start" "a48744a04ba170326d38c7a3a3f0ee6051dca31052e70d7e932c468efd5d7931", kill_on_drop: false }`
[INFO] running `Command { std: "docker" "inspect" "a48744a04ba170326d38c7a3a3f0ee6051dca31052e70d7e932c468efd5d7931", kill_on_drop: false }`
[INFO] running `Command { std: "docker" "exec" "-e" "SOURCE_DIR=/opt/rustwide/workdir" "-e" "CARGO_HOME=/opt/rustwide/cargo-home" "-e" "RUSTUP_HOME=/opt/rustwide/rustup-home" "-e" "CARGO_TARGET_DIR=/opt/rustwide/target" "-w" "/opt/rustwide/workdir" "--user" "0:0" "a48744a04ba170326d38c7a3a3f0ee6051dca31052e70d7e932c468efd5d7931" "/opt/rustwide/cargo-home/bin/cargo" "+1.100.0-beta.1" "metadata" "--no-deps" "--format-version=1", kill_on_drop: false }`
[INFO] running `Command { std: "docker" "inspect" "a48744a04ba170326d38c7a3a3f0ee6051dca31052e70d7e932c468efd5d7931", kill_on_drop: false }`
[INFO] running `Command { std: "docker" "exec" "-e" "SOURCE_DIR=/opt/rustwide/workdir" "-e" "CARGO_HOME=/opt/rustwide/cargo-home" "-e" "RUSTUP_HOME=/opt/rustwide/rustup-home" "-e" "CARGO_TARGET_DIR=/opt/rustwide/target" "-e" "CARGO_INCREMENTAL=0" "-e" "RUST_BACKTRACE=full" "-e" "RUSTFLAGS=--cap-lints=warn" "-e" "RUSTDOCFLAGS=--cap-lints=warn" "-w" "/opt/rustwide/workdir" "--user" "0:0" "a48744a04ba170326d38c7a3a3f0ee6051dca31052e70d7e932c468efd5d7931" "/opt/rustwide/cargo-home/bin/cargo" "+1.100.0-beta.1" "build" "--frozen" "--message-format=json", kill_on_drop: false }`
[INFO] [stderr] warning: `package.homepage` is redundant with `package.repository`
[INFO] [stderr]    --> Cargo.toml:110:12
[INFO] [stderr]     |
[INFO] [stderr] 110 | homepage = "https://github.com/bytecodealliance/wasm-tools/tree/main/crates/wit-dylib"
[INFO] [stderr]     |            ^^^^^^^^^^^^^^^^^^^^^^^^^^^^^^^^^^^^^^^^^^^^^^^^^^^^^^^^^^^^^^^^^^^^^^^^^^^
[INFO] [stderr] ...
[INFO] [stderr] 114 | repository = "https://github.com/bytecodealliance/wasm-tools/tree/main/crates/wit-dylib"
[INFO] [stderr]     |              ---------------------------------------------------------------------------
[INFO] [stderr]     |
[INFO] [stderr]     = note: `cargo::redundant_homepage` is set to `warn` by default
[INFO] [stderr] help: consider removing `package.homepage`
[INFO] [stderr] warning: `wit-dylib` (manifest) generated 1 warning
[INFO] [stderr]    Compiling proc-macro2 v1.0.106
[INFO] [stderr]    Compiling serde_core v1.0.228
[INFO] [stderr]    Compiling quote v1.0.45
[INFO] [stderr]    Compiling unicode-ident v1.0.24
[INFO] [stderr]    Compiling anyhow v1.0.102
[INFO] [stderr]    Compiling foldhash v0.2.0
[INFO] [stderr]    Compiling serde v1.0.228
[INFO] [stderr]    Compiling memchr v2.7.5
[INFO] [stderr]    Compiling semver v1.0.28
[INFO] [stderr]    Compiling id-arena v2.3.0
[INFO] [stderr]    Compiling log v0.4.29
[INFO] [stderr]    Compiling leb128fmt v0.1.0
[INFO] [stderr]    Compiling hashbrown v0.17.0
[INFO] [stderr]    Compiling wasm-encoder v0.258.3
[INFO] [stderr]    Compiling wasmparser v0.258.3
[INFO] [stderr]    Compiling syn v2.0.117
[INFO] [stderr]    Compiling indexmap v2.14.0
[INFO] [stderr]    Compiling serde_json v1.0.149
[INFO] [stderr]    Compiling serde_derive v1.0.228
[INFO] [stderr]    Compiling wit-parser v0.258.3
[INFO] [stderr]    Compiling wit-dylib v0.258.3 (/opt/rustwide/workdir)
[INFO] [stderr]     Finished `dev` profile [unoptimized + debuginfo] target(s) in 24.00s
[INFO] running `Command { std: "docker" "inspect" "a48744a04ba170326d38c7a3a3f0ee6051dca31052e70d7e932c468efd5d7931", kill_on_drop: false }`
[INFO] running `Command { std: "docker" "exec" "-e" "SOURCE_DIR=/opt/rustwide/workdir" "-e" "CARGO_HOME=/opt/rustwide/cargo-home" "-e" "RUSTUP_HOME=/opt/rustwide/rustup-home" "-e" "CARGO_TARGET_DIR=/opt/rustwide/target" "-e" "CARGO_INCREMENTAL=0" "-e" "RUST_BACKTRACE=full" "-e" "RUSTFLAGS=--cap-lints=warn" "-e" "RUSTDOCFLAGS=--cap-lints=warn" "-w" "/opt/rustwide/workdir" "--user" "0:0" "a48744a04ba170326d38c7a3a3f0ee6051dca31052e70d7e932c468efd5d7931" "/opt/rustwide/cargo-home/bin/cargo" "+1.100.0-beta.1" "test" "--frozen" "--no-run" "--message-format=json", kill_on_drop: false }`
[INFO] [stderr] warning: `package.homepage` is redundant with `package.repository`
[INFO] [stderr]    --> Cargo.toml:110:12
[INFO] [stderr]     |
[INFO] [stderr] 110 | homepage = "https://github.com/bytecodealliance/wasm-tools/tree/main/crates/wit-dylib"
[INFO] [stderr]     |            ^^^^^^^^^^^^^^^^^^^^^^^^^^^^^^^^^^^^^^^^^^^^^^^^^^^^^^^^^^^^^^^^^^^^^^^^^^^
[INFO] [stderr] ...
[INFO] [stderr] 114 | repository = "https://github.com/bytecodealliance/wasm-tools/tree/main/crates/wit-dylib"
[INFO] [stderr]     |              ---------------------------------------------------------------------------
[INFO] [stderr]     |
[INFO] [stderr]     = note: `cargo::redundant_homepage` is set to `warn` by default
[INFO] [stderr] help: consider removing `package.homepage`
[INFO] [stderr] warning: `wit-dylib` (manifest) generated 1 warning
[INFO] [stderr]    Compiling proc-macro2 v1.0.106
[INFO] [stderr]    Compiling bitflags v2.11.0
[INFO] [stderr]    Compiling anstyle-query v1.1.3
[INFO] [stderr]    Compiling anstyle v1.0.11
[INFO] [stderr]    Compiling aho-corasick v1.1.3
[INFO] [stderr]    Compiling regex-syntax v0.8.5
[INFO] [stderr]    Compiling libc v0.2.184
[INFO] [stderr]    Compiling clap_lex v0.7.5
[INFO] [stderr]    Compiling rustix v1.1.4
[INFO] [stderr]    Compiling getrandom v0.3.3
[INFO] [stderr]    Compiling linux-raw-sys v0.12.1
[INFO] [stderr]    Compiling cfg-if v1.0.1
[INFO] [stderr]    Compiling once_cell v1.21.3
[INFO] [stderr]    Compiling jiff v0.2.15
[INFO] [stderr]    Compiling escape8259 v0.5.3
[INFO] [stderr]    Compiling wasmparser v0.258.3
[INFO] [stderr]    Compiling anstream v0.6.19
[INFO] [stderr]    Compiling quote v1.0.45
[INFO] [stderr]    Compiling syn v2.0.117
[INFO] [stderr]    Compiling clap_builder v4.5.40
[INFO] [stderr]    Compiling regex-automata v0.4.9
[INFO] [stderr]    Compiling tempfile v3.20.0
[INFO] [stderr]    Compiling regex v1.11.1
[INFO] [stderr]    Compiling env_filter v0.1.3
[INFO] [stderr]    Compiling serde_derive v1.0.228
[INFO] [stderr]    Compiling derive_arbitrary v1.4.1
[INFO] [stderr]    Compiling clap_derive v4.5.40
[INFO] [stderr]    Compiling arbitrary v1.4.2
[INFO] [stderr]    Compiling env_logger v0.11.8
[INFO] [stderr]    Compiling arbtest v0.3.2
[INFO] [stderr]    Compiling clap v4.5.40
[INFO] [stderr]    Compiling libtest-mimic v0.8.1
[INFO] [stderr]    Compiling wasm-encoder v0.258.3
[INFO] [stderr]    Compiling wit-parser v0.258.3
[INFO] [stderr]    Compiling wasm-metadata v0.258.3
[INFO] [stderr]    Compiling wit-component v0.258.3
[INFO] [stderr]    Compiling wit-dylib v0.258.3 (/opt/rustwide/workdir)
[INFO] [stderr]    Compiling wit-smith v0.258.3
[INFO] [stdout] error[E0433]: cannot find module or crate `artifacts` in this scope
[INFO] [stdout]   --> tests/all.rs:14:34
[INFO] [stdout]    |
[INFO] [stdout] 14 |     for (caller, callee, wit) in artifacts::TESTS {
[INFO] [stdout]    |                                  ^^^^^^^^^ use of unresolved module or unlinked crate `artifacts`
[INFO] [stdout]    |
[INFO] [stdout]    = help: if you wanted to use a crate named `artifacts`, use `cargo add artifacts` to add it to your `Cargo.toml`
[INFO] [stdout] 
[INFO] [stdout] 
[INFO] [stdout] error[E0433]: cannot find module or crate `artifacts` in this scope
[INFO] [stdout]   --> tests/all.rs:45:28
[INFO] [stdout]    |
[INFO] [stdout] 45 |     let composition_file = artifacts::compose(
[INFO] [stdout]    |                            ^^^^^^^^^ use of unresolved module or unlinked crate `artifacts`
[INFO] [stdout]    |
[INFO] [stdout]    = help: if you wanted to use a crate named `artifacts`, use `cargo add artifacts` to add it to your `Cargo.toml`
[INFO] [stdout] 
[INFO] [stdout] 
[INFO] [stdout] error[E0433]: cannot find module or crate `artifacts` in this scope
[INFO] [stdout]    --> tests/roundtrip.rs:282:35
[INFO] [stdout]     |
[INFO] [stdout] 282 |         TempDir::new_in(Path::new(artifacts::ROUNDTRIP_CALLER).parent().unwrap()).unwrap();
[INFO] [stdout]     |                                   ^^^^^^^^^ use of unresolved module or unlinked crate `artifacts`
[INFO] [stdout]     |
[INFO] [stdout]     = help: if you wanted to use a crate named `artifacts`, use `cargo add artifacts` to add it to your `Cargo.toml`
[INFO] [stdout] 
[INFO] [stdout] 
[INFO] [stdout] error[E0433]: cannot find module or crate `artifacts` in this scope
[INFO] [stdout]    --> tests/roundtrip.rs:285:23
[INFO] [stdout]     |
[INFO] [stdout] 285 |     let composition = artifacts::compose(
[INFO] [stdout]     |                       ^^^^^^^^^ use of unresolved module or unlinked crate `artifacts`
[INFO] [stdout]     |
[INFO] [stdout]     = help: if you wanted to use a crate named `artifacts`, use `cargo add artifacts` to add it to your `Cargo.toml`
[INFO] [stdout] 
[INFO] [stdout] 
[INFO] [stdout] error[E0433]: cannot find module or crate `artifacts` in this scope
[INFO] [stdout]    --> tests/roundtrip.rs:288:10
[INFO] [stdout]     |
[INFO] [stdout] 288 |         (artifacts::ROUNDTRIP_CALLER.as_ref(), caller),
[INFO] [stdout]     |          ^^^^^^^^^ use of unresolved module or unlinked crate `artifacts`
[INFO] [stdout]     |
[INFO] [stdout]     = help: if you wanted to use a crate named `artifacts`, use `cargo add artifacts` to add it to your `Cargo.toml`
[INFO] [stdout] 
[INFO] [stdout] 
[INFO] [stdout] error[E0433]: cannot find module or crate `artifacts` in this scope
[INFO] [stdout]    --> tests/roundtrip.rs:289:10
[INFO] [stdout]     |
[INFO] [stdout] 289 |         (artifacts::ROUNDTRIP_CALLEE.as_ref(), callee),
[INFO] [stdout]     |          ^^^^^^^^^ use of unresolved module or unlinked crate `artifacts`
[INFO] [stdout]     |
[INFO] [stdout]     = help: if you wanted to use a crate named `artifacts`, use `cargo add artifacts` to add it to your `Cargo.toml`
[INFO] [stdout] 
[INFO] [stdout] 
[INFO] [stdout] For more information about this error, try `rustc --explain E0433`.
[INFO] [stdout] 
[INFO] [stderr] error: could not compile `wit-dylib` (test "all") due to 2 previous errors
[INFO] [stderr] warning: build failed, waiting for other jobs to finish...
[INFO] [stdout] For more information about this error, try `rustc --explain E0433`.
[INFO] [stdout] 
[INFO] [stderr] error: could not compile `wit-dylib` (test "roundtrip") due to 4 previous errors
[INFO] running `Command { std: "docker" "inspect" "a48744a04ba170326d38c7a3a3f0ee6051dca31052e70d7e932c468efd5d7931", kill_on_drop: false }`
[INFO] running `Command { std: "docker" "rm" "-f" "a48744a04ba170326d38c7a3a3f0ee6051dca31052e70d7e932c468efd5d7931", kill_on_drop: false }`
[INFO] [stdout] a48744a04ba170326d38c7a3a3f0ee6051dca31052e70d7e932c468efd5d7931
