[INFO] fetching crate wireframe 0.3.0...
[INFO] testing wireframe-0.3.0 against 1.99.0-beta.8 for beta-1.100-2
[INFO] extracting crate wireframe 0.3.0 into /workspace/builds/worker-3-tc1/source
[INFO] removed /workspace/builds/worker-3-tc1/source/rust-toolchain.toml
[INFO] started tweaking crates.io crate wireframe 0.3.0
[INFO] removed 0 missing examples
[INFO] removed 0 missing tests
[INFO] finished tweaking crates.io crate wireframe 0.3.0
[INFO] tweaked toml for crates.io crate wireframe 0.3.0 written to /workspace/builds/worker-3-tc1/source/Cargo.toml
[INFO] validating manifest of crates.io crate wireframe 0.3.0 on toolchain 1.99.0-beta.8
[INFO] running `Command { std: CARGO_HOME="/workspace/cargo-home" RUSTUP_HOME="/workspace/rustup-home" "/workspace/cargo-home/bin/cargo" "+1.99.0-beta.8" "metadata" "--manifest-path" "Cargo.toml" "--no-deps", kill_on_drop: false }`
[INFO] crate crates.io crate wireframe 0.3.0 already has a lockfile, it will not be regenerated
[INFO] running `Command { std: CARGO_HOME="/workspace/cargo-home" RUSTUP_HOME="/workspace/rustup-home" "/workspace/cargo-home/bin/cargo" "+1.99.0-beta.8" "fetch" "--manifest-path" "Cargo.toml", kill_on_drop: false }`
[INFO] [stderr]     Updating crates.io index
[INFO] [stderr]  Downloading crates ...
[INFO] [stderr]   Downloaded rustc-demangle v0.1.25
[INFO] [stderr]   Downloaded tracing-test-macro v0.2.5
[INFO] [stderr]   Downloaded redox_syscall v0.5.15
[INFO] [stderr]   Downloaded tracing-test v0.2.5
[INFO] [stderr]   Downloaded value-bag v1.11.1
[INFO] [stderr]   Downloaded newt-hype v0.2.0
[INFO] [stderr]   Downloaded io-extras v0.18.4
[INFO] [stderr]   Downloaded textwrap v0.16.2
[INFO] [stderr]   Downloaded unicode-linebreak v0.1.5
[INFO] [stderr]   Downloaded downcast v0.11.0
[INFO] [stderr]   Downloaded unic-langid-macros-impl v0.9.6
[INFO] [stderr]   Downloaded smawk v0.3.2
[INFO] [stderr]   Downloaded serial_test_derive v3.2.0
[INFO] [stderr]   Downloaded rstest-bdd-policy v0.5.0
[INFO] [stderr]   Downloaded unic-langid-macros v0.9.6
[INFO] [stderr]   Downloaded sketches-ddsketch v0.3.0
[INFO] [stderr]   Downloaded serial_test v3.2.0
[INFO] [stderr]   Downloaded endian-type v0.1.2
[INFO] [stderr]   Downloaded typed-builder-macro v0.15.2
[INFO] [stderr]   Downloaded fragile v2.0.1
[INFO] [stderr]   Downloaded winapi-util v0.1.9
[INFO] [stderr]   Downloaded peg-runtime v0.6.3
[INFO] [stderr]   Downloaded peg v0.6.3
[INFO] [stderr]   Downloaded logtest v2.0.0
[INFO] [stderr]   Downloaded self_cell v1.2.2
[INFO] [stderr]   Downloaded glob v0.3.2
[INFO] [stderr]   Downloaded peg-macros v0.6.3
[INFO] [stderr]   Downloaded rand_xoshiro v0.7.0
[INFO] [stderr]   Downloaded nibble_vec v0.1.0
[INFO] [stderr]   Downloaded metrics-exporter-prometheus v0.17.2
[INFO] [stderr]   Downloaded unty v0.0.4
[INFO] [stderr]   Downloaded bincode_derive v2.0.1
[INFO] [stderr]   Downloaded typed-builder v0.15.2
[INFO] [stderr]   Downloaded camino v1.2.2
[INFO] [stderr]   Downloaded inventory v0.3.20
[INFO] [stderr]   Downloaded sys-locale v0.3.2
[INFO] [stderr]   Downloaded rusty-fork v0.3.0
[INFO] [stderr]   Downloaded mockall v0.13.1
[INFO] [stderr]   Downloaded sdd v3.0.10
[INFO] [stderr]   Downloaded rstest-bdd-patterns v0.5.0
[INFO] [stderr]   Downloaded gherkin v0.14.0
[INFO] [stderr]   Downloaded jobserver v0.1.33
[INFO] [stderr]   Downloaded rustls-native-certs v0.8.1
[INFO] [stderr]   Downloaded cmake v0.1.54
[INFO] [stderr]   Downloaded libloading v0.8.8
[INFO] [stderr]   Downloaded bb8 v0.9.1
[INFO] [stderr]   Downloaded cap-std v3.4.5
[INFO] [stderr]   Downloaded mockall_derive v0.13.1
[INFO] [stderr]   Downloaded generator v0.8.5
[INFO] [stderr]   Downloaded leaky-bucket v1.1.2
[INFO] [stderr]   Downloaded virtue v0.0.18
[INFO] [stderr]   Downloaded metrics-util v0.20.0
[INFO] [stderr]   Downloaded metrics v0.24.3
[INFO] [stderr]   Downloaded prettyplease v0.2.35
[INFO] [stderr]   Downloaded loom v0.7.2
[INFO] [stderr]   Downloaded cap-primitives v3.4.5
[INFO] [stderr]   Downloaded bincode v2.0.1
[INFO] [stderr]   Downloaded hyper-util v0.1.15
[INFO] [stderr]   Downloaded rustls-webpki v0.103.4
[INFO] [stderr]   Downloaded rstest-bdd-macros v0.5.0
[INFO] [stderr]   Downloaded security-framework v3.2.0
[INFO] [stderr]   Downloaded cc v1.2.30
[INFO] [stderr]   Downloaded scc v2.3.4
[INFO] [stderr]   Downloaded h2 v0.4.11
[INFO] [stderr]   Downloaded rstest-bdd v0.5.0
[INFO] [stderr]   Downloaded winnow v0.7.12
[INFO] [stderr]   Downloaded aws-lc-rs v1.13.2
[INFO] [stderr]   Downloaded proptest v1.7.0
[INFO] [stderr]   Downloaded radix_trie v0.2.1
[INFO] [stderr]   Downloaded unicode-width v0.2.1
[INFO] [stderr]   Downloaded rustls v0.23.29
[INFO] [stderr]   Downloaded aws-lc-sys v0.30.0
[INFO] running `Command { std: "docker" "create" "-v" "/var/lib/crater-agent-workspace/builds/worker-3-tc1/source:/opt/rustwide/workdir:ro,Z" "-v" "/var/lib/crater-agent-workspace/builds/worker-3-tc1/target:/opt/rustwide/target:rw,Z" "-v" "/var/lib/crater-agent-workspace/cargo-home:/opt/rustwide/cargo-home:ro,Z" "-v" "/var/lib/crater-agent-workspace/rustup-home:/opt/rustwide/rustup-home:ro,Z" "-m" "1610612736" "--network" "none" "ghcr.io/rust-lang/crates-build-env/linux@sha256:3111399a4047eeb3a02b7a90e478d715f38a8c6669b5c4b49d30a17385265909" "sleep" "infinity", kill_on_drop: false }`
[INFO] [stdout] 4e5d121e9300bd6dd9edfe884fb7308369ed3fff059ab768a96ef751c7987ddb
[INFO] running `Command { std: "docker" "start" "4e5d121e9300bd6dd9edfe884fb7308369ed3fff059ab768a96ef751c7987ddb", kill_on_drop: false }`
[INFO] running `Command { std: "docker" "inspect" "4e5d121e9300bd6dd9edfe884fb7308369ed3fff059ab768a96ef751c7987ddb", kill_on_drop: false }`
[INFO] running `Command { std: "docker" "exec" "-e" "SOURCE_DIR=/opt/rustwide/workdir" "-e" "CARGO_HOME=/opt/rustwide/cargo-home" "-e" "RUSTUP_HOME=/opt/rustwide/rustup-home" "-e" "CARGO_TARGET_DIR=/opt/rustwide/target" "-w" "/opt/rustwide/workdir" "--user" "0:0" "4e5d121e9300bd6dd9edfe884fb7308369ed3fff059ab768a96ef751c7987ddb" "/opt/rustwide/cargo-home/bin/cargo" "+1.99.0-beta.8" "metadata" "--no-deps" "--format-version=1", kill_on_drop: false }`
[INFO] running `Command { std: "docker" "inspect" "4e5d121e9300bd6dd9edfe884fb7308369ed3fff059ab768a96ef751c7987ddb", kill_on_drop: false }`
[INFO] running `Command { std: "docker" "exec" "-e" "SOURCE_DIR=/opt/rustwide/workdir" "-e" "CARGO_HOME=/opt/rustwide/cargo-home" "-e" "RUSTUP_HOME=/opt/rustwide/rustup-home" "-e" "CARGO_TARGET_DIR=/opt/rustwide/target" "-e" "CARGO_INCREMENTAL=0" "-e" "RUST_BACKTRACE=full" "-e" "RUSTFLAGS=--cap-lints=warn" "-e" "RUSTDOCFLAGS=--cap-lints=warn" "-w" "/opt/rustwide/workdir" "--user" "0:0" "4e5d121e9300bd6dd9edfe884fb7308369ed3fff059ab768a96ef751c7987ddb" "/opt/rustwide/cargo-home/bin/cargo" "+1.99.0-beta.8" "build" "--frozen" "--message-format=json", kill_on_drop: false }`
[INFO] [stderr]    Compiling fs_extra v1.3.0
[INFO] [stderr]    Compiling dunce v1.0.5
[INFO] [stderr]    Compiling futures-channel v0.3.31
[INFO] [stderr]    Compiling futures-io v0.3.31
[INFO] [stderr]    Compiling tracing-core v0.1.34
[INFO] [stderr]    Compiling getrandom v0.3.3
[INFO] [stderr]    Compiling zeroize v1.8.1
[INFO] [stderr]    Compiling foldhash v0.1.5
[INFO] [stderr]    Compiling log v0.4.28
[INFO] [stderr]    Compiling jobserver v0.1.33
[INFO] [stderr]    Compiling socket2 v0.6.0
[INFO] [stderr]    Compiling mio v1.0.4
[INFO] [stderr]    Compiling aws-lc-rs v1.13.2
[INFO] [stderr]    Compiling syn v2.0.104
[INFO] [stderr]    Compiling rustls v0.23.29
[INFO] [stderr]    Compiling bitflags v2.9.1
[INFO] [stderr]    Compiling ahash v0.8.12
[INFO] [stderr]    Compiling hashbrown v0.15.4
[INFO] [stderr]    Compiling rustls-pki-types v1.12.0
[INFO] [stderr]    Compiling parking_lot_core v0.9.11
[INFO] [stderr]    Compiling socket2 v0.5.10
[INFO] [stderr]    Compiling openssl-probe v0.1.6
[INFO] [stderr]    Compiling virtue v0.0.18
[INFO] [stderr]    Compiling raw-cpuid v11.5.0
[INFO] [stderr]    Compiling metrics v0.24.3
[INFO] [stderr]    Compiling lazy_static v1.5.0
[INFO] [stderr]    Compiling sketches-ddsketch v0.3.0
[INFO] [stderr]    Compiling cc v1.2.30
[INFO] [stderr]    Compiling sharded-slab v0.1.7
[INFO] [stderr]    Compiling parking_lot v0.12.4
[INFO] [stderr]    Compiling rand_core v0.9.3
[INFO] [stderr]    Compiling rustls-native-certs v0.8.1
[INFO] [stderr]    Compiling tracing-log v0.2.0
[INFO] [stderr]    Compiling http-body-util v0.1.3
[INFO] [stderr]    Compiling rand_chacha v0.9.0
[INFO] [stderr]    Compiling rand_xoshiro v0.7.0
[INFO] [stderr]    Compiling thread_local v1.1.9
[INFO] [stderr]    Compiling indexmap v2.10.0
[INFO] [stderr]    Compiling unty v0.0.4
[INFO] [stderr]    Compiling ipnet v2.11.0
[INFO] [stderr]    Compiling rand v0.9.2
[INFO] [stderr]    Compiling nu-ansi-term v0.50.1
[INFO] [stderr]    Compiling hashbrown v0.14.5
[INFO] [stderr]    Compiling base64 v0.22.1
[INFO] [stderr]    Compiling bincode_derive v2.0.1
[INFO] [stderr]    Compiling static_assertions v1.1.0
[INFO] [stderr]    Compiling tracing-subscriber v0.3.20
[INFO] [stderr]    Compiling dashmap v6.1.0
[INFO] [stderr]    Compiling cmake v0.1.54
[INFO] [stderr]    Compiling quanta v0.12.6
[INFO] [stderr]    Compiling aws-lc-sys v0.30.0
[INFO] [stderr]    Compiling metrics-util v0.20.0
[INFO] [stderr]    Compiling tokio-macros v2.5.0
[INFO] [stderr]    Compiling futures-macro v0.3.31
[INFO] [stderr]    Compiling tracing-attributes v0.1.30
[INFO] [stderr]    Compiling thiserror-impl v2.0.16
[INFO] [stderr]    Compiling serde_derive v1.0.228
[INFO] [stderr]    Compiling derive_more-impl v2.0.1
[INFO] [stderr]    Compiling async-trait v0.1.89
[INFO] [stderr]    Compiling tokio v1.47.1
[INFO] [stderr]    Compiling futures-util v0.3.31
[INFO] [stderr]    Compiling tracing v0.1.41
[INFO] [stderr]    Compiling thiserror v2.0.16
[INFO] [stderr]    Compiling derive_more v2.0.1
[INFO] [stderr]    Compiling serde v1.0.228
[INFO] [stderr]    Compiling bincode v2.0.1
[INFO] [stderr]    Compiling futures-executor v0.3.31
[INFO] [stderr]    Compiling futures v0.3.31
[INFO] [stderr]    Compiling tokio-util v0.7.16
[INFO] [stderr]    Compiling tokio-stream v0.1.17
[INFO] [stderr]    Compiling leaky-bucket v1.1.2
[INFO] [stderr]    Compiling h2 v0.4.11
[INFO] [stderr]    Compiling rustls-webpki v0.103.4
[INFO] [stderr]    Compiling hyper v1.6.0
[INFO] [stderr]    Compiling hyper-util v0.1.15
[INFO] [stderr]    Compiling tokio-rustls v0.26.2
[INFO] [stderr]    Compiling hyper-rustls v0.27.7
[INFO] [stderr]    Compiling metrics-exporter-prometheus v0.17.2
[INFO] [stderr]    Compiling wireframe v0.3.0 (/opt/rustwide/workdir)
[INFO] [stdout] warning: use of deprecated method `std::sync::atomic::Atomic::<u64>::fetch_update`: renamed to `try_update` for consistency
[INFO] [stdout]   --> src/fragment/fragmenter.rs:64:14
[INFO] [stdout]    |
[INFO] [stdout] 64 |             .fetch_update(Ordering::Relaxed, Ordering::Relaxed, |current| {
[INFO] [stdout]    |              ^^^^^^^^^^^^
[INFO] [stdout]    |
[INFO] [stdout]    = note: `#[warn(deprecated)]` on by default
[INFO] [stdout] help: replace the use of the deprecated method
[INFO] [stdout]    |
[INFO] [stdout] 64 -             .fetch_update(Ordering::Relaxed, Ordering::Relaxed, |current| {
[INFO] [stdout] 64 +             .try_update(Ordering::Relaxed, Ordering::Relaxed, |current| {
[INFO] [stdout]    |
[INFO] [stdout] 
[INFO] [stdout] 
[INFO] [stderr]     Finished `dev` profile [unoptimized + debuginfo] target(s) in 19.81s
[INFO] running `Command { std: "docker" "inspect" "4e5d121e9300bd6dd9edfe884fb7308369ed3fff059ab768a96ef751c7987ddb", kill_on_drop: false }`
[INFO] running `Command { std: "docker" "exec" "-e" "SOURCE_DIR=/opt/rustwide/workdir" "-e" "CARGO_HOME=/opt/rustwide/cargo-home" "-e" "RUSTUP_HOME=/opt/rustwide/rustup-home" "-e" "CARGO_TARGET_DIR=/opt/rustwide/target" "-e" "CARGO_INCREMENTAL=0" "-e" "RUST_BACKTRACE=full" "-e" "RUSTFLAGS=--cap-lints=warn" "-e" "RUSTDOCFLAGS=--cap-lints=warn" "-w" "/opt/rustwide/workdir" "--user" "0:0" "4e5d121e9300bd6dd9edfe884fb7308369ed3fff059ab768a96ef751c7987ddb" "/opt/rustwide/cargo-home/bin/cargo" "+1.99.0-beta.8" "test" "--frozen" "--no-run" "--message-format=json", kill_on_drop: false }`
[INFO] [stderr]    Compiling proc-macro2 v1.0.95
[INFO] [stderr]    Compiling value-bag v1.11.1
[INFO] [stderr]    Compiling regex-syntax v0.8.5
[INFO] [stderr]    Compiling serde_core v1.0.228
[INFO] [stderr]    Compiling serde v1.0.228
[INFO] [stderr]    Compiling zerocopy v0.8.26
[INFO] [stderr]    Compiling memchr v2.7.5
[INFO] [stderr]    Compiling aho-corasick v1.1.3
[INFO] [stderr]    Compiling serde_json v1.0.141
[INFO] [stderr]    Compiling typenum v1.19.0
[INFO] [stderr]    Compiling rustversion v1.0.21
[INFO] [stderr]    Compiling rustix v1.0.8
[INFO] [stderr]    Compiling io-lifetimes v2.0.4
[INFO] [stderr]    Compiling peg-runtime v0.6.3
[INFO] [stderr]    Compiling rustc-hash v2.1.1
[INFO] [stderr]    Compiling unicode-linebreak v0.1.5
[INFO] [stderr]    Compiling hashbrown v0.15.4
[INFO] [stderr]    Compiling smawk v0.3.2
[INFO] [stderr]    Compiling unicode-width v0.2.1
[INFO] [stderr]    Compiling log v0.4.28
[INFO] [stderr]    Compiling linux-raw-sys v0.9.4
[INFO] [stderr]    Compiling type-map v0.5.1
[INFO] [stderr]    Compiling winnow v0.7.12
[INFO] [stderr]    Compiling io-extras v0.18.4
[INFO] [stderr]    Compiling textwrap v0.16.2
[INFO] [stderr]    Compiling raw-cpuid v11.5.0
[INFO] [stderr]    Compiling nibble_vec v0.1.0
[INFO] [stderr]    Compiling self_cell v1.2.2
[INFO] [stderr]    Compiling tracing-log v0.2.0
[INFO] [stderr]    Compiling indexmap v2.10.0
[INFO] [stderr]    Compiling camino v1.2.2
[INFO] [stderr]    Compiling generic-array v0.14.7
[INFO] [stderr]    Compiling cap-primitives v3.4.5
[INFO] [stderr]    Compiling quote v1.0.40
[INFO] [stderr]    Compiling syn v1.0.109
[INFO] [stderr]    Compiling endian-type v0.1.2
[INFO] [stderr]    Compiling either v1.15.0
[INFO] [stderr]    Compiling radix_trie v0.2.1
[INFO] [stderr]    Compiling syn v2.0.104
[INFO] [stderr]    Compiling generator v0.8.5
[INFO] [stderr]    Compiling rstest_macros v0.26.1
[INFO] [stderr]    Compiling ordered-float v4.6.0
[INFO] [stderr]    Compiling peg-macros v0.6.3
[INFO] [stderr]    Compiling mockall_derive v0.13.1
[INFO] [stderr]    Compiling predicates-core v1.0.9
[INFO] [stderr]    Compiling block-buffer v0.10.4
[INFO] [stderr]    Compiling crypto-common v0.1.7
[INFO] [stderr]    Compiling ambient-authority v0.0.2
[INFO] [stderr]    Compiling ipnet v2.11.0
[INFO] [stderr]    Compiling clap_lex v1.0.0
[INFO] [stderr]    Compiling cap-std v3.4.5
[INFO] [stderr]    Compiling digest v0.10.7
[INFO] [stderr]    Compiling maybe-owned v0.3.4
[INFO] [stderr]    Compiling sha2 v0.10.9
[INFO] [stderr]    Compiling ciborium-io v0.2.2
[INFO] [stderr]    Compiling plotters-backend v0.3.7
[INFO] [stderr]    Compiling clap_builder v4.5.60
[INFO] [stderr]    Compiling proc-macro-error-attr v1.0.4
[INFO] [stderr]    Compiling plotters-svg v0.3.7
[INFO] [stderr]    Compiling rust-embed-utils v8.11.0
[INFO] [stderr]    Compiling itertools v0.10.5
[INFO] [stderr]    Compiling quanta v0.12.6
[INFO] [stderr]    Compiling regex-automata v0.4.13
[INFO] [stderr]    Compiling toml_edit v0.22.27
[INFO] [stderr]    Compiling arc-swap v1.8.0
[INFO] [stderr]    Compiling peg v0.6.3
[INFO] [stderr]    Compiling wait-timeout v0.2.1
[INFO] [stderr]    Compiling foldhash v0.2.0
[INFO] [stderr]    Compiling glob v0.3.2
[INFO] [stderr]    Compiling rstest-bdd-policy v0.5.0
[INFO] [stderr]    Compiling tempfile v3.20.0
[INFO] [stderr]    Compiling termtree v0.5.1
[INFO] [stderr]    Compiling sys-locale v0.3.2
[INFO] [stderr]    Compiling allocator-api2 v0.2.21
[INFO] [stderr]    Compiling rustix-linux-procfs v0.1.1
[INFO] [stderr]    Compiling fs-set-times v0.20.3
[INFO] [stderr]    Compiling sdd v3.0.10
[INFO] [stderr]    Compiling cast v0.3.0
[INFO] [stderr]    Compiling relative-path v1.9.3
[INFO] [stderr]    Compiling predicates-tree v1.0.12
[INFO] [stderr]    Compiling hashbrown v0.16.1
[INFO] [stderr]    Compiling convert_case v0.6.0
[INFO] [stderr]    Compiling rusty-fork v0.3.0
[INFO] [stderr]    Compiling scc v2.3.4
[INFO] [stderr]    Compiling criterion-plot v0.5.0
[INFO] [stderr]    Compiling proc-macro-error v1.0.4
[INFO] [stderr]    Compiling rayon v1.11.0
[INFO] [stderr]    Compiling plotters v0.3.7
[INFO] [stderr]    Compiling clap v4.5.60
[INFO] [stderr]    Compiling predicates v3.1.3
[INFO] [stderr]    Compiling rand_xorshift v0.4.0
[INFO] [stderr]    Compiling is-terminal v0.4.17
[INFO] [stderr]    Compiling anes v0.1.6
[INFO] [stderr]    Compiling scoped-tls v1.0.1
[INFO] [stderr]    Compiling newt-hype v0.2.0
[INFO] [stderr]    Compiling downcast v0.11.0
[INFO] [stderr]    Compiling oorandom v11.1.5
[INFO] [stderr]    Compiling fragile v2.0.1
[INFO] [stderr]    Compiling inventory v0.3.20
[INFO] [stderr]    Compiling proc-macro-crate v3.3.0
[INFO] [stderr]    Compiling futures-timer v3.0.3
[INFO] [stderr]    Compiling logtest v2.0.0
[INFO] [stderr]    Compiling regex v1.12.2
[INFO] [stderr]    Compiling serde_derive v1.0.228
[INFO] [stderr]    Compiling displaydoc v0.2.5
[INFO] [stderr]    Compiling zerocopy-derive v0.8.26
[INFO] [stderr]    Compiling futures-macro v0.3.31
[INFO] [stderr]    Compiling tokio-macros v2.5.0
[INFO] [stderr]    Compiling tracing-attributes v0.1.30
[INFO] [stderr]    Compiling thiserror-impl v1.0.69
[INFO] [stderr]    Compiling thiserror-impl v2.0.16
[INFO] [stderr]    Compiling typed-builder-macro v0.15.2
[INFO] [stderr]    Compiling rust-embed-impl v8.11.0
[INFO] [stderr]    Compiling derive_more-impl v2.0.1
[INFO] [stderr]    Compiling serial_test_derive v3.2.0
[INFO] [stderr]    Compiling async-stream-impl v0.3.6
[INFO] [stderr]    Compiling async-trait v0.1.89
[INFO] [stderr]    Compiling ctor v0.2.9
[INFO] [stderr]    Compiling tracing-test-macro v0.2.5
[INFO] [stderr]    Compiling matchers v0.2.0
[INFO] [stderr]    Compiling tinystr v0.8.2
[INFO] [stderr]    Compiling tokio v1.47.1
[INFO] [stderr]    Compiling unic-langid-impl v0.9.6
[INFO] [stderr]    Compiling rust-embed v8.11.0
[INFO] [stderr]    Compiling derive_more v0.99.20
[INFO] [stderr]    Compiling futures-util v0.3.31
[INFO] [stderr]    Compiling typed-builder v0.15.2
[INFO] [stderr]    Compiling async-stream v0.3.6
[INFO] [stderr]    Compiling thiserror v2.0.16
[INFO] [stderr]    Compiling thiserror v1.0.69
[INFO] [stderr]    Compiling fluent-syntax v0.12.0
[INFO] [stderr]    Compiling tracing v0.1.41
[INFO] [stderr]    Compiling tracing-subscriber v0.3.20
[INFO] [stderr]    Compiling derive_more v2.0.1
[INFO] [stderr]    Compiling tracing-test v0.2.5
[INFO] [stderr]    Compiling loom v0.7.2
[INFO] [stderr]    Compiling ppv-lite86 v0.2.21
[INFO] [stderr]    Compiling ahash v0.8.12
[INFO] [stderr]    Compiling half v2.7.1
[INFO] [stderr]    Compiling basic-toml v0.1.10
[INFO] [stderr]    Compiling toml v0.5.11
[INFO] [stderr]    Compiling bincode v2.0.1
[INFO] [stderr]    Compiling metrics v0.24.3
[INFO] [stderr]    Compiling mockall v0.13.1
[INFO] [stderr]    Compiling unic-langid v0.9.6
[INFO] [stderr]    Compiling ciborium-ll v0.2.2
[INFO] [stderr]    Compiling unic-langid-macros-impl v0.9.6
[INFO] [stderr]    Compiling rand_chacha v0.9.0
[INFO] [stderr]    Compiling ciborium v0.2.2
[INFO] [stderr]    Compiling rand v0.9.2
[INFO] [stderr]    Compiling i18n-config v0.4.8
[INFO] [stderr]    Compiling unic-langid-macros v0.9.6
[INFO] [stderr]    Compiling intl_pluralrules v7.0.2
[INFO] [stderr]    Compiling fluent-langneg v0.13.1
[INFO] [stderr]    Compiling intl-memoizer v0.5.3
[INFO] [stderr]    Compiling tinytemplate v1.2.1
[INFO] [stderr]    Compiling futures-executor v0.3.31
[INFO] [stderr]    Compiling rstest v0.26.1
[INFO] [stderr]    Compiling find-crate v0.6.3
[INFO] [stderr]    Compiling futures v0.3.31
[INFO] [stderr]    Compiling criterion v0.5.1
[INFO] [stderr]    Compiling metrics-util v0.20.0
[INFO] [stderr]    Compiling proptest v1.7.0
[INFO] [stderr]    Compiling serial_test v3.2.0
[INFO] [stderr]    Compiling fluent-bundle v0.16.0
[INFO] [stderr]    Compiling gherkin v0.14.0
[INFO] [stderr]    Compiling i18n-embed-impl v0.8.4
[INFO] [stderr]    Compiling fluent v0.17.0
[INFO] [stderr]    Compiling i18n-embed v0.16.0
[INFO] [stderr]    Compiling tokio-util v0.7.16
[INFO] [stderr]    Compiling tokio-rustls v0.26.2
[INFO] [stderr]    Compiling tokio-stream v0.1.17
[INFO] [stderr]    Compiling leaky-bucket v1.1.2
[INFO] [stderr]    Compiling rstest-bdd-patterns v0.5.0
[INFO] [stderr]    Compiling rstest-bdd v0.5.0
[INFO] [stderr]    Compiling h2 v0.4.11
[INFO] [stderr]    Compiling rstest-bdd-macros v0.5.0
[INFO] [stderr]    Compiling hyper v1.6.0
[INFO] [stderr]    Compiling hyper-util v0.1.15
[INFO] [stderr]    Compiling hyper-rustls v0.27.7
[INFO] [stderr]    Compiling metrics-exporter-prometheus v0.17.2
[INFO] [stderr]    Compiling wireframe v0.3.0 (/opt/rustwide/workdir)
[INFO] [stdout] warning: use of deprecated method `std::sync::atomic::Atomic::<u64>::fetch_update`: renamed to `try_update` for consistency
[INFO] [stdout]   --> src/fragment/fragmenter.rs:64:14
[INFO] [stdout]    |
[INFO] [stdout] 64 |             .fetch_update(Ordering::Relaxed, Ordering::Relaxed, |current| {
[INFO] [stdout]    |              ^^^^^^^^^^^^
[INFO] [stdout]    |
[INFO] [stdout]    = note: `#[warn(deprecated)]` on by default
[INFO] [stdout] help: replace the use of the deprecated method
[INFO] [stdout]    |
[INFO] [stdout] 64 -             .fetch_update(Ordering::Relaxed, Ordering::Relaxed, |current| {
[INFO] [stdout] 64 +             .try_update(Ordering::Relaxed, Ordering::Relaxed, |current| {
[INFO] [stdout]    |
[INFO] [stdout] 
[INFO] [stdout] 
[INFO] [stdout] error[E0433]: cannot find module or crate `wireframe_testing` in this scope
[INFO] [stdout]   --> tests/reassembly_assertion_helpers.rs:16:5
[INFO] [stdout]    |
[INFO] [stdout] 16 | use wireframe_testing::reassembly::{
[INFO] [stdout]    |     ^^^^^^^^^^^^^^^^^ use of unresolved module or unlinked crate `wireframe_testing`
[INFO] [stdout]    |
[INFO] [stdout]    = help: if you wanted to use a crate named `wireframe_testing`, use `cargo add wireframe_testing` to add it to your `Cargo.toml`
[INFO] [stdout] 
[INFO] [stdout] 
[INFO] [stdout] error[E0277]: the trait bound `u8: Packet` is not satisfied
[INFO] [stdout]    --> tests/async_stream.rs:35:21
[INFO] [stdout]     |
[INFO] [stdout]  35 |     let mut actor = ConnectionActor::new(queues, handle, Some(stream), shutdown);
[INFO] [stdout]     |                     ^^^^^^^^^^^^^^^^^^^^ the trait `Packet` is not implemented for `u8`
[INFO] [stdout]     |
[INFO] [stdout] help: the trait `Packet` is implemented for `Envelope`
[INFO] [stdout]    --> src/app/envelope.rs:177:1
[INFO] [stdout]     |
[INFO] [stdout] 177 | impl Packet for Envelope {
[INFO] [stdout]     | ^^^^^^^^^^^^^^^^^^^^^^^^
[INFO] [stdout] note: required by a bound in `ConnectionActor::<F, E>::new`
[INFO] [stdout]    --> src/connection/mod.rs:99:40
[INFO] [stdout]     |
[INFO] [stdout]  99 |     F: FrameLike + CorrelatableFrame + Packet,
[INFO] [stdout]     |                                        ^^^^^^ required by this bound in `ConnectionActor::<F, E>::new`
[INFO] [stdout] ...
[INFO] [stdout] 120 |     pub fn new(
[INFO] [stdout]     |            --- required by a bound in this associated function
[INFO] [stdout] 
[INFO] [stdout] 
[INFO] [stdout] For more information about this error, try `rustc --explain E0433`.
[INFO] [stdout] 
[INFO] [stderr] error: could not compile `wireframe` (test "reassembly_assertion_helpers") due to 1 previous error
[INFO] [stderr] warning: build failed, waiting for other jobs to finish...
[INFO] [stdout] error[E0599]: the method `run` exists for struct `ConnectionActor<u8, ()>`, but its trait bounds were not satisfied
[INFO] [stdout]   --> tests/async_stream.rs:37:11
[INFO] [stdout]    |
[INFO] [stdout] 37 |     actor.run(&mut out).await.expect("actor run failed");
[INFO] [stdout]    |           ^^^ method cannot be called on `ConnectionActor<u8, ()>` due to unsatisfied trait bounds
[INFO] [stdout]    |
[INFO] [stdout]    = note: the following trait bounds were not satisfied:
[INFO] [stdout]            `u8: Packet`
[INFO] [stdout] 
[INFO] [stdout] 
[INFO] [stdout] error[E0432]: unresolved import `wireframe_testing`
[INFO] [stdout]   --> tests/client_lifecycle.rs:18:5
[INFO] [stdout]    |
[INFO] [stdout] 18 | use wireframe_testing::TestResult;
[INFO] [stdout]    |     ^^^^^^^^^^^^^^^^^ use of unresolved module or unlinked crate `wireframe_testing`
[INFO] [stdout]    |
[INFO] [stdout]    = help: if you wanted to use a crate named `wireframe_testing`, use `cargo add wireframe_testing` to add it to your `Cargo.toml`
[INFO] [stdout] 
[INFO] [stdout] 
[INFO] [stdout] error[E0432]: unresolved import `wireframe_testing`
[INFO] [stdout]   --> tests/test_observability_harness.rs:10:5
[INFO] [stdout]    |
[INFO] [stdout] 10 | use wireframe_testing::ObservabilityHandle;
[INFO] [stdout]    |     ^^^^^^^^^^^^^^^^^ use of unresolved module or unlinked crate `wireframe_testing`
[INFO] [stdout]    |
[INFO] [stdout]    = help: if you wanted to use a crate named `wireframe_testing`, use `cargo add wireframe_testing` to add it to your `Cargo.toml`
[INFO] [stdout] 
[INFO] [stdout] 
[INFO] [stdout] error[E0432]: unresolved import `wireframe_testing`
[INFO] [stdout]   --> tests/middleware_order.rs:13:5
[INFO] [stdout]    |
[INFO] [stdout] 13 | use wireframe_testing::{TestResult, decode_frames, encode_frame};
[INFO] [stdout]    |     ^^^^^^^^^^^^^^^^^ use of unresolved module or unlinked crate `wireframe_testing`
[INFO] [stdout]    |
[INFO] [stdout]    = help: if you wanted to use a crate named `wireframe_testing`, use `cargo add wireframe_testing` to add it to your `Cargo.toml`
[INFO] [stdout] 
[INFO] [stdout] 
[INFO] [stdout] Some errors have detailed explanations: E0277, E0599.
[INFO] [stdout] 
[INFO] [stdout] For more information about an error, try `rustc --explain E0277`.
[INFO] [stdout] 
[INFO] [stdout] error[E0432]: unresolved import `wireframe_testing`
[INFO] [stdout]   --> tests/codec_test_harness.rs:14:5
[INFO] [stdout]    |
[INFO] [stdout] 14 | use wireframe_testing::{
[INFO] [stdout]    |     ^^^^^^^^^^^^^^^^^ use of unresolved module or unlinked crate `wireframe_testing`
[INFO] [stdout]    |
[INFO] [stdout]    = help: if you wanted to use a crate named `wireframe_testing`, use `cargo add wireframe_testing` to add it to your `Cargo.toml`
[INFO] [stdout] 
[INFO] [stdout] 
[INFO] [stdout] error[E0432]: unresolved import `wireframe::testkit`
[INFO] [stdout]   --> tests/testkit_exports.rs:19:5
[INFO] [stdout]    |
[INFO] [stdout] 19 |     testkit::{
[INFO] [stdout]    |     ^^^^^^^ could not find `testkit` in `wireframe`
[INFO] [stdout]    |
[INFO] [stdout] note: found an item that was configured out
[INFO] [stdout]   --> src/lib.rs:49:9
[INFO] [stdout]    |
[INFO] [stdout] 48 | #[cfg(feature = "testkit")]
[INFO] [stdout]    |       ------------------- the item is gated behind the `testkit` feature
[INFO] [stdout] 49 | pub mod testkit;
[INFO] [stdout]    |         ^^^^^^^
[INFO] [stdout] 
[INFO] [stdout] 
[INFO] [stdout] error[E0432]: unresolved import `wireframe_testing`
[INFO] [stdout]   --> tests/multi_packet.rs:15:5
[INFO] [stdout]    |
[INFO] [stdout] 15 | use wireframe_testing::{TestError, TestResult};
[INFO] [stdout]    |     ^^^^^^^^^^^^^^^^^ use of unresolved module or unlinked crate `wireframe_testing`
[INFO] [stdout]    |
[INFO] [stdout]    = help: if you wanted to use a crate named `wireframe_testing`, use `cargo add wireframe_testing` to add it to your `Cargo.toml`
[INFO] [stdout] 
[INFO] [stdout] 
[INFO] [stderr] error: could not compile `wireframe` (test "async_stream") due to 2 previous errors
[INFO] [stdout] error[E0432]: unresolved import `wireframe::connection::test_support`
[INFO] [stdout]    --> tests/connection.rs:14:17
[INFO] [stdout]     |
[INFO] [stdout]  14 |     connection::test_support::{ActorHarness, ActorStateHarness, poll_queue_next},
[INFO] [stdout]     |                 ^^^^^^^^^^^^ could not find `test_support` in `connection`
[INFO] [stdout]     |
[INFO] [stdout] note: found an item that was configured out
[INFO] [stdout]    --> src/connection/mod.rs:374:9
[INFO] [stdout]     |
[INFO] [stdout] 373 | #[cfg(all(not(loom), any(test, feature = "test-support")))]
[INFO] [stdout]     |                         -------------------------------- the item is gated here
[INFO] [stdout] 374 | pub mod test_support;
[INFO] [stdout]     |         ^^^^^^^^^^^^
[INFO] [stdout] 
[INFO] [stdout] 
[INFO] [stdout] error[E0432]: unresolved import `wireframe_testing`
[INFO] [stdout]   --> tests/connection.rs:17:5
[INFO] [stdout]    |
[INFO] [stdout] 17 | use wireframe_testing::{LoggerHandle, TestResult, logger};
[INFO] [stdout]    |     ^^^^^^^^^^^^^^^^^ use of unresolved module or unlinked crate `wireframe_testing`
[INFO] [stdout]    |
[INFO] [stdout]    = help: if you wanted to use a crate named `wireframe_testing`, use `cargo add wireframe_testing` to add it to your `Cargo.toml`
[INFO] [stdout] 
[INFO] [stdout] 
[INFO] [stdout] For more information about this error, try `rustc --explain E0432`.
[INFO] [stdout] 
[INFO] [stdout] warning: method call on a diverging inference variable
[INFO] [stdout]   --> tests/codec_test_harness.rs:97:26
[INFO] [stdout]    |
[INFO] [stdout] 97 |     if response_payloads.len() != 1 {
[INFO] [stdout]    |                          ^^^
[INFO] [stdout]    |
[INFO] [stdout]    = help: consider providing a type annotation
[INFO] [stdout]    = warning: this was previously accepted by the compiler but is being phased out; it will become a hard error in a future release!
[INFO] [stdout]    = note: for more information, see issue #156047 <https://github.com/rust-lang/rust/issues/156047>
[INFO] [stdout]    = note: `#[warn(method_call_on_diverging_infer_var)]` (part of `#[warn(future_incompatible)]`) on by default
[INFO] [stdout] 
[INFO] [stdout] 
[INFO] [stderr] error: could not compile `wireframe` (test "test_observability_harness") due to 1 previous error
[INFO] [stdout] For more information about this error, try `rustc --explain E0432`.
[INFO] [stdout] 
[INFO] [stdout] error[E0433]: cannot find `testkit` in `wireframe`
[INFO] [stdout]    --> tests/testkit_exports.rs:172:63
[INFO] [stdout]     |
[INFO] [stdout] 172 | fn root_testkit_exports_reassembly_assertions() -> wireframe::testkit::TestResult {
[INFO] [stdout]     |                                                               ^^^^^^^ could not find `testkit` in `wireframe`
[INFO] [stdout]     |
[INFO] [stdout] note: found an item that was configured out
[INFO] [stdout]    --> src/lib.rs:49:9
[INFO] [stdout]     |
[INFO] [stdout]  48 | #[cfg(feature = "testkit")]
[INFO] [stdout]     |       ------------------- the item is gated behind the `testkit` feature
[INFO] [stdout]  49 | pub mod testkit;
[INFO] [stdout]     |         ^^^^^^^
[INFO] [stdout] 
[INFO] [stdout] 
[INFO] [stdout] For more information about this error, try `rustc --explain E0432`.
[INFO] [stdout] 
[INFO] [stderr] error: could not compile `wireframe` (test "middleware_order") due to 1 previous error
[INFO] [stderr] error: could not compile `wireframe` (test "client_lifecycle") due to 1 previous error
[INFO] [stdout] warning: method call on a diverging inference variable
[INFO] [stdout]   --> tests/testkit_exports.rs:84:10
[INFO] [stdout]    |
[INFO] [stdout] 84 |         .first()
[INFO] [stdout]    |          ^^^^^
[INFO] [stdout]    |
[INFO] [stdout]    = help: consider providing a type annotation
[INFO] [stdout]    = warning: this was previously accepted by the compiler but is being phased out; it will become a hard error in a future release!
[INFO] [stdout]    = note: for more information, see issue #156047 <https://github.com/rust-lang/rust/issues/156047>
[INFO] [stdout]    = note: `#[warn(method_call_on_diverging_infer_var)]` (part of `#[warn(future_incompatible)]`) on by default
[INFO] [stdout] 
[INFO] [stdout] 
[INFO] [stdout] For more information about this error, try `rustc --explain E0432`.
[INFO] [stdout] 
[INFO] [stderr] error: could not compile `wireframe` (test "connection") due to 2 previous errors
[INFO] [stdout] error[E0599]: no method named `len` found for type `!` in the current scope
[INFO] [stdout]   --> tests/codec_test_harness.rs:97:26
[INFO] [stdout]    |
[INFO] [stdout] 97 |     if response_payloads.len() != 1 {
[INFO] [stdout]    |                          ^^^
[INFO] [stdout]    |
[INFO] [stdout] help: there is a method `le` with a similar name, but with different arguments
[INFO] [stdout]   --> /rustc/dfb0accb7f508ae8be965d8629557221c889dd98/library/core/src/cmp.rs:1440:4
[INFO] [stdout] 
[INFO] [stdout] 
[INFO] [stdout] error[E0277]: the trait bound `u8: Packet` is not satisfied
[INFO] [stdout]    --> tests/multi_packet.rs:94:45
[INFO] [stdout]     |
[INFO] [stdout]  94 |     let mut actor: ConnectionActor<_, ()> = ConnectionActor::new(queues, handle, None, shutdown);
[INFO] [stdout]     |                                             ^^^^^^^^^^^^^^^^^^^^ the trait `Packet` is not implemented for `u8`
[INFO] [stdout]     |
[INFO] [stdout] help: the trait `Packet` is implemented for `Envelope`
[INFO] [stdout]    --> src/app/envelope.rs:177:1
[INFO] [stdout]     |
[INFO] [stdout] 177 | impl Packet for Envelope {
[INFO] [stdout]     | ^^^^^^^^^^^^^^^^^^^^^^^^
[INFO] [stdout] note: required by a bound in `ConnectionActor::<F, E>::new`
[INFO] [stdout]    --> src/connection/mod.rs:99:40
[INFO] [stdout]     |
[INFO] [stdout]  99 |     F: FrameLike + CorrelatableFrame + Packet,
[INFO] [stdout]     |                                        ^^^^^^ required by this bound in `ConnectionActor::<F, E>::new`
[INFO] [stdout] ...
[INFO] [stdout] 120 |     pub fn new(
[INFO] [stdout]     |            --- required by a bound in this associated function
[INFO] [stdout] 
[INFO] [stdout] 
[INFO] [stdout] error[E0277]: the trait bound `u8: Packet` is not satisfied
[INFO] [stdout]    --> tests/multi_packet.rs:96:10
[INFO] [stdout]     |
[INFO] [stdout]  96 |         .set_multi_packet(Some(rx))
[INFO] [stdout]     |          ^^^^^^^^^^^^^^^^ the trait `Packet` is not implemented for `u8`
[INFO] [stdout]     |
[INFO] [stdout] help: the trait `Packet` is implemented for `Envelope`
[INFO] [stdout]    --> src/app/envelope.rs:177:1
[INFO] [stdout]     |
[INFO] [stdout] 177 | impl Packet for Envelope {
[INFO] [stdout]     | ^^^^^^^^^^^^^^^^^^^^^^^^
[INFO] [stdout] note: required by a bound in `ConnectionActor::<F, E>::set_multi_packet`
[INFO] [stdout]    --> src/connection/mod.rs:99:40
[INFO] [stdout]     |
[INFO] [stdout]  99 |     F: FrameLike + CorrelatableFrame + Packet,
[INFO] [stdout]     |                                        ^^^^^^ required by this bound in `ConnectionActor::<F, E>::set_multi_packet`
[INFO] [stdout] ...
[INFO] [stdout] 214 |     pub fn set_multi_packet(
[INFO] [stdout]     |            ---------------- required by a bound in this associated function
[INFO] [stdout] 
[INFO] [stdout] 
[INFO] [stdout] error[E0599]: no method named `first` found for type `!` in the current scope
[INFO] [stdout]   --> tests/testkit_exports.rs:84:10
[INFO] [stdout]    |
[INFO] [stdout] 83 |       let first_payload = response_payloads
[INFO] [stdout]    |  _________________________-
[INFO] [stdout] 84 | |         .first()
[INFO] [stdout]    | |         -^^^^^ method not found in `!`
[INFO] [stdout]    | |_________|
[INFO] [stdout]    |
[INFO] [stdout] 
[INFO] [stdout] 
[INFO] [stdout] warning: method call on a diverging inference variable
[INFO] [stdout]   --> tests/testkit_exports.rs:99:26
[INFO] [stdout]    |
[INFO] [stdout] 99 |     if response_payloads.is_empty() {
[INFO] [stdout]    |                          ^^^^^^^^
[INFO] [stdout]    |
[INFO] [stdout]    = help: consider providing a type annotation
[INFO] [stdout]    = warning: this was previously accepted by the compiler but is being phased out; it will become a hard error in a future release!
[INFO] [stdout]    = note: for more information, see issue #156047 <https://github.com/rust-lang/rust/issues/156047>
[INFO] [stdout] 
[INFO] [stdout] 
[INFO] [stdout] error[E0599]: no method named `len` found for type `!` in the current scope
[INFO] [stdout]    --> tests/codec_test_harness.rs:100:31
[INFO] [stdout]     |
[INFO] [stdout] 100 |             response_payloads.len()
[INFO] [stdout]     |                               ^^^
[INFO] [stdout]     |
[INFO] [stdout] help: there is a method `le` with a similar name, but with different arguments
[INFO] [stdout]    --> /rustc/dfb0accb7f508ae8be965d8629557221c889dd98/library/core/src/cmp.rs:1440:4
[INFO] [stdout] 
[INFO] [stdout] 
[INFO] [stdout] warning: unreachable call
[INFO] [stdout]    --> tests/codec_test_harness.rs:100:31
[INFO] [stdout]     |
[INFO] [stdout] 100 |             response_payloads.len()
[INFO] [stdout]     |             ----------------- ^^^ unreachable call
[INFO] [stdout]     |             |
[INFO] [stdout]     |             any code following this expression is unreachable
[INFO] [stdout]     |
[INFO] [stdout]     = note: `#[warn(unreachable_code)]` (part of `#[warn(unused)]`) on by default
[INFO] [stdout] 
[INFO] [stdout] 
[INFO] [stdout] error[E0599]: no method named `is_empty` found for type `!` in the current scope
[INFO] [stdout]   --> tests/testkit_exports.rs:99:26
[INFO] [stdout]    |
[INFO] [stdout] 99 |     if response_payloads.is_empty() {
[INFO] [stdout]    |                          ^^^^^^^^ method not found in `!`
[INFO] [stdout] 
[INFO] [stdout] 
[INFO] [stdout] error[E0599]: the method `run` exists for struct `ConnectionActor<u8, ()>`, but its trait bounds were not satisfied
[INFO] [stdout]    --> tests/multi_packet.rs:101:10
[INFO] [stdout]     |
[INFO] [stdout] 100 | /     actor
[INFO] [stdout] 101 | |         .run(&mut out)
[INFO] [stdout]     | |         -^^^ method cannot be called on `ConnectionActor<u8, ()>` due to unsatisfied trait bounds
[INFO] [stdout]     | |_________|
[INFO] [stdout]     |
[INFO] [stdout]     |
[INFO] [stdout]     = note: the following trait bounds were not satisfied:
[INFO] [stdout]             `u8: Packet`
[INFO] [stdout] 
[INFO] [stdout] 
[INFO] [stdout] error[E0277]: the trait bound `u8: Packet` is not satisfied
[INFO] [stdout]    --> tests/multi_packet.rs:127:45
[INFO] [stdout]     |
[INFO] [stdout] 127 |     let mut actor: ConnectionActor<_, ()> = ConnectionActor::new(queues, handle, None, shutdown);
[INFO] [stdout]     |                                             ^^^^^^^^^^^^^^^^^^^^ the trait `Packet` is not implemented for `u8`
[INFO] [stdout]     |
[INFO] [stdout] help: the trait `Packet` is implemented for `Envelope`
[INFO] [stdout]    --> src/app/envelope.rs:177:1
[INFO] [stdout]     |
[INFO] [stdout] 177 | impl Packet for Envelope {
[INFO] [stdout]     | ^^^^^^^^^^^^^^^^^^^^^^^^
[INFO] [stdout] note: required by a bound in `ConnectionActor::<F, E>::new`
[INFO] [stdout]    --> src/connection/mod.rs:99:40
[INFO] [stdout]     |
[INFO] [stdout]  99 |     F: FrameLike + CorrelatableFrame + Packet,
[INFO] [stdout]     |                                        ^^^^^^ required by this bound in `ConnectionActor::<F, E>::new`
[INFO] [stdout] ...
[INFO] [stdout] 120 |     pub fn new(
[INFO] [stdout]     |            --- required by a bound in this associated function
[INFO] [stdout] 
[INFO] [stdout] 
[INFO] [stdout] error[E0277]: the trait bound `u8: Packet` is not satisfied
[INFO] [stdout]    --> tests/multi_packet.rs:128:11
[INFO] [stdout]     |
[INFO] [stdout] 128 |     actor.set_fairness(FairnessConfig {
[INFO] [stdout]     |           ^^^^^^^^^^^^ the trait `Packet` is not implemented for `u8`
[INFO] [stdout]     |
[INFO] [stdout] help: the trait `Packet` is implemented for `Envelope`
[INFO] [stdout]    --> src/app/envelope.rs:177:1
[INFO] [stdout]     |
[INFO] [stdout] 177 | impl Packet for Envelope {
[INFO] [stdout]     | ^^^^^^^^^^^^^^^^^^^^^^^^
[INFO] [stdout] note: required by a bound in `ConnectionActor::<F, E>::set_fairness`
[INFO] [stdout]    --> src/connection/mod.rs:99:40
[INFO] [stdout]     |
[INFO] [stdout]  99 |     F: FrameLike + CorrelatableFrame + Packet,
[INFO] [stdout]     |                                        ^^^^^^ required by this bound in `ConnectionActor::<F, E>::set_fairness`
[INFO] [stdout] ...
[INFO] [stdout] 173 |     pub fn set_fairness(&mut self, fairness: FairnessConfig) { self.fairness.set_config(fairness); }
[INFO] [stdout]     |            ------------ required by a bound in this associated function
[INFO] [stdout] 
[INFO] [stdout] 
[INFO] [stdout] error[E0599]: the method `run` exists for struct `ConnectionActor<u8, ()>`, but its trait bounds were not satisfied
[INFO] [stdout]    --> tests/multi_packet.rs:138:10
[INFO] [stdout]     |
[INFO] [stdout] 137 | /     actor
[INFO] [stdout] 138 | |         .run(&mut out)
[INFO] [stdout]     | |         -^^^ method cannot be called on `ConnectionActor<u8, ()>` due to unsatisfied trait bounds
[INFO] [stdout]     | |_________|
[INFO] [stdout]     |
[INFO] [stdout]     |
[INFO] [stdout]     = note: the following trait bounds were not satisfied:
[INFO] [stdout]             `u8: Packet`
[INFO] [stdout] 
[INFO] [stdout] 
[INFO] [stdout] error[E0277]: the trait bound `u8: Packet` is not satisfied
[INFO] [stdout]    --> tests/multi_packet.rs:189:45
[INFO] [stdout]     |
[INFO] [stdout] 189 |     let mut actor: ConnectionActor<_, ()> = ConnectionActor::new(queues, handle, None, shutdown);
[INFO] [stdout]     |                                             ^^^^^^^^^^^^^^^^^^^^ the trait `Packet` is not implemented for `u8`
[INFO] [stdout]     |
[INFO] [stdout] help: the trait `Packet` is implemented for `Envelope`
[INFO] [stdout]    --> src/app/envelope.rs:177:1
[INFO] [stdout]     |
[INFO] [stdout] 177 | impl Packet for Envelope {
[INFO] [stdout]     | ^^^^^^^^^^^^^^^^^^^^^^^^
[INFO] [stdout] note: required by a bound in `ConnectionActor::<F, E>::new`
[INFO] [stdout]    --> src/connection/mod.rs:99:40
[INFO] [stdout]     |
[INFO] [stdout]  99 |     F: FrameLike + CorrelatableFrame + Packet,
[INFO] [stdout]     |                                        ^^^^^^ required by this bound in `ConnectionActor::<F, E>::new`
[INFO] [stdout] ...
[INFO] [stdout] 120 |     pub fn new(
[INFO] [stdout]     |            --- required by a bound in this associated function
[INFO] [stdout] 
[INFO] [stdout] 
[INFO] [stdout] error[E0277]: the trait bound `u8: Packet` is not satisfied
[INFO] [stdout]    --> tests/multi_packet.rs:191:10
[INFO] [stdout]     |
[INFO] [stdout] 191 |         .set_multi_packet(Some(rx))
[INFO] [stdout]     |          ^^^^^^^^^^^^^^^^ the trait `Packet` is not implemented for `u8`
[INFO] [stdout]     |
[INFO] [stdout] help: the trait `Packet` is implemented for `Envelope`
[INFO] [stdout]    --> src/app/envelope.rs:177:1
[INFO] [stdout]     |
[INFO] [stdout] 177 | impl Packet for Envelope {
[INFO] [stdout]     | ^^^^^^^^^^^^^^^^^^^^^^^^
[INFO] [stdout] note: required by a bound in `ConnectionActor::<F, E>::set_multi_packet`
[INFO] [stdout]    --> src/connection/mod.rs:99:40
[INFO] [stdout]     |
[INFO] [stdout]  99 |     F: FrameLike + CorrelatableFrame + Packet,
[INFO] [stdout]     |                                        ^^^^^^ required by this bound in `ConnectionActor::<F, E>::set_multi_packet`
[INFO] [stdout] ...
[INFO] [stdout] 214 |     pub fn set_multi_packet(
[INFO] [stdout]     |            ---------------- required by a bound in this associated function
[INFO] [stdout] 
[INFO] [stdout] 
[INFO] [stdout] error[E0277]: the trait bound `u8: Packet` is not satisfied
[INFO] [stdout]    --> tests/multi_packet.rs:194:24
[INFO] [stdout]     |
[INFO] [stdout] 194 |     let cancel = actor.shutdown_token();
[INFO] [stdout]     |                        ^^^^^^^^^^^^^^ the trait `Packet` is not implemented for `u8`
[INFO] [stdout]     |
[INFO] [stdout] help: the trait `Packet` is implemented for `Envelope`
[INFO] [stdout]    --> src/app/envelope.rs:177:1
[INFO] [stdout]     |
[INFO] [stdout] 177 | impl Packet for Envelope {
[INFO] [stdout]     | ^^^^^^^^^^^^^^^^^^^^^^^^
[INFO] [stdout] note: required by a bound in `ConnectionActor::<F, E>::shutdown_token`
[INFO] [stdout]    --> src/connection/mod.rs:99:40
[INFO] [stdout]     |
[INFO] [stdout]  99 |     F: FrameLike + CorrelatableFrame + Packet,
[INFO] [stdout]     |                                        ^^^^^^ required by this bound in `ConnectionActor::<F, E>::shutdown_token`
[INFO] [stdout] ...
[INFO] [stdout] 269 |     pub fn shutdown_token(&self) -> CancellationToken { self.shutdown.clone() }
[INFO] [stdout]     |            -------------- required by a bound in this associated function
[INFO] [stdout] 
[INFO] [stdout] 
[INFO] [stdout] error[E0599]: no method named `first` found for type `!` in the current scope
[INFO] [stdout]    --> tests/codec_test_harness.rs:104:10
[INFO] [stdout]     |
[INFO] [stdout] 103 |       let first = response_payloads
[INFO] [stdout]     |  _________________-
[INFO] [stdout] 104 | |         .first()
[INFO] [stdout]     | |         -^^^^^ method not found in `!`
[INFO] [stdout]     | |_________|
[INFO] [stdout]     |
[INFO] [stdout] 
[INFO] [stdout] 
[INFO] [stdout] warning: unreachable call
[INFO] [stdout]    --> tests/codec_test_harness.rs:104:10
[INFO] [stdout]     |
[INFO] [stdout] 103 |     let first = response_payloads
[INFO] [stdout]     |                 ----------------- any code following this expression is unreachable
[INFO] [stdout] 104 |         .first()
[INFO] [stdout]     |          ^^^^^ unreachable call
[INFO] [stdout] 
[INFO] [stdout] 
[INFO] [stdout] warning: method call on a diverging inference variable
[INFO] [stdout]    --> tests/codec_test_harness.rs:124:15
[INFO] [stdout]     |
[INFO] [stdout] 124 |     if frames.len() != 1 {
[INFO] [stdout]     |               ^^^
[INFO] [stdout]     |
[INFO] [stdout]     = help: consider providing a type annotation
[INFO] [stdout]     = warning: this was previously accepted by the compiler but is being phased out; it will become a hard error in a future release!
[INFO] [stdout]     = note: for more information, see issue #156047 <https://github.com/rust-lang/rust/issues/156047>
[INFO] [stdout] 
[INFO] [stdout] 
[INFO] [stdout] error[E0277]: the size for values of type `[std::vec::Vec<u8>]` cannot be known at compilation time
[INFO] [stdout]    --> tests/testkit_exports.rs:165:9
[INFO] [stdout]     |
[INFO] [stdout] 165 |     let response_payloads = task
[INFO] [stdout]     |         ^^^^^^^^^^^^^^^^^ doesn't have a size known at compile-time
[INFO] [stdout]     |
[INFO] [stdout]     = help: the trait `Sized` is not implemented for `[std::vec::Vec<u8>]`
[INFO] [stdout]     = note: all local variables must have a statically known size
[INFO] [stdout] 
[INFO] [stdout] 
[INFO] [stdout] error[E0277]: the size for values of type `[std::vec::Vec<u8>]` cannot be known at compilation time
[INFO] [stdout]    --> tests/testkit_exports.rs:165:29
[INFO] [stdout]     |
[INFO] [stdout] 165 |       let response_payloads = task
[INFO] [stdout]     |  _____________________________^
[INFO] [stdout] 166 | |         .await
[INFO] [stdout] 167 | |         .map_err(|error| io::Error::other(format!("join failed: {error}")))??;
[INFO] [stdout]     | |_____________________________________________________________________________^ doesn't have a size known at compile-time
[INFO] [stdout]     |
[INFO] [stdout]     = help: the trait `Sized` is not implemented for `[std::vec::Vec<u8>]`
[INFO] [stdout]     = note: all local variables must have a statically known size
[INFO] [stdout] 
[INFO] [stdout] 
[INFO] [stdout] error[E0277]: the size for values of type `[std::vec::Vec<u8>]` cannot be known at compilation time
[INFO] [stdout]    --> tests/testkit_exports.rs:167:77
[INFO] [stdout]     |
[INFO] [stdout] 167 |         .map_err(|error| io::Error::other(format!("join failed: {error}")))??;
[INFO] [stdout]     |                                                                             ^ doesn't have a size known at compile-time
[INFO] [stdout]     |
[INFO] [stdout]     = help: the trait `Sized` is not implemented for `[std::vec::Vec<u8>]`
[INFO] [stdout] note: required by an implicit `Sized` bound in `ControlFlow`
[INFO] [stdout]    --> /rustc/dfb0accb7f508ae8be965d8629557221c889dd98/library/core/src/ops/control_flow.rs:89:0
[INFO] [stdout] 
[INFO] [stdout] 
[INFO] [stdout] warning: method call on a diverging inference variable
[INFO] [stdout]    --> tests/multi_packet.rs:231:18
[INFO] [stdout]     |
[INFO] [stdout] 231 |         received.is_empty(),
[INFO] [stdout]     |                  ^^^^^^^^
[INFO] [stdout]     |
[INFO] [stdout]     = help: consider providing a type annotation
[INFO] [stdout]     = warning: this was previously accepted by the compiler but is being phased out; it will become a hard error in a future release!
[INFO] [stdout]     = note: for more information, see issue #156047 <https://github.com/rust-lang/rust/issues/156047>
[INFO] [stdout]     = note: `#[warn(method_call_on_diverging_infer_var)]` (part of `#[warn(future_incompatible)]`) on by default
[INFO] [stdout] 
[INFO] [stdout] 
[INFO] [stdout] error[E0599]: no method named `len` found for type `!` in the current scope
[INFO] [stdout]    --> tests/codec_test_harness.rs:124:15
[INFO] [stdout]     |
[INFO] [stdout] 124 |     if frames.len() != 1 {
[INFO] [stdout]     |               ^^^
[INFO] [stdout]     |
[INFO] [stdout] help: there is a method `le` with a similar name, but with different arguments
[INFO] [stdout]    --> /rustc/dfb0accb7f508ae8be965d8629557221c889dd98/library/core/src/cmp.rs:1440:4
[INFO] [stdout] 
[INFO] [stdout] 
[INFO] [stdout] Some errors have detailed explanations: E0277, E0432, E0433, E0599.
[INFO] [stdout] 
[INFO] [stdout] For more information about an error, try `rustc --explain E0277`.
[INFO] [stdout] 
[INFO] [stderr] error: could not compile `wireframe` (test "testkit_exports") due to 7 previous errors; 4 warnings emitted
[INFO] [stdout] error[E0599]: no method named `is_empty` found for type `!` in the current scope
[INFO] [stdout]    --> tests/multi_packet.rs:231:18
[INFO] [stdout]     |
[INFO] [stdout] 231 |         received.is_empty(),
[INFO] [stdout]     |                  ^^^^^^^^ method not found in `!`
[INFO] [stdout] 
[INFO] [stdout] 
[INFO] [stdout] warning: method call on a diverging inference variable
[INFO] [stdout]    --> tests/multi_packet.rs:247:18
[INFO] [stdout]     |
[INFO] [stdout] 247 |         received.is_empty(),
[INFO] [stdout]     |                  ^^^^^^^^
[INFO] [stdout]     |
[INFO] [stdout]     = help: consider providing a type annotation
[INFO] [stdout]     = warning: this was previously accepted by the compiler but is being phased out; it will become a hard error in a future release!
[INFO] [stdout]     = note: for more information, see issue #156047 <https://github.com/rust-lang/rust/issues/156047>
[INFO] [stdout] 
[INFO] [stdout] 
[INFO] [stdout] error[E0599]: no method named `len` found for type `!` in the current scope
[INFO] [stdout]    --> tests/codec_test_harness.rs:127:20
[INFO] [stdout]     |
[INFO] [stdout] 127 |             frames.len()
[INFO] [stdout]     |                    ^^^
[INFO] [stdout]     |
[INFO] [stdout] help: there is a method `le` with a similar name, but with different arguments
[INFO] [stdout]    --> /rustc/dfb0accb7f508ae8be965d8629557221c889dd98/library/core/src/cmp.rs:1440:4
[INFO] [stdout] 
[INFO] [stdout] 
[INFO] [stdout] warning: unreachable call
[INFO] [stdout]    --> tests/codec_test_harness.rs:127:20
[INFO] [stdout]     |
[INFO] [stdout] 127 |             frames.len()
[INFO] [stdout]     |             ------ ^^^ unreachable call
[INFO] [stdout]     |             |
[INFO] [stdout]     |             any code following this expression is unreachable
[INFO] [stdout] 
[INFO] [stdout] 
[INFO] [stdout] error[E0599]: no method named `first` found for type `!` in the current scope
[INFO] [stdout]    --> tests/codec_test_harness.rs:131:10
[INFO] [stdout]     |
[INFO] [stdout] 130 |       let frame = frames
[INFO] [stdout]     |  _________________-
[INFO] [stdout] 131 | |         .first()
[INFO] [stdout]     | |         -^^^^^ method not found in `!`
[INFO] [stdout]     | |_________|
[INFO] [stdout]     |
[INFO] [stdout] 
[INFO] [stdout] 
[INFO] [stdout] warning: unreachable call
[INFO] [stdout]    --> tests/codec_test_harness.rs:131:10
[INFO] [stdout]     |
[INFO] [stdout] 130 |     let frame = frames
[INFO] [stdout]     |                 ------ any code following this expression is unreachable
[INFO] [stdout] 131 |         .first()
[INFO] [stdout]     |          ^^^^^ unreachable call
[INFO] [stdout] 
[INFO] [stdout] 
[INFO] [stdout] warning: method call on a diverging inference variable
[INFO] [stdout]    --> tests/codec_test_harness.rs:152:14
[INFO] [stdout]     |
[INFO] [stdout] 152 |     if first.is_empty() {
[INFO] [stdout]     |              ^^^^^^^^
[INFO] [stdout]     |
[INFO] [stdout]     = help: consider providing a type annotation
[INFO] [stdout]     = warning: this was previously accepted by the compiler but is being phased out; it will become a hard error in a future release!
[INFO] [stdout]     = note: for more information, see issue #156047 <https://github.com/rust-lang/rust/issues/156047>
[INFO] [stdout] 
[INFO] [stdout] 
[INFO] [stdout] error[E0599]: no method named `is_empty` found for type `!` in the current scope
[INFO] [stdout]    --> tests/multi_packet.rs:247:18
[INFO] [stdout]     |
[INFO] [stdout] 247 |         received.is_empty(),
[INFO] [stdout]     |                  ^^^^^^^^ method not found in `!`
[INFO] [stdout] 
[INFO] [stdout] 
[INFO] [stdout] error[E0599]: no method named `is_empty` found for type `!` in the current scope
[INFO] [stdout]    --> tests/codec_test_harness.rs:152:14
[INFO] [stdout]     |
[INFO] [stdout] 152 |     if first.is_empty() {
[INFO] [stdout]     |              ^^^^^^^^ method not found in `!`
[INFO] [stdout] 
[INFO] [stdout] 
[INFO] [stdout] warning: method call on a diverging inference variable
[INFO] [stdout]    --> tests/codec_test_harness.rs:157:15
[INFO] [stdout]     |
[INFO] [stdout] 157 |     if second.is_empty() {
[INFO] [stdout]     |               ^^^^^^^^
[INFO] [stdout]     |
[INFO] [stdout]     = help: consider providing a type annotation
[INFO] [stdout]     = warning: this was previously accepted by the compiler but is being phased out; it will become a hard error in a future release!
[INFO] [stdout]     = note: for more information, see issue #156047 <https://github.com/rust-lang/rust/issues/156047>
[INFO] [stdout] 
[INFO] [stdout] 
[INFO] [stdout] Some errors have detailed explanations: E0277, E0432, E0599.
[INFO] [stdout] 
[INFO] [stdout] For more information about an error, try `rustc --explain E0277`.
[INFO] [stdout] 
[INFO] [stderr] error: could not compile `wireframe` (test "multi_packet") due to 12 previous errors; 4 warnings emitted
[INFO] [stdout] error[E0599]: no method named `is_empty` found for type `!` in the current scope
[INFO] [stdout]    --> tests/codec_test_harness.rs:157:15
[INFO] [stdout]     |
[INFO] [stdout] 157 |     if second.is_empty() {
[INFO] [stdout]     |               ^^^^^^^^ method not found in `!`
[INFO] [stdout] 
[INFO] [stdout] 
[INFO] [stdout] error[E0432]: unresolved import `wireframe_testing`
[INFO] [stdout]  --> src/app/inbound_handler/tests.rs:5:5
[INFO] [stdout]   |
[INFO] [stdout] 5 | use wireframe_testing::logger;
[INFO] [stdout]   |     ^^^^^^^^^^^^^^^^^ use of unresolved module or unlinked crate `wireframe_testing`
[INFO] [stdout]   |
[INFO] [stdout]   = help: if you wanted to use a crate named `wireframe_testing`, use `cargo add wireframe_testing` to add it to your `Cargo.toml`
[INFO] [stdout] 
[INFO] [stdout] 
[INFO] [stdout] error[E0432]: unresolved import `wireframe_testing`
[INFO] [stdout]   --> src/client/tests/messaging.rs:13:5
[INFO] [stdout]    |
[INFO] [stdout] 13 | use wireframe_testing::{ServerMode, process_frame};
[INFO] [stdout]    |     ^^^^^^^^^^^^^^^^^ use of unresolved module or unlinked crate `wireframe_testing`
[INFO] [stdout]    |
[INFO] [stdout]    = help: if you wanted to use a crate named `wireframe_testing`, use `cargo add wireframe_testing` to add it to your `Cargo.toml`
[INFO] [stdout] 
[INFO] [stdout] 
[INFO] [stdout] error[E0432]: unresolved import `wireframe_testing`
[INFO] [stdout]   --> src/client/tests/request_hooks.rs:13:5
[INFO] [stdout]    |
[INFO] [stdout] 13 | use wireframe_testing::ServerMode;
[INFO] [stdout]    |     ^^^^^^^^^^^^^^^^^ use of unresolved module or unlinked crate `wireframe_testing`
[INFO] [stdout]    |
[INFO] [stdout]    = help: if you wanted to use a crate named `wireframe_testing`, use `cargo add wireframe_testing` to add it to your `Cargo.toml`
[INFO] [stdout] 
[INFO] [stdout] 
[INFO] [stdout] Some errors have detailed explanations: E0432, E0599.
[INFO] [stdout] 
[INFO] [stdout] For more information about an error, try `rustc --explain E0432`.
[INFO] [stdout] 
[INFO] [stdout] error[E0432]: unresolved import `wireframe_testing`
[INFO] [stdout]   --> src/client/tests/tracing.rs:13:5
[INFO] [stdout]    |
[INFO] [stdout] 13 | use wireframe_testing::{ServerMode, process_frame};
[INFO] [stdout]    |     ^^^^^^^^^^^^^^^^^ use of unresolved module or unlinked crate `wireframe_testing`
[INFO] [stdout]    |
[INFO] [stdout]    = help: if you wanted to use a crate named `wireframe_testing`, use `cargo add wireframe_testing` to add it to your `Cargo.toml`
[INFO] [stdout] 
[INFO] [stdout] 
[INFO] [stderr] error: could not compile `wireframe` (test "codec_test_harness") due to 9 previous errors; 12 warnings emitted
[INFO] [stdout] error[E0433]: cannot find module or crate `wireframe_testing` in this scope
[INFO] [stdout]   --> src/client/tests/request_hooks.rs:29:40
[INFO] [stdout]    |
[INFO] [stdout] 29 |             let Some(response_bytes) = wireframe_testing::process_frame(ServerMode::Echo, &bytes)
[INFO] [stdout]    |                                        ^^^^^^^^^^^^^^^^^ use of unresolved module or unlinked crate `wireframe_testing`
[INFO] [stdout]    |
[INFO] [stdout]    = help: if you wanted to use a crate named `wireframe_testing`, use `cargo add wireframe_testing` to add it to your `Cargo.toml`
[INFO] [stdout] 
[INFO] [stdout] 
[INFO] [stdout] warning: use of deprecated method `std::sync::atomic::Atomic::<u64>::fetch_update`: renamed to `try_update` for consistency
[INFO] [stdout]   --> src/fragment/fragmenter.rs:64:14
[INFO] [stdout]    |
[INFO] [stdout] 64 |             .fetch_update(Ordering::Relaxed, Ordering::Relaxed, |current| {
[INFO] [stdout]    |              ^^^^^^^^^^^^
[INFO] [stdout]    |
[INFO] [stdout]    = note: `#[warn(deprecated)]` on by default
[INFO] [stdout] help: replace the use of the deprecated method
[INFO] [stdout]    |
[INFO] [stdout] 64 -             .fetch_update(Ordering::Relaxed, Ordering::Relaxed, |current| {
[INFO] [stdout] 64 +             .try_update(Ordering::Relaxed, Ordering::Relaxed, |current| {
[INFO] [stdout]    |
[INFO] [stdout] 
[INFO] [stdout] 
[INFO] [stdout] Some errors have detailed explanations: E0432, E0433.
[INFO] [stdout] 
[INFO] [stdout] For more information about an error, try `rustc --explain E0432`.
[INFO] [stdout] 
[INFO] [stderr] error: could not compile `wireframe` (lib test) due to 5 previous errors; 1 warning emitted
[INFO] running `Command { std: "docker" "inspect" "4e5d121e9300bd6dd9edfe884fb7308369ed3fff059ab768a96ef751c7987ddb", kill_on_drop: false }`
[INFO] running `Command { std: "docker" "rm" "-f" "4e5d121e9300bd6dd9edfe884fb7308369ed3fff059ab768a96ef751c7987ddb", kill_on_drop: false }`
[INFO] [stdout] 4e5d121e9300bd6dd9edfe884fb7308369ed3fff059ab768a96ef751c7987ddb
