[INFO] fetching crate wintypes 0.1.6...
[INFO] testing wintypes-0.1.6 against 1.99.0-beta.8 for beta-1.100-2
[INFO] extracting crate wintypes 0.1.6 into /workspace/builds/worker-4-tc1/source
[INFO] removed /workspace/builds/worker-4-tc1/source/.cargo/config.toml
[INFO] started tweaking crates.io crate wintypes 0.1.6
[INFO] finished tweaking crates.io crate wintypes 0.1.6
[INFO] tweaked toml for crates.io crate wintypes 0.1.6 written to /workspace/builds/worker-4-tc1/source/Cargo.toml
[INFO] validating manifest of crates.io crate wintypes 0.1.6 on toolchain 1.99.0-beta.8
[INFO] running `Command { std: CARGO_HOME="/workspace/cargo-home" RUSTUP_HOME="/workspace/rustup-home" "/workspace/cargo-home/bin/cargo" "+1.99.0-beta.8" "metadata" "--manifest-path" "Cargo.toml" "--no-deps", kill_on_drop: false }`
[INFO] crate crates.io crate wintypes 0.1.6 already has a lockfile, it will not be regenerated
[INFO] running `Command { std: CARGO_HOME="/workspace/cargo-home" RUSTUP_HOME="/workspace/rustup-home" "/workspace/cargo-home/bin/cargo" "+1.99.0-beta.8" "fetch" "--manifest-path" "Cargo.toml", kill_on_drop: false }`
[INFO] running `Command { std: "docker" "create" "-v" "/var/lib/crater-agent-workspace/builds/worker-4-tc1/source:/opt/rustwide/workdir:ro,Z" "-v" "/var/lib/crater-agent-workspace/builds/worker-4-tc1/target:/opt/rustwide/target:rw,Z" "-v" "/var/lib/crater-agent-workspace/cargo-home:/opt/rustwide/cargo-home:ro,Z" "-v" "/var/lib/crater-agent-workspace/rustup-home:/opt/rustwide/rustup-home:ro,Z" "-m" "1610612736" "--network" "none" "ghcr.io/rust-lang/crates-build-env/linux@sha256:3111399a4047eeb3a02b7a90e478d715f38a8c6669b5c4b49d30a17385265909" "sleep" "infinity", kill_on_drop: false }`
[INFO] [stdout] d6370f6c3307c86e75471bca95ae8d31b50baa9db7847538059df21ae1b6b81b
[INFO] running `Command { std: "docker" "start" "d6370f6c3307c86e75471bca95ae8d31b50baa9db7847538059df21ae1b6b81b", kill_on_drop: false }`
[INFO] running `Command { std: "docker" "inspect" "d6370f6c3307c86e75471bca95ae8d31b50baa9db7847538059df21ae1b6b81b", kill_on_drop: false }`
[INFO] running `Command { std: "docker" "exec" "-e" "SOURCE_DIR=/opt/rustwide/workdir" "-e" "CARGO_HOME=/opt/rustwide/cargo-home" "-e" "RUSTUP_HOME=/opt/rustwide/rustup-home" "-e" "CARGO_TARGET_DIR=/opt/rustwide/target" "-w" "/opt/rustwide/workdir" "--user" "0:0" "d6370f6c3307c86e75471bca95ae8d31b50baa9db7847538059df21ae1b6b81b" "/opt/rustwide/cargo-home/bin/cargo" "+1.99.0-beta.8" "metadata" "--no-deps" "--format-version=1", kill_on_drop: false }`
[INFO] running `Command { std: "docker" "inspect" "d6370f6c3307c86e75471bca95ae8d31b50baa9db7847538059df21ae1b6b81b", kill_on_drop: false }`
[INFO] running `Command { std: "docker" "exec" "-e" "SOURCE_DIR=/opt/rustwide/workdir" "-e" "CARGO_HOME=/opt/rustwide/cargo-home" "-e" "RUSTUP_HOME=/opt/rustwide/rustup-home" "-e" "CARGO_TARGET_DIR=/opt/rustwide/target" "-e" "CARGO_INCREMENTAL=0" "-e" "RUST_BACKTRACE=full" "-e" "RUSTFLAGS=--cap-lints=warn" "-e" "RUSTDOCFLAGS=--cap-lints=warn" "-w" "/opt/rustwide/workdir" "--user" "0:0" "d6370f6c3307c86e75471bca95ae8d31b50baa9db7847538059df21ae1b6b81b" "/opt/rustwide/cargo-home/bin/cargo" "+1.99.0-beta.8" "build" "--frozen" "--message-format=json", kill_on_drop: false }`
[INFO] [stderr]    Compiling winapi v0.3.9
[INFO] [stderr]    Compiling ntapi v0.4.1
[INFO] [stderr]    Compiling wintypes v0.1.6 (/opt/rustwide/workdir)
[INFO] [stdout] error[E0433]: cannot find `shared` in `winapi`
[INFO] [stdout]  --> src/utils/string.rs:6:13
[INFO] [stdout]   |
[INFO] [stdout] 6 | use winapi::shared::ntdef::ANSI_STRING;
[INFO] [stdout]   |             ^^^^^^ could not find `shared` in `winapi`
[INFO] [stdout] 
[INFO] [stdout] 
[INFO] [stdout] error[E0433]: cannot find `shared` in `winapi`
[INFO] [stdout]  --> src/utils/string.rs:7:13
[INFO] [stdout]   |
[INFO] [stdout] 7 | use winapi::shared::ntdef::UNICODE_STRING;
[INFO] [stdout]   |             ^^^^^^ could not find `shared` in `winapi`
[INFO] [stdout] 
[INFO] [stdout] 
[INFO] [stdout] error[E0433]: cannot find `shared` in `winapi`
[INFO] [stdout]  --> src/utils/ntstatus.rs:1:13
[INFO] [stdout]   |
[INFO] [stdout] 1 | use winapi::shared::ntdef::NTSTATUS;
[INFO] [stdout]   |             ^^^^^^ could not find `shared` in `winapi`
[INFO] [stdout] 
[INFO] [stdout] 
[INFO] [stdout] error[E0433]: cannot find `um` in `winapi`
[INFO] [stdout]  --> src/utils/context.rs:1:13
[INFO] [stdout]   |
[INFO] [stdout] 1 | use winapi::um::winnt::{CONTEXT_u, M128A};
[INFO] [stdout]   |             ^^ could not find `um` in `winapi`
[INFO] [stdout] 
[INFO] [stdout] 
[INFO] [stdout] For more information about this error, try `rustc --explain E0433`.
[INFO] [stdout] 
[INFO] [stderr] error: could not compile `wintypes` (lib) due to 4 previous errors
[INFO] running `Command { std: "docker" "inspect" "d6370f6c3307c86e75471bca95ae8d31b50baa9db7847538059df21ae1b6b81b", kill_on_drop: false }`
[INFO] running `Command { std: "docker" "rm" "-f" "d6370f6c3307c86e75471bca95ae8d31b50baa9db7847538059df21ae1b6b81b", kill_on_drop: false }`
[INFO] [stdout] d6370f6c3307c86e75471bca95ae8d31b50baa9db7847538059df21ae1b6b81b
