[INFO] fetching crate winspaces-win32 0.1.0...
[INFO] testing winspaces-win32-0.1.0 against 1.100.0-beta.1 for beta-1.100-2
[INFO] extracting crate winspaces-win32 0.1.0 into /workspace/builds/worker-7-tc2/source
[INFO] started tweaking crates.io crate winspaces-win32 0.1.0
[INFO] finished tweaking crates.io crate winspaces-win32 0.1.0
[INFO] tweaked toml for crates.io crate winspaces-win32 0.1.0 written to /workspace/builds/worker-7-tc2/source/Cargo.toml
[INFO] validating manifest of crates.io crate winspaces-win32 0.1.0 on toolchain 1.100.0-beta.1
[INFO] running `Command { std: CARGO_HOME="/workspace/cargo-home" RUSTUP_HOME="/workspace/rustup-home" "/workspace/cargo-home/bin/cargo" "+1.100.0-beta.1" "metadata" "--manifest-path" "Cargo.toml" "--no-deps", kill_on_drop: false }`
[INFO] crate crates.io crate winspaces-win32 0.1.0 already has a lockfile, it will not be regenerated
[INFO] running `Command { std: CARGO_HOME="/workspace/cargo-home" RUSTUP_HOME="/workspace/rustup-home" "/workspace/cargo-home/bin/cargo" "+1.100.0-beta.1" "fetch" "--manifest-path" "Cargo.toml", kill_on_drop: false }`
[INFO] running `Command { std: "docker" "create" "-v" "/var/lib/crater-agent-workspace/builds/worker-7-tc2/source:/opt/rustwide/workdir:ro,Z" "-v" "/var/lib/crater-agent-workspace/builds/worker-7-tc2/target:/opt/rustwide/target:rw,Z" "-v" "/var/lib/crater-agent-workspace/cargo-home:/opt/rustwide/cargo-home:ro,Z" "-v" "/var/lib/crater-agent-workspace/rustup-home:/opt/rustwide/rustup-home:ro,Z" "-m" "1610612736" "--network" "none" "ghcr.io/rust-lang/crates-build-env/linux@sha256:3111399a4047eeb3a02b7a90e478d715f38a8c6669b5c4b49d30a17385265909" "sleep" "infinity", kill_on_drop: false }`
[INFO] [stdout] 19b28f667e7eeaa3808f2cdb5e4dad731945bc35e2a17b0c249df0d2f673ace0
[INFO] running `Command { std: "docker" "start" "19b28f667e7eeaa3808f2cdb5e4dad731945bc35e2a17b0c249df0d2f673ace0", kill_on_drop: false }`
[INFO] running `Command { std: "docker" "inspect" "19b28f667e7eeaa3808f2cdb5e4dad731945bc35e2a17b0c249df0d2f673ace0", kill_on_drop: false }`
[INFO] running `Command { std: "docker" "exec" "-e" "SOURCE_DIR=/opt/rustwide/workdir" "-e" "CARGO_HOME=/opt/rustwide/cargo-home" "-e" "RUSTUP_HOME=/opt/rustwide/rustup-home" "-e" "CARGO_TARGET_DIR=/opt/rustwide/target" "-w" "/opt/rustwide/workdir" "--user" "0:0" "19b28f667e7eeaa3808f2cdb5e4dad731945bc35e2a17b0c249df0d2f673ace0" "/opt/rustwide/cargo-home/bin/cargo" "+1.100.0-beta.1" "metadata" "--no-deps" "--format-version=1", kill_on_drop: false }`
[INFO] running `Command { std: "docker" "inspect" "19b28f667e7eeaa3808f2cdb5e4dad731945bc35e2a17b0c249df0d2f673ace0", kill_on_drop: false }`
[INFO] running `Command { std: "docker" "exec" "-e" "SOURCE_DIR=/opt/rustwide/workdir" "-e" "CARGO_HOME=/opt/rustwide/cargo-home" "-e" "RUSTUP_HOME=/opt/rustwide/rustup-home" "-e" "CARGO_TARGET_DIR=/opt/rustwide/target" "-e" "CARGO_INCREMENTAL=0" "-e" "RUST_BACKTRACE=full" "-e" "RUSTFLAGS=--cap-lints=warn" "-e" "RUSTDOCFLAGS=--cap-lints=warn" "-w" "/opt/rustwide/workdir" "--user" "0:0" "19b28f667e7eeaa3808f2cdb5e4dad731945bc35e2a17b0c249df0d2f673ace0" "/opt/rustwide/cargo-home/bin/cargo" "+1.100.0-beta.1" "build" "--frozen" "--message-format=json", kill_on_drop: false }`
[INFO] [stderr]    Compiling serde_core v1.0.229
[INFO] [stderr]    Compiling windows_x86_64_gnu v0.52.6
[INFO] [stderr]    Compiling proc-macro2 v1.0.107
[INFO] [stderr]    Compiling serde_json v1.0.151
[INFO] [stderr]    Compiling windows-targets v0.52.6
[INFO] [stderr]    Compiling windows-sys v0.59.0
[INFO] [stderr]    Compiling quote v1.0.47
[INFO] [stderr]    Compiling syn v3.0.3
[INFO] [stderr]    Compiling serde_derive v1.0.229
[INFO] [stderr]    Compiling winspaces-common v0.1.0
[INFO] [stderr]    Compiling serde v1.0.229
[INFO] [stderr]    Compiling winspaces-win32 v0.1.0 (/opt/rustwide/workdir)
[INFO] [stderr]     Finished `dev` profile [unoptimized + debuginfo] target(s) in 7.12s
[INFO] running `Command { std: "docker" "inspect" "19b28f667e7eeaa3808f2cdb5e4dad731945bc35e2a17b0c249df0d2f673ace0", kill_on_drop: false }`
[INFO] running `Command { std: "docker" "exec" "-e" "SOURCE_DIR=/opt/rustwide/workdir" "-e" "CARGO_HOME=/opt/rustwide/cargo-home" "-e" "RUSTUP_HOME=/opt/rustwide/rustup-home" "-e" "CARGO_TARGET_DIR=/opt/rustwide/target" "-e" "CARGO_INCREMENTAL=0" "-e" "RUST_BACKTRACE=full" "-e" "RUSTFLAGS=--cap-lints=warn" "-e" "RUSTDOCFLAGS=--cap-lints=warn" "-w" "/opt/rustwide/workdir" "--user" "0:0" "19b28f667e7eeaa3808f2cdb5e4dad731945bc35e2a17b0c249df0d2f673ace0" "/opt/rustwide/cargo-home/bin/cargo" "+1.100.0-beta.1" "test" "--frozen" "--no-run" "--message-format=json", kill_on_drop: false }`
[INFO] [stderr]    Compiling winspaces-win32 v0.1.0 (/opt/rustwide/workdir)
[INFO] [stdout] error: linking with `cc` failed: exit status: 1
[INFO] [stdout]   |
[INFO] [stdout]   = note:  "cc" "-m64" "/opt/rustwide/target/debug/build/winspaces-win32/9ceb054140e0d0c0/out/rustcxG5mf0/symbols.o" "<2 object files omitted>" "-Wl,--as-needed" "-Wl,-Bstatic" "<sysroot>/lib/rustlib/x86_64-unknown-linux-gnu/lib/{libtest-*,libgetopts-*,librustc_std_workspace_std-*}.rlib" "/opt/rustwide/target/debug/build/winspaces-common/667c28fb9314a876/out/libwinspaces_common-667c28fb9314a876.rlib" "/opt/rustwide/target/debug/build/serde_json/57f88e8165f8908b/out/libserde_json-57f88e8165f8908b.rlib" "/opt/rustwide/target/debug/build/memchr/efcaf924912fba01/out/libmemchr-efcaf924912fba01.rlib" "/opt/rustwide/target/debug/build/itoa/5de11b3b23bfe572/out/libitoa-5de11b3b23bfe572.rlib" "/opt/rustwide/target/debug/build/zmij/2ca2f302097868c6/out/libzmij-2ca2f302097868c6.rlib" "/opt/rustwide/target/debug/build/serde/5c15dbff977f3114/out/libserde-5c15dbff977f3114.rlib" "/opt/rustwide/target/debug/build/serde_core/ff96c4ffe6afdb18/out/libserde_core-ff96c4ffe6afdb18.rlib" "/opt/rustwide/target/debug/build/windows-sys/a6eb64b293ed6851/out/libwindows_sys-a6eb64b293ed6851.rlib" "/opt/rustwide/target/debug/build/windows-targets/0ddfa11a3bea1536/out/libwindows_targets-0ddfa11a3bea1536.rlib" "<sysroot>/lib/rustlib/x86_64-unknown-linux-gnu/lib/{libstd-*,libpanic_unwind-*,libobject-*,libmemchr-*,libaddr2line-*,libgimli-*,libcfg_if-*,librustc_demangle-*,libstd_detect-*,libhashbrown-*,librustc_std_workspace_alloc-*,libminiz_oxide-*,libadler2-*,libunwind-*,liblibc-*,librustc_std_workspace_core-*,liballoc-*,libcore-*,libcompiler_builtins-*}.rlib" "-Wl,-Bdynamic" "-lgcc_s" "-lutil" "-lrt" "-lpthread" "-lm" "-ldl" "-lc" "-L" "/opt/rustwide/target/debug/build/winspaces-win32/9ceb054140e0d0c0/out/rustcxG5mf0/raw-dylibs" "-B<sysroot>/lib/rustlib/x86_64-unknown-linux-gnu/bin/gcc-ld" "-fuse-ld=lld" "-Wl,--eh-frame-hdr" "-Wl,-z,noexecstack" "-L" "/opt/rustwide/cargo-home/registry/src/index.crates.io-1949cf8c6b5b557f/windows_x86_64_gnu-0.52.6/lib" "-L" "<sysroot>/lib/rustlib/x86_64-unknown-linux-gnu/lib" "-o" "/opt/rustwide/target/debug/build/winspaces-win32/9ceb054140e0d0c0/out/winspaces_win32-9ceb054140e0d0c0" "-Wl,--gc-sections" "-pie" "-Wl,-z,relro,-z,now" "-nodefaultlibs"
[INFO] [stdout]   = note: some arguments are omitted. use `--verbose` to show all linker arguments
[INFO] [stdout]   = note: rust-lld: error: undefined symbol: GetCurrentProcess
[INFO] [stdout]           >>> referenced by security.rs:14 (src/security.rs:14)
[INFO] [stdout]           >>>               /opt/rustwide/target/debug/build/winspaces-win32/9ceb054140e0d0c0/out/winspaces_win32-9ceb054140e0d0c0.winspaces_win32.f2ae9eb0699bf-cgu.0.rcgu.o:(winspaces_win32::security::is_current_process_elevated)
[INFO] [stdout]           
[INFO] [stdout]           rust-lld: error: undefined symbol: OpenProcessToken
[INFO] [stdout]           >>> referenced by security.rs:14 (src/security.rs:14)
[INFO] [stdout]           >>>               /opt/rustwide/target/debug/build/winspaces-win32/9ceb054140e0d0c0/out/winspaces_win32-9ceb054140e0d0c0.winspaces_win32.f2ae9eb0699bf-cgu.0.rcgu.o:(winspaces_win32::security::is_current_process_elevated)
[INFO] [stdout]           
[INFO] [stdout]           rust-lld: error: undefined symbol: GetTokenInformation
[INFO] [stdout]           >>> referenced by security.rs:20 (src/security.rs:20)
[INFO] [stdout]           >>>               /opt/rustwide/target/debug/build/winspaces-win32/9ceb054140e0d0c0/out/winspaces_win32-9ceb054140e0d0c0.winspaces_win32.f2ae9eb0699bf-cgu.0.rcgu.o:(winspaces_win32::security::is_current_process_elevated)
[INFO] [stdout]           
[INFO] [stdout]           rust-lld: error: undefined symbol: CloseHandle
[INFO] [stdout]           >>> referenced by security.rs:28 (src/security.rs:28)
[INFO] [stdout]           >>>               /opt/rustwide/target/debug/build/winspaces-win32/9ceb054140e0d0c0/out/winspaces_win32-9ceb054140e0d0c0.winspaces_win32.f2ae9eb0699bf-cgu.0.rcgu.o:(winspaces_win32::security::is_current_process_elevated)
[INFO] [stdout]           collect2: error: ld returned 1 exit status
[INFO] [stdout]           
[INFO] [stdout] 
[INFO] [stdout] 
[INFO] [stderr] error: could not compile `winspaces-win32` (lib test) due to 1 previous error
[INFO] running `Command { std: "docker" "inspect" "19b28f667e7eeaa3808f2cdb5e4dad731945bc35e2a17b0c249df0d2f673ace0", kill_on_drop: false }`
[INFO] running `Command { std: "docker" "rm" "-f" "19b28f667e7eeaa3808f2cdb5e4dad731945bc35e2a17b0c249df0d2f673ace0", kill_on_drop: false }`
[INFO] [stdout] 19b28f667e7eeaa3808f2cdb5e4dad731945bc35e2a17b0c249df0d2f673ace0
