[INFO] fetching crate winmsg-executor 0.3.2...
[INFO] testing winmsg-executor-0.3.2 against 1.99.0-beta.8 for beta-1.100-2
[INFO] extracting crate winmsg-executor 0.3.2 into /workspace/builds/worker-7-tc1/source
[INFO] started tweaking crates.io crate winmsg-executor 0.3.2
[INFO] removed 0 missing examples
[INFO] finished tweaking crates.io crate winmsg-executor 0.3.2
[INFO] tweaked toml for crates.io crate winmsg-executor 0.3.2 written to /workspace/builds/worker-7-tc1/source/Cargo.toml
[INFO] validating manifest of crates.io crate winmsg-executor 0.3.2 on toolchain 1.99.0-beta.8
[INFO] running `Command { std: CARGO_HOME="/workspace/cargo-home" RUSTUP_HOME="/workspace/rustup-home" "/workspace/cargo-home/bin/cargo" "+1.99.0-beta.8" "metadata" "--manifest-path" "Cargo.toml" "--no-deps", kill_on_drop: false }`
[INFO] crate crates.io crate winmsg-executor 0.3.2 already has a lockfile, it will not be regenerated
[INFO] running `Command { std: CARGO_HOME="/workspace/cargo-home" RUSTUP_HOME="/workspace/rustup-home" "/workspace/cargo-home/bin/cargo" "+1.99.0-beta.8" "fetch" "--manifest-path" "Cargo.toml", kill_on_drop: false }`
[INFO] [stderr]     Blocking waiting for file lock on package cache
[INFO] running `Command { std: "docker" "create" "-v" "/var/lib/crater-agent-workspace/builds/worker-7-tc1/source:/opt/rustwide/workdir:ro,Z" "-v" "/var/lib/crater-agent-workspace/builds/worker-7-tc1/target:/opt/rustwide/target:rw,Z" "-v" "/var/lib/crater-agent-workspace/cargo-home:/opt/rustwide/cargo-home:ro,Z" "-v" "/var/lib/crater-agent-workspace/rustup-home:/opt/rustwide/rustup-home:ro,Z" "-m" "1610612736" "--network" "none" "ghcr.io/rust-lang/crates-build-env/linux@sha256:3111399a4047eeb3a02b7a90e478d715f38a8c6669b5c4b49d30a17385265909" "sleep" "infinity", kill_on_drop: false }`
[INFO] [stdout] a2653a28004e034909f23bf010c1bb20f9da207bac72d1dc84caa1525117ee1a
[INFO] running `Command { std: "docker" "start" "a2653a28004e034909f23bf010c1bb20f9da207bac72d1dc84caa1525117ee1a", kill_on_drop: false }`
[INFO] running `Command { std: "docker" "inspect" "a2653a28004e034909f23bf010c1bb20f9da207bac72d1dc84caa1525117ee1a", kill_on_drop: false }`
[INFO] running `Command { std: "docker" "exec" "-e" "SOURCE_DIR=/opt/rustwide/workdir" "-e" "CARGO_HOME=/opt/rustwide/cargo-home" "-e" "RUSTUP_HOME=/opt/rustwide/rustup-home" "-e" "CARGO_TARGET_DIR=/opt/rustwide/target" "-w" "/opt/rustwide/workdir" "--user" "0:0" "a2653a28004e034909f23bf010c1bb20f9da207bac72d1dc84caa1525117ee1a" "/opt/rustwide/cargo-home/bin/cargo" "+1.99.0-beta.8" "metadata" "--no-deps" "--format-version=1", kill_on_drop: false }`
[INFO] running `Command { std: "docker" "inspect" "a2653a28004e034909f23bf010c1bb20f9da207bac72d1dc84caa1525117ee1a", kill_on_drop: false }`
[INFO] running `Command { std: "docker" "exec" "-e" "SOURCE_DIR=/opt/rustwide/workdir" "-e" "CARGO_HOME=/opt/rustwide/cargo-home" "-e" "RUSTUP_HOME=/opt/rustwide/rustup-home" "-e" "CARGO_TARGET_DIR=/opt/rustwide/target" "-e" "CARGO_INCREMENTAL=0" "-e" "RUST_BACKTRACE=full" "-e" "RUSTFLAGS=--cap-lints=warn" "-e" "RUSTDOCFLAGS=--cap-lints=warn" "-w" "/opt/rustwide/workdir" "--user" "0:0" "a2653a28004e034909f23bf010c1bb20f9da207bac72d1dc84caa1525117ee1a" "/opt/rustwide/cargo-home/bin/cargo" "+1.99.0-beta.8" "build" "--frozen" "--message-format=json", kill_on_drop: false }`
[INFO] [stderr]    Compiling windows-link v0.2.1
[INFO] [stderr]    Compiling async-task v4.7.1
[INFO] [stderr]    Compiling windows-sys v0.61.2
[INFO] [stderr]    Compiling winmsg-executor v0.3.2 (/opt/rustwide/workdir)
[INFO] [stderr]     Finished `dev` profile [unoptimized + debuginfo] target(s) in 1.80s
[INFO] running `Command { std: "docker" "inspect" "a2653a28004e034909f23bf010c1bb20f9da207bac72d1dc84caa1525117ee1a", kill_on_drop: false }`
[INFO] running `Command { std: "docker" "exec" "-e" "SOURCE_DIR=/opt/rustwide/workdir" "-e" "CARGO_HOME=/opt/rustwide/cargo-home" "-e" "RUSTUP_HOME=/opt/rustwide/rustup-home" "-e" "CARGO_TARGET_DIR=/opt/rustwide/target" "-e" "CARGO_INCREMENTAL=0" "-e" "RUST_BACKTRACE=full" "-e" "RUSTFLAGS=--cap-lints=warn" "-e" "RUSTDOCFLAGS=--cap-lints=warn" "-w" "/opt/rustwide/workdir" "--user" "0:0" "a2653a28004e034909f23bf010c1bb20f9da207bac72d1dc84caa1525117ee1a" "/opt/rustwide/cargo-home/bin/cargo" "+1.99.0-beta.8" "test" "--frozen" "--no-run" "--message-format=json", kill_on_drop: false }`
[INFO] [stderr]    Compiling winmsg-executor v0.3.2 (/opt/rustwide/workdir)
[INFO] [stdout] error: linking with `cc` failed: exit status: 1
[INFO] [stdout]   |
[INFO] [stdout]   = note:  "cc" "-m64" "/opt/rustwide/target/debug/examples/rustc6LKtrm/symbols.o" "<4 object files omitted>" "-Wl,--as-needed" "-Wl,-Bstatic" "/opt/rustwide/target/debug/deps/{libwinmsg_executor-5c615fa95a0edf22,libasync_task-05c57d1f836b6944,libwindows_sys-73c7e96c52ae7295,libwindows_link-3085732a9b91113f}.rlib" "<sysroot>/lib/rustlib/x86_64-unknown-linux-gnu/lib/{libstd-*,libpanic_unwind-*,libobject-*,libmemchr-*,libaddr2line-*,libgimli-*,libcfg_if-*,librustc_demangle-*,libstd_detect-*,libhashbrown-*,librustc_std_workspace_alloc-*,libminiz_oxide-*,libadler2-*,libunwind-*,liblibc-*,librustc_std_workspace_core-*,liballoc-*,libcore-*,libcompiler_builtins-*}.rlib" "-Wl,-Bdynamic" "-lgcc_s" "-lutil" "-lrt" "-lpthread" "-lm" "-ldl" "-lc" "-L" "/opt/rustwide/target/debug/examples/rustc6LKtrm/raw-dylibs" "-B<sysroot>/lib/rustlib/x86_64-unknown-linux-gnu/bin/gcc-ld" "-fuse-ld=lld" "-Wl,--eh-frame-hdr" "-Wl,-z,noexecstack" "-L" "<sysroot>/lib/rustlib/x86_64-unknown-linux-gnu/lib" "-o" "/opt/rustwide/target/debug/examples/basic-ea0d51621ca5c099" "-Wl,--gc-sections" "-pie" "-Wl,-z,relro,-z,now" "-nodefaultlibs"
[INFO] [stdout]   = note: some arguments are omitted. use `--verbose` to show all linker arguments
[INFO] [stdout]   = note: rust-lld: error: undefined symbol: GetMessageA
[INFO] [stdout]           >>> referenced by lib.rs:168 (src/lib.rs:168)
[INFO] [stdout]           >>>               /opt/rustwide/target/debug/examples/basic-ea0d51621ca5c099.basic.8ac03f92335a24f8-cgu.1.rcgu.o:(<winmsg_executor::MessageLoop>::run_loop::<winmsg_executor::block_on<(), basic::main::{closure#0}>::{closure#1}>)
[INFO] [stdout]           
[INFO] [stdout]           rust-lld: error: undefined symbol: TranslateMessage
[INFO] [stdout]           >>> referenced by lib.rs:176 (src/lib.rs:176)
[INFO] [stdout]           >>>               /opt/rustwide/target/debug/examples/basic-ea0d51621ca5c099.basic.8ac03f92335a24f8-cgu.1.rcgu.o:(<winmsg_executor::MessageLoop>::run_loop::<winmsg_executor::block_on<(), basic::main::{closure#0}>::{closure#1}>)
[INFO] [stdout]           
[INFO] [stdout]           rust-lld: error: undefined symbol: DispatchMessageA
[INFO] [stdout]           >>> referenced by lib.rs:177 (src/lib.rs:177)
[INFO] [stdout]           >>>               /opt/rustwide/target/debug/examples/basic-ea0d51621ca5c099.basic.8ac03f92335a24f8-cgu.1.rcgu.o:(<winmsg_executor::MessageLoop>::run_loop::<winmsg_executor::block_on<(), basic::main::{closure#0}>::{closure#1}>)
[INFO] [stdout]           
[INFO] [stdout]           rust-lld: error: undefined symbol: DefWindowProcA
[INFO] [stdout]           >>> referenced by window.rs:218 (src/util/window.rs:218)
[INFO] [stdout]           >>>               winmsg_executor-5c615fa95a0edf22.winmsg_executor.6f789ea9961483d7-cgu.0.rcgu.o:(winmsg_executor::util::window::wndproc_setup) in archive /opt/rustwide/target/debug/deps/libwinmsg_executor-5c615fa95a0edf22.rlib
[INFO] [stdout]           >>> referenced by window.rs:262 (src/util/window.rs:262)
[INFO] [stdout]           >>>               /opt/rustwide/target/debug/examples/basic-ea0d51621ca5c099.basic.8ac03f92335a24f8-cgu.1.rcgu.o:(winmsg_executor::util::window::wndproc_typed::<(), winmsg_executor::EXECUTOR_WINDOW::__rust_std_internal_init_fn::{closure#0}>::{closure#0})
[INFO] [stdout]           
[INFO] [stdout]           rust-lld: error: undefined symbol: SetWindowLongPtrA
[INFO] [stdout]           >>> referenced by window.rs:205 (src/util/window.rs:205)
[INFO] [stdout]           >>>               winmsg_executor-5c615fa95a0edf22.winmsg_executor.6f789ea9961483d7-cgu.0.rcgu.o:(winmsg_executor::util::window::wndproc_setup) in archive /opt/rustwide/target/debug/deps/libwinmsg_executor-5c615fa95a0edf22.rlib
[INFO] [stdout]           >>> referenced by window.rs:210 (src/util/window.rs:210)
[INFO] [stdout]           >>>               winmsg_executor-5c615fa95a0edf22.winmsg_executor.6f789ea9961483d7-cgu.0.rcgu.o:(winmsg_executor::util::window::wndproc_setup) in archive /opt/rustwide/target/debug/deps/libwinmsg_executor-5c615fa95a0edf22.rlib
[INFO] [stdout]           
[INFO] [stdout]           rust-lld: error: undefined symbol: CreateWindowExA
[INFO] [stdout]           >>> referenced by window.rs:124 (src/util/window.rs:124)
[INFO] [stdout]           >>>               /opt/rustwide/target/debug/examples/basic-ea0d51621ca5c099.basic.8ac03f92335a24f8-cgu.1.rcgu.o:(<winmsg_executor::util::window::Window<()>>::new::<winmsg_executor::EXECUTOR_WINDOW::__rust_std_internal_init_fn::{closure#0}>)
[INFO] [stdout]           
[INFO] [stdout]           rust-lld: error: undefined symbol: SendMessageA
[INFO] [stdout]           >>> referenced by window.rs:213 (src/util/window.rs:213)
[INFO] [stdout]           >>>               winmsg_executor-5c615fa95a0edf22.winmsg_executor.6f789ea9961483d7-cgu.0.rcgu.o:(winmsg_executor::util::window::wndproc_setup) in archive /opt/rustwide/target/debug/deps/libwinmsg_executor-5c615fa95a0edf22.rlib
[INFO] [stdout]           
[INFO] [stdout]           rust-lld: error: undefined symbol: __ImageBase
[INFO] [stdout]           >>> referenced by window.rs:25 (src/util/window.rs:25)
[INFO] [stdout]           >>>               winmsg_executor-5c615fa95a0edf22.winmsg_executor.6f789ea9961483d7-cgu.0.rcgu.o:(winmsg_executor::util::window::get_instance_handle) in archive /opt/rustwide/target/debug/deps/libwinmsg_executor-5c615fa95a0edf22.rlib
[INFO] [stdout]           >>> referenced by window.rs:0 (src/util/window.rs:0)
[INFO] [stdout]           >>>               winmsg_executor-5c615fa95a0edf22.winmsg_executor.6f789ea9961483d7-cgu.0.rcgu.o:(winmsg_executor::util::window::get_instance_handle) in archive /opt/rustwide/target/debug/deps/libwinmsg_executor-5c615fa95a0edf22.rlib
[INFO] [stdout]           >>> referenced by window.rs:26 (src/util/window.rs:26)
[INFO] [stdout]           >>>               winmsg_executor-5c615fa95a0edf22.winmsg_executor.6f789ea9961483d7-cgu.0.rcgu.o:(winmsg_executor::util::window::get_instance_handle) in archive /opt/rustwide/target/debug/deps/libwinmsg_executor-5c615fa95a0edf22.rlib
[INFO] [stdout]           
[INFO] [stdout]           rust-lld: error: undefined symbol: GetWindowLongPtrA
[INFO] [stdout]           >>> referenced by window.rs:234 (src/util/window.rs:234)
[INFO] [stdout]           >>>               /opt/rustwide/target/debug/examples/basic-ea0d51621ca5c099.basic.8ac03f92335a24f8-cgu.1.rcgu.o:(winmsg_executor::util::window::wndproc_typed::<(), winmsg_executor::EXECUTOR_WINDOW::__rust_std_internal_init_fn::{closure#0}>)
[INFO] [stdout]           
[INFO] [stdout]           rust-lld: error: undefined symbol: PostMessageA
[INFO] [stdout]           >>> referenced by lib.rs:75 (src/lib.rs:75)
[INFO] [stdout]           >>>               /opt/rustwide/target/debug/examples/basic-ea0d51621ca5c099.basic.8ac03f92335a24f8-cgu.1.rcgu.o:(winmsg_executor::spawn_unchecked_lifetime::<&str, basic::main::{closure#0}::{closure#0}>::{closure#1})
[INFO] [stdout]           >>> referenced by lib.rs:75 (src/lib.rs:75)
[INFO] [stdout]           >>>               /opt/rustwide/target/debug/examples/basic-ea0d51621ca5c099.basic.8ac03f92335a24f8-cgu.1.rcgu.o:(winmsg_executor::spawn_unchecked_lifetime::<(), winmsg_executor::block_on<(), basic::main::{closure#0}>::{closure#0}>::{closure#1})
[INFO] [stdout]           
[INFO] [stdout]           rust-lld: error: undefined symbol: RegisterClassA
[INFO] [stdout]           >>> referenced by window.rs:114 (src/util/window.rs:114)
[INFO] [stdout]           >>>               /opt/rustwide/target/debug/examples/basic-ea0d51621ca5c099.basic.8ac03f92335a24f8-cgu.1.rcgu.o:(<winmsg_executor::util::window::Window<()>>::new::<winmsg_executor::EXECUTOR_WINDOW::__rust_std_internal_init_fn::{closure#0}>::{closure#0})
[INFO] [stdout]           
[INFO] [stdout]           rust-lld: error: undefined symbol: DestroyWindow
[INFO] [stdout]           >>> referenced by window.rs:61 (src/util/window.rs:61)
[INFO] [stdout]           >>>               /opt/rustwide/target/debug/examples/basic-ea0d51621ca5c099.basic.8ac03f92335a24f8-cgu.1.rcgu.o:(<winmsg_executor::util::window::Window<()> as core::ops::drop::Drop>::drop)
[INFO] [stdout]           collect2: error: ld returned 1 exit status
[INFO] [stdout]           
[INFO] [stdout] 
[INFO] [stdout] 
[INFO] [stderr] error: could not compile `winmsg-executor` (example "basic") due to 1 previous error
[INFO] [stderr] warning: build failed, waiting for other jobs to finish...
[INFO] [stdout] error: linking with `cc` failed: exit status: 1
[INFO] [stdout]   |
[INFO] [stdout]   = note:  "cc" "-m64" "/opt/rustwide/target/debug/examples/rustc56z6fW/symbols.o" "<4 object files omitted>" "-Wl,--as-needed" "-Wl,-Bstatic" "/opt/rustwide/target/debug/deps/{libwinmsg_executor-5c615fa95a0edf22,libasync_task-05c57d1f836b6944,libwindows_sys-73c7e96c52ae7295,libwindows_link-3085732a9b91113f}.rlib" "<sysroot>/lib/rustlib/x86_64-unknown-linux-gnu/lib/{libstd-*,libpanic_unwind-*,libobject-*,libmemchr-*,libaddr2line-*,libgimli-*,libcfg_if-*,librustc_demangle-*,libstd_detect-*,libhashbrown-*,librustc_std_workspace_alloc-*,libminiz_oxide-*,libadler2-*,libunwind-*,liblibc-*,librustc_std_workspace_core-*,liballoc-*,libcore-*,libcompiler_builtins-*}.rlib" "-Wl,-Bdynamic" "-lgcc_s" "-lutil" "-lrt" "-lpthread" "-lm" "-ldl" "-lc" "-L" "/opt/rustwide/target/debug/examples/rustc56z6fW/raw-dylibs" "-B<sysroot>/lib/rustlib/x86_64-unknown-linux-gnu/bin/gcc-ld" "-fuse-ld=lld" "-Wl,--eh-frame-hdr" "-Wl,-z,noexecstack" "-L" "<sysroot>/lib/rustlib/x86_64-unknown-linux-gnu/lib" "-o" "/opt/rustwide/target/debug/examples/threads-7a7c4ba762309f92" "-Wl,--gc-sections" "-pie" "-Wl,-z,relro,-z,now" "-nodefaultlibs"
[INFO] [stdout]   = note: some arguments are omitted. use `--verbose` to show all linker arguments
[INFO] [stdout]   = note: rust-lld: error: undefined symbol: GetMessageA
[INFO] [stdout]           >>> referenced by lib.rs:168 (src/lib.rs:168)
[INFO] [stdout]           >>>               /opt/rustwide/target/debug/examples/threads-7a7c4ba762309f92.threads.add8d66c99e5afd2-cgu.1.rcgu.o:(<winmsg_executor::MessageLoop>::run_loop::<winmsg_executor::block_on<(), threads::main::{closure#0}::{closure#0}>::{closure#1}>)
[INFO] [stdout]           >>> referenced by lib.rs:168 (src/lib.rs:168)
[INFO] [stdout]           >>>               /opt/rustwide/target/debug/examples/threads-7a7c4ba762309f92.threads.add8d66c99e5afd2-cgu.1.rcgu.o:(<winmsg_executor::MessageLoop>::run_loop::<winmsg_executor::block_on<(), threads::main::{closure#1}>::{closure#1}>)
[INFO] [stdout]           
[INFO] [stdout]           rust-lld: error: undefined symbol: TranslateMessage
[INFO] [stdout]           >>> referenced by lib.rs:176 (src/lib.rs:176)
[INFO] [stdout]           >>>               /opt/rustwide/target/debug/examples/threads-7a7c4ba762309f92.threads.add8d66c99e5afd2-cgu.1.rcgu.o:(<winmsg_executor::MessageLoop>::run_loop::<winmsg_executor::block_on<(), threads::main::{closure#0}::{closure#0}>::{closure#1}>)
[INFO] [stdout]           >>> referenced by lib.rs:176 (src/lib.rs:176)
[INFO] [stdout]           >>>               /opt/rustwide/target/debug/examples/threads-7a7c4ba762309f92.threads.add8d66c99e5afd2-cgu.1.rcgu.o:(<winmsg_executor::MessageLoop>::run_loop::<winmsg_executor::block_on<(), threads::main::{closure#1}>::{closure#1}>)
[INFO] [stdout]           
[INFO] [stdout]           rust-lld: error: undefined symbol: DispatchMessageA
[INFO] [stdout]           >>> referenced by lib.rs:177 (src/lib.rs:177)
[INFO] [stdout]           >>>               /opt/rustwide/target/debug/examples/threads-7a7c4ba762309f92.threads.add8d66c99e5afd2-cgu.1.rcgu.o:(<winmsg_executor::MessageLoop>::run_loop::<winmsg_executor::block_on<(), threads::main::{closure#0}::{closure#0}>::{closure#1}>)
[INFO] [stdout]           >>> referenced by lib.rs:177 (src/lib.rs:177)
[INFO] [stdout]           >>>               /opt/rustwide/target/debug/examples/threads-7a7c4ba762309f92.threads.add8d66c99e5afd2-cgu.1.rcgu.o:(<winmsg_executor::MessageLoop>::run_loop::<winmsg_executor::block_on<(), threads::main::{closure#1}>::{closure#1}>)
[INFO] [stdout]           
[INFO] [stdout]           rust-lld: error: undefined symbol: CreateWindowExA
[INFO] [stdout]           >>> referenced by window.rs:124 (src/util/window.rs:124)
[INFO] [stdout]           >>>               /opt/rustwide/target/debug/examples/threads-7a7c4ba762309f92.threads.add8d66c99e5afd2-cgu.2.rcgu.o:(<winmsg_executor::util::window::Window<()>>::new::<winmsg_executor::EXECUTOR_WINDOW::__rust_std_internal_init_fn::{closure#0}>)
[INFO] [stdout]           
[INFO] [stdout]           rust-lld: error: undefined symbol: GetWindowLongPtrA
[INFO] [stdout]           >>> referenced by window.rs:234 (src/util/window.rs:234)
[INFO] [stdout]           >>>               /opt/rustwide/target/debug/examples/threads-7a7c4ba762309f92.threads.add8d66c99e5afd2-cgu.2.rcgu.o:(winmsg_executor::util::window::wndproc_typed::<(), winmsg_executor::EXECUTOR_WINDOW::__rust_std_internal_init_fn::{closure#0}>)
[INFO] [stdout]           
[INFO] [stdout]           rust-lld: error: undefined symbol: RegisterClassA
[INFO] [stdout]           >>> referenced by window.rs:114 (src/util/window.rs:114)
[INFO] [stdout]           >>>               /opt/rustwide/target/debug/examples/threads-7a7c4ba762309f92.threads.add8d66c99e5afd2-cgu.2.rcgu.o:(<winmsg_executor::util::window::Window<()>>::new::<winmsg_executor::EXECUTOR_WINDOW::__rust_std_internal_init_fn::{closure#0}>::{closure#0})
[INFO] [stdout]           
[INFO] [stdout]           rust-lld: error: undefined symbol: DefWindowProcA
[INFO] [stdout]           >>> referenced by window.rs:262 (src/util/window.rs:262)
[INFO] [stdout]           >>>               /opt/rustwide/target/debug/examples/threads-7a7c4ba762309f92.threads.add8d66c99e5afd2-cgu.2.rcgu.o:(winmsg_executor::util::window::wndproc_typed::<(), winmsg_executor::EXECUTOR_WINDOW::__rust_std_internal_init_fn::{closure#0}>::{closure#0})
[INFO] [stdout]           >>> referenced by window.rs:218 (src/util/window.rs:218)
[INFO] [stdout]           >>>               winmsg_executor-5c615fa95a0edf22.winmsg_executor.6f789ea9961483d7-cgu.0.rcgu.o:(winmsg_executor::util::window::wndproc_setup) in archive /opt/rustwide/target/debug/deps/libwinmsg_executor-5c615fa95a0edf22.rlib
[INFO] [stdout]           
[INFO] [stdout]           rust-lld: error: undefined symbol: DestroyWindow
[INFO] [stdout]           >>> referenced by window.rs:61 (src/util/window.rs:61)
[INFO] [stdout]           >>>               /opt/rustwide/target/debug/examples/threads-7a7c4ba762309f92.threads.add8d66c99e5afd2-cgu.2.rcgu.o:(<winmsg_executor::util::window::Window<()> as core::ops::drop::Drop>::drop)
[INFO] [stdout]           
[INFO] [stdout]           rust-lld: error: undefined symbol: PostMessageA
[INFO] [stdout]           >>> referenced by lib.rs:75 (src/lib.rs:75)
[INFO] [stdout]           >>>               /opt/rustwide/target/debug/examples/threads-7a7c4ba762309f92.threads.add8d66c99e5afd2-cgu.1.rcgu.o:(winmsg_executor::spawn_unchecked_lifetime::<(), winmsg_executor::block_on<(), threads::main::{closure#0}::{closure#0}>::{closure#0}>::{closure#1})
[INFO] [stdout]           >>> referenced by lib.rs:75 (src/lib.rs:75)
[INFO] [stdout]           >>>               /opt/rustwide/target/debug/examples/threads-7a7c4ba762309f92.threads.add8d66c99e5afd2-cgu.1.rcgu.o:(winmsg_executor::spawn_unchecked_lifetime::<(), winmsg_executor::block_on<(), threads::main::{closure#1}>::{closure#0}>::{closure#1})
[INFO] [stdout]           
[INFO] [stdout]           rust-lld: error: undefined symbol: SetWindowLongPtrA
[INFO] [stdout]           >>> referenced by window.rs:205 (src/util/window.rs:205)
[INFO] [stdout]           >>>               winmsg_executor-5c615fa95a0edf22.winmsg_executor.6f789ea9961483d7-cgu.0.rcgu.o:(winmsg_executor::util::window::wndproc_setup) in archive /opt/rustwide/target/debug/deps/libwinmsg_executor-5c615fa95a0edf22.rlib
[INFO] [stdout]           >>> referenced by window.rs:210 (src/util/window.rs:210)
[INFO] [stdout]           >>>               winmsg_executor-5c615fa95a0edf22.winmsg_executor.6f789ea9961483d7-cgu.0.rcgu.o:(winmsg_executor::util::window::wndproc_setup) in archive /opt/rustwide/target/debug/deps/libwinmsg_executor-5c615fa95a0edf22.rlib
[INFO] [stdout]           
[INFO] [stdout]           rust-lld: error: undefined symbol: SendMessageA
[INFO] [stdout]           >>> referenced by window.rs:213 (src/util/window.rs:213)
[INFO] [stdout]           >>>               winmsg_executor-5c615fa95a0edf22.winmsg_executor.6f789ea9961483d7-cgu.0.rcgu.o:(winmsg_executor::util::window::wndproc_setup) in archive /opt/rustwide/target/debug/deps/libwinmsg_executor-5c615fa95a0edf22.rlib
[INFO] [stdout]           
[INFO] [stdout]           rust-lld: error: undefined symbol: __ImageBase
[INFO] [stdout]           >>> referenced by window.rs:25 (src/util/window.rs:25)
[INFO] [stdout]           >>>               winmsg_executor-5c615fa95a0edf22.winmsg_executor.6f789ea9961483d7-cgu.0.rcgu.o:(winmsg_executor::util::window::get_instance_handle) in archive /opt/rustwide/target/debug/deps/libwinmsg_executor-5c615fa95a0edf22.rlib
[INFO] [stdout]           >>> referenced by window.rs:0 (src/util/window.rs:0)
[INFO] [stdout]           >>>               winmsg_executor-5c615fa95a0edf22.winmsg_executor.6f789ea9961483d7-cgu.0.rcgu.o:(winmsg_executor::util::window::get_instance_handle) in archive /opt/rustwide/target/debug/deps/libwinmsg_executor-5c615fa95a0edf22.rlib
[INFO] [stdout]           >>> referenced by window.rs:26 (src/util/window.rs:26)
[INFO] [stdout]           >>>               winmsg_executor-5c615fa95a0edf22.winmsg_executor.6f789ea9961483d7-cgu.0.rcgu.o:(winmsg_executor::util::window::get_instance_handle) in archive /opt/rustwide/target/debug/deps/libwinmsg_executor-5c615fa95a0edf22.rlib
[INFO] [stdout]           collect2: error: ld returned 1 exit status
[INFO] [stdout]           
[INFO] [stdout] 
[INFO] [stdout] 
[INFO] [stderr] error: could not compile `winmsg-executor` (example "threads") due to 1 previous error
[INFO] [stdout] error: linking with `cc` failed: exit status: 1
[INFO] [stdout]   |
[INFO] [stdout]   = note:  "cc" "-m64" "/opt/rustwide/target/debug/deps/rustcBtatrx/symbols.o" "<8 object files omitted>" "-Wl,--as-needed" "-Wl,-Bstatic" "<sysroot>/lib/rustlib/x86_64-unknown-linux-gnu/lib/{libtest-*,libgetopts-*,librustc_std_workspace_std-*}.rlib" "/opt/rustwide/target/debug/deps/{libasync_task-05c57d1f836b6944,libwindows_sys-73c7e96c52ae7295,libwindows_link-3085732a9b91113f}.rlib" "<sysroot>/lib/rustlib/x86_64-unknown-linux-gnu/lib/{libstd-*,libpanic_unwind-*,libobject-*,libmemchr-*,libaddr2line-*,libgimli-*,libcfg_if-*,librustc_demangle-*,libstd_detect-*,libhashbrown-*,librustc_std_workspace_alloc-*,libminiz_oxide-*,libadler2-*,libunwind-*,liblibc-*,librustc_std_workspace_core-*,liballoc-*,libcore-*,libcompiler_builtins-*}.rlib" "-Wl,-Bdynamic" "-lgcc_s" "-lutil" "-lrt" "-lpthread" "-lm" "-ldl" "-lc" "-L" "/opt/rustwide/target/debug/deps/rustcBtatrx/raw-dylibs" "-B<sysroot>/lib/rustlib/x86_64-unknown-linux-gnu/bin/gcc-ld" "-fuse-ld=lld" "-Wl,--eh-frame-hdr" "-Wl,-z,noexecstack" "-L" "<sysroot>/lib/rustlib/x86_64-unknown-linux-gnu/lib" "-o" "/opt/rustwide/target/debug/deps/winmsg_executor-9d4aa2a710609b6a" "-Wl,--gc-sections" "-pie" "-Wl,-z,relro,-z,now" "-nodefaultlibs"
[INFO] [stdout]   = note: some arguments are omitted. use `--verbose` to show all linker arguments
[INFO] [stdout]   = note: rust-lld: error: undefined symbol: CreateWindowExA
[INFO] [stdout]           >>> referenced by window.rs:124 (src/util/window.rs:124)
[INFO] [stdout]           >>>               /opt/rustwide/target/debug/deps/winmsg_executor-9d4aa2a710609b6a.winmsg_executor.3e592385647bd521-cgu.2.rcgu.o:(<winmsg_executor::util::window::Window<core::cell::RefCell<bool>>>::new::<winmsg_executor::util::window::test::reenter_state::{closure#0}::{closure#0}>)
[INFO] [stdout]           >>> referenced by window.rs:124 (src/util/window.rs:124)
[INFO] [stdout]           >>>               /opt/rustwide/target/debug/deps/winmsg_executor-9d4aa2a710609b6a.winmsg_executor.3e592385647bd521-cgu.2.rcgu.o:(<winmsg_executor::util::window::Window<()>>::new::<<winmsg_executor::util::window::Window<()>>::new_checked<winmsg_executor::util::window::test::create_destroy_messages::{closure#0}>::{closure#0}>)
[INFO] [stdout]           >>> referenced by window.rs:124 (src/util/window.rs:124)
[INFO] [stdout]           >>>               /opt/rustwide/target/debug/deps/winmsg_executor-9d4aa2a710609b6a.winmsg_executor.3e592385647bd521-cgu.2.rcgu.o:(<winmsg_executor::util::window::Window<()>>::new::<winmsg_executor::test::disallow_wake_message_filtering::{closure#0}>)
[INFO] [stdout]           >>> referenced 1 more times
[INFO] [stdout]           
[INFO] [stdout]           rust-lld: error: undefined symbol: GetWindowLongPtrA
[INFO] [stdout]           >>> referenced by window.rs:234 (src/util/window.rs:234)
[INFO] [stdout]           >>>               /opt/rustwide/target/debug/deps/winmsg_executor-9d4aa2a710609b6a.winmsg_executor.3e592385647bd521-cgu.2.rcgu.o:(winmsg_executor::util::window::wndproc_typed::<core::cell::RefCell<bool>, winmsg_executor::util::window::test::reenter_state::{closure#0}::{closure#0}>)
[INFO] [stdout]           >>> referenced by window.rs:234 (src/util/window.rs:234)
[INFO] [stdout]           >>>               /opt/rustwide/target/debug/deps/winmsg_executor-9d4aa2a710609b6a.winmsg_executor.3e592385647bd521-cgu.2.rcgu.o:(winmsg_executor::util::window::wndproc_typed::<(), <winmsg_executor::util::window::Window<()>>::new_checked<winmsg_executor::util::window::test::create_destroy_messages::{closure#0}>::{closure#0}>)
[INFO] [stdout]           >>> referenced by window.rs:234 (src/util/window.rs:234)
[INFO] [stdout]           >>>               /opt/rustwide/target/debug/deps/winmsg_executor-9d4aa2a710609b6a.winmsg_executor.3e592385647bd521-cgu.2.rcgu.o:(winmsg_executor::util::window::wndproc_typed::<(), winmsg_executor::test::disallow_wake_message_filtering::{closure#0}>)
[INFO] [stdout]           >>> referenced 2 more times
[INFO] [stdout]           
[INFO] [stdout]           rust-lld: error: undefined symbol: RegisterClassA
[INFO] [stdout]           >>> referenced by window.rs:114 (src/util/window.rs:114)
[INFO] [stdout]           >>>               /opt/rustwide/target/debug/deps/winmsg_executor-9d4aa2a710609b6a.winmsg_executor.3e592385647bd521-cgu.2.rcgu.o:(<winmsg_executor::util::window::Window<core::cell::RefCell<bool>>>::new::<winmsg_executor::util::window::test::reenter_state::{closure#0}::{closure#0}>::{closure#0})
[INFO] [stdout]           >>> referenced by window.rs:114 (src/util/window.rs:114)
[INFO] [stdout]           >>>               /opt/rustwide/target/debug/deps/winmsg_executor-9d4aa2a710609b6a.winmsg_executor.3e592385647bd521-cgu.2.rcgu.o:(<winmsg_executor::util::window::Window<()>>::new::<<winmsg_executor::util::window::Window<()>>::new_checked<winmsg_executor::util::window::test::create_destroy_messages::{closure#0}>::{closure#0}>::{closure#0})
[INFO] [stdout]           >>> referenced by window.rs:114 (src/util/window.rs:114)
[INFO] [stdout]           >>>               /opt/rustwide/target/debug/deps/winmsg_executor-9d4aa2a710609b6a.winmsg_executor.3e592385647bd521-cgu.2.rcgu.o:(<winmsg_executor::util::window::Window<()>>::new::<winmsg_executor::test::disallow_wake_message_filtering::{closure#0}>::{closure#0})
[INFO] [stdout]           >>> referenced 1 more times
[INFO] [stdout]           
[INFO] [stdout]           rust-lld: error: undefined symbol: DefWindowProcA
[INFO] [stdout]           >>> referenced by window.rs:262 (src/util/window.rs:262)
[INFO] [stdout]           >>>               /opt/rustwide/target/debug/deps/winmsg_executor-9d4aa2a710609b6a.winmsg_executor.3e592385647bd521-cgu.2.rcgu.o:(winmsg_executor::util::window::wndproc_typed::<core::cell::RefCell<bool>, winmsg_executor::util::window::test::reenter_state::{closure#0}::{closure#0}>::{closure#0})
[INFO] [stdout]           >>> referenced by window.rs:262 (src/util/window.rs:262)
[INFO] [stdout]           >>>               /opt/rustwide/target/debug/deps/winmsg_executor-9d4aa2a710609b6a.winmsg_executor.3e592385647bd521-cgu.2.rcgu.o:(winmsg_executor::util::window::wndproc_typed::<(), <winmsg_executor::util::window::Window<()>>::new_checked<winmsg_executor::util::window::test::create_destroy_messages::{closure#0}>::{closure#0}>::{closure#0})
[INFO] [stdout]           >>> referenced by window.rs:262 (src/util/window.rs:262)
[INFO] [stdout]           >>>               /opt/rustwide/target/debug/deps/winmsg_executor-9d4aa2a710609b6a.winmsg_executor.3e592385647bd521-cgu.2.rcgu.o:(winmsg_executor::util::window::wndproc_typed::<(), winmsg_executor::test::disallow_wake_message_filtering::{closure#0}>::{closure#0})
[INFO] [stdout]           >>> referenced 2 more times
[INFO] [stdout]           
[INFO] [stdout]           rust-lld: error: undefined symbol: SetWindowLongPtrA
[INFO] [stdout]           >>> referenced by window.rs:205 (src/util/window.rs:205)
[INFO] [stdout]           >>>               /opt/rustwide/target/debug/deps/winmsg_executor-9d4aa2a710609b6a.winmsg_executor.3e592385647bd521-cgu.2.rcgu.o:(winmsg_executor::util::window::wndproc_setup)
[INFO] [stdout]           >>> referenced by window.rs:210 (src/util/window.rs:210)
[INFO] [stdout]           >>>               /opt/rustwide/target/debug/deps/winmsg_executor-9d4aa2a710609b6a.winmsg_executor.3e592385647bd521-cgu.2.rcgu.o:(winmsg_executor::util::window::wndproc_setup)
[INFO] [stdout]           
[INFO] [stdout]           rust-lld: error: undefined symbol: SendMessageA
[INFO] [stdout]           >>> referenced by window.rs:213 (src/util/window.rs:213)
[INFO] [stdout]           >>>               /opt/rustwide/target/debug/deps/winmsg_executor-9d4aa2a710609b6a.winmsg_executor.3e592385647bd521-cgu.2.rcgu.o:(winmsg_executor::util::window::wndproc_setup)
[INFO] [stdout]           >>> referenced by lib.rs:508 (src/lib.rs:508)
[INFO] [stdout]           >>>               /opt/rustwide/target/debug/deps/winmsg_executor-9d4aa2a710609b6a.winmsg_executor.3e592385647bd521-cgu.6.rcgu.o:(winmsg_executor::test::message_loop_with_modal_dialog::{closure#1})
[INFO] [stdout]           >>> referenced by lib.rs:399 (src/lib.rs:399)
[INFO] [stdout]           >>>               /opt/rustwide/target/debug/deps/winmsg_executor-9d4aa2a710609b6a.winmsg_executor.3e592385647bd521-cgu.6.rcgu.o:(winmsg_executor::test::running_spawned_with_modal_dialog::{closure#0})
[INFO] [stdout]           
[INFO] [stdout]           rust-lld: error: undefined symbol: __ImageBase
[INFO] [stdout]           >>> referenced by window.rs:25 (src/util/window.rs:25)
[INFO] [stdout]           >>>               /opt/rustwide/target/debug/deps/winmsg_executor-9d4aa2a710609b6a.winmsg_executor.3e592385647bd521-cgu.2.rcgu.o:(winmsg_executor::util::window::get_instance_handle)
[INFO] [stdout]           >>> referenced by window.rs:0 (src/util/window.rs:0)
[INFO] [stdout]           >>>               /opt/rustwide/target/debug/deps/winmsg_executor-9d4aa2a710609b6a.winmsg_executor.3e592385647bd521-cgu.2.rcgu.o:(winmsg_executor::util::window::get_instance_handle)
[INFO] [stdout]           >>> referenced by window.rs:26 (src/util/window.rs:26)
[INFO] [stdout]           >>>               /opt/rustwide/target/debug/deps/winmsg_executor-9d4aa2a710609b6a.winmsg_executor.3e592385647bd521-cgu.2.rcgu.o:(winmsg_executor::util::window::get_instance_handle)
[INFO] [stdout]           
[INFO] [stdout]           rust-lld: error: undefined symbol: DestroyWindow
[INFO] [stdout]           >>> referenced by window.rs:61 (src/util/window.rs:61)
[INFO] [stdout]           >>>               /opt/rustwide/target/debug/deps/winmsg_executor-9d4aa2a710609b6a.winmsg_executor.3e592385647bd521-cgu.2.rcgu.o:(<winmsg_executor::util::window::Window<core::cell::RefCell<bool>> as core::ops::drop::Drop>::drop)
[INFO] [stdout]           >>> referenced by window.rs:61 (src/util/window.rs:61)
[INFO] [stdout]           >>>               /opt/rustwide/target/debug/deps/winmsg_executor-9d4aa2a710609b6a.winmsg_executor.3e592385647bd521-cgu.2.rcgu.o:(<winmsg_executor::util::window::Window<()> as core::ops::drop::Drop>::drop)
[INFO] [stdout]           
[INFO] [stdout]           rust-lld: error: undefined symbol: PostMessageA
[INFO] [stdout]           >>> referenced by window.rs:314 (src/util/window.rs:314)
[INFO] [stdout]           >>>               /opt/rustwide/target/debug/deps/winmsg_executor-9d4aa2a710609b6a.winmsg_executor.3e592385647bd521-cgu.3.rcgu.o:(winmsg_executor::util::window::test::reenter_state::{closure#0}::{closure#0})
[INFO] [stdout]           >>> referenced by window.rs:323 (src/util/window.rs:323)
[INFO] [stdout]           >>>               /opt/rustwide/target/debug/deps/winmsg_executor-9d4aa2a710609b6a.winmsg_executor.3e592385647bd521-cgu.3.rcgu.o:(winmsg_executor::util::window::test::reenter_state)
[INFO] [stdout]           >>> referenced by lib.rs:75 (src/lib.rs:75)
[INFO] [stdout]           >>>               /opt/rustwide/target/debug/deps/winmsg_executor-9d4aa2a710609b6a.winmsg_executor.3e592385647bd521-cgu.4.rcgu.o:(winmsg_executor::spawn_unchecked_lifetime::<(), winmsg_executor::block_on<(), winmsg_executor::test::nested_block_on::{closure#0}::{closure#0}>::{closure#0}>::{closure#1})
[INFO] [stdout]           >>> referenced 34 more times
[INFO] [stdout]           
[INFO] [stdout]           rust-lld: error: undefined symbol: GetMessageA
[INFO] [stdout]           >>> referenced by lib.rs:168 (src/lib.rs:168)
[INFO] [stdout]           >>>               /opt/rustwide/target/debug/deps/winmsg_executor-9d4aa2a710609b6a.winmsg_executor.3e592385647bd521-cgu.4.rcgu.o:(<winmsg_executor::MessageLoop>::run_loop::<<winmsg_executor::MessageLoop>::run<winmsg_executor::test::nested_message_loop::{closure#0}::{closure#0}>::{closure#1}>)
[INFO] [stdout]           >>> referenced by lib.rs:168 (src/lib.rs:168)
[INFO] [stdout]           >>>               /opt/rustwide/target/debug/deps/winmsg_executor-9d4aa2a710609b6a.winmsg_executor.3e592385647bd521-cgu.4.rcgu.o:(<winmsg_executor::MessageLoop>::run_loop::<<winmsg_executor::MessageLoop>::run<winmsg_executor::test::message_loop_quit::{closure#0}>::{closure#1}>)
[INFO] [stdout]           >>> referenced by lib.rs:168 (src/lib.rs:168)
[INFO] [stdout]           >>>               /opt/rustwide/target/debug/deps/winmsg_executor-9d4aa2a710609b6a.winmsg_executor.3e592385647bd521-cgu.4.rcgu.o:(<winmsg_executor::MessageLoop>::run_loop::<<winmsg_executor::MessageLoop>::run<winmsg_executor::test::nested_message_loop::{closure#0}>::{closure#1}>)
[INFO] [stdout]           >>> referenced 15 more times
[INFO] [stdout]           
[INFO] [stdout]           rust-lld: error: undefined symbol: TranslateMessage
[INFO] [stdout]           >>> referenced by lib.rs:176 (src/lib.rs:176)
[INFO] [stdout]           >>>               /opt/rustwide/target/debug/deps/winmsg_executor-9d4aa2a710609b6a.winmsg_executor.3e592385647bd521-cgu.4.rcgu.o:(<winmsg_executor::MessageLoop>::run_loop::<<winmsg_executor::MessageLoop>::run<winmsg_executor::test::nested_message_loop::{closure#0}::{closure#0}>::{closure#1}>)
[INFO] [stdout]           >>> referenced by lib.rs:176 (src/lib.rs:176)
[INFO] [stdout]           >>>               /opt/rustwide/target/debug/deps/winmsg_executor-9d4aa2a710609b6a.winmsg_executor.3e592385647bd521-cgu.4.rcgu.o:(<winmsg_executor::MessageLoop>::run_loop::<<winmsg_executor::MessageLoop>::run<winmsg_executor::test::message_loop_quit::{closure#0}>::{closure#1}>)
[INFO] [stdout]           >>> referenced by lib.rs:176 (src/lib.rs:176)
[INFO] [stdout]           >>>               /opt/rustwide/target/debug/deps/winmsg_executor-9d4aa2a710609b6a.winmsg_executor.3e592385647bd521-cgu.4.rcgu.o:(<winmsg_executor::MessageLoop>::run_loop::<<winmsg_executor::MessageLoop>::run<winmsg_executor::test::nested_message_loop::{closure#0}>::{closure#1}>)
[INFO] [stdout]           >>> referenced 15 more times
[INFO] [stdout]           
[INFO] [stdout]           rust-lld: error: undefined symbol: DispatchMessageA
[INFO] [stdout]           >>> referenced by lib.rs:177 (src/lib.rs:177)
[INFO] [stdout]           >>>               /opt/rustwide/target/debug/deps/winmsg_executor-9d4aa2a710609b6a.winmsg_executor.3e592385647bd521-cgu.4.rcgu.o:(<winmsg_executor::MessageLoop>::run_loop::<<winmsg_executor::MessageLoop>::run<winmsg_executor::test::nested_message_loop::{closure#0}::{closure#0}>::{closure#1}>)
[INFO] [stdout]           >>> referenced by lib.rs:177 (src/lib.rs:177)
[INFO] [stdout]           >>>               /opt/rustwide/target/debug/deps/winmsg_executor-9d4aa2a710609b6a.winmsg_executor.3e592385647bd521-cgu.4.rcgu.o:(<winmsg_executor::MessageLoop>::run_loop::<<winmsg_executor::MessageLoop>::run<winmsg_executor::test::message_loop_quit::{closure#0}>::{closure#1}>)
[INFO] [stdout]           >>> referenced by lib.rs:177 (src/lib.rs:177)
[INFO] [stdout]           >>>               /opt/rustwide/target/debug/deps/winmsg_executor-9d4aa2a710609b6a.winmsg_executor.3e592385647bd521-cgu.4.rcgu.o:(<winmsg_executor::MessageLoop>::run_loop::<<winmsg_executor::MessageLoop>::run<winmsg_executor::test::nested_message_loop::{closure#0}>::{closure#1}>)
[INFO] [stdout]           >>> referenced 15 more times
[INFO] [stdout]           
[INFO] [stdout]           rust-lld: error: undefined symbol: PostQuitMessage
[INFO] [stdout]           >>> referenced by lib.rs:253 (src/lib.rs:253)
[INFO] [stdout]           >>>               /opt/rustwide/target/debug/deps/winmsg_executor-9d4aa2a710609b6a.winmsg_executor.3e592385647bd521-cgu.4.rcgu.o:(<winmsg_executor::MessageLoop>::quit_when_idle)
[INFO] [stdout]           
[INFO] [stdout]           rust-lld: error: undefined symbol: CallNextHookEx
[INFO] [stdout]           >>> referenced by msg_filter_hook.rs:61 (src/util/msg_filter_hook.rs:61)
[INFO] [stdout]           >>>               /opt/rustwide/target/debug/deps/winmsg_executor-9d4aa2a710609b6a.winmsg_executor.3e592385647bd521-cgu.6.rcgu.o:(winmsg_executor::util::msg_filter_hook::hook_proc::<<winmsg_executor::MessageLoop>::run<winmsg_executor::test::nested_message_loop::{closure#0}::{closure#0}>::{closure#0}>)
[INFO] [stdout]           >>> referenced by msg_filter_hook.rs:61 (src/util/msg_filter_hook.rs:61)
[INFO] [stdout]           >>>               /opt/rustwide/target/debug/deps/winmsg_executor-9d4aa2a710609b6a.winmsg_executor.3e592385647bd521-cgu.6.rcgu.o:(winmsg_executor::util::msg_filter_hook::hook_proc::<<winmsg_executor::MessageLoop>::run<winmsg_executor::test::message_loop_quit::{closure#0}>::{closure#0}>)
[INFO] [stdout]           >>> referenced by msg_filter_hook.rs:61 (src/util/msg_filter_hook.rs:61)
[INFO] [stdout]           >>>               /opt/rustwide/target/debug/deps/winmsg_executor-9d4aa2a710609b6a.winmsg_executor.3e592385647bd521-cgu.6.rcgu.o:(winmsg_executor::util::msg_filter_hook::hook_proc::<<winmsg_executor::MessageLoop>::run<winmsg_executor::test::nested_message_loop::{closure#0}>::{closure#0}>)
[INFO] [stdout]           >>> referenced 9 more times
[INFO] [stdout]           
[INFO] [stdout]           rust-lld: error: undefined symbol: MessageBoxA
[INFO] [stdout]           >>> referenced by lib.rs:467 (src/lib.rs:467)
[INFO] [stdout]           >>>               /opt/rustwide/target/debug/deps/winmsg_executor-9d4aa2a710609b6a.winmsg_executor.3e592385647bd521-cgu.6.rcgu.o:(winmsg_executor::test::reenter_filter_closure_quit::{closure#0})
[INFO] [stdout]           >>> referenced by lib.rs:437 (src/lib.rs:437)
[INFO] [stdout]           >>>               /opt/rustwide/target/debug/deps/winmsg_executor-9d4aa2a710609b6a.winmsg_executor.3e592385647bd521-cgu.6.rcgu.o:(winmsg_executor::test::reenter_filter_closure_panic::{closure#0})
[INFO] [stdout]           >>> referenced by lib.rs:489 (src/lib.rs:489)
[INFO] [stdout]           >>>               /opt/rustwide/target/debug/deps/winmsg_executor-9d4aa2a710609b6a.winmsg_executor.3e592385647bd521-cgu.6.rcgu.o:(winmsg_executor::test::message_loop_with_modal_dialog::{closure#0})
[INFO] [stdout]           >>> referenced 2 more times
[INFO] [stdout]           
[INFO] [stdout]           rust-lld: error: undefined symbol: GetCurrentThreadId
[INFO] [stdout]           >>> referenced by msg_filter_hook.rs:32 (src/util/msg_filter_hook.rs:32)
[INFO] [stdout]           >>>               /opt/rustwide/target/debug/deps/winmsg_executor-9d4aa2a710609b6a.winmsg_executor.3e592385647bd521-cgu.6.rcgu.o:(<winmsg_executor::util::msg_filter_hook::MsgFilterHook<<winmsg_executor::MessageLoop>::run<winmsg_executor::test::nested_message_loop::{closure#0}::{closure#0}>::{closure#0}>>::register)
[INFO] [stdout]           >>> referenced by msg_filter_hook.rs:32 (src/util/msg_filter_hook.rs:32)
[INFO] [stdout]           >>>               /opt/rustwide/target/debug/deps/winmsg_executor-9d4aa2a710609b6a.winmsg_executor.3e592385647bd521-cgu.6.rcgu.o:(<winmsg_executor::util::msg_filter_hook::MsgFilterHook<<winmsg_executor::MessageLoop>::run<winmsg_executor::test::message_loop_quit::{closure#0}>::{closure#0}>>::register)
[INFO] [stdout]           >>> referenced by msg_filter_hook.rs:32 (src/util/msg_filter_hook.rs:32)
[INFO] [stdout]           >>>               /opt/rustwide/target/debug/deps/winmsg_executor-9d4aa2a710609b6a.winmsg_executor.3e592385647bd521-cgu.6.rcgu.o:(<winmsg_executor::util::msg_filter_hook::MsgFilterHook<<winmsg_executor::MessageLoop>::run<winmsg_executor::test::nested_message_loop::{closure#0}>::{closure#0}>>::register)
[INFO] [stdout]           >>> referenced 9 more times
[INFO] [stdout]           
[INFO] [stdout]           rust-lld: error: undefined symbol: SetWindowsHookExA
[INFO] [stdout]           >>> referenced by msg_filter_hook.rs:28 (src/util/msg_filter_hook.rs:28)
[INFO] [stdout]           >>>               /opt/rustwide/target/debug/deps/winmsg_executor-9d4aa2a710609b6a.winmsg_executor.3e592385647bd521-cgu.6.rcgu.o:(<winmsg_executor::util::msg_filter_hook::MsgFilterHook<<winmsg_executor::MessageLoop>::run<winmsg_executor::test::nested_message_loop::{closure#0}::{closure#0}>::{closure#0}>>::register)
[INFO] [stdout]           >>> referenced by msg_filter_hook.rs:28 (src/util/msg_filter_hook.rs:28)
[INFO] [stdout]           >>>               /opt/rustwide/target/debug/deps/winmsg_executor-9d4aa2a710609b6a.winmsg_executor.3e592385647bd521-cgu.6.rcgu.o:(<winmsg_executor::util::msg_filter_hook::MsgFilterHook<<winmsg_executor::MessageLoop>::run<winmsg_executor::test::message_loop_quit::{closure#0}>::{closure#0}>>::register)
[INFO] [stdout]           >>> referenced by msg_filter_hook.rs:28 (src/util/msg_filter_hook.rs:28)
[INFO] [stdout]           >>>               /opt/rustwide/target/debug/deps/winmsg_executor-9d4aa2a710609b6a.winmsg_executor.3e592385647bd521-cgu.6.rcgu.o:(<winmsg_executor::util::msg_filter_hook::MsgFilterHook<<winmsg_executor::MessageLoop>::run<winmsg_executor::test::nested_message_loop::{closure#0}>::{closure#0}>>::register)
[INFO] [stdout]           >>> referenced 9 more times
[INFO] [stdout]           
[INFO] [stdout]           rust-lld: error: undefined symbol: FindWindowA
[INFO] [stdout]           >>> referenced by lib.rs:377 (src/lib.rs:377)
[INFO] [stdout]           >>>               /opt/rustwide/target/debug/deps/winmsg_executor-9d4aa2a710609b6a.winmsg_executor.3e592385647bd521-cgu.6.rcgu.o:(winmsg_executor::test::window_by_name)
[INFO] [stdout]           
[INFO] [stdout]           rust-lld: error: undefined symbol: UnhookWindowsHookEx
[INFO] [stdout]           >>> referenced by msg_filter_hook.rs:44 (src/util/msg_filter_hook.rs:44)
[INFO] [stdout]           >>>               /opt/rustwide/target/debug/deps/winmsg_executor-9d4aa2a710609b6a.winmsg_executor.3e592385647bd521-cgu.6.rcgu.o:(<winmsg_executor::util::msg_filter_hook::MsgFilterHook<<winmsg_executor::MessageLoop>::run<winmsg_executor::test::nested_message_loop::{closure#0}::{closure#0}>::{closure#0}> as core::ops::drop::Drop>::drop)
[INFO] [stdout]           >>> referenced by msg_filter_hook.rs:44 (src/util/msg_filter_hook.rs:44)
[INFO] [stdout]           >>>               /opt/rustwide/target/debug/deps/winmsg_executor-9d4aa2a710609b6a.winmsg_executor.3e592385647bd521-cgu.6.rcgu.o:(<winmsg_executor::util::msg_filter_hook::MsgFilterHook<<winmsg_executor::MessageLoop>::run<winmsg_executor::test::message_loop_quit::{closure#0}>::{closure#0}> as core::ops::drop::Drop>::drop)
[INFO] [stdout]           >>> referenced by msg_filter_hook.rs:44 (src/util/msg_filter_hook.rs:44)
[INFO] [stdout]           >>>               /opt/rustwide/target/debug/deps/winmsg_executor-9d4aa2a710609b6a.winmsg_executor.3e592385647bd521-cgu.6.rcgu.o:(<winmsg_executor::util::msg_filter_hook::MsgFilterHook<<winmsg_executor::MessageLoop>::run<winmsg_executor::test::nested_message_loop::{closure#0}>::{closure#0}> as core::ops::drop::Drop>::drop)
[INFO] [stdout]           >>> referenced 9 more times
[INFO] [stdout]           collect2: error: ld returned 1 exit status
[INFO] [stdout]           
[INFO] [stdout] 
[INFO] [stdout] 
[INFO] [stderr] error: could not compile `winmsg-executor` (lib test) due to 1 previous error
[INFO] running `Command { std: "docker" "inspect" "a2653a28004e034909f23bf010c1bb20f9da207bac72d1dc84caa1525117ee1a", kill_on_drop: false }`
[INFO] running `Command { std: "docker" "rm" "-f" "a2653a28004e034909f23bf010c1bb20f9da207bac72d1dc84caa1525117ee1a", kill_on_drop: false }`
[INFO] [stdout] a2653a28004e034909f23bf010c1bb20f9da207bac72d1dc84caa1525117ee1a
