[INFO] fetching crate winit_craft 0.30.10...
[INFO] testing winit_craft-0.30.10 against 1.99.0-beta.8 for beta-1.100-2
[INFO] extracting crate winit_craft 0.30.10 into /workspace/builds/worker-1-tc1/source
[INFO] started tweaking crates.io crate winit_craft 0.30.10
[INFO] removed 0 missing examples
[INFO] removed 0 missing tests
[INFO] finished tweaking crates.io crate winit_craft 0.30.10
[INFO] tweaked toml for crates.io crate winit_craft 0.30.10 written to /workspace/builds/worker-1-tc1/source/Cargo.toml
[INFO] validating manifest of crates.io crate winit_craft 0.30.10 on toolchain 1.99.0-beta.8
[INFO] running `Command { std: CARGO_HOME="/workspace/cargo-home" RUSTUP_HOME="/workspace/rustup-home" "/workspace/cargo-home/bin/cargo" "+1.99.0-beta.8" "metadata" "--manifest-path" "Cargo.toml" "--no-deps", kill_on_drop: false }`
[INFO] crate crates.io crate winit_craft 0.30.10 already has a lockfile, it will not be regenerated
[INFO] running `Command { std: CARGO_HOME="/workspace/cargo-home" RUSTUP_HOME="/workspace/rustup-home" "/workspace/cargo-home/bin/cargo" "+1.99.0-beta.8" "fetch" "--manifest-path" "Cargo.toml", kill_on_drop: false }`
[INFO] [stderr]     Updating crates.io index
[INFO] [stderr]  Downloading crates ...
[INFO] [stderr]   Downloaded bitflags v2.9.0
[INFO] [stderr]   Downloaded libloading v0.8.7
[INFO] [stderr]   Downloaded xkbcommon-dl v0.4.2
[INFO] [stderr]   Downloaded dlib v0.5.2
[INFO] [stderr]   Downloaded windows-targets v0.53.0
[INFO] [stderr]   Downloaded thread_local v1.1.8
[INFO] [stderr]   Downloaded matchers v0.1.0
[INFO] [stderr]   Downloaded wayland-protocols-wlr v0.3.8
[INFO] [stderr]   Downloaded wayland-cursor v0.31.10
[INFO] [stderr]   Downloaded minicov v0.3.7
[INFO] [stderr]   Downloaded cursor-icon v1.1.0
[INFO] [stderr]   Downloaded xcursor v0.3.8
[INFO] [stderr]   Downloaded calloop v0.13.0
[INFO] [stderr]   Downloaded percent-encoding v2.3.1
[INFO] [stderr]   Downloaded objc2-core-video v0.3.1
[INFO] [stderr]   Downloaded calloop-wayland-source v0.3.0
[INFO] [stderr]   Downloaded dpi v0.1.2
[INFO] [stderr]   Downloaded crossfont v0.8.0
[INFO] [stderr]   Downloaded gethostname v0.4.3
[INFO] [stderr]   Downloaded nu-ansi-term v0.46.0
[INFO] [stderr]   Downloaded errno v0.3.11
[INFO] [stderr]   Downloaded wayland-csd-frame v0.3.0
[INFO] [stderr]   Downloaded num_enum_derive v0.7.3
[INFO] [stderr]   Downloaded proc-macro-crate v3.3.0
[INFO] [stderr]   Downloaded ab_glyph v0.2.29
[INFO] [stderr]   Downloaded toml_datetime v0.6.9
[INFO] [stderr]   Downloaded wayland-scanner v0.31.6
[INFO] [stderr]   Downloaded wasm-bindgen-test-macro v0.3.50
[INFO] [stderr]   Downloaded ctor-lite v0.1.0
[INFO] [stderr]   Downloaded tracing-web v0.1.3
[INFO] [stderr]   Downloaded hermit-abi v0.4.0
[INFO] [stderr]   Downloaded android-properties v0.2.2
[INFO] [stderr]   Downloaded yeslogic-fontconfig-sys v5.0.0
[INFO] [stderr]   Downloaded core-text v20.1.0
[INFO] [stderr]   Downloaded wayland-sys v0.31.6
[INFO] [stderr]   Downloaded objc-sys v0.3.5
[INFO] [stderr]   Downloaded wasm-bindgen-futures v0.4.50
[INFO] [stderr]   Downloaded memmap2 v0.9.5
[INFO] [stderr]   Downloaded cstr v0.2.12
[INFO] [stderr]   Downloaded block2 v0.6.1
[INFO] [stderr]   Downloaded rustversion v1.0.20
[INFO] [stderr]   Downloaded wayland-protocols-plasma v0.3.8
[INFO] [stderr]   Downloaded overload v0.1.1
[INFO] [stderr]   Downloaded objc2-quartz-core v0.2.2
[INFO] [stderr]   Downloaded tiny-xlib v0.2.4
[INFO] [stderr]   Downloaded block2 v0.5.1
[INFO] [stderr]   Downloaded smol_str v0.3.2
[INFO] [stderr]   Downloaded dwrote v0.11.3
[INFO] [stderr]   Downloaded wasm-bindgen-test v0.3.50
[INFO] [stderr]   Downloaded smithay-client-toolkit v0.19.2
[INFO] [stderr]   Downloaded r-efi v5.2.0
[INFO] [stderr]   Downloaded softbuffer v0.4.6
[INFO] [stderr]   Downloaded redox_syscall v0.5.12
[INFO] [stderr]   Downloaded num_enum v0.7.3
[INFO] [stderr]   Downloaded smallvec v1.15.0
[INFO] [stderr]   Downloaded tracing-core v0.1.33
[INFO] [stderr]   Downloaded objc2-metal v0.2.2
[INFO] [stderr]   Downloaded bytemuck v1.23.0
[INFO] [stderr]   Downloaded polling v3.7.4
[INFO] [stderr]   Downloaded sctk-adwaita v0.10.1
[INFO] [stderr]   Downloaded dispatch2 v0.3.0
[INFO] [stderr]   Downloaded miniz_oxide v0.8.8
[INFO] [stderr]   Downloaded flate2 v1.1.1
[INFO] [stderr]   Downloaded x11-dl v2.21.0
[INFO] [stderr]   Downloaded wayland-client v0.31.10
[INFO] [stderr]   Downloaded wayland-backend v0.3.10
[INFO] [stderr]   Downloaded indexmap v2.9.0
[INFO] [stderr]   Downloaded bumpalo v3.17.0
[INFO] [stderr]   Downloaded regex-automata v0.1.10
[INFO] [stderr]   Downloaded borsh v1.5.7
[INFO] [stderr]   Downloaded objc2-core-graphics v0.3.1
[INFO] [stderr]   Downloaded zerocopy-derive v0.8.25
[INFO] [stderr]   Downloaded cc v1.2.22
[INFO] [stderr]   Downloaded freetype-rs v0.36.0
[INFO] [stderr]   Downloaded ndk v0.9.0
[INFO] [stderr]   Downloaded hashbrown v0.15.3
[INFO] [stderr]   Downloaded toml_edit v0.22.26
[INFO] [stderr]   Downloaded zerocopy v0.8.25
[INFO] [stderr]   Downloaded owned_ttf_parser v0.25.0
[INFO] [stderr]   Downloaded objc2-core-foundation v0.3.1
[INFO] [stderr]   Downloaded syn v2.0.101
[INFO] [stderr]   Downloaded tracing-subscriber v0.3.19
[INFO] [stderr]   Downloaded wayland-protocols v0.32.8
[INFO] [stderr]   Downloaded objc2 v0.5.2
[INFO] [stderr]   Downloaded winnow v0.7.10
[INFO] [stderr]   Downloaded x11rb v0.13.1
[INFO] [stderr]   Downloaded regex v1.11.1
[INFO] [stderr]   Downloaded objc2 v0.6.1
[INFO] [stderr]   Downloaded image v0.25.6
[INFO] [stderr]   Downloaded android-activity v0.6.0
[INFO] [stderr]   Downloaded objc2-foundation v0.2.2
[INFO] [stderr]   Downloaded objc2-foundation v0.3.1
[INFO] [stderr]   Downloaded regex-syntax v0.8.5
[INFO] [stderr]   Downloaded objc2-ui-kit v0.3.1
[INFO] [stderr]   Downloaded objc2-app-kit v0.3.1
[INFO] [stderr]   Downloaded x11rb-protocol v0.13.1
[INFO] [stderr]   Downloaded web-sys v0.3.77
[INFO] [stderr]   Downloaded regex-automata v0.4.9
[INFO] [stderr]   Downloaded libc v0.2.172
[INFO] [stderr]   Downloaded orbclient v0.3.48
[INFO] running `Command { std: "docker" "create" "-v" "/var/lib/crater-agent-workspace/builds/worker-1-tc1/source:/opt/rustwide/workdir:ro,Z" "-v" "/var/lib/crater-agent-workspace/builds/worker-1-tc1/target:/opt/rustwide/target:rw,Z" "-v" "/var/lib/crater-agent-workspace/cargo-home:/opt/rustwide/cargo-home:ro,Z" "-v" "/var/lib/crater-agent-workspace/rustup-home:/opt/rustwide/rustup-home:ro,Z" "-m" "1610612736" "--network" "none" "ghcr.io/rust-lang/crates-build-env/linux@sha256:3111399a4047eeb3a02b7a90e478d715f38a8c6669b5c4b49d30a17385265909" "sleep" "infinity", kill_on_drop: false }`
[INFO] [stdout] 926ce5d10327336c68ee8fe540269e5a5f71fcec65db6bb1c3fb448128cf0ad7
[INFO] running `Command { std: "docker" "start" "926ce5d10327336c68ee8fe540269e5a5f71fcec65db6bb1c3fb448128cf0ad7", kill_on_drop: false }`
[INFO] running `Command { std: "docker" "inspect" "926ce5d10327336c68ee8fe540269e5a5f71fcec65db6bb1c3fb448128cf0ad7", kill_on_drop: false }`
[INFO] running `Command { std: "docker" "exec" "-e" "SOURCE_DIR=/opt/rustwide/workdir" "-e" "CARGO_HOME=/opt/rustwide/cargo-home" "-e" "RUSTUP_HOME=/opt/rustwide/rustup-home" "-e" "CARGO_TARGET_DIR=/opt/rustwide/target" "-w" "/opt/rustwide/workdir" "--user" "0:0" "926ce5d10327336c68ee8fe540269e5a5f71fcec65db6bb1c3fb448128cf0ad7" "/opt/rustwide/cargo-home/bin/cargo" "+1.99.0-beta.8" "metadata" "--no-deps" "--format-version=1", kill_on_drop: false }`
[INFO] running `Command { std: "docker" "inspect" "926ce5d10327336c68ee8fe540269e5a5f71fcec65db6bb1c3fb448128cf0ad7", kill_on_drop: false }`
[INFO] running `Command { std: "docker" "exec" "-e" "SOURCE_DIR=/opt/rustwide/workdir" "-e" "CARGO_HOME=/opt/rustwide/cargo-home" "-e" "RUSTUP_HOME=/opt/rustwide/rustup-home" "-e" "CARGO_TARGET_DIR=/opt/rustwide/target" "-e" "CARGO_INCREMENTAL=0" "-e" "RUST_BACKTRACE=full" "-e" "RUSTFLAGS=--cap-lints=warn" "-e" "RUSTDOCFLAGS=--cap-lints=warn" "-w" "/opt/rustwide/workdir" "--user" "0:0" "926ce5d10327336c68ee8fe540269e5a5f71fcec65db6bb1c3fb448128cf0ad7" "/opt/rustwide/cargo-home/bin/cargo" "+1.99.0-beta.8" "build" "--frozen" "--message-format=json", kill_on_drop: false }`
[INFO] [stderr]    Compiling proc-macro2 v1.0.95
[INFO] [stderr]    Compiling rustix v0.38.44
[INFO] [stderr]    Compiling bitflags v2.9.0
[INFO] [stderr]    Compiling libloading v0.8.7
[INFO] [stderr]    Compiling linux-raw-sys v0.4.15
[INFO] [stderr]    Compiling log v0.4.27
[INFO] [stderr]    Compiling wayland-sys v0.31.6
[INFO] [stderr]    Compiling memchr v2.7.4
[INFO] [stderr]    Compiling smallvec v1.15.0
[INFO] [stderr]    Compiling scoped-tls v1.0.1
[INFO] [stderr]    Compiling downcast-rs v1.2.1
[INFO] [stderr]    Compiling wayland-client v0.31.10
[INFO] [stderr]    Compiling libc v0.2.172
[INFO] [stderr]    Compiling cc v1.2.22
[INFO] [stderr]    Compiling autocfg v1.4.0
[INFO] [stderr]    Compiling tracing-core v0.1.33
[INFO] [stderr]    Compiling dlib v0.5.2
[INFO] [stderr]    Compiling xkeysym v0.2.1
[INFO] [stderr]    Compiling arrayref v0.3.9
[INFO] [stderr]    Compiling getrandom v0.3.3
[INFO] [stderr]    Compiling xcursor v0.3.8
[INFO] [stderr]    Compiling ttf-parser v0.25.1
[INFO] [stderr]    Compiling smithay-client-toolkit v0.19.2
[INFO] [stderr]    Compiling strict-num v0.1.1
[INFO] [stderr]    Compiling cursor-icon v1.1.0
[INFO] [stderr]    Compiling bytemuck v1.23.0
[INFO] [stderr]    Compiling zerocopy v0.8.25
[INFO] [stderr]    Compiling ahash v0.8.12
[INFO] [stderr]    Compiling slab v0.4.9
[INFO] [stderr]    Compiling x11-dl v2.21.0
[INFO] [stderr]    Compiling arrayvec v0.7.6
[INFO] [stderr]    Compiling cfg_aliases v0.2.1
[INFO] [stderr]    Compiling tiny-skia-path v0.11.4
[INFO] [stderr]    Compiling winit_craft v0.30.10 (/opt/rustwide/workdir)
[INFO] [stderr]    Compiling x11rb-protocol v0.13.1
[INFO] [stdout] warning: trailing semicolon in macro used in expression position
[INFO] [stdout]   --> build.rs:8:5
[INFO] [stdout]    |
[INFO] [stdout]  8 | /     cfg_aliases! {
[INFO] [stdout]  9 | |         // Systems.
[INFO] [stdout] 10 | |         android_platform: { target_os = "android" },
[INFO] [stdout] 11 | |         web_platform: { all(target_family = "wasm", target_os = "unknown") },
[INFO] [stdout] ...  |
[INFO] [stdout] 21 | |         orbital_platform: { redox },
[INFO] [stdout] 22 | |     }
[INFO] [stdout]    | |_____^
[INFO] [stdout]    |
[INFO] [stdout]    = warning: this was previously accepted by the compiler but is being phased out; it will become a hard error in a future release!
[INFO] [stdout]    = note: for more information, see issue #79813 <https://github.com/rust-lang/rust/issues/79813>
[INFO] [stdout]    = note: `#[warn(semicolon_in_expressions_from_non_local_macros)]` (part of `#[warn(future_incompatible)]`) on by default
[INFO] [stdout]    = note: this warning originates in the macro `$crate::cfg_aliases` which comes from the expansion of the macro `cfg_aliases` (in Nightly builds, run with -Z macro-backtrace for more info)
[INFO] [stdout] 
[INFO] [stdout] 
[INFO] [stdout] warning: trailing semicolon in macro used in expression position
[INFO] [stdout]   --> build.rs:8:5
[INFO] [stdout]    |
[INFO] [stdout]  8 | /     cfg_aliases! {
[INFO] [stdout]  9 | |         // Systems.
[INFO] [stdout] 10 | |         android_platform: { target_os = "android" },
[INFO] [stdout] 11 | |         web_platform: { all(target_family = "wasm", target_os = "unknown") },
[INFO] [stdout] ...  |
[INFO] [stdout] 21 | |         orbital_platform: { redox },
[INFO] [stdout] 22 | |     }
[INFO] [stdout]    | |_____^
[INFO] [stdout]    |
[INFO] [stdout]    = warning: this was previously accepted by the compiler but is being phased out; it will become a hard error in a future release!
[INFO] [stdout]    = note: for more information, see issue #79813 <https://github.com/rust-lang/rust/issues/79813>
[INFO] [stdout]    = note: this warning originates in the macro `$crate::cfg_aliases` which comes from the expansion of the macro `cfg_aliases` (in Nightly builds, run with -Z macro-backtrace for more info)
[INFO] [stdout] 
[INFO] [stdout] 
[INFO] [stdout] warning: trailing semicolon in macro used in expression position
[INFO] [stdout]   --> build.rs:8:5
[INFO] [stdout]    |
[INFO] [stdout]  8 | /     cfg_aliases! {
[INFO] [stdout]  9 | |         // Systems.
[INFO] [stdout] 10 | |         android_platform: { target_os = "android" },
[INFO] [stdout] 11 | |         web_platform: { all(target_family = "wasm", target_os = "unknown") },
[INFO] [stdout] ...  |
[INFO] [stdout] 21 | |         orbital_platform: { redox },
[INFO] [stdout] 22 | |     }
[INFO] [stdout]    | |_____^
[INFO] [stdout]    |
[INFO] [stdout]    = warning: this was previously accepted by the compiler but is being phased out; it will become a hard error in a future release!
[INFO] [stdout]    = note: for more information, see issue #79813 <https://github.com/rust-lang/rust/issues/79813>
[INFO] [stdout]    = note: this warning originates in the macro `$crate::cfg_aliases` which comes from the expansion of the macro `cfg_aliases` (in Nightly builds, run with -Z macro-backtrace for more info)
[INFO] [stdout] 
[INFO] [stdout] 
[INFO] [stdout] warning: trailing semicolon in macro used in expression position
[INFO] [stdout]   --> build.rs:8:5
[INFO] [stdout]    |
[INFO] [stdout]  8 | /     cfg_aliases! {
[INFO] [stdout]  9 | |         // Systems.
[INFO] [stdout] 10 | |         android_platform: { target_os = "android" },
[INFO] [stdout] 11 | |         web_platform: { all(target_family = "wasm", target_os = "unknown") },
[INFO] [stdout] ...  |
[INFO] [stdout] 21 | |         orbital_platform: { redox },
[INFO] [stdout] 22 | |     }
[INFO] [stdout]    | |_____^
[INFO] [stdout]    |
[INFO] [stdout]    = warning: this was previously accepted by the compiler but is being phased out; it will become a hard error in a future release!
[INFO] [stdout]    = note: for more information, see issue #79813 <https://github.com/rust-lang/rust/issues/79813>
[INFO] [stdout]    = note: this warning originates in the macro `$crate::cfg_aliases` which comes from the expansion of the macro `cfg_aliases` (in Nightly builds, run with -Z macro-backtrace for more info)
[INFO] [stdout] 
[INFO] [stdout] 
[INFO] [stdout] warning: trailing semicolon in macro used in expression position
[INFO] [stdout]   --> build.rs:8:5
[INFO] [stdout]    |
[INFO] [stdout]  8 | /     cfg_aliases! {
[INFO] [stdout]  9 | |         // Systems.
[INFO] [stdout] 10 | |         android_platform: { target_os = "android" },
[INFO] [stdout] 11 | |         web_platform: { all(target_family = "wasm", target_os = "unknown") },
[INFO] [stdout] ...  |
[INFO] [stdout] 21 | |         orbital_platform: { redox },
[INFO] [stdout] 22 | |     }
[INFO] [stdout]    | |_____^
[INFO] [stdout]    |
[INFO] [stdout]    = warning: this was previously accepted by the compiler but is being phased out; it will become a hard error in a future release!
[INFO] [stdout]    = note: for more information, see issue #79813 <https://github.com/rust-lang/rust/issues/79813>
[INFO] [stdout]    = note: this warning originates in the macro `$crate::cfg_aliases` which comes from the expansion of the macro `cfg_aliases` (in Nightly builds, run with -Z macro-backtrace for more info)
[INFO] [stdout] 
[INFO] [stdout] 
[INFO] [stdout] warning: trailing semicolon in macro used in expression position
[INFO] [stdout]   --> build.rs:8:5
[INFO] [stdout]    |
[INFO] [stdout]  8 | /     cfg_aliases! {
[INFO] [stdout]  9 | |         // Systems.
[INFO] [stdout] 10 | |         android_platform: { target_os = "android" },
[INFO] [stdout] 11 | |         web_platform: { all(target_family = "wasm", target_os = "unknown") },
[INFO] [stdout] ...  |
[INFO] [stdout] 21 | |         orbital_platform: { redox },
[INFO] [stdout] 22 | |     }
[INFO] [stdout]    | |_____^
[INFO] [stdout]    |
[INFO] [stdout]    = warning: this was previously accepted by the compiler but is being phased out; it will become a hard error in a future release!
[INFO] [stdout]    = note: for more information, see issue #79813 <https://github.com/rust-lang/rust/issues/79813>
[INFO] [stdout]    = note: this warning originates in the macro `$crate::cfg_aliases` which comes from the expansion of the macro `cfg_aliases` (in Nightly builds, run with -Z macro-backtrace for more info)
[INFO] [stdout] 
[INFO] [stdout] 
[INFO] [stdout] warning: trailing semicolon in macro used in expression position
[INFO] [stdout]   --> build.rs:8:5
[INFO] [stdout]    |
[INFO] [stdout]  8 | /     cfg_aliases! {
[INFO] [stdout]  9 | |         // Systems.
[INFO] [stdout] 10 | |         android_platform: { target_os = "android" },
[INFO] [stdout] 11 | |         web_platform: { all(target_family = "wasm", target_os = "unknown") },
[INFO] [stdout] ...  |
[INFO] [stdout] 21 | |         orbital_platform: { redox },
[INFO] [stdout] 22 | |     }
[INFO] [stdout]    | |_____^
[INFO] [stdout]    |
[INFO] [stdout]    = warning: this was previously accepted by the compiler but is being phased out; it will become a hard error in a future release!
[INFO] [stdout]    = note: for more information, see issue #79813 <https://github.com/rust-lang/rust/issues/79813>
[INFO] [stdout]    = note: this warning originates in the macro `$crate::cfg_aliases` which comes from the expansion of the macro `cfg_aliases` (in Nightly builds, run with -Z macro-backtrace for more info)
[INFO] [stdout] 
[INFO] [stdout] 
[INFO] [stdout] warning: trailing semicolon in macro used in expression position
[INFO] [stdout]   --> build.rs:8:5
[INFO] [stdout]    |
[INFO] [stdout]  8 | /     cfg_aliases! {
[INFO] [stdout]  9 | |         // Systems.
[INFO] [stdout] 10 | |         android_platform: { target_os = "android" },
[INFO] [stdout] 11 | |         web_platform: { all(target_family = "wasm", target_os = "unknown") },
[INFO] [stdout] ...  |
[INFO] [stdout] 21 | |         orbital_platform: { redox },
[INFO] [stdout] 22 | |     }
[INFO] [stdout]    | |_____^
[INFO] [stdout]    |
[INFO] [stdout]    = warning: this was previously accepted by the compiler but is being phased out; it will become a hard error in a future release!
[INFO] [stdout]    = note: for more information, see issue #79813 <https://github.com/rust-lang/rust/issues/79813>
[INFO] [stdout]    = note: this warning originates in the macro `$crate::cfg_aliases` which comes from the expansion of the macro `cfg_aliases` (in Nightly builds, run with -Z macro-backtrace for more info)
[INFO] [stdout] 
[INFO] [stdout] 
[INFO] [stdout] warning: trailing semicolon in macro used in expression position
[INFO] [stdout]   --> build.rs:8:5
[INFO] [stdout]    |
[INFO] [stdout]  8 | /     cfg_aliases! {
[INFO] [stdout]  9 | |         // Systems.
[INFO] [stdout] 10 | |         android_platform: { target_os = "android" },
[INFO] [stdout] 11 | |         web_platform: { all(target_family = "wasm", target_os = "unknown") },
[INFO] [stdout] ...  |
[INFO] [stdout] 21 | |         orbital_platform: { redox },
[INFO] [stdout] 22 | |     }
[INFO] [stdout]    | |_____^
[INFO] [stdout]    |
[INFO] [stdout]    = warning: this was previously accepted by the compiler but is being phased out; it will become a hard error in a future release!
[INFO] [stdout]    = note: for more information, see issue #79813 <https://github.com/rust-lang/rust/issues/79813>
[INFO] [stdout]    = note: this warning originates in the macro `$crate::cfg_aliases` which comes from the expansion of the macro `cfg_aliases` (in Nightly builds, run with -Z macro-backtrace for more info)
[INFO] [stdout] 
[INFO] [stdout] 
[INFO] [stdout] warning: trailing semicolon in macro used in expression position
[INFO] [stdout]   --> build.rs:8:5
[INFO] [stdout]    |
[INFO] [stdout]  8 | /     cfg_aliases! {
[INFO] [stdout]  9 | |         // Systems.
[INFO] [stdout] 10 | |         android_platform: { target_os = "android" },
[INFO] [stdout] 11 | |         web_platform: { all(target_family = "wasm", target_os = "unknown") },
[INFO] [stdout] ...  |
[INFO] [stdout] 21 | |         orbital_platform: { redox },
[INFO] [stdout] 22 | |     }
[INFO] [stdout]    | |_____^
[INFO] [stdout]    |
[INFO] [stdout]    = warning: this was previously accepted by the compiler but is being phased out; it will become a hard error in a future release!
[INFO] [stdout]    = note: for more information, see issue #79813 <https://github.com/rust-lang/rust/issues/79813>
[INFO] [stdout]    = note: this warning originates in the macro `$crate::cfg_aliases` which comes from the expansion of the macro `cfg_aliases` (in Nightly builds, run with -Z macro-backtrace for more info)
[INFO] [stdout] 
[INFO] [stdout] 
[INFO] [stdout] warning: trailing semicolon in macro used in expression position
[INFO] [stdout]   --> build.rs:8:5
[INFO] [stdout]    |
[INFO] [stdout]  8 | /     cfg_aliases! {
[INFO] [stdout]  9 | |         // Systems.
[INFO] [stdout] 10 | |         android_platform: { target_os = "android" },
[INFO] [stdout] 11 | |         web_platform: { all(target_family = "wasm", target_os = "unknown") },
[INFO] [stdout] ...  |
[INFO] [stdout] 21 | |         orbital_platform: { redox },
[INFO] [stdout] 22 | |     }
[INFO] [stdout]    | |_____^
[INFO] [stdout]    |
[INFO] [stdout]    = warning: this was previously accepted by the compiler but is being phased out; it will become a hard error in a future release!
[INFO] [stdout]    = note: for more information, see issue #79813 <https://github.com/rust-lang/rust/issues/79813>
[INFO] [stdout]    = note: this warning originates in the macro `$crate::cfg_aliases` which comes from the expansion of the macro `cfg_aliases` (in Nightly builds, run with -Z macro-backtrace for more info)
[INFO] [stdout] 
[INFO] [stdout] 
[INFO] [stdout] warning: trailing semicolon in macro used in expression position
[INFO] [stdout]   --> build.rs:8:5
[INFO] [stdout]    |
[INFO] [stdout]  8 | /     cfg_aliases! {
[INFO] [stdout]  9 | |         // Systems.
[INFO] [stdout] 10 | |         android_platform: { target_os = "android" },
[INFO] [stdout] 11 | |         web_platform: { all(target_family = "wasm", target_os = "unknown") },
[INFO] [stdout] ...  |
[INFO] [stdout] 21 | |         orbital_platform: { redox },
[INFO] [stdout] 22 | |     }
[INFO] [stdout]    | |_____^
[INFO] [stdout]    |
[INFO] [stdout]    = warning: this was previously accepted by the compiler but is being phased out; it will become a hard error in a future release!
[INFO] [stdout]    = note: for more information, see issue #79813 <https://github.com/rust-lang/rust/issues/79813>
[INFO] [stdout]    = note: this warning originates in the macro `$crate::cfg_aliases` which comes from the expansion of the macro `cfg_aliases` (in Nightly builds, run with -Z macro-backtrace for more info)
[INFO] [stdout] 
[INFO] [stdout] 
[INFO] [stdout] warning: trailing semicolon in macro used in expression position
[INFO] [stdout]   --> build.rs:8:5
[INFO] [stdout]    |
[INFO] [stdout]  8 | /     cfg_aliases! {
[INFO] [stdout]  9 | |         // Systems.
[INFO] [stdout] 10 | |         android_platform: { target_os = "android" },
[INFO] [stdout] 11 | |         web_platform: { all(target_family = "wasm", target_os = "unknown") },
[INFO] [stdout] ...  |
[INFO] [stdout] 21 | |         orbital_platform: { redox },
[INFO] [stdout] 22 | |     }
[INFO] [stdout]    | |_____^
[INFO] [stdout]    |
[INFO] [stdout]    = warning: this was previously accepted by the compiler but is being phased out; it will become a hard error in a future release!
[INFO] [stdout]    = note: for more information, see issue #79813 <https://github.com/rust-lang/rust/issues/79813>
[INFO] [stdout]    = note: this warning originates in the macro `$crate::cfg_aliases` which comes from the expansion of the macro `cfg_aliases` (in Nightly builds, run with -Z macro-backtrace for more info)
[INFO] [stdout] 
[INFO] [stdout] 
[INFO] [stdout] warning: trailing semicolon in macro used in expression position
[INFO] [stdout]   --> build.rs:8:5
[INFO] [stdout]    |
[INFO] [stdout]  8 | /     cfg_aliases! {
[INFO] [stdout]  9 | |         // Systems.
[INFO] [stdout] 10 | |         android_platform: { target_os = "android" },
[INFO] [stdout] 11 | |         web_platform: { all(target_family = "wasm", target_os = "unknown") },
[INFO] [stdout] ...  |
[INFO] [stdout] 21 | |         orbital_platform: { redox },
[INFO] [stdout] 22 | |     }
[INFO] [stdout]    | |_____^
[INFO] [stdout]    |
[INFO] [stdout]    = warning: this was previously accepted by the compiler but is being phased out; it will become a hard error in a future release!
[INFO] [stdout]    = note: for more information, see issue #79813 <https://github.com/rust-lang/rust/issues/79813>
[INFO] [stdout]    = note: this warning originates in the macro `$crate::cfg_aliases` which comes from the expansion of the macro `cfg_aliases` (in Nightly builds, run with -Z macro-backtrace for more info)
[INFO] [stdout] 
[INFO] [stdout] 
[INFO] [stdout] warning: trailing semicolon in macro used in expression position
[INFO] [stdout]   --> build.rs:8:5
[INFO] [stdout]    |
[INFO] [stdout]  8 | /     cfg_aliases! {
[INFO] [stdout]  9 | |         // Systems.
[INFO] [stdout] 10 | |         android_platform: { target_os = "android" },
[INFO] [stdout] 11 | |         web_platform: { all(target_family = "wasm", target_os = "unknown") },
[INFO] [stdout] ...  |
[INFO] [stdout] 21 | |         orbital_platform: { redox },
[INFO] [stdout] 22 | |     }
[INFO] [stdout]    | |_____^
[INFO] [stdout]    |
[INFO] [stdout]    = warning: this was previously accepted by the compiler but is being phased out; it will become a hard error in a future release!
[INFO] [stdout]    = note: for more information, see issue #79813 <https://github.com/rust-lang/rust/issues/79813>
[INFO] [stdout]    = note: this warning originates in the macro `$crate::cfg_aliases` which comes from the expansion of the macro `cfg_aliases` (in Nightly builds, run with -Z macro-backtrace for more info)
[INFO] [stdout] 
[INFO] [stdout] 
[INFO] [stdout] warning: trailing semicolon in macro used in expression position
[INFO] [stdout]   --> build.rs:8:5
[INFO] [stdout]    |
[INFO] [stdout]  8 | /     cfg_aliases! {
[INFO] [stdout]  9 | |         // Systems.
[INFO] [stdout] 10 | |         android_platform: { target_os = "android" },
[INFO] [stdout] 11 | |         web_platform: { all(target_family = "wasm", target_os = "unknown") },
[INFO] [stdout] ...  |
[INFO] [stdout] 21 | |         orbital_platform: { redox },
[INFO] [stdout] 22 | |     }
[INFO] [stdout]    | |_____^
[INFO] [stdout]    |
[INFO] [stdout]    = warning: this was previously accepted by the compiler but is being phased out; it will become a hard error in a future release!
[INFO] [stdout]    = note: for more information, see issue #79813 <https://github.com/rust-lang/rust/issues/79813>
[INFO] [stdout]    = note: this warning originates in the macro `$crate::cfg_aliases` which comes from the expansion of the macro `cfg_aliases` (in Nightly builds, run with -Z macro-backtrace for more info)
[INFO] [stdout] 
[INFO] [stdout] 
[INFO] [stdout] warning: trailing semicolon in macro used in expression position
[INFO] [stdout]   --> build.rs:8:5
[INFO] [stdout]    |
[INFO] [stdout]  8 | /     cfg_aliases! {
[INFO] [stdout]  9 | |         // Systems.
[INFO] [stdout] 10 | |         android_platform: { target_os = "android" },
[INFO] [stdout] 11 | |         web_platform: { all(target_family = "wasm", target_os = "unknown") },
[INFO] [stdout] ...  |
[INFO] [stdout] 21 | |         orbital_platform: { redox },
[INFO] [stdout] 22 | |     }
[INFO] [stdout]    | |_____^
[INFO] [stdout]    |
[INFO] [stdout]    = warning: this was previously accepted by the compiler but is being phased out; it will become a hard error in a future release!
[INFO] [stdout]    = note: for more information, see issue #79813 <https://github.com/rust-lang/rust/issues/79813>
[INFO] [stdout]    = note: this warning originates in the macro `$crate::cfg_aliases` which comes from the expansion of the macro `cfg_aliases` (in Nightly builds, run with -Z macro-backtrace for more info)
[INFO] [stdout] 
[INFO] [stdout] 
[INFO] [stdout] warning: trailing semicolon in macro used in expression position
[INFO] [stdout]   --> build.rs:8:5
[INFO] [stdout]    |
[INFO] [stdout]  8 | /     cfg_aliases! {
[INFO] [stdout]  9 | |         // Systems.
[INFO] [stdout] 10 | |         android_platform: { target_os = "android" },
[INFO] [stdout] 11 | |         web_platform: { all(target_family = "wasm", target_os = "unknown") },
[INFO] [stdout] ...  |
[INFO] [stdout] 21 | |         orbital_platform: { redox },
[INFO] [stdout] 22 | |     }
[INFO] [stdout]    | |_____^
[INFO] [stdout]    |
[INFO] [stdout]    = warning: this was previously accepted by the compiler but is being phased out; it will become a hard error in a future release!
[INFO] [stdout]    = note: for more information, see issue #79813 <https://github.com/rust-lang/rust/issues/79813>
[INFO] [stdout]    = note: this warning originates in the macro `$crate::cfg_aliases` which comes from the expansion of the macro `cfg_aliases` (in Nightly builds, run with -Z macro-backtrace for more info)
[INFO] [stdout] 
[INFO] [stdout] 
[INFO] [stdout] warning: trailing semicolon in macro used in expression position
[INFO] [stdout]   --> build.rs:8:5
[INFO] [stdout]    |
[INFO] [stdout]  8 | /     cfg_aliases! {
[INFO] [stdout]  9 | |         // Systems.
[INFO] [stdout] 10 | |         android_platform: { target_os = "android" },
[INFO] [stdout] 11 | |         web_platform: { all(target_family = "wasm", target_os = "unknown") },
[INFO] [stdout] ...  |
[INFO] [stdout] 21 | |         orbital_platform: { redox },
[INFO] [stdout] 22 | |     }
[INFO] [stdout]    | |_____^
[INFO] [stdout]    |
[INFO] [stdout]    = warning: this was previously accepted by the compiler but is being phased out; it will become a hard error in a future release!
[INFO] [stdout]    = note: for more information, see issue #79813 <https://github.com/rust-lang/rust/issues/79813>
[INFO] [stdout]    = note: this warning originates in the macro `$crate::cfg_aliases` which comes from the expansion of the macro `cfg_aliases` (in Nightly builds, run with -Z macro-backtrace for more info)
[INFO] [stdout] 
[INFO] [stdout] 
[INFO] [stdout] warning: trailing semicolon in macro used in expression position
[INFO] [stdout]   --> build.rs:8:5
[INFO] [stdout]    |
[INFO] [stdout]  8 | /     cfg_aliases! {
[INFO] [stdout]  9 | |         // Systems.
[INFO] [stdout] 10 | |         android_platform: { target_os = "android" },
[INFO] [stdout] 11 | |         web_platform: { all(target_family = "wasm", target_os = "unknown") },
[INFO] [stdout] ...  |
[INFO] [stdout] 21 | |         orbital_platform: { redox },
[INFO] [stdout] 22 | |     }
[INFO] [stdout]    | |_____^
[INFO] [stdout]    |
[INFO] [stdout]    = warning: this was previously accepted by the compiler but is being phased out; it will become a hard error in a future release!
[INFO] [stdout]    = note: for more information, see issue #79813 <https://github.com/rust-lang/rust/issues/79813>
[INFO] [stdout]    = note: this warning originates in the macro `$crate::cfg_aliases` which comes from the expansion of the macro `cfg_aliases` (in Nightly builds, run with -Z macro-backtrace for more info)
[INFO] [stdout] 
[INFO] [stdout] 
[INFO] [stdout] warning: trailing semicolon in macro used in expression position
[INFO] [stdout]   --> build.rs:8:5
[INFO] [stdout]    |
[INFO] [stdout]  8 | /     cfg_aliases! {
[INFO] [stdout]  9 | |         // Systems.
[INFO] [stdout] 10 | |         android_platform: { target_os = "android" },
[INFO] [stdout] 11 | |         web_platform: { all(target_family = "wasm", target_os = "unknown") },
[INFO] [stdout] ...  |
[INFO] [stdout] 21 | |         orbital_platform: { redox },
[INFO] [stdout] 22 | |     }
[INFO] [stdout]    | |_____^
[INFO] [stdout]    |
[INFO] [stdout]    = warning: this was previously accepted by the compiler but is being phased out; it will become a hard error in a future release!
[INFO] [stdout]    = note: for more information, see issue #79813 <https://github.com/rust-lang/rust/issues/79813>
[INFO] [stdout]    = note: this warning originates in the macro `$crate::cfg_aliases` which comes from the expansion of the macro `cfg_aliases` (in Nightly builds, run with -Z macro-backtrace for more info)
[INFO] [stdout] 
[INFO] [stdout] 
[INFO] [stdout] warning: trailing semicolon in macro used in expression position
[INFO] [stdout]   --> build.rs:8:5
[INFO] [stdout]    |
[INFO] [stdout]  8 | /     cfg_aliases! {
[INFO] [stdout]  9 | |         // Systems.
[INFO] [stdout] 10 | |         android_platform: { target_os = "android" },
[INFO] [stdout] 11 | |         web_platform: { all(target_family = "wasm", target_os = "unknown") },
[INFO] [stdout] ...  |
[INFO] [stdout] 21 | |         orbital_platform: { redox },
[INFO] [stdout] 22 | |     }
[INFO] [stdout]    | |_____^
[INFO] [stdout]    |
[INFO] [stdout]    = warning: this was previously accepted by the compiler but is being phased out; it will become a hard error in a future release!
[INFO] [stdout]    = note: for more information, see issue #79813 <https://github.com/rust-lang/rust/issues/79813>
[INFO] [stdout]    = note: this warning originates in the macro `$crate::cfg_aliases` which comes from the expansion of the macro `cfg_aliases` (in Nightly builds, run with -Z macro-backtrace for more info)
[INFO] [stdout] 
[INFO] [stdout] 
[INFO] [stdout] warning: trailing semicolon in macro used in expression position
[INFO] [stdout]   --> build.rs:8:5
[INFO] [stdout]    |
[INFO] [stdout]  8 | /     cfg_aliases! {
[INFO] [stdout]  9 | |         // Systems.
[INFO] [stdout] 10 | |         android_platform: { target_os = "android" },
[INFO] [stdout] 11 | |         web_platform: { all(target_family = "wasm", target_os = "unknown") },
[INFO] [stdout] ...  |
[INFO] [stdout] 21 | |         orbital_platform: { redox },
[INFO] [stdout] 22 | |     }
[INFO] [stdout]    | |_____^
[INFO] [stdout]    |
[INFO] [stdout]    = warning: this was previously accepted by the compiler but is being phased out; it will become a hard error in a future release!
[INFO] [stdout]    = note: for more information, see issue #79813 <https://github.com/rust-lang/rust/issues/79813>
[INFO] [stdout]    = note: this warning originates in the macro `$crate::cfg_aliases` which comes from the expansion of the macro `cfg_aliases` (in Nightly builds, run with -Z macro-backtrace for more info)
[INFO] [stdout] 
[INFO] [stdout] 
[INFO] [stdout] warning: trailing semicolon in macro used in expression position
[INFO] [stdout]   --> build.rs:8:5
[INFO] [stdout]    |
[INFO] [stdout]  8 | /     cfg_aliases! {
[INFO] [stdout]  9 | |         // Systems.
[INFO] [stdout] 10 | |         android_platform: { target_os = "android" },
[INFO] [stdout] 11 | |         web_platform: { all(target_family = "wasm", target_os = "unknown") },
[INFO] [stdout] ...  |
[INFO] [stdout] 21 | |         orbital_platform: { redox },
[INFO] [stdout] 22 | |     }
[INFO] [stdout]    | |_____^
[INFO] [stdout]    |
[INFO] [stdout]    = warning: this was previously accepted by the compiler but is being phased out; it will become a hard error in a future release!
[INFO] [stdout]    = note: for more information, see issue #79813 <https://github.com/rust-lang/rust/issues/79813>
[INFO] [stdout]    = note: this warning originates in the macro `$crate::cfg_aliases` which comes from the expansion of the macro `cfg_aliases` (in Nightly builds, run with -Z macro-backtrace for more info)
[INFO] [stdout] 
[INFO] [stdout] 
[INFO] [stdout] warning: trailing semicolon in macro used in expression position
[INFO] [stdout]   --> build.rs:8:5
[INFO] [stdout]    |
[INFO] [stdout]  8 | /     cfg_aliases! {
[INFO] [stdout]  9 | |         // Systems.
[INFO] [stdout] 10 | |         android_platform: { target_os = "android" },
[INFO] [stdout] 11 | |         web_platform: { all(target_family = "wasm", target_os = "unknown") },
[INFO] [stdout] ...  |
[INFO] [stdout] 21 | |         orbital_platform: { redox },
[INFO] [stdout] 22 | |     }
[INFO] [stdout]    | |_____^
[INFO] [stdout]    |
[INFO] [stdout]    = warning: this was previously accepted by the compiler but is being phased out; it will become a hard error in a future release!
[INFO] [stdout]    = note: for more information, see issue #79813 <https://github.com/rust-lang/rust/issues/79813>
[INFO] [stdout]    = note: this warning originates in the macro `$crate::cfg_aliases` which comes from the expansion of the macro `cfg_aliases` (in Nightly builds, run with -Z macro-backtrace for more info)
[INFO] [stdout] 
[INFO] [stdout] 
[INFO] [stdout] warning: trailing semicolon in macro used in expression position
[INFO] [stdout]   --> build.rs:8:5
[INFO] [stdout]    |
[INFO] [stdout]  8 | /     cfg_aliases! {
[INFO] [stdout]  9 | |         // Systems.
[INFO] [stdout] 10 | |         android_platform: { target_os = "android" },
[INFO] [stdout] 11 | |         web_platform: { all(target_family = "wasm", target_os = "unknown") },
[INFO] [stdout] ...  |
[INFO] [stdout] 21 | |         orbital_platform: { redox },
[INFO] [stdout] 22 | |     }
[INFO] [stdout]    | |_____^
[INFO] [stdout]    |
[INFO] [stdout]    = warning: this was previously accepted by the compiler but is being phased out; it will become a hard error in a future release!
[INFO] [stdout]    = note: for more information, see issue #79813 <https://github.com/rust-lang/rust/issues/79813>
[INFO] [stdout]    = note: this warning originates in the macro `$crate::cfg_aliases` which comes from the expansion of the macro `cfg_aliases` (in Nightly builds, run with -Z macro-backtrace for more info)
[INFO] [stdout] 
[INFO] [stdout] 
[INFO] [stdout] warning: trailing semicolon in macro used in expression position
[INFO] [stdout]   --> build.rs:8:5
[INFO] [stdout]    |
[INFO] [stdout]  8 | /     cfg_aliases! {
[INFO] [stdout]  9 | |         // Systems.
[INFO] [stdout] 10 | |         android_platform: { target_os = "android" },
[INFO] [stdout] 11 | |         web_platform: { all(target_family = "wasm", target_os = "unknown") },
[INFO] [stdout] ...  |
[INFO] [stdout] 21 | |         orbital_platform: { redox },
[INFO] [stdout] 22 | |     }
[INFO] [stdout]    | |_____^
[INFO] [stdout]    |
[INFO] [stdout]    = warning: this was previously accepted by the compiler but is being phased out; it will become a hard error in a future release!
[INFO] [stdout]    = note: for more information, see issue #79813 <https://github.com/rust-lang/rust/issues/79813>
[INFO] [stdout]    = note: this warning originates in the macro `$crate::cfg_aliases` which comes from the expansion of the macro `cfg_aliases` (in Nightly builds, run with -Z macro-backtrace for more info)
[INFO] [stdout] 
[INFO] [stdout] 
[INFO] [stdout] warning: trailing semicolon in macro used in expression position
[INFO] [stdout]   --> build.rs:8:5
[INFO] [stdout]    |
[INFO] [stdout]  8 | /     cfg_aliases! {
[INFO] [stdout]  9 | |         // Systems.
[INFO] [stdout] 10 | |         android_platform: { target_os = "android" },
[INFO] [stdout] 11 | |         web_platform: { all(target_family = "wasm", target_os = "unknown") },
[INFO] [stdout] ...  |
[INFO] [stdout] 21 | |         orbital_platform: { redox },
[INFO] [stdout] 22 | |     }
[INFO] [stdout]    | |_____^
[INFO] [stdout]    |
[INFO] [stdout]    = warning: this was previously accepted by the compiler but is being phased out; it will become a hard error in a future release!
[INFO] [stdout]    = note: for more information, see issue #79813 <https://github.com/rust-lang/rust/issues/79813>
[INFO] [stdout]    = note: this warning originates in the macro `$crate::cfg_aliases` which comes from the expansion of the macro `cfg_aliases` (in Nightly builds, run with -Z macro-backtrace for more info)
[INFO] [stdout] 
[INFO] [stdout] 
[INFO] [stdout] warning: trailing semicolon in macro used in expression position
[INFO] [stdout]   --> build.rs:8:5
[INFO] [stdout]    |
[INFO] [stdout]  8 | /     cfg_aliases! {
[INFO] [stdout]  9 | |         // Systems.
[INFO] [stdout] 10 | |         android_platform: { target_os = "android" },
[INFO] [stdout] 11 | |         web_platform: { all(target_family = "wasm", target_os = "unknown") },
[INFO] [stdout] ...  |
[INFO] [stdout] 21 | |         orbital_platform: { redox },
[INFO] [stdout] 22 | |     }
[INFO] [stdout]    | |_____^
[INFO] [stdout]    |
[INFO] [stdout]    = warning: this was previously accepted by the compiler but is being phased out; it will become a hard error in a future release!
[INFO] [stdout]    = note: for more information, see issue #79813 <https://github.com/rust-lang/rust/issues/79813>
[INFO] [stdout]    = note: this warning originates in the macro `$crate::cfg_aliases` which comes from the expansion of the macro `cfg_aliases` (in Nightly builds, run with -Z macro-backtrace for more info)
[INFO] [stdout] 
[INFO] [stdout] 
[INFO] [stdout] warning: trailing semicolon in macro used in expression position
[INFO] [stdout]   --> build.rs:8:5
[INFO] [stdout]    |
[INFO] [stdout]  8 | /     cfg_aliases! {
[INFO] [stdout]  9 | |         // Systems.
[INFO] [stdout] 10 | |         android_platform: { target_os = "android" },
[INFO] [stdout] 11 | |         web_platform: { all(target_family = "wasm", target_os = "unknown") },
[INFO] [stdout] ...  |
[INFO] [stdout] 21 | |         orbital_platform: { redox },
[INFO] [stdout] 22 | |     }
[INFO] [stdout]    | |_____^
[INFO] [stdout]    |
[INFO] [stdout]    = warning: this was previously accepted by the compiler but is being phased out; it will become a hard error in a future release!
[INFO] [stdout]    = note: for more information, see issue #79813 <https://github.com/rust-lang/rust/issues/79813>
[INFO] [stdout]    = note: this warning originates in the macro `$crate::cfg_aliases` which comes from the expansion of the macro `cfg_aliases` (in Nightly builds, run with -Z macro-backtrace for more info)
[INFO] [stdout] 
[INFO] [stdout] 
[INFO] [stdout] warning: trailing semicolon in macro used in expression position
[INFO] [stdout]   --> build.rs:8:5
[INFO] [stdout]    |
[INFO] [stdout]  8 | /     cfg_aliases! {
[INFO] [stdout]  9 | |         // Systems.
[INFO] [stdout] 10 | |         android_platform: { target_os = "android" },
[INFO] [stdout] 11 | |         web_platform: { all(target_family = "wasm", target_os = "unknown") },
[INFO] [stdout] ...  |
[INFO] [stdout] 21 | |         orbital_platform: { redox },
[INFO] [stdout] 22 | |     }
[INFO] [stdout]    | |_____^
[INFO] [stdout]    |
[INFO] [stdout]    = warning: this was previously accepted by the compiler but is being phased out; it will become a hard error in a future release!
[INFO] [stdout]    = note: for more information, see issue #79813 <https://github.com/rust-lang/rust/issues/79813>
[INFO] [stdout]    = note: this warning originates in the macro `$crate::cfg_aliases` which comes from the expansion of the macro `cfg_aliases` (in Nightly builds, run with -Z macro-backtrace for more info)
[INFO] [stdout] 
[INFO] [stdout] 
[INFO] [stdout] warning: trailing semicolon in macro used in expression position
[INFO] [stdout]   --> build.rs:8:5
[INFO] [stdout]    |
[INFO] [stdout]  8 | /     cfg_aliases! {
[INFO] [stdout]  9 | |         // Systems.
[INFO] [stdout] 10 | |         android_platform: { target_os = "android" },
[INFO] [stdout] 11 | |         web_platform: { all(target_family = "wasm", target_os = "unknown") },
[INFO] [stdout] ...  |
[INFO] [stdout] 21 | |         orbital_platform: { redox },
[INFO] [stdout] 22 | |     }
[INFO] [stdout]    | |_____^
[INFO] [stdout]    |
[INFO] [stdout]    = warning: this was previously accepted by the compiler but is being phased out; it will become a hard error in a future release!
[INFO] [stdout]    = note: for more information, see issue #79813 <https://github.com/rust-lang/rust/issues/79813>
[INFO] [stdout]    = note: this warning originates in the macro `$crate::cfg_aliases` which comes from the expansion of the macro `cfg_aliases` (in Nightly builds, run with -Z macro-backtrace for more info)
[INFO] [stdout] 
[INFO] [stdout] 
[INFO] [stdout] warning: trailing semicolon in macro used in expression position
[INFO] [stdout]   --> build.rs:8:5
[INFO] [stdout]    |
[INFO] [stdout]  8 | /     cfg_aliases! {
[INFO] [stdout]  9 | |         // Systems.
[INFO] [stdout] 10 | |         android_platform: { target_os = "android" },
[INFO] [stdout] 11 | |         web_platform: { all(target_family = "wasm", target_os = "unknown") },
[INFO] [stdout] ...  |
[INFO] [stdout] 21 | |         orbital_platform: { redox },
[INFO] [stdout] 22 | |     }
[INFO] [stdout]    | |_____^
[INFO] [stdout]    |
[INFO] [stdout]    = warning: this was previously accepted by the compiler but is being phased out; it will become a hard error in a future release!
[INFO] [stdout]    = note: for more information, see issue #79813 <https://github.com/rust-lang/rust/issues/79813>
[INFO] [stdout]    = note: this warning originates in the macro `$crate::cfg_aliases` which comes from the expansion of the macro `cfg_aliases` (in Nightly builds, run with -Z macro-backtrace for more info)
[INFO] [stdout] 
[INFO] [stdout] 
[INFO] [stdout] warning: trailing semicolon in macro used in expression position
[INFO] [stdout]   --> build.rs:8:5
[INFO] [stdout]    |
[INFO] [stdout]  8 | /     cfg_aliases! {
[INFO] [stdout]  9 | |         // Systems.
[INFO] [stdout] 10 | |         android_platform: { target_os = "android" },
[INFO] [stdout] 11 | |         web_platform: { all(target_family = "wasm", target_os = "unknown") },
[INFO] [stdout] ...  |
[INFO] [stdout] 21 | |         orbital_platform: { redox },
[INFO] [stdout] 22 | |     }
[INFO] [stdout]    | |_____^
[INFO] [stdout]    |
[INFO] [stdout]    = warning: this was previously accepted by the compiler but is being phased out; it will become a hard error in a future release!
[INFO] [stdout]    = note: for more information, see issue #79813 <https://github.com/rust-lang/rust/issues/79813>
[INFO] [stdout]    = note: this warning originates in the macro `$crate::cfg_aliases` which comes from the expansion of the macro `cfg_aliases` (in Nightly builds, run with -Z macro-backtrace for more info)
[INFO] [stdout] 
[INFO] [stdout] 
[INFO] [stdout] warning: trailing semicolon in macro used in expression position
[INFO] [stdout]   --> build.rs:8:5
[INFO] [stdout]    |
[INFO] [stdout]  8 | /     cfg_aliases! {
[INFO] [stdout]  9 | |         // Systems.
[INFO] [stdout] 10 | |         android_platform: { target_os = "android" },
[INFO] [stdout] 11 | |         web_platform: { all(target_family = "wasm", target_os = "unknown") },
[INFO] [stdout] ...  |
[INFO] [stdout] 21 | |         orbital_platform: { redox },
[INFO] [stdout] 22 | |     }
[INFO] [stdout]    | |_____^
[INFO] [stdout]    |
[INFO] [stdout]    = warning: this was previously accepted by the compiler but is being phased out; it will become a hard error in a future release!
[INFO] [stdout]    = note: for more information, see issue #79813 <https://github.com/rust-lang/rust/issues/79813>
[INFO] [stdout]    = note: this warning originates in the macro `$crate::cfg_aliases` which comes from the expansion of the macro `cfg_aliases` (in Nightly builds, run with -Z macro-backtrace for more info)
[INFO] [stdout] 
[INFO] [stdout] 
[INFO] [stdout] warning: trailing semicolon in macro used in expression position
[INFO] [stdout]   --> build.rs:8:5
[INFO] [stdout]    |
[INFO] [stdout]  8 | /     cfg_aliases! {
[INFO] [stdout]  9 | |         // Systems.
[INFO] [stdout] 10 | |         android_platform: { target_os = "android" },
[INFO] [stdout] 11 | |         web_platform: { all(target_family = "wasm", target_os = "unknown") },
[INFO] [stdout] ...  |
[INFO] [stdout] 21 | |         orbital_platform: { redox },
[INFO] [stdout] 22 | |     }
[INFO] [stdout]    | |_____^
[INFO] [stdout]    |
[INFO] [stdout]    = warning: this was previously accepted by the compiler but is being phased out; it will become a hard error in a future release!
[INFO] [stdout]    = note: for more information, see issue #79813 <https://github.com/rust-lang/rust/issues/79813>
[INFO] [stdout]    = note: this warning originates in the macro `$crate::cfg_aliases` which comes from the expansion of the macro `cfg_aliases` (in Nightly builds, run with -Z macro-backtrace for more info)
[INFO] [stdout] 
[INFO] [stdout] 
[INFO] [stdout] warning: trailing semicolon in macro used in expression position
[INFO] [stdout]   --> build.rs:8:5
[INFO] [stdout]    |
[INFO] [stdout]  8 | /     cfg_aliases! {
[INFO] [stdout]  9 | |         // Systems.
[INFO] [stdout] 10 | |         android_platform: { target_os = "android" },
[INFO] [stdout] 11 | |         web_platform: { all(target_family = "wasm", target_os = "unknown") },
[INFO] [stdout] ...  |
[INFO] [stdout] 21 | |         orbital_platform: { redox },
[INFO] [stdout] 22 | |     }
[INFO] [stdout]    | |_____^
[INFO] [stdout]    |
[INFO] [stdout]    = warning: this was previously accepted by the compiler but is being phased out; it will become a hard error in a future release!
[INFO] [stdout]    = note: for more information, see issue #79813 <https://github.com/rust-lang/rust/issues/79813>
[INFO] [stdout]    = note: this warning originates in the macro `$crate::cfg_aliases` which comes from the expansion of the macro `cfg_aliases` (in Nightly builds, run with -Z macro-backtrace for more info)
[INFO] [stdout] 
[INFO] [stdout] 
[INFO] [stdout] warning: trailing semicolon in macro used in expression position
[INFO] [stdout]   --> build.rs:8:5
[INFO] [stdout]    |
[INFO] [stdout]  8 | /     cfg_aliases! {
[INFO] [stdout]  9 | |         // Systems.
[INFO] [stdout] 10 | |         android_platform: { target_os = "android" },
[INFO] [stdout] 11 | |         web_platform: { all(target_family = "wasm", target_os = "unknown") },
[INFO] [stdout] ...  |
[INFO] [stdout] 21 | |         orbital_platform: { redox },
[INFO] [stdout] 22 | |     }
[INFO] [stdout]    | |_____^
[INFO] [stdout]    |
[INFO] [stdout]    = warning: this was previously accepted by the compiler but is being phased out; it will become a hard error in a future release!
[INFO] [stdout]    = note: for more information, see issue #79813 <https://github.com/rust-lang/rust/issues/79813>
[INFO] [stdout]    = note: this warning originates in the macro `$crate::cfg_aliases` which comes from the expansion of the macro `cfg_aliases` (in Nightly builds, run with -Z macro-backtrace for more info)
[INFO] [stdout] 
[INFO] [stdout] 
[INFO] [stdout] warning: trailing semicolon in macro used in expression position
[INFO] [stdout]   --> build.rs:8:5
[INFO] [stdout]    |
[INFO] [stdout]  8 | /     cfg_aliases! {
[INFO] [stdout]  9 | |         // Systems.
[INFO] [stdout] 10 | |         android_platform: { target_os = "android" },
[INFO] [stdout] 11 | |         web_platform: { all(target_family = "wasm", target_os = "unknown") },
[INFO] [stdout] ...  |
[INFO] [stdout] 21 | |         orbital_platform: { redox },
[INFO] [stdout] 22 | |     }
[INFO] [stdout]    | |_____^
[INFO] [stdout]    |
[INFO] [stdout]    = warning: this was previously accepted by the compiler but is being phased out; it will become a hard error in a future release!
[INFO] [stdout]    = note: for more information, see issue #79813 <https://github.com/rust-lang/rust/issues/79813>
[INFO] [stdout]    = note: this warning originates in the macro `$crate::cfg_aliases` which comes from the expansion of the macro `cfg_aliases` (in Nightly builds, run with -Z macro-backtrace for more info)
[INFO] [stdout] 
[INFO] [stdout] 
[INFO] [stdout] warning: trailing semicolon in macro used in expression position
[INFO] [stdout]   --> build.rs:8:5
[INFO] [stdout]    |
[INFO] [stdout]  8 | /     cfg_aliases! {
[INFO] [stdout]  9 | |         // Systems.
[INFO] [stdout] 10 | |         android_platform: { target_os = "android" },
[INFO] [stdout] 11 | |         web_platform: { all(target_family = "wasm", target_os = "unknown") },
[INFO] [stdout] ...  |
[INFO] [stdout] 21 | |         orbital_platform: { redox },
[INFO] [stdout] 22 | |     }
[INFO] [stdout]    | |_____^
[INFO] [stdout]    |
[INFO] [stdout]    = warning: this was previously accepted by the compiler but is being phased out; it will become a hard error in a future release!
[INFO] [stdout]    = note: for more information, see issue #79813 <https://github.com/rust-lang/rust/issues/79813>
[INFO] [stdout]    = note: this warning originates in the macro `$crate::cfg_aliases` which comes from the expansion of the macro `cfg_aliases` (in Nightly builds, run with -Z macro-backtrace for more info)
[INFO] [stdout] 
[INFO] [stdout] 
[INFO] [stdout] warning: trailing semicolon in macro used in expression position
[INFO] [stdout]   --> build.rs:8:5
[INFO] [stdout]    |
[INFO] [stdout]  8 | /     cfg_aliases! {
[INFO] [stdout]  9 | |         // Systems.
[INFO] [stdout] 10 | |         android_platform: { target_os = "android" },
[INFO] [stdout] 11 | |         web_platform: { all(target_family = "wasm", target_os = "unknown") },
[INFO] [stdout] ...  |
[INFO] [stdout] 21 | |         orbital_platform: { redox },
[INFO] [stdout] 22 | |     }
[INFO] [stdout]    | |_____^
[INFO] [stdout]    |
[INFO] [stdout]    = warning: this was previously accepted by the compiler but is being phased out; it will become a hard error in a future release!
[INFO] [stdout]    = note: for more information, see issue #79813 <https://github.com/rust-lang/rust/issues/79813>
[INFO] [stdout]    = note: this warning originates in the macro `$crate::cfg_aliases` which comes from the expansion of the macro `cfg_aliases` (in Nightly builds, run with -Z macro-backtrace for more info)
[INFO] [stdout] 
[INFO] [stdout] 
[INFO] [stdout] warning: trailing semicolon in macro used in expression position
[INFO] [stdout]   --> build.rs:8:5
[INFO] [stdout]    |
[INFO] [stdout]  8 | /     cfg_aliases! {
[INFO] [stdout]  9 | |         // Systems.
[INFO] [stdout] 10 | |         android_platform: { target_os = "android" },
[INFO] [stdout] 11 | |         web_platform: { all(target_family = "wasm", target_os = "unknown") },
[INFO] [stdout] ...  |
[INFO] [stdout] 21 | |         orbital_platform: { redox },
[INFO] [stdout] 22 | |     }
[INFO] [stdout]    | |_____^
[INFO] [stdout]    |
[INFO] [stdout]    = warning: this was previously accepted by the compiler but is being phased out; it will become a hard error in a future release!
[INFO] [stdout]    = note: for more information, see issue #79813 <https://github.com/rust-lang/rust/issues/79813>
[INFO] [stdout]    = note: this warning originates in the macro `$crate::cfg_aliases` which comes from the expansion of the macro `cfg_aliases` (in Nightly builds, run with -Z macro-backtrace for more info)
[INFO] [stdout] 
[INFO] [stdout] 
[INFO] [stdout] warning: trailing semicolon in macro used in expression position
[INFO] [stdout]   --> build.rs:8:5
[INFO] [stdout]    |
[INFO] [stdout]  8 | /     cfg_aliases! {
[INFO] [stdout]  9 | |         // Systems.
[INFO] [stdout] 10 | |         android_platform: { target_os = "android" },
[INFO] [stdout] 11 | |         web_platform: { all(target_family = "wasm", target_os = "unknown") },
[INFO] [stdout] ...  |
[INFO] [stdout] 21 | |         orbital_platform: { redox },
[INFO] [stdout] 22 | |     }
[INFO] [stdout]    | |_____^
[INFO] [stdout]    |
[INFO] [stdout]    = warning: this was previously accepted by the compiler but is being phased out; it will become a hard error in a future release!
[INFO] [stdout]    = note: for more information, see issue #79813 <https://github.com/rust-lang/rust/issues/79813>
[INFO] [stdout]    = note: this warning originates in the macro `$crate::cfg_aliases` which comes from the expansion of the macro `cfg_aliases` (in Nightly builds, run with -Z macro-backtrace for more info)
[INFO] [stdout] 
[INFO] [stdout] 
[INFO] [stdout] warning: trailing semicolon in macro used in expression position
[INFO] [stdout]   --> build.rs:8:5
[INFO] [stdout]    |
[INFO] [stdout]  8 | /     cfg_aliases! {
[INFO] [stdout]  9 | |         // Systems.
[INFO] [stdout] 10 | |         android_platform: { target_os = "android" },
[INFO] [stdout] 11 | |         web_platform: { all(target_family = "wasm", target_os = "unknown") },
[INFO] [stdout] ...  |
[INFO] [stdout] 21 | |         orbital_platform: { redox },
[INFO] [stdout] 22 | |     }
[INFO] [stdout]    | |_____^
[INFO] [stdout]    |
[INFO] [stdout]    = warning: this was previously accepted by the compiler but is being phased out; it will become a hard error in a future release!
[INFO] [stdout]    = note: for more information, see issue #79813 <https://github.com/rust-lang/rust/issues/79813>
[INFO] [stdout]    = note: this warning originates in the macro `$crate::cfg_aliases` which comes from the expansion of the macro `cfg_aliases` (in Nightly builds, run with -Z macro-backtrace for more info)
[INFO] [stdout] 
[INFO] [stdout] 
[INFO] [stdout] warning: trailing semicolon in macro used in expression position
[INFO] [stdout]   --> build.rs:8:5
[INFO] [stdout]    |
[INFO] [stdout]  8 | /     cfg_aliases! {
[INFO] [stdout]  9 | |         // Systems.
[INFO] [stdout] 10 | |         android_platform: { target_os = "android" },
[INFO] [stdout] 11 | |         web_platform: { all(target_family = "wasm", target_os = "unknown") },
[INFO] [stdout] ...  |
[INFO] [stdout] 21 | |         orbital_platform: { redox },
[INFO] [stdout] 22 | |     }
[INFO] [stdout]    | |_____^
[INFO] [stdout]    |
[INFO] [stdout]    = warning: this was previously accepted by the compiler but is being phased out; it will become a hard error in a future release!
[INFO] [stdout]    = note: for more information, see issue #79813 <https://github.com/rust-lang/rust/issues/79813>
[INFO] [stdout]    = note: this warning originates in the macro `$crate::cfg_aliases` which comes from the expansion of the macro `cfg_aliases` (in Nightly builds, run with -Z macro-backtrace for more info)
[INFO] [stdout] 
[INFO] [stdout] 
[INFO] [stdout] warning: trailing semicolon in macro used in expression position
[INFO] [stdout]   --> build.rs:8:5
[INFO] [stdout]    |
[INFO] [stdout]  8 | /     cfg_aliases! {
[INFO] [stdout]  9 | |         // Systems.
[INFO] [stdout] 10 | |         android_platform: { target_os = "android" },
[INFO] [stdout] 11 | |         web_platform: { all(target_family = "wasm", target_os = "unknown") },
[INFO] [stdout] ...  |
[INFO] [stdout] 21 | |         orbital_platform: { redox },
[INFO] [stdout] 22 | |     }
[INFO] [stdout]    | |_____^
[INFO] [stdout]    |
[INFO] [stdout]    = warning: this was previously accepted by the compiler but is being phased out; it will become a hard error in a future release!
[INFO] [stdout]    = note: for more information, see issue #79813 <https://github.com/rust-lang/rust/issues/79813>
[INFO] [stdout]    = note: this warning originates in the macro `$crate::cfg_aliases` which comes from the expansion of the macro `cfg_aliases` (in Nightly builds, run with -Z macro-backtrace for more info)
[INFO] [stdout] 
[INFO] [stdout] 
[INFO] [stdout] warning: trailing semicolon in macro used in expression position
[INFO] [stdout]   --> build.rs:8:5
[INFO] [stdout]    |
[INFO] [stdout]  8 | /     cfg_aliases! {
[INFO] [stdout]  9 | |         // Systems.
[INFO] [stdout] 10 | |         android_platform: { target_os = "android" },
[INFO] [stdout] 11 | |         web_platform: { all(target_family = "wasm", target_os = "unknown") },
[INFO] [stdout] ...  |
[INFO] [stdout] 21 | |         orbital_platform: { redox },
[INFO] [stdout] 22 | |     }
[INFO] [stdout]    | |_____^
[INFO] [stdout]    |
[INFO] [stdout]    = warning: this was previously accepted by the compiler but is being phased out; it will become a hard error in a future release!
[INFO] [stdout]    = note: for more information, see issue #79813 <https://github.com/rust-lang/rust/issues/79813>
[INFO] [stdout]    = note: this warning originates in the macro `$crate::cfg_aliases` which comes from the expansion of the macro `cfg_aliases` (in Nightly builds, run with -Z macro-backtrace for more info)
[INFO] [stdout] 
[INFO] [stdout] 
[INFO] [stdout] warning: trailing semicolon in macro used in expression position
[INFO] [stdout]   --> build.rs:8:5
[INFO] [stdout]    |
[INFO] [stdout]  8 | /     cfg_aliases! {
[INFO] [stdout]  9 | |         // Systems.
[INFO] [stdout] 10 | |         android_platform: { target_os = "android" },
[INFO] [stdout] 11 | |         web_platform: { all(target_family = "wasm", target_os = "unknown") },
[INFO] [stdout] ...  |
[INFO] [stdout] 21 | |         orbital_platform: { redox },
[INFO] [stdout] 22 | |     }
[INFO] [stdout]    | |_____^
[INFO] [stdout]    |
[INFO] [stdout]    = warning: this was previously accepted by the compiler but is being phased out; it will become a hard error in a future release!
[INFO] [stdout]    = note: for more information, see issue #79813 <https://github.com/rust-lang/rust/issues/79813>
[INFO] [stdout]    = note: this warning originates in the macro `$crate::cfg_aliases` which comes from the expansion of the macro `cfg_aliases` (in Nightly builds, run with -Z macro-backtrace for more info)
[INFO] [stdout] 
[INFO] [stdout] 
[INFO] [stdout] warning: trailing semicolon in macro used in expression position
[INFO] [stdout]   --> build.rs:8:5
[INFO] [stdout]    |
[INFO] [stdout]  8 | /     cfg_aliases! {
[INFO] [stdout]  9 | |         // Systems.
[INFO] [stdout] 10 | |         android_platform: { target_os = "android" },
[INFO] [stdout] 11 | |         web_platform: { all(target_family = "wasm", target_os = "unknown") },
[INFO] [stdout] ...  |
[INFO] [stdout] 21 | |         orbital_platform: { redox },
[INFO] [stdout] 22 | |     }
[INFO] [stdout]    | |_____^
[INFO] [stdout]    |
[INFO] [stdout]    = warning: this was previously accepted by the compiler but is being phased out; it will become a hard error in a future release!
[INFO] [stdout]    = note: for more information, see issue #79813 <https://github.com/rust-lang/rust/issues/79813>
[INFO] [stdout]    = note: this warning originates in the macro `$crate::cfg_aliases` which comes from the expansion of the macro `cfg_aliases` (in Nightly builds, run with -Z macro-backtrace for more info)
[INFO] [stdout] 
[INFO] [stdout] 
[INFO] [stdout] warning: trailing semicolon in macro used in expression position
[INFO] [stdout]   --> build.rs:8:5
[INFO] [stdout]    |
[INFO] [stdout]  8 | /     cfg_aliases! {
[INFO] [stdout]  9 | |         // Systems.
[INFO] [stdout] 10 | |         android_platform: { target_os = "android" },
[INFO] [stdout] 11 | |         web_platform: { all(target_family = "wasm", target_os = "unknown") },
[INFO] [stdout] ...  |
[INFO] [stdout] 21 | |         orbital_platform: { redox },
[INFO] [stdout] 22 | |     }
[INFO] [stdout]    | |_____^
[INFO] [stdout]    |
[INFO] [stdout]    = warning: this was previously accepted by the compiler but is being phased out; it will become a hard error in a future release!
[INFO] [stdout]    = note: for more information, see issue #79813 <https://github.com/rust-lang/rust/issues/79813>
[INFO] [stdout]    = note: this warning originates in the macro `$crate::cfg_aliases` which comes from the expansion of the macro `cfg_aliases` (in Nightly builds, run with -Z macro-backtrace for more info)
[INFO] [stdout] 
[INFO] [stdout] 
[INFO] [stdout] warning: trailing semicolon in macro used in expression position
[INFO] [stdout]   --> build.rs:8:5
[INFO] [stdout]    |
[INFO] [stdout]  8 | /     cfg_aliases! {
[INFO] [stdout]  9 | |         // Systems.
[INFO] [stdout] 10 | |         android_platform: { target_os = "android" },
[INFO] [stdout] 11 | |         web_platform: { all(target_family = "wasm", target_os = "unknown") },
[INFO] [stdout] ...  |
[INFO] [stdout] 21 | |         orbital_platform: { redox },
[INFO] [stdout] 22 | |     }
[INFO] [stdout]    | |_____^
[INFO] [stdout]    |
[INFO] [stdout]    = warning: this was previously accepted by the compiler but is being phased out; it will become a hard error in a future release!
[INFO] [stdout]    = note: for more information, see issue #79813 <https://github.com/rust-lang/rust/issues/79813>
[INFO] [stdout]    = note: this warning originates in the macro `$crate::cfg_aliases` which comes from the expansion of the macro `cfg_aliases` (in Nightly builds, run with -Z macro-backtrace for more info)
[INFO] [stdout] 
[INFO] [stdout] 
[INFO] [stdout] warning: trailing semicolon in macro used in expression position
[INFO] [stdout]   --> build.rs:8:5
[INFO] [stdout]    |
[INFO] [stdout]  8 | /     cfg_aliases! {
[INFO] [stdout]  9 | |         // Systems.
[INFO] [stdout] 10 | |         android_platform: { target_os = "android" },
[INFO] [stdout] 11 | |         web_platform: { all(target_family = "wasm", target_os = "unknown") },
[INFO] [stdout] ...  |
[INFO] [stdout] 21 | |         orbital_platform: { redox },
[INFO] [stdout] 22 | |     }
[INFO] [stdout]    | |_____^
[INFO] [stdout]    |
[INFO] [stdout]    = warning: this was previously accepted by the compiler but is being phased out; it will become a hard error in a future release!
[INFO] [stdout]    = note: for more information, see issue #79813 <https://github.com/rust-lang/rust/issues/79813>
[INFO] [stdout]    = note: this warning originates in the macro `$crate::cfg_aliases` which comes from the expansion of the macro `cfg_aliases` (in Nightly builds, run with -Z macro-backtrace for more info)
[INFO] [stdout] 
[INFO] [stdout] 
[INFO] [stdout] warning: trailing semicolon in macro used in expression position
[INFO] [stdout]   --> build.rs:8:5
[INFO] [stdout]    |
[INFO] [stdout]  8 | /     cfg_aliases! {
[INFO] [stdout]  9 | |         // Systems.
[INFO] [stdout] 10 | |         android_platform: { target_os = "android" },
[INFO] [stdout] 11 | |         web_platform: { all(target_family = "wasm", target_os = "unknown") },
[INFO] [stdout] ...  |
[INFO] [stdout] 21 | |         orbital_platform: { redox },
[INFO] [stdout] 22 | |     }
[INFO] [stdout]    | |_____^
[INFO] [stdout]    |
[INFO] [stdout]    = warning: this was previously accepted by the compiler but is being phased out; it will become a hard error in a future release!
[INFO] [stdout]    = note: for more information, see issue #79813 <https://github.com/rust-lang/rust/issues/79813>
[INFO] [stdout]    = note: this warning originates in the macro `$crate::cfg_aliases` which comes from the expansion of the macro `cfg_aliases` (in Nightly builds, run with -Z macro-backtrace for more info)
[INFO] [stdout] 
[INFO] [stdout] 
[INFO] [stdout] warning: trailing semicolon in macro used in expression position
[INFO] [stdout]   --> build.rs:8:5
[INFO] [stdout]    |
[INFO] [stdout]  8 | /     cfg_aliases! {
[INFO] [stdout]  9 | |         // Systems.
[INFO] [stdout] 10 | |         android_platform: { target_os = "android" },
[INFO] [stdout] 11 | |         web_platform: { all(target_family = "wasm", target_os = "unknown") },
[INFO] [stdout] ...  |
[INFO] [stdout] 21 | |         orbital_platform: { redox },
[INFO] [stdout] 22 | |     }
[INFO] [stdout]    | |_____^
[INFO] [stdout]    |
[INFO] [stdout]    = warning: this was previously accepted by the compiler but is being phased out; it will become a hard error in a future release!
[INFO] [stdout]    = note: for more information, see issue #79813 <https://github.com/rust-lang/rust/issues/79813>
[INFO] [stdout]    = note: this warning originates in the macro `$crate::cfg_aliases` which comes from the expansion of the macro `cfg_aliases` (in Nightly builds, run with -Z macro-backtrace for more info)
[INFO] [stdout] 
[INFO] [stdout] 
[INFO] [stdout] warning: trailing semicolon in macro used in expression position
[INFO] [stdout]   --> build.rs:8:5
[INFO] [stdout]    |
[INFO] [stdout]  8 | /     cfg_aliases! {
[INFO] [stdout]  9 | |         // Systems.
[INFO] [stdout] 10 | |         android_platform: { target_os = "android" },
[INFO] [stdout] 11 | |         web_platform: { all(target_family = "wasm", target_os = "unknown") },
[INFO] [stdout] ...  |
[INFO] [stdout] 21 | |         orbital_platform: { redox },
[INFO] [stdout] 22 | |     }
[INFO] [stdout]    | |_____^
[INFO] [stdout]    |
[INFO] [stdout]    = warning: this was previously accepted by the compiler but is being phased out; it will become a hard error in a future release!
[INFO] [stdout]    = note: for more information, see issue #79813 <https://github.com/rust-lang/rust/issues/79813>
[INFO] [stdout]    = note: this warning originates in the macro `$crate::cfg_aliases` which comes from the expansion of the macro `cfg_aliases` (in Nightly builds, run with -Z macro-backtrace for more info)
[INFO] [stdout] 
[INFO] [stdout] 
[INFO] [stdout] warning: trailing semicolon in macro used in expression position
[INFO] [stdout]   --> build.rs:8:5
[INFO] [stdout]    |
[INFO] [stdout]  8 | /     cfg_aliases! {
[INFO] [stdout]  9 | |         // Systems.
[INFO] [stdout] 10 | |         android_platform: { target_os = "android" },
[INFO] [stdout] 11 | |         web_platform: { all(target_family = "wasm", target_os = "unknown") },
[INFO] [stdout] ...  |
[INFO] [stdout] 21 | |         orbital_platform: { redox },
[INFO] [stdout] 22 | |     }
[INFO] [stdout]    | |_____^
[INFO] [stdout]    |
[INFO] [stdout]    = warning: this was previously accepted by the compiler but is being phased out; it will become a hard error in a future release!
[INFO] [stdout]    = note: for more information, see issue #79813 <https://github.com/rust-lang/rust/issues/79813>
[INFO] [stdout]    = note: this warning originates in the macro `$crate::cfg_aliases` which comes from the expansion of the macro `cfg_aliases` (in Nightly builds, run with -Z macro-backtrace for more info)
[INFO] [stdout] 
[INFO] [stdout] 
[INFO] [stdout] warning: trailing semicolon in macro used in expression position
[INFO] [stdout]   --> build.rs:8:5
[INFO] [stdout]    |
[INFO] [stdout]  8 | /     cfg_aliases! {
[INFO] [stdout]  9 | |         // Systems.
[INFO] [stdout] 10 | |         android_platform: { target_os = "android" },
[INFO] [stdout] 11 | |         web_platform: { all(target_family = "wasm", target_os = "unknown") },
[INFO] [stdout] ...  |
[INFO] [stdout] 21 | |         orbital_platform: { redox },
[INFO] [stdout] 22 | |     }
[INFO] [stdout]    | |_____^
[INFO] [stdout]    |
[INFO] [stdout]    = warning: this was previously accepted by the compiler but is being phased out; it will become a hard error in a future release!
[INFO] [stdout]    = note: for more information, see issue #79813 <https://github.com/rust-lang/rust/issues/79813>
[INFO] [stdout]    = note: this warning originates in the macro `$crate::cfg_aliases` which comes from the expansion of the macro `cfg_aliases` (in Nightly builds, run with -Z macro-backtrace for more info)
[INFO] [stdout] 
[INFO] [stdout] 
[INFO] [stdout] warning: trailing semicolon in macro used in expression position
[INFO] [stdout]   --> build.rs:8:5
[INFO] [stdout]    |
[INFO] [stdout]  8 | /     cfg_aliases! {
[INFO] [stdout]  9 | |         // Systems.
[INFO] [stdout] 10 | |         android_platform: { target_os = "android" },
[INFO] [stdout] 11 | |         web_platform: { all(target_family = "wasm", target_os = "unknown") },
[INFO] [stdout] ...  |
[INFO] [stdout] 21 | |         orbital_platform: { redox },
[INFO] [stdout] 22 | |     }
[INFO] [stdout]    | |_____^
[INFO] [stdout]    |
[INFO] [stdout]    = warning: this was previously accepted by the compiler but is being phased out; it will become a hard error in a future release!
[INFO] [stdout]    = note: for more information, see issue #79813 <https://github.com/rust-lang/rust/issues/79813>
[INFO] [stdout]    = note: this warning originates in the macro `$crate::cfg_aliases` which comes from the expansion of the macro `cfg_aliases` (in Nightly builds, run with -Z macro-backtrace for more info)
[INFO] [stdout] 
[INFO] [stdout] 
[INFO] [stdout] warning: trailing semicolon in macro used in expression position
[INFO] [stdout]   --> build.rs:8:5
[INFO] [stdout]    |
[INFO] [stdout]  8 | /     cfg_aliases! {
[INFO] [stdout]  9 | |         // Systems.
[INFO] [stdout] 10 | |         android_platform: { target_os = "android" },
[INFO] [stdout] 11 | |         web_platform: { all(target_family = "wasm", target_os = "unknown") },
[INFO] [stdout] ...  |
[INFO] [stdout] 21 | |         orbital_platform: { redox },
[INFO] [stdout] 22 | |     }
[INFO] [stdout]    | |_____^
[INFO] [stdout]    |
[INFO] [stdout]    = warning: this was previously accepted by the compiler but is being phased out; it will become a hard error in a future release!
[INFO] [stdout]    = note: for more information, see issue #79813 <https://github.com/rust-lang/rust/issues/79813>
[INFO] [stdout]    = note: this warning originates in the macro `$crate::cfg_aliases` which comes from the expansion of the macro `cfg_aliases` (in Nightly builds, run with -Z macro-backtrace for more info)
[INFO] [stdout] 
[INFO] [stdout] 
[INFO] [stdout] warning: trailing semicolon in macro used in expression position
[INFO] [stdout]   --> build.rs:8:5
[INFO] [stdout]    |
[INFO] [stdout]  8 | /     cfg_aliases! {
[INFO] [stdout]  9 | |         // Systems.
[INFO] [stdout] 10 | |         android_platform: { target_os = "android" },
[INFO] [stdout] 11 | |         web_platform: { all(target_family = "wasm", target_os = "unknown") },
[INFO] [stdout] ...  |
[INFO] [stdout] 21 | |         orbital_platform: { redox },
[INFO] [stdout] 22 | |     }
[INFO] [stdout]    | |_____^
[INFO] [stdout]    |
[INFO] [stdout]    = warning: this was previously accepted by the compiler but is being phased out; it will become a hard error in a future release!
[INFO] [stdout]    = note: for more information, see issue #79813 <https://github.com/rust-lang/rust/issues/79813>
[INFO] [stdout]    = note: this warning originates in the macro `$crate::cfg_aliases` which comes from the expansion of the macro `cfg_aliases` (in Nightly builds, run with -Z macro-backtrace for more info)
[INFO] [stdout] 
[INFO] [stdout] 
[INFO] [stdout] warning: trailing semicolon in macro used in expression position
[INFO] [stdout]   --> build.rs:8:5
[INFO] [stdout]    |
[INFO] [stdout]  8 | /     cfg_aliases! {
[INFO] [stdout]  9 | |         // Systems.
[INFO] [stdout] 10 | |         android_platform: { target_os = "android" },
[INFO] [stdout] 11 | |         web_platform: { all(target_family = "wasm", target_os = "unknown") },
[INFO] [stdout] ...  |
[INFO] [stdout] 21 | |         orbital_platform: { redox },
[INFO] [stdout] 22 | |     }
[INFO] [stdout]    | |_____^
[INFO] [stdout]    |
[INFO] [stdout]    = warning: this was previously accepted by the compiler but is being phased out; it will become a hard error in a future release!
[INFO] [stdout]    = note: for more information, see issue #79813 <https://github.com/rust-lang/rust/issues/79813>
[INFO] [stdout]    = note: this warning originates in the macro `$crate::cfg_aliases` which comes from the expansion of the macro `cfg_aliases` (in Nightly builds, run with -Z macro-backtrace for more info)
[INFO] [stdout] 
[INFO] [stdout] 
[INFO] [stdout] warning: trailing semicolon in macro used in expression position
[INFO] [stdout]   --> build.rs:8:5
[INFO] [stdout]    |
[INFO] [stdout]  8 | /     cfg_aliases! {
[INFO] [stdout]  9 | |         // Systems.
[INFO] [stdout] 10 | |         android_platform: { target_os = "android" },
[INFO] [stdout] 11 | |         web_platform: { all(target_family = "wasm", target_os = "unknown") },
[INFO] [stdout] ...  |
[INFO] [stdout] 21 | |         orbital_platform: { redox },
[INFO] [stdout] 22 | |     }
[INFO] [stdout]    | |_____^
[INFO] [stdout]    |
[INFO] [stdout]    = warning: this was previously accepted by the compiler but is being phased out; it will become a hard error in a future release!
[INFO] [stdout]    = note: for more information, see issue #79813 <https://github.com/rust-lang/rust/issues/79813>
[INFO] [stdout]    = note: this warning originates in the macro `$crate::cfg_aliases` which comes from the expansion of the macro `cfg_aliases` (in Nightly builds, run with -Z macro-backtrace for more info)
[INFO] [stdout] 
[INFO] [stdout] 
[INFO] [stderr]    Compiling as-raw-xcb-connection v1.0.1
[INFO] [stderr]    Compiling smol_str v0.3.2
[INFO] [stdout] warning: trailing semicolon in macro used in expression position
[INFO] [stdout]   --> build.rs:8:5
[INFO] [stdout]    |
[INFO] [stdout]  8 | /     cfg_aliases! {
[INFO] [stdout]  9 | |         // Systems.
[INFO] [stdout] 10 | |         android_platform: { target_os = "android" },
[INFO] [stdout] 11 | |         web_platform: { all(target_family = "wasm", target_os = "unknown") },
[INFO] [stdout] ...  |
[INFO] [stdout] 21 | |         orbital_platform: { redox },
[INFO] [stdout] 22 | |     }
[INFO] [stdout]    | |_____^
[INFO] [stdout]    |
[INFO] [stdout]    = warning: this was previously accepted by the compiler but is being phased out; it will become a hard error in a future release!
[INFO] [stdout]    = note: for more information, see issue #79813 <https://github.com/rust-lang/rust/issues/79813>
[INFO] [stdout]    = note: this warning originates in the macro `$crate::cfg_aliases` which comes from the expansion of the macro `cfg_aliases` (in Nightly builds, run with -Z macro-backtrace for more info)
[INFO] [stdout] 
[INFO] [stdout] 
[INFO] [stdout] warning: trailing semicolon in macro used in expression position
[INFO] [stdout]   --> build.rs:8:5
[INFO] [stdout]    |
[INFO] [stdout]  8 | /     cfg_aliases! {
[INFO] [stdout]  9 | |         // Systems.
[INFO] [stdout] 10 | |         android_platform: { target_os = "android" },
[INFO] [stdout] 11 | |         web_platform: { all(target_family = "wasm", target_os = "unknown") },
[INFO] [stdout] ...  |
[INFO] [stdout] 21 | |         orbital_platform: { redox },
[INFO] [stdout] 22 | |     }
[INFO] [stdout]    | |_____^
[INFO] [stdout]    |
[INFO] [stdout]    = warning: this was previously accepted by the compiler but is being phased out; it will become a hard error in a future release!
[INFO] [stdout]    = note: for more information, see issue #79813 <https://github.com/rust-lang/rust/issues/79813>
[INFO] [stdout]    = note: this warning originates in the macro `$crate::cfg_aliases` which comes from the expansion of the macro `cfg_aliases` (in Nightly builds, run with -Z macro-backtrace for more info)
[INFO] [stdout] 
[INFO] [stdout] 
[INFO] [stdout] warning: trailing semicolon in macro used in expression position
[INFO] [stdout]   --> build.rs:8:5
[INFO] [stdout]    |
[INFO] [stdout]  8 | /     cfg_aliases! {
[INFO] [stdout]  9 | |         // Systems.
[INFO] [stdout] 10 | |         android_platform: { target_os = "android" },
[INFO] [stdout] 11 | |         web_platform: { all(target_family = "wasm", target_os = "unknown") },
[INFO] [stdout] ...  |
[INFO] [stdout] 21 | |         orbital_platform: { redox },
[INFO] [stdout] 22 | |     }
[INFO] [stdout]    | |_____^
[INFO] [stdout]    |
[INFO] [stdout]    = warning: this was previously accepted by the compiler but is being phased out; it will become a hard error in a future release!
[INFO] [stdout]    = note: for more information, see issue #79813 <https://github.com/rust-lang/rust/issues/79813>
[INFO] [stdout]    = note: this warning originates in the macro `$crate::cfg_aliases` which comes from the expansion of the macro `cfg_aliases` (in Nightly builds, run with -Z macro-backtrace for more info)
[INFO] [stdout] 
[INFO] [stdout] 
[INFO] [stdout] warning: trailing semicolon in macro used in expression position
[INFO] [stdout]   --> build.rs:8:5
[INFO] [stdout]    |
[INFO] [stdout]  8 | /     cfg_aliases! {
[INFO] [stdout]  9 | |         // Systems.
[INFO] [stdout] 10 | |         android_platform: { target_os = "android" },
[INFO] [stdout] 11 | |         web_platform: { all(target_family = "wasm", target_os = "unknown") },
[INFO] [stdout] ...  |
[INFO] [stdout] 21 | |         orbital_platform: { redox },
[INFO] [stdout] 22 | |     }
[INFO] [stdout]    | |_____^
[INFO] [stdout]    |
[INFO] [stdout]    = warning: this was previously accepted by the compiler but is being phased out; it will become a hard error in a future release!
[INFO] [stdout]    = note: for more information, see issue #79813 <https://github.com/rust-lang/rust/issues/79813>
[INFO] [stdout]    = note: this warning originates in the macro `$crate::cfg_aliases` which comes from the expansion of the macro `cfg_aliases` (in Nightly builds, run with -Z macro-backtrace for more info)
[INFO] [stdout] 
[INFO] [stdout] 
[INFO] [stderr]    Compiling quote v1.0.40
[INFO] [stderr]    Compiling percent-encoding v2.3.1
[INFO] [stderr]    Compiling raw-window-handle v0.6.2
[INFO] [stderr]    Compiling tracing v0.1.41
[INFO] [stderr]    Compiling dpi v0.1.2
[INFO] [stderr]    Compiling syn v2.0.101
[INFO] [stderr]    Compiling quick-xml v0.37.5
[INFO] [stderr]    Compiling wayland-backend v0.3.10
[INFO] [stderr]    Compiling xkbcommon-dl v0.4.2
[INFO] [stderr]    Compiling memmap2 v0.9.5
[INFO] [stderr]    Compiling tiny-skia v0.11.4
[INFO] [stderr]    Compiling wayland-scanner v0.31.6
[INFO] [stderr]    Compiling owned_ttf_parser v0.25.0
[INFO] [stderr]    Compiling thiserror-impl v1.0.69
[INFO] [stderr]    Compiling ab_glyph v0.2.29
[INFO] [stderr]    Compiling thiserror v1.0.69
[INFO] [stderr]    Compiling polling v3.7.4
[INFO] [stderr]    Compiling calloop v0.13.0
[INFO] [stderr]    Compiling wayland-csd-frame v0.3.0
[INFO] [stderr]    Compiling wayland-protocols v0.32.8
[INFO] [stderr]    Compiling calloop-wayland-source v0.3.0
[INFO] [stderr]    Compiling wayland-cursor v0.31.10
[INFO] [stderr]    Compiling x11rb v0.13.1
[INFO] [stderr]    Compiling wayland-protocols-wlr v0.3.8
[INFO] [stderr]    Compiling wayland-protocols-plasma v0.3.8
[INFO] [stderr]    Compiling sctk-adwaita v0.10.1
[INFO] [stdout] warning: direct cast of function item into an integer
[INFO] [stdout]    --> src/platform_impl/linux/x11/ime/context.rs:174:40
[INFO] [stdout]     |
[INFO] [stdout] 174 |                 preedit_start_callback as usize,
[INFO] [stdout]     |                                        ^^^^^^^^
[INFO] [stdout]     |
[INFO] [stdout]     = note: `#[warn(function_casts_as_integer)]` on by default
[INFO] [stdout] help: first cast to a pointer `as *const ()`
[INFO] [stdout]     |
[INFO] [stdout] 174 |                 preedit_start_callback as *const () as usize,
[INFO] [stdout]     |                                        ++++++++++++
[INFO] [stdout] 
[INFO] [stdout] 
[INFO] [stderr]     Finished `dev` profile [unoptimized + debuginfo] target(s) in 40.79s
[INFO] running `Command { std: "docker" "inspect" "926ce5d10327336c68ee8fe540269e5a5f71fcec65db6bb1c3fb448128cf0ad7", kill_on_drop: false }`
[INFO] running `Command { std: "docker" "exec" "-e" "SOURCE_DIR=/opt/rustwide/workdir" "-e" "CARGO_HOME=/opt/rustwide/cargo-home" "-e" "RUSTUP_HOME=/opt/rustwide/rustup-home" "-e" "CARGO_TARGET_DIR=/opt/rustwide/target" "-e" "CARGO_INCREMENTAL=0" "-e" "RUST_BACKTRACE=full" "-e" "RUSTFLAGS=--cap-lints=warn" "-e" "RUSTDOCFLAGS=--cap-lints=warn" "-w" "/opt/rustwide/workdir" "--user" "0:0" "926ce5d10327336c68ee8fe540269e5a5f71fcec65db6bb1c3fb448128cf0ad7" "/opt/rustwide/cargo-home/bin/cargo" "+1.99.0-beta.8" "test" "--frozen" "--no-run" "--message-format=json", kill_on_drop: false }`
[INFO] [stderr]    Compiling rustix v0.38.44
[INFO] [stderr]    Compiling tracing-core v0.1.33
[INFO] [stderr]    Compiling bytemuck v1.23.0
[INFO] [stderr]    Compiling simd-adler32 v0.3.7
[INFO] [stderr]    Compiling wayland-sys v0.31.6
[INFO] [stderr]    Compiling adler2 v2.0.0
[INFO] [stderr]    Compiling num-traits v0.2.19
[INFO] [stderr]    Compiling tiny-xlib v0.2.4
[INFO] [stderr]    Compiling crc32fast v1.4.2
[INFO] [stderr]    Compiling regex-syntax v0.8.5
[INFO] [stderr]    Compiling x11rb-protocol v0.13.1
[INFO] [stderr]    Compiling regex-automata v0.1.10
[INFO] [stderr]    Compiling softbuffer v0.4.6
[INFO] [stdout] warning: trailing semicolon in macro used in expression position
[INFO] [stdout]   --> build.rs:8:5
[INFO] [stdout]    |
[INFO] [stdout]  8 | /     cfg_aliases! {
[INFO] [stdout]  9 | |         // Systems.
[INFO] [stdout] 10 | |         android_platform: { target_os = "android" },
[INFO] [stdout] 11 | |         web_platform: { all(target_family = "wasm", target_os = "unknown") },
[INFO] [stdout] ...  |
[INFO] [stdout] 21 | |         orbital_platform: { redox },
[INFO] [stdout] 22 | |     }
[INFO] [stdout]    | |_____^
[INFO] [stdout]    |
[INFO] [stdout]    = warning: this was previously accepted by the compiler but is being phased out; it will become a hard error in a future release!
[INFO] [stdout]    = note: for more information, see issue #79813 <https://github.com/rust-lang/rust/issues/79813>
[INFO] [stdout]    = note: `#[warn(semicolon_in_expressions_from_non_local_macros)]` (part of `#[warn(future_incompatible)]`) on by default
[INFO] [stdout]    = note: this warning originates in the macro `$crate::cfg_aliases` which comes from the expansion of the macro `cfg_aliases` (in Nightly builds, run with -Z macro-backtrace for more info)
[INFO] [stdout] 
[INFO] [stdout] 
[INFO] [stdout] warning: trailing semicolon in macro used in expression position
[INFO] [stdout]   --> build.rs:8:5
[INFO] [stdout]    |
[INFO] [stdout]  8 | /     cfg_aliases! {
[INFO] [stdout]  9 | |         // Systems.
[INFO] [stdout] 10 | |         android_platform: { target_os = "android" },
[INFO] [stdout] 11 | |         web_platform: { all(target_family = "wasm", target_os = "unknown") },
[INFO] [stdout] ...  |
[INFO] [stdout] 21 | |         orbital_platform: { redox },
[INFO] [stdout] 22 | |     }
[INFO] [stdout]    | |_____^
[INFO] [stdout]    |
[INFO] [stdout]    = warning: this was previously accepted by the compiler but is being phased out; it will become a hard error in a future release!
[INFO] [stdout]    = note: for more information, see issue #79813 <https://github.com/rust-lang/rust/issues/79813>
[INFO] [stdout]    = note: this warning originates in the macro `$crate::cfg_aliases` which comes from the expansion of the macro `cfg_aliases` (in Nightly builds, run with -Z macro-backtrace for more info)
[INFO] [stdout] 
[INFO] [stdout] 
[INFO] [stdout] warning: trailing semicolon in macro used in expression position
[INFO] [stdout]   --> build.rs:8:5
[INFO] [stdout]    |
[INFO] [stdout]  8 | /     cfg_aliases! {
[INFO] [stdout]  9 | |         // Systems.
[INFO] [stdout] 10 | |         android_platform: { target_os = "android" },
[INFO] [stdout] 11 | |         web_platform: { all(target_family = "wasm", target_os = "unknown") },
[INFO] [stdout] ...  |
[INFO] [stdout] 21 | |         orbital_platform: { redox },
[INFO] [stdout] 22 | |     }
[INFO] [stdout]    | |_____^
[INFO] [stdout]    |
[INFO] [stdout]    = warning: this was previously accepted by the compiler but is being phased out; it will become a hard error in a future release!
[INFO] [stdout]    = note: for more information, see issue #79813 <https://github.com/rust-lang/rust/issues/79813>
[INFO] [stdout]    = note: this warning originates in the macro `$crate::cfg_aliases` which comes from the expansion of the macro `cfg_aliases` (in Nightly builds, run with -Z macro-backtrace for more info)
[INFO] [stdout] 
[INFO] [stdout] 
[INFO] [stdout] warning: trailing semicolon in macro used in expression position
[INFO] [stdout]   --> build.rs:8:5
[INFO] [stdout]    |
[INFO] [stdout]  8 | /     cfg_aliases! {
[INFO] [stdout]  9 | |         // Systems.
[INFO] [stdout] 10 | |         android_platform: { target_os = "android" },
[INFO] [stdout] 11 | |         web_platform: { all(target_family = "wasm", target_os = "unknown") },
[INFO] [stdout] ...  |
[INFO] [stdout] 21 | |         orbital_platform: { redox },
[INFO] [stdout] 22 | |     }
[INFO] [stdout]    | |_____^
[INFO] [stdout]    |
[INFO] [stdout]    = warning: this was previously accepted by the compiler but is being phased out; it will become a hard error in a future release!
[INFO] [stdout]    = note: for more information, see issue #79813 <https://github.com/rust-lang/rust/issues/79813>
[INFO] [stdout]    = note: this warning originates in the macro `$crate::cfg_aliases` which comes from the expansion of the macro `cfg_aliases` (in Nightly builds, run with -Z macro-backtrace for more info)
[INFO] [stdout] 
[INFO] [stdout] 
[INFO] [stdout] warning: trailing semicolon in macro used in expression position
[INFO] [stdout]   --> build.rs:8:5
[INFO] [stdout]    |
[INFO] [stdout]  8 | /     cfg_aliases! {
[INFO] [stdout]  9 | |         // Systems.
[INFO] [stdout] 10 | |         android_platform: { target_os = "android" },
[INFO] [stdout] 11 | |         web_platform: { all(target_family = "wasm", target_os = "unknown") },
[INFO] [stdout] ...  |
[INFO] [stdout] 21 | |         orbital_platform: { redox },
[INFO] [stdout] 22 | |     }
[INFO] [stdout]    | |_____^
[INFO] [stdout]    |
[INFO] [stdout]    = warning: this was previously accepted by the compiler but is being phased out; it will become a hard error in a future release!
[INFO] [stdout]    = note: for more information, see issue #79813 <https://github.com/rust-lang/rust/issues/79813>
[INFO] [stdout]    = note: this warning originates in the macro `$crate::cfg_aliases` which comes from the expansion of the macro `cfg_aliases` (in Nightly builds, run with -Z macro-backtrace for more info)
[INFO] [stdout] 
[INFO] [stdout] 
[INFO] [stdout] warning: trailing semicolon in macro used in expression position
[INFO] [stdout]   --> build.rs:8:5
[INFO] [stdout]    |
[INFO] [stdout]  8 | /     cfg_aliases! {
[INFO] [stdout]  9 | |         // Systems.
[INFO] [stdout] 10 | |         android_platform: { target_os = "android" },
[INFO] [stdout] 11 | |         web_platform: { all(target_family = "wasm", target_os = "unknown") },
[INFO] [stdout] ...  |
[INFO] [stdout] 21 | |         orbital_platform: { redox },
[INFO] [stdout] 22 | |     }
[INFO] [stdout]    | |_____^
[INFO] [stdout]    |
[INFO] [stdout]    = warning: this was previously accepted by the compiler but is being phased out; it will become a hard error in a future release!
[INFO] [stdout]    = note: for more information, see issue #79813 <https://github.com/rust-lang/rust/issues/79813>
[INFO] [stdout]    = note: this warning originates in the macro `$crate::cfg_aliases` which comes from the expansion of the macro `cfg_aliases` (in Nightly builds, run with -Z macro-backtrace for more info)
[INFO] [stdout] 
[INFO] [stdout] 
[INFO] [stdout] warning: trailing semicolon in macro used in expression position
[INFO] [stdout]   --> build.rs:8:5
[INFO] [stdout]    |
[INFO] [stdout]  8 | /     cfg_aliases! {
[INFO] [stdout]  9 | |         // Systems.
[INFO] [stdout] 10 | |         android_platform: { target_os = "android" },
[INFO] [stdout] 11 | |         web_platform: { all(target_family = "wasm", target_os = "unknown") },
[INFO] [stdout] ...  |
[INFO] [stdout] 21 | |         orbital_platform: { redox },
[INFO] [stdout] 22 | |     }
[INFO] [stdout]    | |_____^
[INFO] [stdout]    |
[INFO] [stdout]    = warning: this was previously accepted by the compiler but is being phased out; it will become a hard error in a future release!
[INFO] [stdout]    = note: for more information, see issue #79813 <https://github.com/rust-lang/rust/issues/79813>
[INFO] [stdout]    = note: this warning originates in the macro `$crate::cfg_aliases` which comes from the expansion of the macro `cfg_aliases` (in Nightly builds, run with -Z macro-backtrace for more info)
[INFO] [stdout] 
[INFO] [stdout] 
[INFO] [stdout] warning: trailing semicolon in macro used in expression position
[INFO] [stdout]   --> build.rs:8:5
[INFO] [stdout]    |
[INFO] [stdout]  8 | /     cfg_aliases! {
[INFO] [stdout]  9 | |         // Systems.
[INFO] [stdout] 10 | |         android_platform: { target_os = "android" },
[INFO] [stdout] 11 | |         web_platform: { all(target_family = "wasm", target_os = "unknown") },
[INFO] [stdout] ...  |
[INFO] [stdout] 21 | |         orbital_platform: { redox },
[INFO] [stdout] 22 | |     }
[INFO] [stdout]    | |_____^
[INFO] [stdout]    |
[INFO] [stdout]    = warning: this was previously accepted by the compiler but is being phased out; it will become a hard error in a future release!
[INFO] [stdout]    = note: for more information, see issue #79813 <https://github.com/rust-lang/rust/issues/79813>
[INFO] [stdout]    = note: this warning originates in the macro `$crate::cfg_aliases` which comes from the expansion of the macro `cfg_aliases` (in Nightly builds, run with -Z macro-backtrace for more info)
[INFO] [stdout] 
[INFO] [stdout] 
[INFO] [stdout] warning: trailing semicolon in macro used in expression position
[INFO] [stdout]   --> build.rs:8:5
[INFO] [stdout]    |
[INFO] [stdout]  8 | /     cfg_aliases! {
[INFO] [stdout]  9 | |         // Systems.
[INFO] [stdout] 10 | |         android_platform: { target_os = "android" },
[INFO] [stdout] 11 | |         web_platform: { all(target_family = "wasm", target_os = "unknown") },
[INFO] [stdout] ...  |
[INFO] [stdout] 21 | |         orbital_platform: { redox },
[INFO] [stdout] 22 | |     }
[INFO] [stdout]    | |_____^
[INFO] [stdout]    |
[INFO] [stdout]    = warning: this was previously accepted by the compiler but is being phased out; it will become a hard error in a future release!
[INFO] [stdout]    = note: for more information, see issue #79813 <https://github.com/rust-lang/rust/issues/79813>
[INFO] [stdout]    = note: this warning originates in the macro `$crate::cfg_aliases` which comes from the expansion of the macro `cfg_aliases` (in Nightly builds, run with -Z macro-backtrace for more info)
[INFO] [stdout] 
[INFO] [stdout] 
[INFO] [stdout] warning: trailing semicolon in macro used in expression position
[INFO] [stdout]   --> build.rs:8:5
[INFO] [stdout]    |
[INFO] [stdout]  8 | /     cfg_aliases! {
[INFO] [stdout]  9 | |         // Systems.
[INFO] [stdout] 10 | |         android_platform: { target_os = "android" },
[INFO] [stdout] 11 | |         web_platform: { all(target_family = "wasm", target_os = "unknown") },
[INFO] [stdout] ...  |
[INFO] [stdout] 21 | |         orbital_platform: { redox },
[INFO] [stdout] 22 | |     }
[INFO] [stdout]    | |_____^
[INFO] [stdout]    |
[INFO] [stdout]    = warning: this was previously accepted by the compiler but is being phased out; it will become a hard error in a future release!
[INFO] [stdout]    = note: for more information, see issue #79813 <https://github.com/rust-lang/rust/issues/79813>
[INFO] [stdout]    = note: this warning originates in the macro `$crate::cfg_aliases` which comes from the expansion of the macro `cfg_aliases` (in Nightly builds, run with -Z macro-backtrace for more info)
[INFO] [stdout] 
[INFO] [stdout] 
[INFO] [stdout] warning: trailing semicolon in macro used in expression position
[INFO] [stdout]   --> build.rs:8:5
[INFO] [stdout]    |
[INFO] [stdout]  8 | /     cfg_aliases! {
[INFO] [stdout]  9 | |         // Systems.
[INFO] [stdout] 10 | |         android_platform: { target_os = "android" },
[INFO] [stdout] 11 | |         web_platform: { all(target_family = "wasm", target_os = "unknown") },
[INFO] [stdout] ...  |
[INFO] [stdout] 21 | |         orbital_platform: { redox },
[INFO] [stdout] 22 | |     }
[INFO] [stdout]    | |_____^
[INFO] [stdout]    |
[INFO] [stdout]    = warning: this was previously accepted by the compiler but is being phased out; it will become a hard error in a future release!
[INFO] [stdout]    = note: for more information, see issue #79813 <https://github.com/rust-lang/rust/issues/79813>
[INFO] [stdout]    = note: this warning originates in the macro `$crate::cfg_aliases` which comes from the expansion of the macro `cfg_aliases` (in Nightly builds, run with -Z macro-backtrace for more info)
[INFO] [stdout] 
[INFO] [stdout] 
[INFO] [stdout] warning: trailing semicolon in macro used in expression position
[INFO] [stdout]   --> build.rs:8:5
[INFO] [stdout]    |
[INFO] [stdout]  8 | /     cfg_aliases! {
[INFO] [stdout]  9 | |         // Systems.
[INFO] [stdout] 10 | |         android_platform: { target_os = "android" },
[INFO] [stdout] 11 | |         web_platform: { all(target_family = "wasm", target_os = "unknown") },
[INFO] [stdout] ...  |
[INFO] [stdout] 21 | |         orbital_platform: { redox },
[INFO] [stdout] 22 | |     }
[INFO] [stdout]    | |_____^
[INFO] [stdout]    |
[INFO] [stdout]    = warning: this was previously accepted by the compiler but is being phased out; it will become a hard error in a future release!
[INFO] [stdout]    = note: for more information, see issue #79813 <https://github.com/rust-lang/rust/issues/79813>
[INFO] [stdout]    = note: this warning originates in the macro `$crate::cfg_aliases` which comes from the expansion of the macro `cfg_aliases` (in Nightly builds, run with -Z macro-backtrace for more info)
[INFO] [stdout] 
[INFO] [stdout] 
[INFO] [stdout] warning: trailing semicolon in macro used in expression position
[INFO] [stdout]   --> build.rs:8:5
[INFO] [stdout]    |
[INFO] [stdout]  8 | /     cfg_aliases! {
[INFO] [stdout]  9 | |         // Systems.
[INFO] [stdout] 10 | |         android_platform: { target_os = "android" },
[INFO] [stdout] 11 | |         web_platform: { all(target_family = "wasm", target_os = "unknown") },
[INFO] [stdout] ...  |
[INFO] [stdout] 21 | |         orbital_platform: { redox },
[INFO] [stdout] 22 | |     }
[INFO] [stdout]    | |_____^
[INFO] [stdout]    |
[INFO] [stdout]    = warning: this was previously accepted by the compiler but is being phased out; it will become a hard error in a future release!
[INFO] [stdout]    = note: for more information, see issue #79813 <https://github.com/rust-lang/rust/issues/79813>
[INFO] [stdout]    = note: this warning originates in the macro `$crate::cfg_aliases` which comes from the expansion of the macro `cfg_aliases` (in Nightly builds, run with -Z macro-backtrace for more info)
[INFO] [stdout] 
[INFO] [stdout] 
[INFO] [stdout] warning: trailing semicolon in macro used in expression position
[INFO] [stdout]   --> build.rs:8:5
[INFO] [stdout]    |
[INFO] [stdout]  8 | /     cfg_aliases! {
[INFO] [stdout]  9 | |         // Systems.
[INFO] [stdout] 10 | |         android_platform: { target_os = "android" },
[INFO] [stdout] 11 | |         web_platform: { all(target_family = "wasm", target_os = "unknown") },
[INFO] [stdout] ...  |
[INFO] [stdout] 21 | |         orbital_platform: { redox },
[INFO] [stdout] 22 | |     }
[INFO] [stdout]    | |_____^
[INFO] [stdout]    |
[INFO] [stdout]    = warning: this was previously accepted by the compiler but is being phased out; it will become a hard error in a future release!
[INFO] [stdout]    = note: for more information, see issue #79813 <https://github.com/rust-lang/rust/issues/79813>
[INFO] [stdout]    = note: this warning originates in the macro `$crate::cfg_aliases` which comes from the expansion of the macro `cfg_aliases` (in Nightly builds, run with -Z macro-backtrace for more info)
[INFO] [stdout] 
[INFO] [stdout] 
[INFO] [stdout] warning: trailing semicolon in macro used in expression position
[INFO] [stdout]   --> build.rs:8:5
[INFO] [stdout]    |
[INFO] [stdout]  8 | /     cfg_aliases! {
[INFO] [stdout]  9 | |         // Systems.
[INFO] [stdout] 10 | |         android_platform: { target_os = "android" },
[INFO] [stdout] 11 | |         web_platform: { all(target_family = "wasm", target_os = "unknown") },
[INFO] [stdout] ...  |
[INFO] [stdout] 21 | |         orbital_platform: { redox },
[INFO] [stdout] 22 | |     }
[INFO] [stdout]    | |_____^
[INFO] [stdout]    |
[INFO] [stdout]    = warning: this was previously accepted by the compiler but is being phased out; it will become a hard error in a future release!
[INFO] [stdout]    = note: for more information, see issue #79813 <https://github.com/rust-lang/rust/issues/79813>
[INFO] [stdout]    = note: this warning originates in the macro `$crate::cfg_aliases` which comes from the expansion of the macro `cfg_aliases` (in Nightly builds, run with -Z macro-backtrace for more info)
[INFO] [stdout] 
[INFO] [stdout] 
[INFO] [stdout] warning: trailing semicolon in macro used in expression position
[INFO] [stdout]   --> build.rs:8:5
[INFO] [stdout]    |
[INFO] [stdout]  8 | /     cfg_aliases! {
[INFO] [stdout]  9 | |         // Systems.
[INFO] [stdout] 10 | |         android_platform: { target_os = "android" },
[INFO] [stdout] 11 | |         web_platform: { all(target_family = "wasm", target_os = "unknown") },
[INFO] [stdout] ...  |
[INFO] [stdout] 21 | |         orbital_platform: { redox },
[INFO] [stdout] 22 | |     }
[INFO] [stdout]    | |_____^
[INFO] [stdout]    |
[INFO] [stdout]    = warning: this was previously accepted by the compiler but is being phased out; it will become a hard error in a future release!
[INFO] [stdout]    = note: for more information, see issue #79813 <https://github.com/rust-lang/rust/issues/79813>
[INFO] [stdout]    = note: this warning originates in the macro `$crate::cfg_aliases` which comes from the expansion of the macro `cfg_aliases` (in Nightly builds, run with -Z macro-backtrace for more info)
[INFO] [stdout] 
[INFO] [stdout] 
[INFO] [stdout] warning: trailing semicolon in macro used in expression position
[INFO] [stdout]   --> build.rs:8:5
[INFO] [stdout]    |
[INFO] [stdout]  8 | /     cfg_aliases! {
[INFO] [stdout]  9 | |         // Systems.
[INFO] [stdout] 10 | |         android_platform: { target_os = "android" },
[INFO] [stdout] 11 | |         web_platform: { all(target_family = "wasm", target_os = "unknown") },
[INFO] [stdout] ...  |
[INFO] [stdout] 21 | |         orbital_platform: { redox },
[INFO] [stdout] 22 | |     }
[INFO] [stdout]    | |_____^
[INFO] [stdout]    |
[INFO] [stdout]    = warning: this was previously accepted by the compiler but is being phased out; it will become a hard error in a future release!
[INFO] [stdout]    = note: for more information, see issue #79813 <https://github.com/rust-lang/rust/issues/79813>
[INFO] [stdout]    = note: this warning originates in the macro `$crate::cfg_aliases` which comes from the expansion of the macro `cfg_aliases` (in Nightly builds, run with -Z macro-backtrace for more info)
[INFO] [stdout] 
[INFO] [stdout] 
[INFO] [stdout] warning: trailing semicolon in macro used in expression position
[INFO] [stdout]   --> build.rs:8:5
[INFO] [stdout]    |
[INFO] [stdout]  8 | /     cfg_aliases! {
[INFO] [stdout]  9 | |         // Systems.
[INFO] [stdout] 10 | |         android_platform: { target_os = "android" },
[INFO] [stdout] 11 | |         web_platform: { all(target_family = "wasm", target_os = "unknown") },
[INFO] [stdout] ...  |
[INFO] [stdout] 21 | |         orbital_platform: { redox },
[INFO] [stdout] 22 | |     }
[INFO] [stdout]    | |_____^
[INFO] [stdout]    |
[INFO] [stdout]    = warning: this was previously accepted by the compiler but is being phased out; it will become a hard error in a future release!
[INFO] [stdout]    = note: for more information, see issue #79813 <https://github.com/rust-lang/rust/issues/79813>
[INFO] [stdout]    = note: this warning originates in the macro `$crate::cfg_aliases` which comes from the expansion of the macro `cfg_aliases` (in Nightly builds, run with -Z macro-backtrace for more info)
[INFO] [stdout] 
[INFO] [stdout] 
[INFO] [stdout] warning: trailing semicolon in macro used in expression position
[INFO] [stdout]   --> build.rs:8:5
[INFO] [stdout]    |
[INFO] [stdout]  8 | /     cfg_aliases! {
[INFO] [stdout]  9 | |         // Systems.
[INFO] [stdout] 10 | |         android_platform: { target_os = "android" },
[INFO] [stdout] 11 | |         web_platform: { all(target_family = "wasm", target_os = "unknown") },
[INFO] [stdout] ...  |
[INFO] [stdout] 21 | |         orbital_platform: { redox },
[INFO] [stdout] 22 | |     }
[INFO] [stdout]    | |_____^
[INFO] [stdout]    |
[INFO] [stdout]    = warning: this was previously accepted by the compiler but is being phased out; it will become a hard error in a future release!
[INFO] [stdout]    = note: for more information, see issue #79813 <https://github.com/rust-lang/rust/issues/79813>
[INFO] [stdout]    = note: this warning originates in the macro `$crate::cfg_aliases` which comes from the expansion of the macro `cfg_aliases` (in Nightly builds, run with -Z macro-backtrace for more info)
[INFO] [stdout] 
[INFO] [stdout] 
[INFO] [stdout] warning: trailing semicolon in macro used in expression position
[INFO] [stdout]   --> build.rs:8:5
[INFO] [stdout]    |
[INFO] [stdout]  8 | /     cfg_aliases! {
[INFO] [stdout]  9 | |         // Systems.
[INFO] [stdout] 10 | |         android_platform: { target_os = "android" },
[INFO] [stdout] 11 | |         web_platform: { all(target_family = "wasm", target_os = "unknown") },
[INFO] [stdout] ...  |
[INFO] [stdout] 21 | |         orbital_platform: { redox },
[INFO] [stdout] 22 | |     }
[INFO] [stdout]    | |_____^
[INFO] [stdout]    |
[INFO] [stdout]    = warning: this was previously accepted by the compiler but is being phased out; it will become a hard error in a future release!
[INFO] [stdout]    = note: for more information, see issue #79813 <https://github.com/rust-lang/rust/issues/79813>
[INFO] [stdout]    = note: this warning originates in the macro `$crate::cfg_aliases` which comes from the expansion of the macro `cfg_aliases` (in Nightly builds, run with -Z macro-backtrace for more info)
[INFO] [stdout] 
[INFO] [stdout] 
[INFO] [stdout] warning: trailing semicolon in macro used in expression position
[INFO] [stdout]   --> build.rs:8:5
[INFO] [stdout]    |
[INFO] [stdout]  8 | /     cfg_aliases! {
[INFO] [stdout]  9 | |         // Systems.
[INFO] [stdout] 10 | |         android_platform: { target_os = "android" },
[INFO] [stdout] 11 | |         web_platform: { all(target_family = "wasm", target_os = "unknown") },
[INFO] [stdout] ...  |
[INFO] [stdout] 21 | |         orbital_platform: { redox },
[INFO] [stdout] 22 | |     }
[INFO] [stdout]    | |_____^
[INFO] [stdout]    |
[INFO] [stdout]    = warning: this was previously accepted by the compiler but is being phased out; it will become a hard error in a future release!
[INFO] [stdout]    = note: for more information, see issue #79813 <https://github.com/rust-lang/rust/issues/79813>
[INFO] [stdout]    = note: this warning originates in the macro `$crate::cfg_aliases` which comes from the expansion of the macro `cfg_aliases` (in Nightly builds, run with -Z macro-backtrace for more info)
[INFO] [stdout] 
[INFO] [stdout] 
[INFO] [stdout] warning: trailing semicolon in macro used in expression position
[INFO] [stdout]   --> build.rs:8:5
[INFO] [stdout]    |
[INFO] [stdout]  8 | /     cfg_aliases! {
[INFO] [stdout]  9 | |         // Systems.
[INFO] [stdout] 10 | |         android_platform: { target_os = "android" },
[INFO] [stdout] 11 | |         web_platform: { all(target_family = "wasm", target_os = "unknown") },
[INFO] [stdout] ...  |
[INFO] [stdout] 21 | |         orbital_platform: { redox },
[INFO] [stdout] 22 | |     }
[INFO] [stdout]    | |_____^
[INFO] [stdout]    |
[INFO] [stdout]    = warning: this was previously accepted by the compiler but is being phased out; it will become a hard error in a future release!
[INFO] [stdout]    = note: for more information, see issue #79813 <https://github.com/rust-lang/rust/issues/79813>
[INFO] [stdout]    = note: this warning originates in the macro `$crate::cfg_aliases` which comes from the expansion of the macro `cfg_aliases` (in Nightly builds, run with -Z macro-backtrace for more info)
[INFO] [stdout] 
[INFO] [stdout] 
[INFO] [stdout] warning: trailing semicolon in macro used in expression position
[INFO] [stdout]   --> build.rs:8:5
[INFO] [stdout]    |
[INFO] [stdout]  8 | /     cfg_aliases! {
[INFO] [stdout]  9 | |         // Systems.
[INFO] [stdout] 10 | |         android_platform: { target_os = "android" },
[INFO] [stdout] 11 | |         web_platform: { all(target_family = "wasm", target_os = "unknown") },
[INFO] [stdout] ...  |
[INFO] [stdout] 21 | |         orbital_platform: { redox },
[INFO] [stdout] 22 | |     }
[INFO] [stdout]    | |_____^
[INFO] [stdout]    |
[INFO] [stdout]    = warning: this was previously accepted by the compiler but is being phased out; it will become a hard error in a future release!
[INFO] [stdout]    = note: for more information, see issue #79813 <https://github.com/rust-lang/rust/issues/79813>
[INFO] [stdout]    = note: this warning originates in the macro `$crate::cfg_aliases` which comes from the expansion of the macro `cfg_aliases` (in Nightly builds, run with -Z macro-backtrace for more info)
[INFO] [stdout] 
[INFO] [stdout] 
[INFO] [stdout] warning: trailing semicolon in macro used in expression position
[INFO] [stdout]   --> build.rs:8:5
[INFO] [stdout]    |
[INFO] [stdout]  8 | /     cfg_aliases! {
[INFO] [stdout]  9 | |         // Systems.
[INFO] [stdout] 10 | |         android_platform: { target_os = "android" },
[INFO] [stdout] 11 | |         web_platform: { all(target_family = "wasm", target_os = "unknown") },
[INFO] [stdout] ...  |
[INFO] [stdout] 21 | |         orbital_platform: { redox },
[INFO] [stdout] 22 | |     }
[INFO] [stdout]    | |_____^
[INFO] [stdout]    |
[INFO] [stdout]    = warning: this was previously accepted by the compiler but is being phased out; it will become a hard error in a future release!
[INFO] [stdout]    = note: for more information, see issue #79813 <https://github.com/rust-lang/rust/issues/79813>
[INFO] [stdout]    = note: this warning originates in the macro `$crate::cfg_aliases` which comes from the expansion of the macro `cfg_aliases` (in Nightly builds, run with -Z macro-backtrace for more info)
[INFO] [stdout] 
[INFO] [stdout] 
[INFO] [stdout] warning: trailing semicolon in macro used in expression position
[INFO] [stdout]   --> build.rs:8:5
[INFO] [stdout]    |
[INFO] [stdout]  8 | /     cfg_aliases! {
[INFO] [stdout]  9 | |         // Systems.
[INFO] [stdout] 10 | |         android_platform: { target_os = "android" },
[INFO] [stdout] 11 | |         web_platform: { all(target_family = "wasm", target_os = "unknown") },
[INFO] [stdout] ...  |
[INFO] [stdout] 21 | |         orbital_platform: { redox },
[INFO] [stdout] 22 | |     }
[INFO] [stdout]    | |_____^
[INFO] [stdout]    |
[INFO] [stdout]    = warning: this was previously accepted by the compiler but is being phased out; it will become a hard error in a future release!
[INFO] [stdout]    = note: for more information, see issue #79813 <https://github.com/rust-lang/rust/issues/79813>
[INFO] [stdout]    = note: this warning originates in the macro `$crate::cfg_aliases` which comes from the expansion of the macro `cfg_aliases` (in Nightly builds, run with -Z macro-backtrace for more info)
[INFO] [stdout] 
[INFO] [stdout] 
[INFO] [stdout] warning: trailing semicolon in macro used in expression position
[INFO] [stdout]   --> build.rs:8:5
[INFO] [stdout]    |
[INFO] [stdout]  8 | /     cfg_aliases! {
[INFO] [stdout]  9 | |         // Systems.
[INFO] [stdout] 10 | |         android_platform: { target_os = "android" },
[INFO] [stdout] 11 | |         web_platform: { all(target_family = "wasm", target_os = "unknown") },
[INFO] [stdout] ...  |
[INFO] [stdout] 21 | |         orbital_platform: { redox },
[INFO] [stdout] 22 | |     }
[INFO] [stdout]    | |_____^
[INFO] [stdout]    |
[INFO] [stdout]    = warning: this was previously accepted by the compiler but is being phased out; it will become a hard error in a future release!
[INFO] [stdout]    = note: for more information, see issue #79813 <https://github.com/rust-lang/rust/issues/79813>
[INFO] [stdout]    = note: this warning originates in the macro `$crate::cfg_aliases` which comes from the expansion of the macro `cfg_aliases` (in Nightly builds, run with -Z macro-backtrace for more info)
[INFO] [stdout] 
[INFO] [stdout] 
[INFO] [stdout] warning: trailing semicolon in macro used in expression position
[INFO] [stdout]   --> build.rs:8:5
[INFO] [stdout]    |
[INFO] [stdout]  8 | /     cfg_aliases! {
[INFO] [stdout]  9 | |         // Systems.
[INFO] [stdout] 10 | |         android_platform: { target_os = "android" },
[INFO] [stdout] 11 | |         web_platform: { all(target_family = "wasm", target_os = "unknown") },
[INFO] [stdout] ...  |
[INFO] [stdout] 21 | |         orbital_platform: { redox },
[INFO] [stdout] 22 | |     }
[INFO] [stdout]    | |_____^
[INFO] [stdout]    |
[INFO] [stdout]    = warning: this was previously accepted by the compiler but is being phased out; it will become a hard error in a future release!
[INFO] [stdout]    = note: for more information, see issue #79813 <https://github.com/rust-lang/rust/issues/79813>
[INFO] [stdout]    = note: this warning originates in the macro `$crate::cfg_aliases` which comes from the expansion of the macro `cfg_aliases` (in Nightly builds, run with -Z macro-backtrace for more info)
[INFO] [stdout] 
[INFO] [stdout] 
[INFO] [stdout] warning: trailing semicolon in macro used in expression position
[INFO] [stdout]   --> build.rs:8:5
[INFO] [stdout]    |
[INFO] [stdout]  8 | /     cfg_aliases! {
[INFO] [stdout]  9 | |         // Systems.
[INFO] [stdout] 10 | |         android_platform: { target_os = "android" },
[INFO] [stdout] 11 | |         web_platform: { all(target_family = "wasm", target_os = "unknown") },
[INFO] [stdout] ...  |
[INFO] [stdout] 21 | |         orbital_platform: { redox },
[INFO] [stdout] 22 | |     }
[INFO] [stdout]    | |_____^
[INFO] [stdout]    |
[INFO] [stdout]    = warning: this was previously accepted by the compiler but is being phased out; it will become a hard error in a future release!
[INFO] [stdout]    = note: for more information, see issue #79813 <https://github.com/rust-lang/rust/issues/79813>
[INFO] [stdout]    = note: this warning originates in the macro `$crate::cfg_aliases` which comes from the expansion of the macro `cfg_aliases` (in Nightly builds, run with -Z macro-backtrace for more info)
[INFO] [stdout] 
[INFO] [stdout] 
[INFO] [stdout] warning: trailing semicolon in macro used in expression position
[INFO] [stdout]   --> build.rs:8:5
[INFO] [stdout]    |
[INFO] [stdout]  8 | /     cfg_aliases! {
[INFO] [stdout]  9 | |         // Systems.
[INFO] [stdout] 10 | |         android_platform: { target_os = "android" },
[INFO] [stdout] 11 | |         web_platform: { all(target_family = "wasm", target_os = "unknown") },
[INFO] [stdout] ...  |
[INFO] [stdout] 21 | |         orbital_platform: { redox },
[INFO] [stdout] 22 | |     }
[INFO] [stdout]    | |_____^
[INFO] [stdout]    |
[INFO] [stdout]    = warning: this was previously accepted by the compiler but is being phased out; it will become a hard error in a future release!
[INFO] [stdout]    = note: for more information, see issue #79813 <https://github.com/rust-lang/rust/issues/79813>
[INFO] [stdout]    = note: this warning originates in the macro `$crate::cfg_aliases` which comes from the expansion of the macro `cfg_aliases` (in Nightly builds, run with -Z macro-backtrace for more info)
[INFO] [stdout] 
[INFO] [stdout] 
[INFO] [stdout] warning: trailing semicolon in macro used in expression position
[INFO] [stdout]   --> build.rs:8:5
[INFO] [stdout]    |
[INFO] [stdout]  8 | /     cfg_aliases! {
[INFO] [stdout]  9 | |         // Systems.
[INFO] [stdout] 10 | |         android_platform: { target_os = "android" },
[INFO] [stdout] 11 | |         web_platform: { all(target_family = "wasm", target_os = "unknown") },
[INFO] [stdout] ...  |
[INFO] [stdout] 21 | |         orbital_platform: { redox },
[INFO] [stdout] 22 | |     }
[INFO] [stdout]    | |_____^
[INFO] [stdout]    |
[INFO] [stdout]    = warning: this was previously accepted by the compiler but is being phased out; it will become a hard error in a future release!
[INFO] [stdout]    = note: for more information, see issue #79813 <https://github.com/rust-lang/rust/issues/79813>
[INFO] [stdout]    = note: this warning originates in the macro `$crate::cfg_aliases` which comes from the expansion of the macro `cfg_aliases` (in Nightly builds, run with -Z macro-backtrace for more info)
[INFO] [stdout] 
[INFO] [stdout] 
[INFO] [stdout] warning: trailing semicolon in macro used in expression position
[INFO] [stdout]   --> build.rs:8:5
[INFO] [stdout]    |
[INFO] [stdout]  8 | /     cfg_aliases! {
[INFO] [stdout]  9 | |         // Systems.
[INFO] [stdout] 10 | |         android_platform: { target_os = "android" },
[INFO] [stdout] 11 | |         web_platform: { all(target_family = "wasm", target_os = "unknown") },
[INFO] [stdout] ...  |
[INFO] [stdout] 21 | |         orbital_platform: { redox },
[INFO] [stdout] 22 | |     }
[INFO] [stdout]    | |_____^
[INFO] [stdout]    |
[INFO] [stdout]    = warning: this was previously accepted by the compiler but is being phased out; it will become a hard error in a future release!
[INFO] [stdout]    = note: for more information, see issue #79813 <https://github.com/rust-lang/rust/issues/79813>
[INFO] [stdout]    = note: this warning originates in the macro `$crate::cfg_aliases` which comes from the expansion of the macro `cfg_aliases` (in Nightly builds, run with -Z macro-backtrace for more info)
[INFO] [stdout] 
[INFO] [stdout] 
[INFO] [stdout] warning: trailing semicolon in macro used in expression position
[INFO] [stdout]   --> build.rs:8:5
[INFO] [stdout]    |
[INFO] [stdout]  8 | /     cfg_aliases! {
[INFO] [stdout]  9 | |         // Systems.
[INFO] [stdout] 10 | |         android_platform: { target_os = "android" },
[INFO] [stdout] 11 | |         web_platform: { all(target_family = "wasm", target_os = "unknown") },
[INFO] [stdout] ...  |
[INFO] [stdout] 21 | |         orbital_platform: { redox },
[INFO] [stdout] 22 | |     }
[INFO] [stdout]    | |_____^
[INFO] [stdout]    |
[INFO] [stdout]    = warning: this was previously accepted by the compiler but is being phased out; it will become a hard error in a future release!
[INFO] [stdout]    = note: for more information, see issue #79813 <https://github.com/rust-lang/rust/issues/79813>
[INFO] [stdout]    = note: this warning originates in the macro `$crate::cfg_aliases` which comes from the expansion of the macro `cfg_aliases` (in Nightly builds, run with -Z macro-backtrace for more info)
[INFO] [stdout] 
[INFO] [stdout] 
[INFO] [stdout] warning: trailing semicolon in macro used in expression position
[INFO] [stdout]   --> build.rs:8:5
[INFO] [stdout]    |
[INFO] [stdout]  8 | /     cfg_aliases! {
[INFO] [stdout]  9 | |         // Systems.
[INFO] [stdout] 10 | |         android_platform: { target_os = "android" },
[INFO] [stdout] 11 | |         web_platform: { all(target_family = "wasm", target_os = "unknown") },
[INFO] [stdout] ...  |
[INFO] [stdout] 21 | |         orbital_platform: { redox },
[INFO] [stdout] 22 | |     }
[INFO] [stdout]    | |_____^
[INFO] [stdout]    |
[INFO] [stdout]    = warning: this was previously accepted by the compiler but is being phased out; it will become a hard error in a future release!
[INFO] [stdout]    = note: for more information, see issue #79813 <https://github.com/rust-lang/rust/issues/79813>
[INFO] [stdout]    = note: this warning originates in the macro `$crate::cfg_aliases` which comes from the expansion of the macro `cfg_aliases` (in Nightly builds, run with -Z macro-backtrace for more info)
[INFO] [stdout] 
[INFO] [stdout] 
[INFO] [stdout] warning: trailing semicolon in macro used in expression position
[INFO] [stdout]   --> build.rs:8:5
[INFO] [stdout]    |
[INFO] [stdout]  8 | /     cfg_aliases! {
[INFO] [stdout]  9 | |         // Systems.
[INFO] [stdout] 10 | |         android_platform: { target_os = "android" },
[INFO] [stdout] 11 | |         web_platform: { all(target_family = "wasm", target_os = "unknown") },
[INFO] [stdout] ...  |
[INFO] [stdout] 21 | |         orbital_platform: { redox },
[INFO] [stdout] 22 | |     }
[INFO] [stdout]    | |_____^
[INFO] [stdout]    |
[INFO] [stdout]    = warning: this was previously accepted by the compiler but is being phased out; it will become a hard error in a future release!
[INFO] [stdout]    = note: for more information, see issue #79813 <https://github.com/rust-lang/rust/issues/79813>
[INFO] [stdout]    = note: this warning originates in the macro `$crate::cfg_aliases` which comes from the expansion of the macro `cfg_aliases` (in Nightly builds, run with -Z macro-backtrace for more info)
[INFO] [stdout] 
[INFO] [stdout] 
[INFO] [stdout] warning: trailing semicolon in macro used in expression position
[INFO] [stdout]   --> build.rs:8:5
[INFO] [stdout]    |
[INFO] [stdout]  8 | /     cfg_aliases! {
[INFO] [stdout]  9 | |         // Systems.
[INFO] [stdout] 10 | |         android_platform: { target_os = "android" },
[INFO] [stdout] 11 | |         web_platform: { all(target_family = "wasm", target_os = "unknown") },
[INFO] [stdout] ...  |
[INFO] [stdout] 21 | |         orbital_platform: { redox },
[INFO] [stdout] 22 | |     }
[INFO] [stdout]    | |_____^
[INFO] [stdout]    |
[INFO] [stdout]    = warning: this was previously accepted by the compiler but is being phased out; it will become a hard error in a future release!
[INFO] [stdout]    = note: for more information, see issue #79813 <https://github.com/rust-lang/rust/issues/79813>
[INFO] [stdout]    = note: this warning originates in the macro `$crate::cfg_aliases` which comes from the expansion of the macro `cfg_aliases` (in Nightly builds, run with -Z macro-backtrace for more info)
[INFO] [stdout] 
[INFO] [stdout] 
[INFO] [stdout] warning: trailing semicolon in macro used in expression position
[INFO] [stdout]   --> build.rs:8:5
[INFO] [stdout]    |
[INFO] [stdout]  8 | /     cfg_aliases! {
[INFO] [stdout]  9 | |         // Systems.
[INFO] [stdout] 10 | |         android_platform: { target_os = "android" },
[INFO] [stdout] 11 | |         web_platform: { all(target_family = "wasm", target_os = "unknown") },
[INFO] [stdout] ...  |
[INFO] [stdout] 21 | |         orbital_platform: { redox },
[INFO] [stdout] 22 | |     }
[INFO] [stdout]    | |_____^
[INFO] [stdout]    |
[INFO] [stdout]    = warning: this was previously accepted by the compiler but is being phased out; it will become a hard error in a future release!
[INFO] [stdout]    = note: for more information, see issue #79813 <https://github.com/rust-lang/rust/issues/79813>
[INFO] [stdout]    = note: this warning originates in the macro `$crate::cfg_aliases` which comes from the expansion of the macro `cfg_aliases` (in Nightly builds, run with -Z macro-backtrace for more info)
[INFO] [stdout] 
[INFO] [stdout] 
[INFO] [stdout] warning: trailing semicolon in macro used in expression position
[INFO] [stdout]   --> build.rs:8:5
[INFO] [stdout]    |
[INFO] [stdout]  8 | /     cfg_aliases! {
[INFO] [stdout]  9 | |         // Systems.
[INFO] [stdout] 10 | |         android_platform: { target_os = "android" },
[INFO] [stdout] 11 | |         web_platform: { all(target_family = "wasm", target_os = "unknown") },
[INFO] [stdout] ...  |
[INFO] [stdout] 21 | |         orbital_platform: { redox },
[INFO] [stdout] 22 | |     }
[INFO] [stdout]    | |_____^
[INFO] [stdout]    |
[INFO] [stdout]    = warning: this was previously accepted by the compiler but is being phased out; it will become a hard error in a future release!
[INFO] [stdout]    = note: for more information, see issue #79813 <https://github.com/rust-lang/rust/issues/79813>
[INFO] [stdout]    = note: this warning originates in the macro `$crate::cfg_aliases` which comes from the expansion of the macro `cfg_aliases` (in Nightly builds, run with -Z macro-backtrace for more info)
[INFO] [stdout] 
[INFO] [stdout] 
[INFO] [stdout] warning: trailing semicolon in macro used in expression position
[INFO] [stdout]   --> build.rs:8:5
[INFO] [stdout]    |
[INFO] [stdout]  8 | /     cfg_aliases! {
[INFO] [stdout]  9 | |         // Systems.
[INFO] [stdout] 10 | |         android_platform: { target_os = "android" },
[INFO] [stdout] 11 | |         web_platform: { all(target_family = "wasm", target_os = "unknown") },
[INFO] [stdout] ...  |
[INFO] [stdout] 21 | |         orbital_platform: { redox },
[INFO] [stdout] 22 | |     }
[INFO] [stdout]    | |_____^
[INFO] [stdout]    |
[INFO] [stdout]    = warning: this was previously accepted by the compiler but is being phased out; it will become a hard error in a future release!
[INFO] [stdout]    = note: for more information, see issue #79813 <https://github.com/rust-lang/rust/issues/79813>
[INFO] [stdout]    = note: this warning originates in the macro `$crate::cfg_aliases` which comes from the expansion of the macro `cfg_aliases` (in Nightly builds, run with -Z macro-backtrace for more info)
[INFO] [stdout] 
[INFO] [stdout] 
[INFO] [stdout] warning: trailing semicolon in macro used in expression position
[INFO] [stdout]   --> build.rs:8:5
[INFO] [stdout]    |
[INFO] [stdout]  8 | /     cfg_aliases! {
[INFO] [stdout]  9 | |         // Systems.
[INFO] [stdout] 10 | |         android_platform: { target_os = "android" },
[INFO] [stdout] 11 | |         web_platform: { all(target_family = "wasm", target_os = "unknown") },
[INFO] [stdout] ...  |
[INFO] [stdout] 21 | |         orbital_platform: { redox },
[INFO] [stdout] 22 | |     }
[INFO] [stdout]    | |_____^
[INFO] [stdout]    |
[INFO] [stdout]    = warning: this was previously accepted by the compiler but is being phased out; it will become a hard error in a future release!
[INFO] [stdout]    = note: for more information, see issue #79813 <https://github.com/rust-lang/rust/issues/79813>
[INFO] [stdout]    = note: this warning originates in the macro `$crate::cfg_aliases` which comes from the expansion of the macro `cfg_aliases` (in Nightly builds, run with -Z macro-backtrace for more info)
[INFO] [stdout] 
[INFO] [stdout] 
[INFO] [stdout] warning: trailing semicolon in macro used in expression position
[INFO] [stdout]   --> build.rs:8:5
[INFO] [stdout]    |
[INFO] [stdout]  8 | /     cfg_aliases! {
[INFO] [stdout]  9 | |         // Systems.
[INFO] [stdout] 10 | |         android_platform: { target_os = "android" },
[INFO] [stdout] 11 | |         web_platform: { all(target_family = "wasm", target_os = "unknown") },
[INFO] [stdout] ...  |
[INFO] [stdout] 21 | |         orbital_platform: { redox },
[INFO] [stdout] 22 | |     }
[INFO] [stdout]    | |_____^
[INFO] [stdout]    |
[INFO] [stdout]    = warning: this was previously accepted by the compiler but is being phased out; it will become a hard error in a future release!
[INFO] [stdout]    = note: for more information, see issue #79813 <https://github.com/rust-lang/rust/issues/79813>
[INFO] [stdout]    = note: this warning originates in the macro `$crate::cfg_aliases` which comes from the expansion of the macro `cfg_aliases` (in Nightly builds, run with -Z macro-backtrace for more info)
[INFO] [stdout] 
[INFO] [stdout] 
[INFO] [stdout] warning: trailing semicolon in macro used in expression position
[INFO] [stdout]   --> build.rs:8:5
[INFO] [stdout]    |
[INFO] [stdout]  8 | /     cfg_aliases! {
[INFO] [stdout]  9 | |         // Systems.
[INFO] [stdout] 10 | |         android_platform: { target_os = "android" },
[INFO] [stdout] 11 | |         web_platform: { all(target_family = "wasm", target_os = "unknown") },
[INFO] [stdout] ...  |
[INFO] [stdout] 21 | |         orbital_platform: { redox },
[INFO] [stdout] 22 | |     }
[INFO] [stdout]    | |_____^
[INFO] [stdout]    |
[INFO] [stdout]    = warning: this was previously accepted by the compiler but is being phased out; it will become a hard error in a future release!
[INFO] [stdout]    = note: for more information, see issue #79813 <https://github.com/rust-lang/rust/issues/79813>
[INFO] [stdout]    = note: this warning originates in the macro `$crate::cfg_aliases` which comes from the expansion of the macro `cfg_aliases` (in Nightly builds, run with -Z macro-backtrace for more info)
[INFO] [stdout] 
[INFO] [stdout] 
[INFO] [stdout] warning: trailing semicolon in macro used in expression position
[INFO] [stdout]   --> build.rs:8:5
[INFO] [stdout]    |
[INFO] [stdout]  8 | /     cfg_aliases! {
[INFO] [stdout]  9 | |         // Systems.
[INFO] [stdout] 10 | |         android_platform: { target_os = "android" },
[INFO] [stdout] 11 | |         web_platform: { all(target_family = "wasm", target_os = "unknown") },
[INFO] [stdout] ...  |
[INFO] [stdout] 21 | |         orbital_platform: { redox },
[INFO] [stdout] 22 | |     }
[INFO] [stdout]    | |_____^
[INFO] [stdout]    |
[INFO] [stdout]    = warning: this was previously accepted by the compiler but is being phased out; it will become a hard error in a future release!
[INFO] [stdout]    = note: for more information, see issue #79813 <https://github.com/rust-lang/rust/issues/79813>
[INFO] [stdout]    = note: this warning originates in the macro `$crate::cfg_aliases` which comes from the expansion of the macro `cfg_aliases` (in Nightly builds, run with -Z macro-backtrace for more info)
[INFO] [stdout] 
[INFO] [stdout] 
[INFO] [stdout] warning: trailing semicolon in macro used in expression position
[INFO] [stdout]   --> build.rs:8:5
[INFO] [stdout]    |
[INFO] [stdout]  8 | /     cfg_aliases! {
[INFO] [stdout]  9 | |         // Systems.
[INFO] [stdout] 10 | |         android_platform: { target_os = "android" },
[INFO] [stdout] 11 | |         web_platform: { all(target_family = "wasm", target_os = "unknown") },
[INFO] [stdout] ...  |
[INFO] [stdout] 21 | |         orbital_platform: { redox },
[INFO] [stdout] 22 | |     }
[INFO] [stdout]    | |_____^
[INFO] [stdout]    |
[INFO] [stdout]    = warning: this was previously accepted by the compiler but is being phased out; it will become a hard error in a future release!
[INFO] [stdout]    = note: for more information, see issue #79813 <https://github.com/rust-lang/rust/issues/79813>
[INFO] [stdout]    = note: this warning originates in the macro `$crate::cfg_aliases` which comes from the expansion of the macro `cfg_aliases` (in Nightly builds, run with -Z macro-backtrace for more info)
[INFO] [stdout] 
[INFO] [stdout] 
[INFO] [stdout] warning: trailing semicolon in macro used in expression position
[INFO] [stdout]   --> build.rs:8:5
[INFO] [stdout]    |
[INFO] [stdout]  8 | /     cfg_aliases! {
[INFO] [stdout]  9 | |         // Systems.
[INFO] [stdout] 10 | |         android_platform: { target_os = "android" },
[INFO] [stdout] 11 | |         web_platform: { all(target_family = "wasm", target_os = "unknown") },
[INFO] [stdout] ...  |
[INFO] [stdout] 21 | |         orbital_platform: { redox },
[INFO] [stdout] 22 | |     }
[INFO] [stdout]    | |_____^
[INFO] [stdout]    |
[INFO] [stdout]    = warning: this was previously accepted by the compiler but is being phased out; it will become a hard error in a future release!
[INFO] [stdout]    = note: for more information, see issue #79813 <https://github.com/rust-lang/rust/issues/79813>
[INFO] [stdout]    = note: this warning originates in the macro `$crate::cfg_aliases` which comes from the expansion of the macro `cfg_aliases` (in Nightly builds, run with -Z macro-backtrace for more info)
[INFO] [stdout] 
[INFO] [stdout] 
[INFO] [stdout] warning: trailing semicolon in macro used in expression position
[INFO] [stdout]   --> build.rs:8:5
[INFO] [stdout]    |
[INFO] [stdout]  8 | /     cfg_aliases! {
[INFO] [stdout]  9 | |         // Systems.
[INFO] [stdout] 10 | |         android_platform: { target_os = "android" },
[INFO] [stdout] 11 | |         web_platform: { all(target_family = "wasm", target_os = "unknown") },
[INFO] [stdout] ...  |
[INFO] [stdout] 21 | |         orbital_platform: { redox },
[INFO] [stdout] 22 | |     }
[INFO] [stdout]    | |_____^
[INFO] [stdout]    |
[INFO] [stdout]    = warning: this was previously accepted by the compiler but is being phased out; it will become a hard error in a future release!
[INFO] [stdout]    = note: for more information, see issue #79813 <https://github.com/rust-lang/rust/issues/79813>
[INFO] [stdout]    = note: this warning originates in the macro `$crate::cfg_aliases` which comes from the expansion of the macro `cfg_aliases` (in Nightly builds, run with -Z macro-backtrace for more info)
[INFO] [stdout] 
[INFO] [stdout] 
[INFO] [stdout] warning: trailing semicolon in macro used in expression position
[INFO] [stdout]   --> build.rs:8:5
[INFO] [stdout]    |
[INFO] [stdout]  8 | /     cfg_aliases! {
[INFO] [stdout]  9 | |         // Systems.
[INFO] [stdout] 10 | |         android_platform: { target_os = "android" },
[INFO] [stdout] 11 | |         web_platform: { all(target_family = "wasm", target_os = "unknown") },
[INFO] [stdout] ...  |
[INFO] [stdout] 21 | |         orbital_platform: { redox },
[INFO] [stdout] 22 | |     }
[INFO] [stdout]    | |_____^
[INFO] [stdout]    |
[INFO] [stdout]    = warning: this was previously accepted by the compiler but is being phased out; it will become a hard error in a future release!
[INFO] [stdout]    = note: for more information, see issue #79813 <https://github.com/rust-lang/rust/issues/79813>
[INFO] [stdout]    = note: this warning originates in the macro `$crate::cfg_aliases` which comes from the expansion of the macro `cfg_aliases` (in Nightly builds, run with -Z macro-backtrace for more info)
[INFO] [stdout] 
[INFO] [stdout] 
[INFO] [stdout] warning: trailing semicolon in macro used in expression position
[INFO] [stdout]   --> build.rs:8:5
[INFO] [stdout]    |
[INFO] [stdout]  8 | /     cfg_aliases! {
[INFO] [stdout]  9 | |         // Systems.
[INFO] [stdout] 10 | |         android_platform: { target_os = "android" },
[INFO] [stdout] 11 | |         web_platform: { all(target_family = "wasm", target_os = "unknown") },
[INFO] [stdout] ...  |
[INFO] [stdout] 21 | |         orbital_platform: { redox },
[INFO] [stdout] 22 | |     }
[INFO] [stdout]    | |_____^
[INFO] [stdout]    |
[INFO] [stdout]    = warning: this was previously accepted by the compiler but is being phased out; it will become a hard error in a future release!
[INFO] [stdout]    = note: for more information, see issue #79813 <https://github.com/rust-lang/rust/issues/79813>
[INFO] [stdout]    = note: this warning originates in the macro `$crate::cfg_aliases` which comes from the expansion of the macro `cfg_aliases` (in Nightly builds, run with -Z macro-backtrace for more info)
[INFO] [stdout] 
[INFO] [stdout] 
[INFO] [stdout] warning: trailing semicolon in macro used in expression position
[INFO] [stdout]   --> build.rs:8:5
[INFO] [stdout]    |
[INFO] [stdout]  8 | /     cfg_aliases! {
[INFO] [stdout]  9 | |         // Systems.
[INFO] [stdout] 10 | |         android_platform: { target_os = "android" },
[INFO] [stdout] 11 | |         web_platform: { all(target_family = "wasm", target_os = "unknown") },
[INFO] [stdout] ...  |
[INFO] [stdout] 21 | |         orbital_platform: { redox },
[INFO] [stdout] 22 | |     }
[INFO] [stdout]    | |_____^
[INFO] [stdout]    |
[INFO] [stdout]    = warning: this was previously accepted by the compiler but is being phased out; it will become a hard error in a future release!
[INFO] [stdout]    = note: for more information, see issue #79813 <https://github.com/rust-lang/rust/issues/79813>
[INFO] [stdout]    = note: this warning originates in the macro `$crate::cfg_aliases` which comes from the expansion of the macro `cfg_aliases` (in Nightly builds, run with -Z macro-backtrace for more info)
[INFO] [stdout] 
[INFO] [stdout] 
[INFO] [stdout] warning: trailing semicolon in macro used in expression position
[INFO] [stdout]   --> build.rs:8:5
[INFO] [stdout]    |
[INFO] [stdout]  8 | /     cfg_aliases! {
[INFO] [stdout]  9 | |         // Systems.
[INFO] [stdout] 10 | |         android_platform: { target_os = "android" },
[INFO] [stdout] 11 | |         web_platform: { all(target_family = "wasm", target_os = "unknown") },
[INFO] [stdout] ...  |
[INFO] [stdout] 21 | |         orbital_platform: { redox },
[INFO] [stdout] 22 | |     }
[INFO] [stdout]    | |_____^
[INFO] [stdout]    |
[INFO] [stdout]    = warning: this was previously accepted by the compiler but is being phased out; it will become a hard error in a future release!
[INFO] [stdout]    = note: for more information, see issue #79813 <https://github.com/rust-lang/rust/issues/79813>
[INFO] [stdout]    = note: this warning originates in the macro `$crate::cfg_aliases` which comes from the expansion of the macro `cfg_aliases` (in Nightly builds, run with -Z macro-backtrace for more info)
[INFO] [stdout] 
[INFO] [stdout] 
[INFO] [stdout] warning: trailing semicolon in macro used in expression position
[INFO] [stdout]   --> build.rs:8:5
[INFO] [stdout]    |
[INFO] [stdout]  8 | /     cfg_aliases! {
[INFO] [stdout]  9 | |         // Systems.
[INFO] [stdout] 10 | |         android_platform: { target_os = "android" },
[INFO] [stdout] 11 | |         web_platform: { all(target_family = "wasm", target_os = "unknown") },
[INFO] [stdout] ...  |
[INFO] [stdout] 21 | |         orbital_platform: { redox },
[INFO] [stdout] 22 | |     }
[INFO] [stdout]    | |_____^
[INFO] [stdout]    |
[INFO] [stdout]    = warning: this was previously accepted by the compiler but is being phased out; it will become a hard error in a future release!
[INFO] [stdout]    = note: for more information, see issue #79813 <https://github.com/rust-lang/rust/issues/79813>
[INFO] [stdout]    = note: this warning originates in the macro `$crate::cfg_aliases` which comes from the expansion of the macro `cfg_aliases` (in Nightly builds, run with -Z macro-backtrace for more info)
[INFO] [stdout] 
[INFO] [stdout] 
[INFO] [stdout] warning: trailing semicolon in macro used in expression position
[INFO] [stdout]   --> build.rs:8:5
[INFO] [stdout]    |
[INFO] [stdout]  8 | /     cfg_aliases! {
[INFO] [stdout]  9 | |         // Systems.
[INFO] [stdout] 10 | |         android_platform: { target_os = "android" },
[INFO] [stdout] 11 | |         web_platform: { all(target_family = "wasm", target_os = "unknown") },
[INFO] [stdout] ...  |
[INFO] [stdout] 21 | |         orbital_platform: { redox },
[INFO] [stdout] 22 | |     }
[INFO] [stdout]    | |_____^
[INFO] [stdout]    |
[INFO] [stdout]    = warning: this was previously accepted by the compiler but is being phased out; it will become a hard error in a future release!
[INFO] [stdout]    = note: for more information, see issue #79813 <https://github.com/rust-lang/rust/issues/79813>
[INFO] [stdout]    = note: this warning originates in the macro `$crate::cfg_aliases` which comes from the expansion of the macro `cfg_aliases` (in Nightly builds, run with -Z macro-backtrace for more info)
[INFO] [stdout] 
[INFO] [stdout] 
[INFO] [stdout] warning: trailing semicolon in macro used in expression position
[INFO] [stdout]   --> build.rs:8:5
[INFO] [stdout]    |
[INFO] [stdout]  8 | /     cfg_aliases! {
[INFO] [stdout]  9 | |         // Systems.
[INFO] [stdout] 10 | |         android_platform: { target_os = "android" },
[INFO] [stdout] 11 | |         web_platform: { all(target_family = "wasm", target_os = "unknown") },
[INFO] [stdout] ...  |
[INFO] [stdout] 21 | |         orbital_platform: { redox },
[INFO] [stdout] 22 | |     }
[INFO] [stdout]    | |_____^
[INFO] [stdout]    |
[INFO] [stdout]    = warning: this was previously accepted by the compiler but is being phased out; it will become a hard error in a future release!
[INFO] [stdout]    = note: for more information, see issue #79813 <https://github.com/rust-lang/rust/issues/79813>
[INFO] [stdout]    = note: this warning originates in the macro `$crate::cfg_aliases` which comes from the expansion of the macro `cfg_aliases` (in Nightly builds, run with -Z macro-backtrace for more info)
[INFO] [stdout] 
[INFO] [stdout] 
[INFO] [stdout] warning: trailing semicolon in macro used in expression position
[INFO] [stdout]   --> build.rs:8:5
[INFO] [stdout]    |
[INFO] [stdout]  8 | /     cfg_aliases! {
[INFO] [stdout]  9 | |         // Systems.
[INFO] [stdout] 10 | |         android_platform: { target_os = "android" },
[INFO] [stdout] 11 | |         web_platform: { all(target_family = "wasm", target_os = "unknown") },
[INFO] [stdout] ...  |
[INFO] [stdout] 21 | |         orbital_platform: { redox },
[INFO] [stdout] 22 | |     }
[INFO] [stdout]    | |_____^
[INFO] [stdout]    |
[INFO] [stdout]    = warning: this was previously accepted by the compiler but is being phased out; it will become a hard error in a future release!
[INFO] [stdout]    = note: for more information, see issue #79813 <https://github.com/rust-lang/rust/issues/79813>
[INFO] [stdout]    = note: this warning originates in the macro `$crate::cfg_aliases` which comes from the expansion of the macro `cfg_aliases` (in Nightly builds, run with -Z macro-backtrace for more info)
[INFO] [stdout] 
[INFO] [stdout] 
[INFO] [stdout] warning: trailing semicolon in macro used in expression position
[INFO] [stdout]   --> build.rs:8:5
[INFO] [stdout]    |
[INFO] [stdout]  8 | /     cfg_aliases! {
[INFO] [stdout]  9 | |         // Systems.
[INFO] [stdout] 10 | |         android_platform: { target_os = "android" },
[INFO] [stdout] 11 | |         web_platform: { all(target_family = "wasm", target_os = "unknown") },
[INFO] [stdout] ...  |
[INFO] [stdout] 21 | |         orbital_platform: { redox },
[INFO] [stdout] 22 | |     }
[INFO] [stdout]    | |_____^
[INFO] [stdout]    |
[INFO] [stdout]    = warning: this was previously accepted by the compiler but is being phased out; it will become a hard error in a future release!
[INFO] [stdout]    = note: for more information, see issue #79813 <https://github.com/rust-lang/rust/issues/79813>
[INFO] [stdout]    = note: this warning originates in the macro `$crate::cfg_aliases` which comes from the expansion of the macro `cfg_aliases` (in Nightly builds, run with -Z macro-backtrace for more info)
[INFO] [stdout] 
[INFO] [stdout] 
[INFO] [stdout] warning: trailing semicolon in macro used in expression position
[INFO] [stdout]   --> build.rs:8:5
[INFO] [stdout]    |
[INFO] [stdout]  8 | /     cfg_aliases! {
[INFO] [stdout]  9 | |         // Systems.
[INFO] [stdout] 10 | |         android_platform: { target_os = "android" },
[INFO] [stdout] 11 | |         web_platform: { all(target_family = "wasm", target_os = "unknown") },
[INFO] [stdout] ...  |
[INFO] [stdout] 21 | |         orbital_platform: { redox },
[INFO] [stdout] 22 | |     }
[INFO] [stdout]    | |_____^
[INFO] [stdout]    |
[INFO] [stdout]    = warning: this was previously accepted by the compiler but is being phased out; it will become a hard error in a future release!
[INFO] [stdout]    = note: for more information, see issue #79813 <https://github.com/rust-lang/rust/issues/79813>
[INFO] [stdout]    = note: this warning originates in the macro `$crate::cfg_aliases` which comes from the expansion of the macro `cfg_aliases` (in Nightly builds, run with -Z macro-backtrace for more info)
[INFO] [stdout] 
[INFO] [stdout] 
[INFO] [stdout] warning: trailing semicolon in macro used in expression position
[INFO] [stdout]   --> build.rs:8:5
[INFO] [stdout]    |
[INFO] [stdout]  8 | /     cfg_aliases! {
[INFO] [stdout]  9 | |         // Systems.
[INFO] [stdout] 10 | |         android_platform: { target_os = "android" },
[INFO] [stdout] 11 | |         web_platform: { all(target_family = "wasm", target_os = "unknown") },
[INFO] [stdout] ...  |
[INFO] [stdout] 21 | |         orbital_platform: { redox },
[INFO] [stdout] 22 | |     }
[INFO] [stdout]    | |_____^
[INFO] [stdout]    |
[INFO] [stdout]    = warning: this was previously accepted by the compiler but is being phased out; it will become a hard error in a future release!
[INFO] [stdout]    = note: for more information, see issue #79813 <https://github.com/rust-lang/rust/issues/79813>
[INFO] [stdout]    = note: this warning originates in the macro `$crate::cfg_aliases` which comes from the expansion of the macro `cfg_aliases` (in Nightly builds, run with -Z macro-backtrace for more info)
[INFO] [stdout] 
[INFO] [stdout] 
[INFO] [stdout] warning: trailing semicolon in macro used in expression position
[INFO] [stdout]   --> build.rs:8:5
[INFO] [stdout]    |
[INFO] [stdout]  8 | /     cfg_aliases! {
[INFO] [stdout]  9 | |         // Systems.
[INFO] [stdout] 10 | |         android_platform: { target_os = "android" },
[INFO] [stdout] 11 | |         web_platform: { all(target_family = "wasm", target_os = "unknown") },
[INFO] [stdout] ...  |
[INFO] [stdout] 21 | |         orbital_platform: { redox },
[INFO] [stdout] 22 | |     }
[INFO] [stdout]    | |_____^
[INFO] [stdout]    |
[INFO] [stdout]    = warning: this was previously accepted by the compiler but is being phased out; it will become a hard error in a future release!
[INFO] [stdout]    = note: for more information, see issue #79813 <https://github.com/rust-lang/rust/issues/79813>
[INFO] [stdout]    = note: this warning originates in the macro `$crate::cfg_aliases` which comes from the expansion of the macro `cfg_aliases` (in Nightly builds, run with -Z macro-backtrace for more info)
[INFO] [stdout] 
[INFO] [stdout] 
[INFO] [stdout] warning: trailing semicolon in macro used in expression position
[INFO] [stdout]   --> build.rs:8:5
[INFO] [stdout]    |
[INFO] [stdout]  8 | /     cfg_aliases! {
[INFO] [stdout]  9 | |         // Systems.
[INFO] [stdout] 10 | |         android_platform: { target_os = "android" },
[INFO] [stdout] 11 | |         web_platform: { all(target_family = "wasm", target_os = "unknown") },
[INFO] [stdout] ...  |
[INFO] [stdout] 21 | |         orbital_platform: { redox },
[INFO] [stdout] 22 | |     }
[INFO] [stdout]    | |_____^
[INFO] [stdout]    |
[INFO] [stdout]    = warning: this was previously accepted by the compiler but is being phased out; it will become a hard error in a future release!
[INFO] [stdout]    = note: for more information, see issue #79813 <https://github.com/rust-lang/rust/issues/79813>
[INFO] [stdout]    = note: this warning originates in the macro `$crate::cfg_aliases` which comes from the expansion of the macro `cfg_aliases` (in Nightly builds, run with -Z macro-backtrace for more info)
[INFO] [stdout] 
[INFO] [stdout] 
[INFO] [stdout] warning: trailing semicolon in macro used in expression position
[INFO] [stdout]   --> build.rs:8:5
[INFO] [stdout]    |
[INFO] [stdout]  8 | /     cfg_aliases! {
[INFO] [stdout]  9 | |         // Systems.
[INFO] [stdout] 10 | |         android_platform: { target_os = "android" },
[INFO] [stdout] 11 | |         web_platform: { all(target_family = "wasm", target_os = "unknown") },
[INFO] [stdout] ...  |
[INFO] [stdout] 21 | |         orbital_platform: { redox },
[INFO] [stdout] 22 | |     }
[INFO] [stdout]    | |_____^
[INFO] [stdout]    |
[INFO] [stdout]    = warning: this was previously accepted by the compiler but is being phased out; it will become a hard error in a future release!
[INFO] [stdout]    = note: for more information, see issue #79813 <https://github.com/rust-lang/rust/issues/79813>
[INFO] [stdout]    = note: this warning originates in the macro `$crate::cfg_aliases` which comes from the expansion of the macro `cfg_aliases` (in Nightly builds, run with -Z macro-backtrace for more info)
[INFO] [stdout] 
[INFO] [stdout] 
[INFO] [stdout] warning: trailing semicolon in macro used in expression position
[INFO] [stdout]   --> build.rs:8:5
[INFO] [stdout]    |
[INFO] [stdout]  8 | /     cfg_aliases! {
[INFO] [stdout]  9 | |         // Systems.
[INFO] [stdout] 10 | |         android_platform: { target_os = "android" },
[INFO] [stdout] 11 | |         web_platform: { all(target_family = "wasm", target_os = "unknown") },
[INFO] [stdout] ...  |
[INFO] [stdout] 21 | |         orbital_platform: { redox },
[INFO] [stdout] 22 | |     }
[INFO] [stdout]    | |_____^
[INFO] [stdout]    |
[INFO] [stdout]    = warning: this was previously accepted by the compiler but is being phased out; it will become a hard error in a future release!
[INFO] [stdout]    = note: for more information, see issue #79813 <https://github.com/rust-lang/rust/issues/79813>
[INFO] [stdout]    = note: this warning originates in the macro `$crate::cfg_aliases` which comes from the expansion of the macro `cfg_aliases` (in Nightly builds, run with -Z macro-backtrace for more info)
[INFO] [stdout] 
[INFO] [stdout] 
[INFO] [stdout] warning: trailing semicolon in macro used in expression position
[INFO] [stdout]   --> build.rs:8:5
[INFO] [stdout]    |
[INFO] [stdout]  8 | /     cfg_aliases! {
[INFO] [stdout]  9 | |         // Systems.
[INFO] [stdout] 10 | |         android_platform: { target_os = "android" },
[INFO] [stdout] 11 | |         web_platform: { all(target_family = "wasm", target_os = "unknown") },
[INFO] [stdout] ...  |
[INFO] [stdout] 21 | |         orbital_platform: { redox },
[INFO] [stdout] 22 | |     }
[INFO] [stdout]    | |_____^
[INFO] [stdout]    |
[INFO] [stdout]    = warning: this was previously accepted by the compiler but is being phased out; it will become a hard error in a future release!
[INFO] [stdout]    = note: for more information, see issue #79813 <https://github.com/rust-lang/rust/issues/79813>
[INFO] [stdout]    = note: this warning originates in the macro `$crate::cfg_aliases` which comes from the expansion of the macro `cfg_aliases` (in Nightly builds, run with -Z macro-backtrace for more info)
[INFO] [stdout] 
[INFO] [stdout] 
[INFO] [stdout] warning: trailing semicolon in macro used in expression position
[INFO] [stdout]   --> build.rs:8:5
[INFO] [stdout]    |
[INFO] [stdout]  8 | /     cfg_aliases! {
[INFO] [stdout]  9 | |         // Systems.
[INFO] [stdout] 10 | |         android_platform: { target_os = "android" },
[INFO] [stdout] 11 | |         web_platform: { all(target_family = "wasm", target_os = "unknown") },
[INFO] [stdout] ...  |
[INFO] [stdout] 21 | |         orbital_platform: { redox },
[INFO] [stdout] 22 | |     }
[INFO] [stdout]    | |_____^
[INFO] [stdout]    |
[INFO] [stdout]    = warning: this was previously accepted by the compiler but is being phased out; it will become a hard error in a future release!
[INFO] [stdout]    = note: for more information, see issue #79813 <https://github.com/rust-lang/rust/issues/79813>
[INFO] [stdout]    = note: this warning originates in the macro `$crate::cfg_aliases` which comes from the expansion of the macro `cfg_aliases` (in Nightly builds, run with -Z macro-backtrace for more info)
[INFO] [stdout] 
[INFO] [stdout] 
[INFO] [stdout] warning: trailing semicolon in macro used in expression position
[INFO] [stdout]   --> build.rs:8:5
[INFO] [stdout]    |
[INFO] [stdout]  8 | /     cfg_aliases! {
[INFO] [stdout]  9 | |         // Systems.
[INFO] [stdout] 10 | |         android_platform: { target_os = "android" },
[INFO] [stdout] 11 | |         web_platform: { all(target_family = "wasm", target_os = "unknown") },
[INFO] [stdout] ...  |
[INFO] [stdout] 21 | |         orbital_platform: { redox },
[INFO] [stdout] 22 | |     }
[INFO] [stdout]    | |_____^
[INFO] [stdout]    |
[INFO] [stdout]    = warning: this was previously accepted by the compiler but is being phased out; it will become a hard error in a future release!
[INFO] [stdout]    = note: for more information, see issue #79813 <https://github.com/rust-lang/rust/issues/79813>
[INFO] [stdout]    = note: this warning originates in the macro `$crate::cfg_aliases` which comes from the expansion of the macro `cfg_aliases` (in Nightly builds, run with -Z macro-backtrace for more info)
[INFO] [stdout] 
[INFO] [stdout] 
[INFO] [stdout] warning: trailing semicolon in macro used in expression position
[INFO] [stdout]   --> build.rs:8:5
[INFO] [stdout]    |
[INFO] [stdout]  8 | /     cfg_aliases! {
[INFO] [stdout]  9 | |         // Systems.
[INFO] [stdout] 10 | |         android_platform: { target_os = "android" },
[INFO] [stdout] 11 | |         web_platform: { all(target_family = "wasm", target_os = "unknown") },
[INFO] [stdout] ...  |
[INFO] [stdout] 21 | |         orbital_platform: { redox },
[INFO] [stdout] 22 | |     }
[INFO] [stdout]    | |_____^
[INFO] [stdout]    |
[INFO] [stdout]    = warning: this was previously accepted by the compiler but is being phased out; it will become a hard error in a future release!
[INFO] [stdout]    = note: for more information, see issue #79813 <https://github.com/rust-lang/rust/issues/79813>
[INFO] [stdout]    = note: this warning originates in the macro `$crate::cfg_aliases` which comes from the expansion of the macro `cfg_aliases` (in Nightly builds, run with -Z macro-backtrace for more info)
[INFO] [stdout] 
[INFO] [stdout] 
[INFO] [stdout] warning: trailing semicolon in macro used in expression position
[INFO] [stdout]   --> build.rs:8:5
[INFO] [stdout]    |
[INFO] [stdout]  8 | /     cfg_aliases! {
[INFO] [stdout]  9 | |         // Systems.
[INFO] [stdout] 10 | |         android_platform: { target_os = "android" },
[INFO] [stdout] 11 | |         web_platform: { all(target_family = "wasm", target_os = "unknown") },
[INFO] [stdout] ...  |
[INFO] [stdout] 21 | |         orbital_platform: { redox },
[INFO] [stdout] 22 | |     }
[INFO] [stdout]    | |_____^
[INFO] [stdout]    |
[INFO] [stdout]    = warning: this was previously accepted by the compiler but is being phased out; it will become a hard error in a future release!
[INFO] [stdout]    = note: for more information, see issue #79813 <https://github.com/rust-lang/rust/issues/79813>
[INFO] [stdout]    = note: this warning originates in the macro `$crate::cfg_aliases` which comes from the expansion of the macro `cfg_aliases` (in Nightly builds, run with -Z macro-backtrace for more info)
[INFO] [stdout] 
[INFO] [stdout] 
[INFO] [stderr]    Compiling ctor-lite v0.1.0
[INFO] [stderr]    Compiling overload v0.1.1
[INFO] [stderr]    Compiling xkbcommon-dl v0.4.2
[INFO] [stdout] warning: trailing semicolon in macro used in expression position
[INFO] [stdout]   --> build.rs:8:5
[INFO] [stdout]    |
[INFO] [stdout]  8 | /     cfg_aliases! {
[INFO] [stdout]  9 | |         // Systems.
[INFO] [stdout] 10 | |         android_platform: { target_os = "android" },
[INFO] [stdout] 11 | |         web_platform: { all(target_family = "wasm", target_os = "unknown") },
[INFO] [stdout] ...  |
[INFO] [stdout] 21 | |         orbital_platform: { redox },
[INFO] [stdout] 22 | |     }
[INFO] [stdout]    | |_____^
[INFO] [stdout]    |
[INFO] [stdout]    = warning: this was previously accepted by the compiler but is being phased out; it will become a hard error in a future release!
[INFO] [stdout]    = note: for more information, see issue #79813 <https://github.com/rust-lang/rust/issues/79813>
[INFO] [stdout]    = note: this warning originates in the macro `$crate::cfg_aliases` which comes from the expansion of the macro `cfg_aliases` (in Nightly builds, run with -Z macro-backtrace for more info)
[INFO] [stdout] 
[INFO] [stdout] 
[INFO] [stderr]    Compiling nu-ansi-term v0.46.0
[INFO] [stderr]    Compiling miniz_oxide v0.8.8
[INFO] [stderr]    Compiling fdeflate v0.3.7
[INFO] [stderr]    Compiling thread_local v1.1.8
[INFO] [stderr]    Compiling byteorder-lite v0.1.0
[INFO] [stderr]    Compiling tiny-skia-path v0.11.4
[INFO] [stderr]    Compiling tracing v0.1.41
[INFO] [stderr]    Compiling tracing-log v0.2.0
[INFO] [stderr]    Compiling flate2 v1.1.1
[INFO] [stderr]    Compiling tiny-skia v0.11.4
[INFO] [stderr]    Compiling matchers v0.1.0
[INFO] [stderr]    Compiling png v0.17.16
[INFO] [stderr]    Compiling regex-automata v0.4.9
[INFO] [stderr]    Compiling image v0.25.6
[INFO] [stderr]    Compiling regex v1.11.1
[INFO] [stderr]    Compiling tracing-subscriber v0.3.19
[INFO] [stderr]    Compiling wayland-backend v0.3.10
[INFO] [stderr]    Compiling polling v3.7.4
[INFO] [stderr]    Compiling calloop v0.13.0
[INFO] [stderr]    Compiling wayland-client v0.31.10
[INFO] [stderr]    Compiling wayland-csd-frame v0.3.0
[INFO] [stderr]    Compiling wayland-protocols v0.32.8
[INFO] [stderr]    Compiling calloop-wayland-source v0.3.0
[INFO] [stderr]    Compiling wayland-cursor v0.31.10
[INFO] [stderr]    Compiling x11rb v0.13.1
[INFO] [stderr]    Compiling wayland-protocols-wlr v0.3.8
[INFO] [stderr]    Compiling wayland-protocols-plasma v0.3.8
[INFO] [stderr]    Compiling smithay-client-toolkit v0.19.2
[INFO] [stderr]    Compiling sctk-adwaita v0.10.1
[INFO] [stderr]    Compiling winit_craft v0.30.10 (/opt/rustwide/workdir)
[INFO] [stdout] warning: direct cast of function item into an integer
[INFO] [stdout]    --> src/platform_impl/linux/x11/ime/context.rs:174:40
[INFO] [stdout]     |
[INFO] [stdout] 174 |                 preedit_start_callback as usize,
[INFO] [stdout]     |                                        ^^^^^^^^
[INFO] [stdout]     |
[INFO] [stdout]     = note: `#[warn(function_casts_as_integer)]` on by default
[INFO] [stdout] help: first cast to a pointer `as *const ()`
[INFO] [stdout]     |
[INFO] [stdout] 174 |                 preedit_start_callback as *const () as usize,
[INFO] [stdout]     |                                        ++++++++++++
[INFO] [stdout] 
[INFO] [stdout] 
[INFO] [stdout] warning: direct cast of function item into an integer
[INFO] [stdout]    --> src/platform_impl/linux/x11/ime/context.rs:174:40
[INFO] [stdout]     |
[INFO] [stdout] 174 |                 preedit_start_callback as usize,
[INFO] [stdout]     |                                        ^^^^^^^^
[INFO] [stdout]     |
[INFO] [stdout]     = note: `#[warn(function_casts_as_integer)]` on by default
[INFO] [stdout] help: first cast to a pointer `as *const ()`
[INFO] [stdout]     |
[INFO] [stdout] 174 |                 preedit_start_callback as *const () as usize,
[INFO] [stdout]     |                                        ++++++++++++
[INFO] [stdout] 
[INFO] [stdout] 
[INFO] [stdout] error[E0433]: cannot find module or crate `winit` in this scope
[INFO] [stdout]  --> examples/child_window.rs:6:9
[INFO] [stdout]   |
[INFO] [stdout] 6 |     use winit::application::ApplicationHandler;
[INFO] [stdout]   |         ^^^^^ use of unresolved module or unlinked crate `winit`
[INFO] [stdout]   |
[INFO] [stdout]   = help: if you wanted to use a crate named `winit`, use `cargo add winit` to add it to your `Cargo.toml`
[INFO] [stdout] 
[INFO] [stdout] 
[INFO] [stdout] error[E0433]: cannot find module or crate `winit` in this scope
[INFO] [stdout]  --> examples/child_window.rs:7:9
[INFO] [stdout]   |
[INFO] [stdout] 7 |     use winit::dpi::{LogicalPosition, LogicalSize, Position};
[INFO] [stdout]   |         ^^^^^ use of unresolved module or unlinked crate `winit`
[INFO] [stdout]   |
[INFO] [stdout]   = help: if you wanted to use a crate named `winit`, use `cargo add winit` to add it to your `Cargo.toml`
[INFO] [stdout] 
[INFO] [stdout] 
[INFO] [stdout] error[E0433]: cannot find module or crate `winit` in this scope
[INFO] [stdout]  --> examples/child_window.rs:8:9
[INFO] [stdout]   |
[INFO] [stdout] 8 |     use winit::event::{ElementState, KeyEvent, WindowEvent};
[INFO] [stdout]   |         ^^^^^ use of unresolved module or unlinked crate `winit`
[INFO] [stdout]   |
[INFO] [stdout]   = help: if you wanted to use a crate named `winit`, use `cargo add winit` to add it to your `Cargo.toml`
[INFO] [stdout] 
[INFO] [stdout] 
[INFO] [stdout] error[E0433]: cannot find module or crate `winit` in this scope
[INFO] [stdout]  --> examples/child_window.rs:9:9
[INFO] [stdout]   |
[INFO] [stdout] 9 |     use winit::event_loop::{ActiveEventLoop, EventLoop};
[INFO] [stdout]   |         ^^^^^ use of unresolved module or unlinked crate `winit`
[INFO] [stdout]   |
[INFO] [stdout]   = help: if you wanted to use a crate named `winit`, use `cargo add winit` to add it to your `Cargo.toml`
[INFO] [stdout] 
[INFO] [stdout] 
[INFO] [stdout] error[E0433]: cannot find module or crate `winit` in this scope
[INFO] [stdout]   --> examples/child_window.rs:10:9
[INFO] [stdout]    |
[INFO] [stdout] 10 |     use winit::raw_window_handle::HasRawWindowHandle;
[INFO] [stdout]    |         ^^^^^ use of unresolved module or unlinked crate `winit`
[INFO] [stdout]    |
[INFO] [stdout]    = help: if you wanted to use a crate named `winit`, use `cargo add winit` to add it to your `Cargo.toml`
[INFO] [stdout] 
[INFO] [stdout] 
[INFO] [stdout] error[E0433]: cannot find module or crate `winit` in this scope
[INFO] [stdout]   --> examples/child_window.rs:11:9
[INFO] [stdout]    |
[INFO] [stdout] 11 |     use winit::window::{Window, WindowAttributes, WindowId};
[INFO] [stdout]    |         ^^^^^ use of unresolved module or unlinked crate `winit`
[INFO] [stdout]    |
[INFO] [stdout]    = help: if you wanted to use a crate named `winit`, use `cargo add winit` to add it to your `Cargo.toml`
[INFO] [stdout] 
[INFO] [stdout] 
[INFO] [stdout] error[E0433]: cannot find module or crate `winit` in this scope
[INFO] [stdout]   --> examples/util/fill.rs:28:9
[INFO] [stdout]    |
[INFO] [stdout] 28 |     use winit::window::{Window, WindowId};
[INFO] [stdout]    |         ^^^^^ use of unresolved module or unlinked crate `winit`
[INFO] [stdout]    |
[INFO] [stdout]    = help: if you wanted to use a crate named `winit`, use `cargo add winit` to add it to your `Cargo.toml`
[INFO] [stdout] 
[INFO] [stdout] 
[INFO] [stdout] error[E0433]: cannot find module or crate `winit` in this scope
[INFO] [stdout]  --> examples/x11_embed.rs:6:9
[INFO] [stdout]   |
[INFO] [stdout] 6 |     use winit::application::ApplicationHandler;
[INFO] [stdout]   |         ^^^^^ use of unresolved module or unlinked crate `winit`
[INFO] [stdout]   |
[INFO] [stdout]   = help: if you wanted to use a crate named `winit`, use `cargo add winit` to add it to your `Cargo.toml`
[INFO] [stdout] 
[INFO] [stdout] 
[INFO] [stdout] error[E0433]: cannot find module or crate `winit` in this scope
[INFO] [stdout]  --> examples/x11_embed.rs:7:9
[INFO] [stdout]   |
[INFO] [stdout] 7 |     use winit::event::WindowEvent;
[INFO] [stdout]   |         ^^^^^ use of unresolved module or unlinked crate `winit`
[INFO] [stdout]   |
[INFO] [stdout]   = help: if you wanted to use a crate named `winit`, use `cargo add winit` to add it to your `Cargo.toml`
[INFO] [stdout] 
[INFO] [stdout] 
[INFO] [stdout] error[E0433]: cannot find module or crate `winit` in this scope
[INFO] [stdout]  --> examples/x11_embed.rs:8:9
[INFO] [stdout]   |
[INFO] [stdout] 8 |     use winit::event_loop::{ActiveEventLoop, EventLoop};
[INFO] [stdout]   |         ^^^^^ use of unresolved module or unlinked crate `winit`
[INFO] [stdout]   |
[INFO] [stdout]   = help: if you wanted to use a crate named `winit`, use `cargo add winit` to add it to your `Cargo.toml`
[INFO] [stdout] 
[INFO] [stdout] 
[INFO] [stdout] error[E0433]: cannot find module or crate `winit` in this scope
[INFO] [stdout]  --> examples/x11_embed.rs:9:9
[INFO] [stdout]   |
[INFO] [stdout] 9 |     use winit::platform::x11::WindowAttributesExtX11;
[INFO] [stdout]   |         ^^^^^ use of unresolved module or unlinked crate `winit`
[INFO] [stdout]   |
[INFO] [stdout]   = help: if you wanted to use a crate named `winit`, use `cargo add winit` to add it to your `Cargo.toml`
[INFO] [stdout] 
[INFO] [stdout] 
[INFO] [stdout] error[E0433]: cannot find module or crate `winit` in this scope
[INFO] [stdout]   --> examples/x11_embed.rs:10:9
[INFO] [stdout]    |
[INFO] [stdout] 10 |     use winit::window::{Window, WindowAttributes, WindowId};
[INFO] [stdout]    |         ^^^^^ use of unresolved module or unlinked crate `winit`
[INFO] [stdout]    |
[INFO] [stdout]    = help: if you wanted to use a crate named `winit`, use `cargo add winit` to add it to your `Cargo.toml`
[INFO] [stdout] 
[INFO] [stdout] 
[INFO] [stdout] error[E0433]: cannot find module or crate `winit` in this scope
[INFO] [stdout]   --> examples/util/fill.rs:28:9
[INFO] [stdout]    |
[INFO] [stdout] 28 |     use winit::window::{Window, WindowId};
[INFO] [stdout]    |         ^^^^^ use of unresolved module or unlinked crate `winit`
[INFO] [stdout]    |
[INFO] [stdout]    = help: if you wanted to use a crate named `winit`, use `cargo add winit` to add it to your `Cargo.toml`
[INFO] [stdout] 
[INFO] [stdout] 
[INFO] [stdout] error[E0433]: cannot find module or crate `winit` in this scope
[INFO] [stdout]  --> examples/run_on_demand.rs:8:9
[INFO] [stdout]   |
[INFO] [stdout] 8 |     use winit::application::ApplicationHandler;
[INFO] [stdout]   |         ^^^^^ use of unresolved module or unlinked crate `winit`
[INFO] [stdout]   |
[INFO] [stdout]   = help: if you wanted to use a crate named `winit`, use `cargo add winit` to add it to your `Cargo.toml`
[INFO] [stdout] 
[INFO] [stdout] 
[INFO] [stdout] error[E0433]: cannot find module or crate `winit` in this scope
[INFO] [stdout]  --> examples/run_on_demand.rs:9:9
[INFO] [stdout]   |
[INFO] [stdout] 9 |     use winit::event::WindowEvent;
[INFO] [stdout]   |         ^^^^^ use of unresolved module or unlinked crate `winit`
[INFO] [stdout]   |
[INFO] [stdout]   = help: if you wanted to use a crate named `winit`, use `cargo add winit` to add it to your `Cargo.toml`
[INFO] [stdout] 
[INFO] [stdout] 
[INFO] [stdout] error[E0433]: cannot find module or crate `winit` in this scope
[INFO] [stdout]   --> examples/run_on_demand.rs:10:9
[INFO] [stdout]    |
[INFO] [stdout] 10 |     use winit::event_loop::{ActiveEventLoop, EventLoop};
[INFO] [stdout]    |         ^^^^^ use of unresolved module or unlinked crate `winit`
[INFO] [stdout]    |
[INFO] [stdout]    = help: if you wanted to use a crate named `winit`, use `cargo add winit` to add it to your `Cargo.toml`
[INFO] [stdout] 
[INFO] [stdout] 
[INFO] [stdout] error[E0433]: cannot find module or crate `winit` in this scope
[INFO] [stdout]   --> examples/run_on_demand.rs:11:9
[INFO] [stdout]    |
[INFO] [stdout] 11 |     use winit::platform::run_on_demand::EventLoopExtRunOnDemand;
[INFO] [stdout]    |         ^^^^^ use of unresolved module or unlinked crate `winit`
[INFO] [stdout]    |
[INFO] [stdout]    = help: if you wanted to use a crate named `winit`, use `cargo add winit` to add it to your `Cargo.toml`
[INFO] [stdout] 
[INFO] [stdout] 
[INFO] [stdout] error[E0433]: cannot find module or crate `winit` in this scope
[INFO] [stdout]   --> examples/run_on_demand.rs:12:9
[INFO] [stdout]    |
[INFO] [stdout] 12 |     use winit::window::{Window, WindowAttributes, WindowId};
[INFO] [stdout]    |         ^^^^^ use of unresolved module or unlinked crate `winit`
[INFO] [stdout]    |
[INFO] [stdout]    = help: if you wanted to use a crate named `winit`, use `cargo add winit` to add it to your `Cargo.toml`
[INFO] [stdout] 
[INFO] [stdout] 
[INFO] [stdout] error[E0433]: cannot find module or crate `winit` in this scope
[INFO] [stdout]   --> examples/util/fill.rs:28:9
[INFO] [stdout]    |
[INFO] [stdout] 28 |     use winit::window::{Window, WindowId};
[INFO] [stdout]    |         ^^^^^ use of unresolved module or unlinked crate `winit`
[INFO] [stdout]    |
[INFO] [stdout]    = help: if you wanted to use a crate named `winit`, use `cargo add winit` to add it to your `Cargo.toml`
[INFO] [stdout] 
[INFO] [stdout] 
[INFO] [stdout] error[E0433]: cannot find module or crate `winit` in this scope
[INFO] [stdout]   --> examples/pump_events.rs:10:9
[INFO] [stdout]    |
[INFO] [stdout] 10 |     use winit::application::ApplicationHandler;
[INFO] [stdout]    |         ^^^^^ use of unresolved module or unlinked crate `winit`
[INFO] [stdout]    |
[INFO] [stdout]    = help: if you wanted to use a crate named `winit`, use `cargo add winit` to add it to your `Cargo.toml`
[INFO] [stdout] 
[INFO] [stdout] 
[INFO] [stdout] error[E0433]: cannot find module or crate `winit` in this scope
[INFO] [stdout]   --> examples/pump_events.rs:11:9
[INFO] [stdout]    |
[INFO] [stdout] 11 |     use winit::event::WindowEvent;
[INFO] [stdout]    |         ^^^^^ use of unresolved module or unlinked crate `winit`
[INFO] [stdout]    |
[INFO] [stdout]    = help: if you wanted to use a crate named `winit`, use `cargo add winit` to add it to your `Cargo.toml`
[INFO] [stdout] 
[INFO] [stdout] 
[INFO] [stdout] error[E0433]: cannot find module or crate `winit` in this scope
[INFO] [stdout]   --> examples/pump_events.rs:12:9
[INFO] [stdout]    |
[INFO] [stdout] 12 |     use winit::event_loop::{ActiveEventLoop, EventLoop};
[INFO] [stdout]    |         ^^^^^ use of unresolved module or unlinked crate `winit`
[INFO] [stdout]    |
[INFO] [stdout]    = help: if you wanted to use a crate named `winit`, use `cargo add winit` to add it to your `Cargo.toml`
[INFO] [stdout] 
[INFO] [stdout] 
[INFO] [stdout] error[E0433]: cannot find module or crate `winit` in this scope
[INFO] [stdout]   --> examples/pump_events.rs:13:9
[INFO] [stdout]    |
[INFO] [stdout] 13 |     use winit::platform::pump_events::{EventLoopExtPumpEvents, PumpStatus};
[INFO] [stdout]    |         ^^^^^ use of unresolved module or unlinked crate `winit`
[INFO] [stdout]    |
[INFO] [stdout]    = help: if you wanted to use a crate named `winit`, use `cargo add winit` to add it to your `Cargo.toml`
[INFO] [stdout] 
[INFO] [stdout] 
[INFO] [stdout] error[E0433]: cannot find module or crate `winit` in this scope
[INFO] [stdout]   --> examples/pump_events.rs:14:9
[INFO] [stdout]    |
[INFO] [stdout] 14 |     use winit::window::{Window, WindowAttributes, WindowId};
[INFO] [stdout]    |         ^^^^^ use of unresolved module or unlinked crate `winit`
[INFO] [stdout]    |
[INFO] [stdout]    = help: if you wanted to use a crate named `winit`, use `cargo add winit` to add it to your `Cargo.toml`
[INFO] [stdout] 
[INFO] [stdout] 
[INFO] [stdout] error[E0433]: cannot find module or crate `winit` in this scope
[INFO] [stdout]   --> examples/util/fill.rs:28:9
[INFO] [stdout]    |
[INFO] [stdout] 28 |     use winit::window::{Window, WindowId};
[INFO] [stdout]    |         ^^^^^ use of unresolved module or unlinked crate `winit`
[INFO] [stdout]    |
[INFO] [stdout]    = help: if you wanted to use a crate named `winit`, use `cargo add winit` to add it to your `Cargo.toml`
[INFO] [stdout] 
[INFO] [stdout] 
[INFO] [stdout] error[E0433]: cannot find module or crate `winit` in this scope
[INFO] [stdout]  --> examples/window.rs:5:5
[INFO] [stdout]   |
[INFO] [stdout] 5 | use winit::application::ApplicationHandler;
[INFO] [stdout]   |     ^^^^^ use of unresolved module or unlinked crate `winit`
[INFO] [stdout]   |
[INFO] [stdout]   = help: if you wanted to use a crate named `winit`, use `cargo add winit` to add it to your `Cargo.toml`
[INFO] [stdout] 
[INFO] [stdout] 
[INFO] [stdout] error[E0433]: cannot find module or crate `winit` in this scope
[INFO] [stdout]  --> examples/window.rs:6:5
[INFO] [stdout]   |
[INFO] [stdout] 6 | use winit::event::WindowEvent;
[INFO] [stdout]   |     ^^^^^ use of unresolved module or unlinked crate `winit`
[INFO] [stdout]   |
[INFO] [stdout]   = help: if you wanted to use a crate named `winit`, use `cargo add winit` to add it to your `Cargo.toml`
[INFO] [stdout] 
[INFO] [stdout] 
[INFO] [stdout] error[E0433]: cannot find module or crate `winit` in this scope
[INFO] [stdout]  --> examples/window.rs:7:5
[INFO] [stdout]   |
[INFO] [stdout] 7 | use winit::event_loop::{ActiveEventLoop, EventLoop};
[INFO] [stdout]   |     ^^^^^ use of unresolved module or unlinked crate `winit`
[INFO] [stdout]   |
[INFO] [stdout]   = help: if you wanted to use a crate named `winit`, use `cargo add winit` to add it to your `Cargo.toml`
[INFO] [stdout] 
[INFO] [stdout] 
[INFO] [stdout] error[E0433]: cannot find module or crate `winit` in this scope
[INFO] [stdout]   --> examples/window.rs:10:5
[INFO] [stdout]    |
[INFO] [stdout] 10 | use winit::window::{Window, WindowAttributes, WindowId};
[INFO] [stdout]    |     ^^^^^ use of unresolved module or unlinked crate `winit`
[INFO] [stdout]    |
[INFO] [stdout]    = help: if you wanted to use a crate named `winit`, use `cargo add winit` to add it to your `Cargo.toml`
[INFO] [stdout] 
[INFO] [stdout] 
[INFO] [stdout] error[E0433]: cannot find module or crate `winit` in this scope
[INFO] [stdout]   --> examples/util/fill.rs:28:9
[INFO] [stdout]    |
[INFO] [stdout] 28 |     use winit::window::{Window, WindowId};
[INFO] [stdout]    |         ^^^^^ use of unresolved module or unlinked crate `winit`
[INFO] [stdout]    |
[INFO] [stdout]    = help: if you wanted to use a crate named `winit`, use `cargo add winit` to add it to your `Cargo.toml`
[INFO] [stdout] 
[INFO] [stdout] 
[INFO] [stdout] For more information about this error, try `rustc --explain E0433`.
[INFO] [stdout] 
[INFO] [stdout] For more information about this error, try `rustc --explain E0433`.
[INFO] [stdout] 
[INFO] [stderr] error: could not compile `winit_craft` (example "pump_events") due to 6 previous errors
[INFO] [stderr] warning: build failed, waiting for other jobs to finish...
[INFO] [stdout] error[E0433]: cannot find module or crate `winit` in this scope
[INFO] [stdout]  --> examples/dnd.rs:3:5
[INFO] [stdout]   |
[INFO] [stdout] 3 | use winit::application::ApplicationHandler;
[INFO] [stdout]   |     ^^^^^ use of unresolved module or unlinked crate `winit`
[INFO] [stdout]   |
[INFO] [stdout]   = help: if you wanted to use a crate named `winit`, use `cargo add winit` to add it to your `Cargo.toml`
[INFO] [stdout] 
[INFO] [stdout] 
[INFO] [stdout] error[E0433]: cannot find module or crate `winit` in this scope
[INFO] [stdout]  --> examples/dnd.rs:4:5
[INFO] [stdout]   |
[INFO] [stdout] 4 | use winit::event::WindowEvent;
[INFO] [stdout]   |     ^^^^^ use of unresolved module or unlinked crate `winit`
[INFO] [stdout]   |
[INFO] [stdout]   = help: if you wanted to use a crate named `winit`, use `cargo add winit` to add it to your `Cargo.toml`
[INFO] [stdout] 
[INFO] [stdout] 
[INFO] [stdout] error[E0433]: cannot find module or crate `winit` in this scope
[INFO] [stdout]  --> examples/dnd.rs:5:5
[INFO] [stdout]   |
[INFO] [stdout] 5 | use winit::event_loop::{ActiveEventLoop, EventLoop};
[INFO] [stdout]   |     ^^^^^ use of unresolved module or unlinked crate `winit`
[INFO] [stdout]   |
[INFO] [stdout]   = help: if you wanted to use a crate named `winit`, use `cargo add winit` to add it to your `Cargo.toml`
[INFO] [stdout] 
[INFO] [stdout] 
[INFO] [stdout] error[E0433]: cannot find module or crate `winit` in this scope
[INFO] [stdout]  --> examples/dnd.rs:6:5
[INFO] [stdout]   |
[INFO] [stdout] 6 | use winit::window::{Window, WindowAttributes, WindowId};
[INFO] [stdout]   |     ^^^^^ use of unresolved module or unlinked crate `winit`
[INFO] [stdout]   |
[INFO] [stdout]   = help: if you wanted to use a crate named `winit`, use `cargo add winit` to add it to your `Cargo.toml`
[INFO] [stdout] 
[INFO] [stdout] 
[INFO] [stdout] error[E0433]: cannot find module or crate `winit` in this scope
[INFO] [stdout]   --> examples/util/fill.rs:28:9
[INFO] [stdout]    |
[INFO] [stdout] 28 |     use winit::window::{Window, WindowId};
[INFO] [stdout]    |         ^^^^^ use of unresolved module or unlinked crate `winit`
[INFO] [stdout]    |
[INFO] [stdout]    = help: if you wanted to use a crate named `winit`, use `cargo add winit` to add it to your `Cargo.toml`
[INFO] [stdout] 
[INFO] [stdout] 
[INFO] [stdout] error[E0433]: cannot find module or crate `winit` in this scope
[INFO] [stdout]   --> examples/control_flow.rs:10:5
[INFO] [stdout]    |
[INFO] [stdout] 10 | use winit::application::ApplicationHandler;
[INFO] [stdout]    |     ^^^^^ use of unresolved module or unlinked crate `winit`
[INFO] [stdout]    |
[INFO] [stdout]    = help: if you wanted to use a crate named `winit`, use `cargo add winit` to add it to your `Cargo.toml`
[INFO] [stdout] 
[INFO] [stdout] 
[INFO] [stderr] error: could not compile `winit_craft` (example "window") due to 5 previous errors
[INFO] [stdout] error[E0433]: cannot find module or crate `winit` in this scope
[INFO] [stdout]   --> examples/control_flow.rs:11:5
[INFO] [stdout]    |
[INFO] [stdout] 11 | use winit::event::{ElementState, KeyEvent, StartCause, WindowEvent};
[INFO] [stdout]    |     ^^^^^ use of unresolved module or unlinked crate `winit`
[INFO] [stdout]    |
[INFO] [stdout]    = help: if you wanted to use a crate named `winit`, use `cargo add winit` to add it to your `Cargo.toml`
[INFO] [stdout] 
[INFO] [stdout] 
[INFO] [stdout] error[E0433]: cannot find module or crate `winit` in this scope
[INFO] [stdout]   --> examples/control_flow.rs:12:5
[INFO] [stdout]    |
[INFO] [stdout] 12 | use winit::event_loop::{ActiveEventLoop, ControlFlow, EventLoop};
[INFO] [stdout]    |     ^^^^^ use of unresolved module or unlinked crate `winit`
[INFO] [stdout]    |
[INFO] [stdout]    = help: if you wanted to use a crate named `winit`, use `cargo add winit` to add it to your `Cargo.toml`
[INFO] [stdout] 
[INFO] [stdout] 
[INFO] [stdout] error[E0433]: cannot find module or crate `winit` in this scope
[INFO] [stdout]   --> examples/control_flow.rs:13:5
[INFO] [stdout]    |
[INFO] [stdout] 13 | use winit::keyboard::{Key, NamedKey};
[INFO] [stdout]    |     ^^^^^ use of unresolved module or unlinked crate `winit`
[INFO] [stdout]    |
[INFO] [stdout]    = help: if you wanted to use a crate named `winit`, use `cargo add winit` to add it to your `Cargo.toml`
[INFO] [stdout] 
[INFO] [stdout] 
[INFO] [stdout] error[E0433]: cannot find module or crate `winit` in this scope
[INFO] [stdout]   --> examples/control_flow.rs:14:5
[INFO] [stdout]    |
[INFO] [stdout] 14 | use winit::window::{Window, WindowAttributes, WindowId};
[INFO] [stdout]    |     ^^^^^ use of unresolved module or unlinked crate `winit`
[INFO] [stdout]    |
[INFO] [stdout]    = help: if you wanted to use a crate named `winit`, use `cargo add winit` to add it to your `Cargo.toml`
[INFO] [stdout] 
[INFO] [stdout] 
[INFO] [stdout] error[E0433]: cannot find module or crate `winit` in this scope
[INFO] [stdout]   --> examples/util/fill.rs:28:9
[INFO] [stdout]    |
[INFO] [stdout] 28 |     use winit::window::{Window, WindowId};
[INFO] [stdout]    |         ^^^^^ use of unresolved module or unlinked crate `winit`
[INFO] [stdout]    |
[INFO] [stdout]    = help: if you wanted to use a crate named `winit`, use `cargo add winit` to add it to your `Cargo.toml`
[INFO] [stdout] 
[INFO] [stdout] 
[INFO] [stdout] For more information about this error, try `rustc --explain E0433`.
[INFO] [stdout] 
[INFO] [stderr] error: could not compile `winit_craft` (example "dnd") due to 5 previous errors
[INFO] [stdout] error[E0433]: cannot find module or crate `winit` in this scope
[INFO] [stdout]   --> examples/child_window.rs:50:24
[INFO] [stdout]    |
[INFO] [stdout] 50 |             window_id: winit::window::WindowId,
[INFO] [stdout]    |                        ^^^^^ use of unresolved module or unlinked crate `winit`
[INFO] [stdout]    |
[INFO] [stdout]    = help: if you wanted to use a crate named `winit`, use `cargo add winit` to add it to your `Cargo.toml`
[INFO] [stdout] 
[INFO] [stdout] 
[INFO] [stdout] For more information about this error, try `rustc --explain E0433`.
[INFO] [stdout] 
[INFO] [stdout] error[E0433]: cannot find module or crate `winit` in this scope
[INFO] [stdout]   --> examples/run_on_demand.rs:34:36
[INFO] [stdout]    |
[INFO] [stdout] 34 |                 .with_surface_size(winit::dpi::LogicalSize::new(128.0, 128.0));
[INFO] [stdout]    |                                    ^^^^^ use of unresolved module or unlinked crate `winit`
[INFO] [stdout]    |
[INFO] [stdout]    = help: if you wanted to use a crate named `winit`, use `cargo add winit` to add it to your `Cargo.toml`
[INFO] [stdout] 
[INFO] [stdout] 
[INFO] [stdout] For more information about this error, try `rustc --explain E0433`.
[INFO] [stdout] 
[INFO] [stderr] error: could not compile `winit_craft` (example "child_window") due to 8 previous errors
[INFO] [stderr] error: could not compile `winit_craft` (example "run_on_demand") due to 7 previous errors
[INFO] [stdout] For more information about this error, try `rustc --explain E0433`.
[INFO] [stdout] 
[INFO] [stdout] error[E0433]: cannot find module or crate `winit` in this scope
[INFO] [stdout]   --> examples/x11_embed.rs:25:36
[INFO] [stdout]    |
[INFO] [stdout] 25 |                 .with_surface_size(winit::dpi::LogicalSize::new(128.0, 128.0))
[INFO] [stdout]    |                                    ^^^^^ use of unresolved module or unlinked crate `winit`
[INFO] [stdout]    |
[INFO] [stdout]    = help: if you wanted to use a crate named `winit`, use `cargo add winit` to add it to your `Cargo.toml`
[INFO] [stdout] 
[INFO] [stdout] 
[INFO] [stderr] error: could not compile `winit_craft` (example "control_flow") due to 6 previous errors
[INFO] [stdout] error[E0433]: cannot find module or crate `winit` in this scope
[INFO] [stdout]  --> tests/send_objects.rs:6:18
[INFO] [stdout]   |
[INFO] [stdout] 6 |     needs_send::<winit::event_loop::EventLoopProxy>();
[INFO] [stdout]   |                  ^^^^^ use of unresolved module or unlinked crate `winit`
[INFO] [stdout]   |
[INFO] [stdout]   = help: if you wanted to use a crate named `winit`, use `cargo add winit` to add it to your `Cargo.toml`
[INFO] [stdout] 
[INFO] [stdout] 
[INFO] [stdout] For more information about this error, try `rustc --explain E0433`.
[INFO] [stdout] 
[INFO] [stdout] error[E0433]: cannot find module or crate `winit` in this scope
[INFO] [stdout]   --> examples/application.rs:18:5
[INFO] [stdout]    |
[INFO] [stdout] 18 | use winit::application::ApplicationHandler;
[INFO] [stdout]    |     ^^^^^ use of unresolved module or unlinked crate `winit`
[INFO] [stdout]    |
[INFO] [stdout]    = help: if you wanted to use a crate named `winit`, use `cargo add winit` to add it to your `Cargo.toml`
[INFO] [stdout] 
[INFO] [stdout] 
[INFO] [stdout] error[E0433]: cannot find module or crate `winit` in this scope
[INFO] [stdout]   --> examples/application.rs:19:5
[INFO] [stdout]    |
[INFO] [stdout] 19 | use winit::dpi::{LogicalSize, PhysicalPosition, PhysicalSize};
[INFO] [stdout]    |     ^^^^^ use of unresolved module or unlinked crate `winit`
[INFO] [stdout]    |
[INFO] [stdout]    = help: if you wanted to use a crate named `winit`, use `cargo add winit` to add it to your `Cargo.toml`
[INFO] [stdout] 
[INFO] [stdout] 
[INFO] [stdout] error[E0433]: cannot find module or crate `winit` in this scope
[INFO] [stdout]   --> examples/application.rs:20:5
[INFO] [stdout]    |
[INFO] [stdout] 20 | use winit::error::RequestError;
[INFO] [stdout]    |     ^^^^^ use of unresolved module or unlinked crate `winit`
[INFO] [stdout]    |
[INFO] [stdout]    = help: if you wanted to use a crate named `winit`, use `cargo add winit` to add it to your `Cargo.toml`
[INFO] [stdout] 
[INFO] [stdout] 
[INFO] [stdout] error[E0433]: cannot find module or crate `winit` in this scope
[INFO] [stdout]   --> examples/application.rs:21:5
[INFO] [stdout]    |
[INFO] [stdout] 21 | use winit::event::{DeviceEvent, DeviceId, Ime, MouseButton, MouseScrollDelta, WindowEvent};
[INFO] [stdout]    |     ^^^^^ use of unresolved module or unlinked crate `winit`
[INFO] [stdout]    |
[INFO] [stdout]    = help: if you wanted to use a crate named `winit`, use `cargo add winit` to add it to your `Cargo.toml`
[INFO] [stdout] 
[INFO] [stdout] 
[INFO] [stderr] error: could not compile `winit_craft` (example "x11_embed") due to 7 previous errors
[INFO] [stdout] error[E0433]: cannot find module or crate `winit` in this scope
[INFO] [stdout]  --> tests/sync_object.rs:6:18
[INFO] [stdout]   |
[INFO] [stdout] 6 |     needs_sync::<winit::event_loop::EventLoopProxy>();
[INFO] [stdout]   |                  ^^^^^ use of unresolved module or unlinked crate `winit`
[INFO] [stdout]   |
[INFO] [stdout]   = help: if you wanted to use a crate named `winit`, use `cargo add winit` to add it to your `Cargo.toml`
[INFO] [stdout] 
[INFO] [stdout] 
[INFO] [stdout] error[E0433]: cannot find module or crate `winit` in this scope
[INFO] [stdout]   --> examples/application.rs:22:5
[INFO] [stdout]    |
[INFO] [stdout] 22 | use winit::event_loop::{ActiveEventLoop, EventLoop};
[INFO] [stdout]    |     ^^^^^ use of unresolved module or unlinked crate `winit`
[INFO] [stdout]    |
[INFO] [stdout]    = help: if you wanted to use a crate named `winit`, use `cargo add winit` to add it to your `Cargo.toml`
[INFO] [stdout] 
[INFO] [stdout] 
[INFO] [stdout] error[E0433]: cannot find module or crate `winit` in this scope
[INFO] [stdout]   --> examples/application.rs:23:5
[INFO] [stdout]    |
[INFO] [stdout] 23 | use winit::icon::RgbaIcon;
[INFO] [stdout]    |     ^^^^^ use of unresolved module or unlinked crate `winit`
[INFO] [stdout]    |
[INFO] [stdout]    = help: if you wanted to use a crate named `winit`, use `cargo add winit` to add it to your `Cargo.toml`
[INFO] [stdout] 
[INFO] [stdout] 
[INFO] [stdout] error[E0433]: cannot find module or crate `winit` in this scope
[INFO] [stdout]   --> examples/application.rs:24:5
[INFO] [stdout]    |
[INFO] [stdout] 24 | use winit::keyboard::{Key, ModifiersState};
[INFO] [stdout]    |     ^^^^^ use of unresolved module or unlinked crate `winit`
[INFO] [stdout]    |
[INFO] [stdout]    = help: if you wanted to use a crate named `winit`, use `cargo add winit` to add it to your `Cargo.toml`
[INFO] [stdout] 
[INFO] [stdout] 
[INFO] [stdout] error[E0433]: cannot find module or crate `winit` in this scope
[INFO] [stdout]   --> examples/application.rs:25:5
[INFO] [stdout]    |
[INFO] [stdout] 25 | use winit::monitor::Fullscreen;
[INFO] [stdout]    |     ^^^^^ use of unresolved module or unlinked crate `winit`
[INFO] [stdout]    |
[INFO] [stdout]    = help: if you wanted to use a crate named `winit`, use `cargo add winit` to add it to your `Cargo.toml`
[INFO] [stdout] 
[INFO] [stdout] 
[INFO] [stdout] error[E0433]: cannot find module or crate `winit` in this scope
[INFO] [stdout]   --> examples/application.rs:31:5
[INFO] [stdout]    |
[INFO] [stdout] 31 | use winit::platform::startup_notify::{
[INFO] [stdout]    |     ^^^^^ use of unresolved module or unlinked crate `winit`
[INFO] [stdout]    |
[INFO] [stdout]    = help: if you wanted to use a crate named `winit`, use `cargo add winit` to add it to your `Cargo.toml`
[INFO] [stdout] 
[INFO] [stdout] 
[INFO] [stdout] error[E0433]: cannot find module or crate `winit` in this scope
[INFO] [stdout]   --> examples/application.rs:37:5
[INFO] [stdout]    |
[INFO] [stdout] 37 | use winit::platform::x11::WindowAttributesExtX11;
[INFO] [stdout]    |     ^^^^^ use of unresolved module or unlinked crate `winit`
[INFO] [stdout]    |
[INFO] [stdout]    = help: if you wanted to use a crate named `winit`, use `cargo add winit` to add it to your `Cargo.toml`
[INFO] [stdout] 
[INFO] [stdout] 
[INFO] [stdout] error[E0433]: cannot find module or crate `winit` in this scope
[INFO] [stdout]   --> examples/application.rs:38:5
[INFO] [stdout]    |
[INFO] [stdout] 38 | use winit::window::{
[INFO] [stdout]    |     ^^^^^ use of unresolved module or unlinked crate `winit`
[INFO] [stdout]    |
[INFO] [stdout]    = help: if you wanted to use a crate named `winit`, use `cargo add winit` to add it to your `Cargo.toml`
[INFO] [stdout] 
[INFO] [stdout] 
[INFO] [stdout] error[E0433]: cannot find module or crate `winit` in this scope
[INFO] [stdout]   --> examples/util/fill.rs:28:9
[INFO] [stdout]    |
[INFO] [stdout] 28 |     use winit::window::{Window, WindowId};
[INFO] [stdout]    |         ^^^^^ use of unresolved module or unlinked crate `winit`
[INFO] [stdout]    |
[INFO] [stdout]    = help: if you wanted to use a crate named `winit`, use `cargo add winit` to add it to your `Cargo.toml`
[INFO] [stdout] 
[INFO] [stdout] 
[INFO] [stdout] error[E0433]: cannot find module or crate `winit` in this scope
[INFO] [stdout]   --> tests/sync_object.rs:11:22
[INFO] [stdout]    |
[INFO] [stdout] 11 |     needs_sync::<dyn winit::window::Window>();
[INFO] [stdout]    |                      ^^^^^ use of unresolved module or unlinked crate `winit`
[INFO] [stdout]    |
[INFO] [stdout]    = help: if you wanted to use a crate named `winit`, use `cargo add winit` to add it to your `Cargo.toml`
[INFO] [stdout] 
[INFO] [stdout] 
[INFO] [stdout] error[E0433]: cannot find module or crate `winit` in this scope
[INFO] [stdout]   --> tests/send_objects.rs:11:22
[INFO] [stdout]    |
[INFO] [stdout] 11 |     needs_send::<dyn winit::window::Window>();
[INFO] [stdout]    |                      ^^^^^ use of unresolved module or unlinked crate `winit`
[INFO] [stdout]    |
[INFO] [stdout]    = help: if you wanted to use a crate named `winit`, use `cargo add winit` to add it to your `Cargo.toml`
[INFO] [stdout] 
[INFO] [stdout] 
[INFO] [stdout] error[E0433]: cannot find module or crate `winit` in this scope
[INFO] [stdout]   --> tests/sync_object.rs:16:18
[INFO] [stdout]    |
[INFO] [stdout] 16 |     needs_sync::<winit::window::WindowAttributes>();
[INFO] [stdout]    |                  ^^^^^ use of unresolved module or unlinked crate `winit`
[INFO] [stdout]    |
[INFO] [stdout]    = help: if you wanted to use a crate named `winit`, use `cargo add winit` to add it to your `Cargo.toml`
[INFO] [stdout] 
[INFO] [stdout] 
[INFO] [stdout] For more information about this error, try `rustc --explain E0433`.
[INFO] [stdout] 
[INFO] [stdout] error[E0433]: cannot find module or crate `winit` in this scope
[INFO] [stdout]   --> tests/send_objects.rs:16:18
[INFO] [stdout]    |
[INFO] [stdout] 16 |     needs_send::<winit::window::WindowAttributes>();
[INFO] [stdout]    |                  ^^^^^ use of unresolved module or unlinked crate `winit`
[INFO] [stdout]    |
[INFO] [stdout]    = help: if you wanted to use a crate named `winit`, use `cargo add winit` to add it to your `Cargo.toml`
[INFO] [stdout] 
[INFO] [stdout] 
[INFO] [stdout] error[E0433]: cannot find module or crate `winit` in this scope
[INFO] [stdout]   --> tests/sync_object.rs:21:18
[INFO] [stdout]    |
[INFO] [stdout] 21 |     needs_sync::<winit::window::CustomCursorSource>();
[INFO] [stdout]    |                  ^^^^^ use of unresolved module or unlinked crate `winit`
[INFO] [stdout]    |
[INFO] [stdout]    = help: if you wanted to use a crate named `winit`, use `cargo add winit` to add it to your `Cargo.toml`
[INFO] [stdout] 
[INFO] [stdout] 
[INFO] [stderr] error: could not compile `winit_craft` (example "application") due to 12 previous errors
[INFO] [stdout] error[E0433]: cannot find module or crate `winit` in this scope
[INFO] [stdout]   --> tests/sync_object.rs:22:18
[INFO] [stdout]    |
[INFO] [stdout] 22 |     needs_sync::<winit::window::CustomCursor>();
[INFO] [stdout]    |                  ^^^^^ use of unresolved module or unlinked crate `winit`
[INFO] [stdout]    |
[INFO] [stdout]    = help: if you wanted to use a crate named `winit`, use `cargo add winit` to add it to your `Cargo.toml`
[INFO] [stdout] 
[INFO] [stdout] 
[INFO] [stdout] error[E0433]: cannot find module or crate `winit` in this scope
[INFO] [stdout]   --> tests/send_objects.rs:21:18
[INFO] [stdout]    |
[INFO] [stdout] 21 |     needs_send::<winit::window::WindowId>();
[INFO] [stdout]    |                  ^^^^^ use of unresolved module or unlinked crate `winit`
[INFO] [stdout]    |
[INFO] [stdout]    = help: if you wanted to use a crate named `winit`, use `cargo add winit` to add it to your `Cargo.toml`
[INFO] [stdout] 
[INFO] [stdout] 
[INFO] [stdout] For more information about this error, try `rustc --explain E0433`.
[INFO] [stdout] 
[INFO] [stderr] error: could not compile `winit_craft` (test "sync_object") due to 5 previous errors
[INFO] [stdout] error[E0433]: cannot find module or crate `winit` in this scope
[INFO] [stdout]   --> tests/send_objects.rs:22:18
[INFO] [stdout]    |
[INFO] [stdout] 22 |     needs_send::<winit::event::DeviceId>();
[INFO] [stdout]    |                  ^^^^^ use of unresolved module or unlinked crate `winit`
[INFO] [stdout]    |
[INFO] [stdout]    = help: if you wanted to use a crate named `winit`, use `cargo add winit` to add it to your `Cargo.toml`
[INFO] [stdout] 
[INFO] [stdout] 
[INFO] [stdout] error[E0433]: cannot find module or crate `winit` in this scope
[INFO] [stdout]   --> tests/send_objects.rs:23:18
[INFO] [stdout]    |
[INFO] [stdout] 23 |     needs_send::<winit::monitor::MonitorHandle>();
[INFO] [stdout]    |                  ^^^^^ use of unresolved module or unlinked crate `winit`
[INFO] [stdout]    |
[INFO] [stdout]    = help: if you wanted to use a crate named `winit`, use `cargo add winit` to add it to your `Cargo.toml`
[INFO] [stdout] 
[INFO] [stdout] 
[INFO] [stdout] error[E0433]: cannot find module or crate `winit` in this scope
[INFO] [stdout]   --> tests/send_objects.rs:28:18
[INFO] [stdout]    |
[INFO] [stdout] 28 |     needs_send::<winit::window::CustomCursorSource>();
[INFO] [stdout]    |                  ^^^^^ use of unresolved module or unlinked crate `winit`
[INFO] [stdout]    |
[INFO] [stdout]    = help: if you wanted to use a crate named `winit`, use `cargo add winit` to add it to your `Cargo.toml`
[INFO] [stdout] 
[INFO] [stdout] 
[INFO] [stdout] error[E0433]: cannot find module or crate `winit` in this scope
[INFO] [stdout]   --> tests/send_objects.rs:29:18
[INFO] [stdout]    |
[INFO] [stdout] 29 |     needs_send::<winit::window::CustomCursor>();
[INFO] [stdout]    |                  ^^^^^ use of unresolved module or unlinked crate `winit`
[INFO] [stdout]    |
[INFO] [stdout]    = help: if you wanted to use a crate named `winit`, use `cargo add winit` to add it to your `Cargo.toml`
[INFO] [stdout] 
[INFO] [stdout] 
[INFO] [stdout] For more information about this error, try `rustc --explain E0433`.
[INFO] [stdout] 
[INFO] [stderr] error: could not compile `winit_craft` (test "send_objects") due to 8 previous errors
[INFO] running `Command { std: "docker" "inspect" "926ce5d10327336c68ee8fe540269e5a5f71fcec65db6bb1c3fb448128cf0ad7", kill_on_drop: false }`
[INFO] running `Command { std: "docker" "rm" "-f" "926ce5d10327336c68ee8fe540269e5a5f71fcec65db6bb1c3fb448128cf0ad7", kill_on_drop: false }`
[INFO] [stdout] 926ce5d10327336c68ee8fe540269e5a5f71fcec65db6bb1c3fb448128cf0ad7
