[INFO] fetching crate win_msgbox_timeout 1.2.1...
[INFO] testing win_msgbox_timeout-1.2.1 against 1.99.0-beta.8 for beta-1.100-2
[INFO] extracting crate win_msgbox_timeout 1.2.1 into /workspace/builds/worker-5-tc1/source
[INFO] started tweaking crates.io crate win_msgbox_timeout 1.2.1
[INFO] finished tweaking crates.io crate win_msgbox_timeout 1.2.1
[INFO] tweaked toml for crates.io crate win_msgbox_timeout 1.2.1 written to /workspace/builds/worker-5-tc1/source/Cargo.toml
[INFO] validating manifest of crates.io crate win_msgbox_timeout 1.2.1 on toolchain 1.99.0-beta.8
[INFO] running `Command { std: CARGO_HOME="/workspace/cargo-home" RUSTUP_HOME="/workspace/rustup-home" "/workspace/cargo-home/bin/cargo" "+1.99.0-beta.8" "metadata" "--manifest-path" "Cargo.toml" "--no-deps", kill_on_drop: false }`
[INFO] crate crates.io crate win_msgbox_timeout 1.2.1 already has a lockfile, it will not be regenerated
[INFO] running `Command { std: CARGO_HOME="/workspace/cargo-home" RUSTUP_HOME="/workspace/rustup-home" "/workspace/cargo-home/bin/cargo" "+1.99.0-beta.8" "fetch" "--manifest-path" "Cargo.toml", kill_on_drop: false }`
[INFO] running `Command { std: "docker" "create" "-v" "/var/lib/crater-agent-workspace/builds/worker-5-tc1/source:/opt/rustwide/workdir:ro,Z" "-v" "/var/lib/crater-agent-workspace/builds/worker-5-tc1/target:/opt/rustwide/target:rw,Z" "-v" "/var/lib/crater-agent-workspace/cargo-home:/opt/rustwide/cargo-home:ro,Z" "-v" "/var/lib/crater-agent-workspace/rustup-home:/opt/rustwide/rustup-home:ro,Z" "-m" "1610612736" "--network" "none" "ghcr.io/rust-lang/crates-build-env/linux@sha256:3111399a4047eeb3a02b7a90e478d715f38a8c6669b5c4b49d30a17385265909" "sleep" "infinity", kill_on_drop: false }`
[INFO] [stdout] d936270c2fd736187e63b06ed5b9277607d494550bfb00c2835ae837c3fc2deb
[INFO] running `Command { std: "docker" "start" "d936270c2fd736187e63b06ed5b9277607d494550bfb00c2835ae837c3fc2deb", kill_on_drop: false }`
[INFO] running `Command { std: "docker" "inspect" "d936270c2fd736187e63b06ed5b9277607d494550bfb00c2835ae837c3fc2deb", kill_on_drop: false }`
[INFO] running `Command { std: "docker" "exec" "-e" "SOURCE_DIR=/opt/rustwide/workdir" "-e" "CARGO_HOME=/opt/rustwide/cargo-home" "-e" "RUSTUP_HOME=/opt/rustwide/rustup-home" "-e" "CARGO_TARGET_DIR=/opt/rustwide/target" "-w" "/opt/rustwide/workdir" "--user" "0:0" "d936270c2fd736187e63b06ed5b9277607d494550bfb00c2835ae837c3fc2deb" "/opt/rustwide/cargo-home/bin/cargo" "+1.99.0-beta.8" "metadata" "--no-deps" "--format-version=1", kill_on_drop: false }`
[INFO] running `Command { std: "docker" "inspect" "d936270c2fd736187e63b06ed5b9277607d494550bfb00c2835ae837c3fc2deb", kill_on_drop: false }`
[INFO] running `Command { std: "docker" "exec" "-e" "SOURCE_DIR=/opt/rustwide/workdir" "-e" "CARGO_HOME=/opt/rustwide/cargo-home" "-e" "RUSTUP_HOME=/opt/rustwide/rustup-home" "-e" "CARGO_TARGET_DIR=/opt/rustwide/target" "-e" "CARGO_INCREMENTAL=0" "-e" "RUST_BACKTRACE=full" "-e" "RUSTFLAGS=--cap-lints=warn" "-e" "RUSTDOCFLAGS=--cap-lints=warn" "-w" "/opt/rustwide/workdir" "--user" "0:0" "d936270c2fd736187e63b06ed5b9277607d494550bfb00c2835ae837c3fc2deb" "/opt/rustwide/cargo-home/bin/cargo" "+1.99.0-beta.8" "build" "--frozen" "--message-format=json", kill_on_drop: false }`
[INFO] [stderr]    Compiling win_msgbox_timeout v1.2.1 (/opt/rustwide/workdir)
[INFO] [stdout] error: linking with `cc` failed: exit status: 1
[INFO] [stdout]   |
[INFO] [stdout]   = note:  "cc" "-Wl,--version-script=/opt/rustwide/target/debug/deps/rustckfVkcd/list" "-Wl,--no-undefined-version" "-m64" "/opt/rustwide/target/debug/deps/rustckfVkcd/symbols.o" "<3 object files omitted>" "-Wl,--as-needed" "-Wl,-Bdynamic" "-lUser32" "-lGdi32" "-lShell32" "-Wl,-Bstatic" "<sysroot>/lib/rustlib/x86_64-unknown-linux-gnu/lib/{libstd-*,libpanic_unwind-*,libobject-*,libmemchr-*,libaddr2line-*,libgimli-*,libcfg_if-*,librustc_demangle-*,libstd_detect-*,libhashbrown-*,librustc_std_workspace_alloc-*,libminiz_oxide-*,libadler2-*,libunwind-*,liblibc-*,librustc_std_workspace_core-*,liballoc-*,libcore-*,libcompiler_builtins-*}.rlib" "-Wl,-Bdynamic" "-lgcc_s" "-lutil" "-lrt" "-lpthread" "-lm" "-ldl" "-lc" "-L" "/opt/rustwide/target/debug/deps/rustckfVkcd/raw-dylibs" "-B<sysroot>/lib/rustlib/x86_64-unknown-linux-gnu/bin/gcc-ld" "-fuse-ld=lld" "-Wl,--eh-frame-hdr" "-Wl,-z,noexecstack" "-L" "<sysroot>/lib/rustlib/x86_64-unknown-linux-gnu/lib" "-o" "/opt/rustwide/target/debug/deps/libwin_msgbox_timeout.so" "-Wl,--gc-sections" "-shared" "-Wl,-z,relro,-z,now" "-nodefaultlibs"
[INFO] [stdout]   = note: some arguments are omitted. use `--verbose` to show all linker arguments
[INFO] [stdout]   = note: rust-lld: error: unable to find library -lUser32
[INFO] [stdout]           rust-lld: error: unable to find library -lGdi32
[INFO] [stdout]           rust-lld: error: unable to find library -lShell32
[INFO] [stdout]           collect2: error: ld returned 1 exit status
[INFO] [stdout]           
[INFO] [stdout] 
[INFO] [stdout] 
[INFO] [stderr] error: could not compile `win_msgbox_timeout` (lib) due to 1 previous error
[INFO] running `Command { std: "docker" "inspect" "d936270c2fd736187e63b06ed5b9277607d494550bfb00c2835ae837c3fc2deb", kill_on_drop: false }`
[INFO] running `Command { std: "docker" "rm" "-f" "d936270c2fd736187e63b06ed5b9277607d494550bfb00c2835ae837c3fc2deb", kill_on_drop: false }`
[INFO] [stdout] d936270c2fd736187e63b06ed5b9277607d494550bfb00c2835ae837c3fc2deb
