[INFO] fetching crate win-rar 0.1.0...
[INFO] testing win-rar-0.1.0 against 1.100.0-beta.1 for beta-1.100-2
[INFO] extracting crate win-rar 0.1.0 into /workspace/builds/worker-5-tc2/source
[INFO] started tweaking crates.io crate win-rar 0.1.0
[INFO] removed 0 missing examples
[INFO] removed 0 missing tests
[INFO] finished tweaking crates.io crate win-rar 0.1.0
[INFO] tweaked toml for crates.io crate win-rar 0.1.0 written to /workspace/builds/worker-5-tc2/source/Cargo.toml
[INFO] validating manifest of crates.io crate win-rar 0.1.0 on toolchain 1.100.0-beta.1
[INFO] running `Command { std: CARGO_HOME="/workspace/cargo-home" RUSTUP_HOME="/workspace/rustup-home" "/workspace/cargo-home/bin/cargo" "+1.100.0-beta.1" "metadata" "--manifest-path" "Cargo.toml" "--no-deps", kill_on_drop: false }`
[INFO] crate crates.io crate win-rar 0.1.0 already has a lockfile, it will not be regenerated
[INFO] running `Command { std: CARGO_HOME="/workspace/cargo-home" RUSTUP_HOME="/workspace/rustup-home" "/workspace/cargo-home/bin/cargo" "+1.100.0-beta.1" "fetch" "--manifest-path" "Cargo.toml", kill_on_drop: false }`
[INFO] [stderr] warning: `package.homepage` is redundant with `package.repository`
[INFO] [stderr]   --> Cargo.toml:84:12
[INFO] [stderr]    |
[INFO] [stderr] 84 | homepage = "https://github.com/ftpeak/win-rar"
[INFO] [stderr]    |            ^^^^^^^^^^^^^^^^^^^^^^^^^^^^^^^^^^^
[INFO] [stderr] ...
[INFO] [stderr] 89 | repository = "https://github.com/ftpeak/win-rar"
[INFO] [stderr]    |              -----------------------------------
[INFO] [stderr]    |
[INFO] [stderr]    = note: `cargo::redundant_homepage` is set to `warn` by default
[INFO] [stderr] help: consider removing `package.homepage`
[INFO] [stderr] warning: `win-rar` (manifest) generated 1 warning
[INFO] running `Command { std: "docker" "create" "-v" "/var/lib/crater-agent-workspace/builds/worker-5-tc2/source:/opt/rustwide/workdir:ro,Z" "-v" "/var/lib/crater-agent-workspace/builds/worker-5-tc2/target:/opt/rustwide/target:rw,Z" "-v" "/var/lib/crater-agent-workspace/cargo-home:/opt/rustwide/cargo-home:ro,Z" "-v" "/var/lib/crater-agent-workspace/rustup-home:/opt/rustwide/rustup-home:ro,Z" "-m" "1610612736" "--network" "none" "ghcr.io/rust-lang/crates-build-env/linux@sha256:3111399a4047eeb3a02b7a90e478d715f38a8c6669b5c4b49d30a17385265909" "sleep" "infinity", kill_on_drop: false }`
[INFO] [stdout] 72f7b231dfc0aab0671556be114d17b93ada2bbbea07c1eee33c781f57938c7d
[INFO] running `Command { std: "docker" "start" "72f7b231dfc0aab0671556be114d17b93ada2bbbea07c1eee33c781f57938c7d", kill_on_drop: false }`
[INFO] running `Command { std: "docker" "inspect" "72f7b231dfc0aab0671556be114d17b93ada2bbbea07c1eee33c781f57938c7d", kill_on_drop: false }`
[INFO] running `Command { std: "docker" "exec" "-e" "SOURCE_DIR=/opt/rustwide/workdir" "-e" "CARGO_HOME=/opt/rustwide/cargo-home" "-e" "RUSTUP_HOME=/opt/rustwide/rustup-home" "-e" "CARGO_TARGET_DIR=/opt/rustwide/target" "-w" "/opt/rustwide/workdir" "--user" "0:0" "72f7b231dfc0aab0671556be114d17b93ada2bbbea07c1eee33c781f57938c7d" "/opt/rustwide/cargo-home/bin/cargo" "+1.100.0-beta.1" "metadata" "--no-deps" "--format-version=1", kill_on_drop: false }`
[INFO] running `Command { std: "docker" "inspect" "72f7b231dfc0aab0671556be114d17b93ada2bbbea07c1eee33c781f57938c7d", kill_on_drop: false }`
[INFO] running `Command { std: "docker" "exec" "-e" "SOURCE_DIR=/opt/rustwide/workdir" "-e" "CARGO_HOME=/opt/rustwide/cargo-home" "-e" "RUSTUP_HOME=/opt/rustwide/rustup-home" "-e" "CARGO_TARGET_DIR=/opt/rustwide/target" "-e" "CARGO_INCREMENTAL=0" "-e" "RUST_BACKTRACE=full" "-e" "RUSTFLAGS=--cap-lints=warn" "-e" "RUSTDOCFLAGS=--cap-lints=warn" "-w" "/opt/rustwide/workdir" "--user" "0:0" "72f7b231dfc0aab0671556be114d17b93ada2bbbea07c1eee33c781f57938c7d" "/opt/rustwide/cargo-home/bin/cargo" "+1.100.0-beta.1" "build" "--frozen" "--message-format=json", kill_on_drop: false }`
[INFO] [stderr] warning: `package.homepage` is redundant with `package.repository`
[INFO] [stderr]   --> Cargo.toml:84:12
[INFO] [stderr]    |
[INFO] [stderr] 84 | homepage = "https://github.com/ftpeak/win-rar"
[INFO] [stderr]    |            ^^^^^^^^^^^^^^^^^^^^^^^^^^^^^^^^^^^
[INFO] [stderr] ...
[INFO] [stderr] 89 | repository = "https://github.com/ftpeak/win-rar"
[INFO] [stderr]    |              -----------------------------------
[INFO] [stderr]    |
[INFO] [stderr]    = note: `cargo::redundant_homepage` is set to `warn` by default
[INFO] [stderr] help: consider removing `package.homepage`
[INFO] [stderr] warning: `win-rar` (manifest) generated 1 warning
[INFO] [stderr]    Compiling smallvec v1.15.2
[INFO] [stderr]    Compiling heck v0.5.0
[INFO] [stderr]    Compiling winnow v0.5.40
[INFO] [stderr]    Compiling memchr v2.8.2
[INFO] [stderr]    Compiling serde_core v1.0.228
[INFO] [stderr]    Compiling serde v1.0.228
[INFO] [stderr]    Compiling target-lexicon v0.12.16
[INFO] [stderr]    Compiling phf_shared v0.13.1
[INFO] [stderr]    Compiling syn v2.0.118
[INFO] [stderr]    Compiling stable_deref_trait v1.2.1
[INFO] [stderr]    Compiling jobserver v0.1.34
[INFO] [stderr]    Compiling log v0.4.32
[INFO] [stderr]    Compiling getrandom v0.4.3
[INFO] [stderr]    Compiling winnow v1.0.3
[INFO] [stderr]    Compiling toml_writer v1.1.1+spec-1.1.0
[INFO] [stderr]    Compiling erased-serde v0.4.10
[INFO] [stderr]    Compiling proc-macro-error-attr v1.0.4
[INFO] [stderr]    Compiling unic-char-range v0.9.0
[INFO] [stderr]    Compiling new_debug_unreachable v1.0.6
[INFO] [stderr]    Compiling syn v1.0.109
[INFO] [stderr]    Compiling unic-common v0.9.0
[INFO] [stderr]    Compiling unic-ucd-version v0.9.0
[INFO] [stderr]    Compiling unic-char-property v0.9.0
[INFO] [stderr]    Compiling cc v1.2.65
[INFO] [stderr]    Compiling parking_lot_core v0.9.12
[INFO] [stderr]    Compiling phf_generator v0.13.1
[INFO] [stderr]    Compiling proc-macro-error v1.0.4
[INFO] [stderr]    Compiling precomputed-hash v0.1.1
[INFO] [stderr]    Compiling bytes v1.12.0
[INFO] [stderr]    Compiling serde_json v1.0.150
[INFO] [stderr]    Compiling cfg-expr v0.15.8
[INFO] [stderr]    Compiling alloc-stdlib v0.2.4
[INFO] [stderr]    Compiling phf_codegen v0.13.1
[INFO] [stderr]    Compiling toml_parser v1.1.2+spec-1.1.0
[INFO] [stderr]    Compiling string_cache_codegen v0.6.1
[INFO] [stderr]    Compiling parking_lot v0.12.5
[INFO] [stderr]    Compiling unic-ucd-ident v0.9.0
[INFO] [stderr]    Compiling futures-core v0.3.32
[INFO] [stderr]    Compiling aho-corasick v1.1.4
[INFO] [stderr]    Compiling quick-xml v0.39.4
[INFO] [stderr]    Compiling string_cache v0.9.0
[INFO] [stderr]    Compiling brotli-decompressor v5.0.3
[INFO] [stderr]    Compiling percent-encoding v2.3.2
[INFO] [stderr]    Compiling utf-8 v0.7.6
[INFO] [stderr]    Compiling ctor-proc-macro v0.0.7
[INFO] [stderr]    Compiling dunce v1.0.5
[INFO] [stderr]    Compiling dtoa v1.0.11
[INFO] [stderr]    Compiling tendril v0.5.0
[INFO] [stderr]    Compiling web_atoms v0.2.5
[INFO] [stderr]    Compiling http v1.4.2
[INFO] [stderr]    Compiling ctor v0.8.0
[INFO] [stderr]    Compiling dtoa-short v0.3.5
[INFO] [stderr]    Compiling form_urlencoded v1.2.2
[INFO] [stderr]    Compiling selectors v0.36.1
[INFO] [stderr]    Compiling indexmap v1.9.3
[INFO] [stderr]    Compiling camino v1.2.3
[INFO] [stderr]    Compiling futures-channel v0.3.32
[INFO] [stderr]    Compiling servo_arc v0.4.3
[INFO] [stderr]    Compiling schemars v0.8.22
[INFO] [stderr]    Compiling bitflags v2.13.0
[INFO] [stderr]    Compiling bit-vec v0.8.0
[INFO] [stderr]    Compiling time v0.3.49
[INFO] [stderr]    Compiling dyn-clone v1.0.20
[INFO] [stderr]    Compiling foldhash v0.2.0
[INFO] [stderr]    Compiling crypto-common v0.1.7
[INFO] [stderr]    Compiling gio v0.18.4
[INFO] [stderr]    Compiling bit-set v0.8.0
[INFO] [stderr]    Compiling dirs-sys v0.5.0
[INFO] [stderr]    Compiling time-macros v0.2.29
[INFO] [stderr]    Compiling winnow v0.7.15
[INFO] [stderr]    Compiling gtk v0.18.2
[INFO] [stderr]    Compiling dirs v6.0.0
[INFO] [stderr]    Compiling x11 v2.21.0
[INFO] [stderr]    Compiling simd-adler32 v0.3.9
[INFO] [stderr]    Compiling cookie v0.18.1
[INFO] [stderr]    Compiling libdbus-sys v0.2.7
[INFO] [stderr]    Compiling x11-dl v2.21.0
[INFO] [stderr]    Compiling miniz_oxide v0.8.9
[INFO] [stderr]    Compiling fdeflate v0.3.7
[INFO] [stderr]    Compiling regex-automata v0.4.14
[INFO] [stderr]    Compiling uuid v1.23.3
[INFO] [stderr]    Compiling serde_spanned v1.1.1
[INFO] [stderr]    Compiling toml_datetime v1.1.1+spec-1.1.0
[INFO] [stderr]    Compiling brotli v8.0.4
[INFO] [stderr]    Compiling flate2 v1.1.9
[INFO] [stderr]    Compiling cfb v0.7.3
[INFO] [stderr]    Compiling toml v1.1.2+spec-1.1.0
[INFO] [stderr]    Compiling serde-untagged v0.1.9
[INFO] [stderr]    Compiling crossbeam-channel v0.5.15
[INFO] [stderr]    Compiling digest v0.10.7
[INFO] [stderr]    Compiling png v0.17.16
[INFO] [stderr]    Compiling infer v0.19.0
[INFO] [stderr]    Compiling wry v0.55.1
[INFO] [stderr]    Compiling getrandom v0.3.4
[INFO] [stderr]    Compiling windows_x86_64_gnu v0.52.6
[INFO] [stderr]    Compiling tauri-runtime v2.11.3
[INFO] [stderr]    Compiling sha2 v0.10.9
[INFO] [stderr]    Compiling dbus v0.9.11
[INFO] [stderr]    Compiling zstd-sys v2.0.16+zstd.1.5.7
[INFO] [stderr]    Compiling semver v1.0.28
[INFO] [stderr]    Compiling synstructure v0.13.2
[INFO] [stderr]    Compiling darling_core v0.23.0
[INFO] [stderr]    Compiling rustc_version v0.4.1
[INFO] [stderr]    Compiling regex v1.12.4
[INFO] [stderr]    Compiling serde_derive_internals v0.29.1
[INFO] [stderr]    Compiling toml_datetime v0.7.5+spec-1.1.0
[INFO] [stderr]    Compiling field-offset v0.3.6
[INFO] [stderr]    Compiling toml v0.9.12+spec-1.1.0
[INFO] [stderr]    Compiling ico v0.5.0
[INFO] [stderr]    Compiling block-padding v0.3.3
[INFO] [stderr]    Compiling tauri-runtime-wry v2.11.3
[INFO] [stderr]    Compiling inout v0.1.4
[INFO] [stderr]    Compiling bzip2-sys v0.1.13+1.0.8
[INFO] [stderr]    Compiling embed-resource v3.0.9
[INFO] [stderr]    Compiling signal-hook v0.3.18
[INFO] [stderr]    Compiling windows-targets v0.52.6
[INFO] [stderr]    Compiling tauri-winres v0.3.6
[INFO] [stderr]    Compiling cipher v0.4.4
[INFO] [stderr]    Compiling lzma-sys v0.1.20
[INFO] [stderr]    Compiling getrandom v0.2.17
[INFO] [stderr]    Compiling rustix v1.1.4
[INFO] [stderr]    Compiling zstd-safe v7.2.4
[INFO] [stderr]    Compiling serde_derive v1.0.228
[INFO] [stderr]    Compiling zerofrom-derive v0.1.7
[INFO] [stderr]    Compiling yoke-derive v0.8.2
[INFO] [stderr]    Compiling zerovec-derive v0.11.3
[INFO] [stderr]    Compiling displaydoc v0.2.6
[INFO] [stderr]    Compiling thiserror-impl v1.0.69
[INFO] [stderr]    Compiling phf_macros v0.13.1
[INFO] [stderr]    Compiling thiserror-impl v2.0.18
[INFO] [stderr]    Compiling futures-macro v0.3.32
[INFO] [stderr]    Compiling cssparser-macros v0.6.1
[INFO] [stderr]    Compiling derive_more-impl v2.1.1
[INFO] [stderr]    Compiling schemars_derive v0.8.22
[INFO] [stderr]    Compiling dlopen2_derive v0.4.3
[INFO] [stderr]    Compiling phf v0.13.1
[INFO] [stderr]    Compiling zerofrom v0.1.8
[INFO] [stderr]    Compiling yoke v0.8.3
[INFO] [stderr]    Compiling darling_macro v0.23.0
[INFO] [stderr]    Compiling zerotrie v0.2.4
[INFO] [stderr]    Compiling zerovec v0.11.6
[INFO] [stderr]    Compiling darling v0.23.0
[INFO] [stderr]    Compiling futures-util v0.3.32
[INFO] [stderr]    Compiling serde_with_macros v3.21.0
[INFO] [stderr]    Compiling cssparser v0.36.0
[INFO] [stderr]    Compiling derive_more v2.1.1
[INFO] [stderr]    Compiling thiserror v1.0.69
[INFO] [stderr]    Compiling dlopen2 v0.8.2
[INFO] [stderr]    Compiling tokio-macros v2.7.0
[INFO] [stderr]    Compiling serialize-to-javascript-impl v0.1.2
[INFO] [stderr]    Compiling thiserror v2.0.18
[INFO] [stderr]    Compiling serde_repr v0.1.20
[INFO] [stderr]    Compiling rand_core v0.6.4
[INFO] [stderr]    Compiling markup5ever v0.38.0
[INFO] [stderr]    Compiling ppv-lite86 v0.2.21
[INFO] [stderr]    Compiling windows-result v0.2.0
[INFO] [stderr]    Compiling tinystr v0.8.3
[INFO] [stderr]    Compiling potential_utf v0.1.5
[INFO] [stderr]    Compiling unrar-ng-sys v0.7.7
[INFO] [stderr]    Compiling icu_collections v2.2.0
[INFO] [stderr]    Compiling html5ever v0.38.0
[INFO] [stderr]    Compiling tokio v1.52.3
[INFO] [stderr]    Compiling is-docker v0.2.0
[INFO] [stderr]    Compiling num-traits v0.2.19
[INFO] [stderr]    Compiling icu_locale_core v2.2.0
[INFO] [stderr]    Compiling filetime v0.2.29
[INFO] [stderr]    Compiling os_pipe v1.2.3
[INFO] [stderr]    Compiling rfd v0.16.0
[INFO] [stderr]    Compiling rand_chacha v0.3.1
[INFO] [stderr]    Compiling serde_with v3.21.0
[INFO] [stderr]    Compiling sigchld v0.2.4
[INFO] [stderr]    Compiling is-wsl v0.4.0
[INFO] [stderr]    Compiling windows-strings v0.1.0
[INFO] [stderr]    Compiling zeroize_derive v1.5.0
[INFO] [stderr]    Compiling icu_provider v2.2.0
[INFO] [stderr]    Compiling futures-executor v0.3.32
[INFO] [stderr]    Compiling windows-interface v0.58.0
[INFO] [stderr]    Compiling icu_properties v2.2.0
[INFO] [stderr]    Compiling icu_normalizer v2.2.0
[INFO] [stderr]    Compiling windows-implement v0.58.0
[INFO] [stderr]    Compiling aes v0.8.4
[INFO] [stderr]    Compiling dom_query v0.27.0
[INFO] [stderr]    Compiling hmac v0.12.1
[INFO] [stderr]    Compiling bit-vec v0.7.0
[INFO] [stderr]    Compiling zip v2.4.2
[INFO] [stderr]    Compiling pathdiff v0.2.3
[INFO] [stderr]    Compiling zopfli v0.8.3
[INFO] [stderr]    Compiling windows-core v0.58.0
[INFO] [stderr]    Compiling open v5.3.5
[INFO] [stderr]    Compiling bit-set v0.6.0
[INFO] [stderr]    Compiling pbkdf2 v0.12.2
[INFO] [stderr]    Compiling zeroize v1.9.0
[INFO] [stderr]    Compiling xz2 v0.1.7
[INFO] [stderr]    Compiling rand v0.8.6
[INFO] [stderr]    Compiling dpi v0.1.2
[INFO] [stderr]    Compiling jsonptr v0.6.3
[INFO] [stderr]    Compiling plist v1.9.0
[INFO] [stderr]    Compiling toml_datetime v0.6.3
[INFO] [stderr]    Compiling serde_spanned v0.6.9
[INFO] [stderr]    Compiling idna_adapter v1.2.2
[INFO] [stderr]    Compiling toml_edit v0.20.2
[INFO] [stderr]    Compiling idna v1.1.0
[INFO] [stderr]    Compiling cargo-platform v0.1.9
[INFO] [stderr]    Compiling cargo_metadata v0.19.2
[INFO] [stderr]    Compiling toml_edit v0.19.15
[INFO] [stderr]    Compiling cargo_toml v0.22.3
[INFO] [stderr]    Compiling url v2.5.8
[INFO] [stderr]    Compiling json-patch v3.0.1
[INFO] [stderr]    Compiling keyboard-types v0.7.0
[INFO] [stderr]    Compiling serialize-to-javascript v0.1.2
[INFO] [stderr]    Compiling xattr v1.6.1
[INFO] [stderr]    Compiling shared_child v1.1.1
[INFO] [stderr]    Compiling filetime_creation v0.2.0
[INFO] [stderr]    Compiling urlpattern v0.3.0
[INFO] [stderr]    Compiling bzip2 v0.5.2
[INFO] [stderr]    Compiling lzma-rs v0.3.0
[INFO] [stderr]    Compiling nt-time v0.8.1
[INFO] [stderr]    Compiling cbc v0.1.2
[INFO] [stderr]    Compiling sha1 v0.10.6
[INFO] [stderr]    Compiling lzma-rust v0.1.7
[INFO] [stderr]    Compiling widestring v1.2.1
[INFO] [stderr]    Compiling constant_time_eq v0.3.1
[INFO] [stderr]    Compiling deflate64 v0.1.12
[INFO] [stderr]    Compiling chrono v0.4.45
[INFO] [stderr]    Compiling tar v0.4.46
[INFO] [stderr]    Compiling windows v0.58.0
[INFO] [stderr]    Compiling tauri-utils v2.9.3
[INFO] [stderr]    Compiling bzip2 v0.4.4
[INFO] [stderr]    Compiling proc-macro-crate v1.3.1
[INFO] [stderr]    Compiling toml v0.8.2
[INFO] [stderr]    Compiling proc-macro-crate v2.0.2
[INFO] [stderr]    Compiling sevenz-rust v0.6.1
[INFO] [stderr]    Compiling system-deps v6.2.2
[INFO] [stderr]    Compiling gtk3-macros v0.18.2
[INFO] [stderr]    Compiling glib-macros v0.18.5
[INFO] [stderr]    Compiling glib-sys v0.18.1
[INFO] [stderr]    Compiling gobject-sys v0.18.0
[INFO] [stderr]    Compiling gio-sys v0.18.1
[INFO] [stderr]    Compiling gdk-sys v0.18.2
[INFO] [stderr]    Compiling cairo-sys-rs v0.18.2
[INFO] [stderr]    Compiling atk-sys v0.18.2
[INFO] [stderr]    Compiling pango-sys v0.18.0
[INFO] [stderr]    Compiling gdk-pixbuf-sys v0.18.0
[INFO] [stderr]    Compiling gtk-sys v0.18.2
[INFO] [stderr]    Compiling javascriptcore-rs-sys v1.1.1
[INFO] [stderr]    Compiling soup3-sys v0.5.0
[INFO] [stderr]    Compiling webkit2gtk-sys v2.0.2
[INFO] [stderr]    Compiling gdkx11-sys v0.18.2
[INFO] [stderr] error: could not compile `tokio` (lib)
[INFO] [stderr] 
[INFO] [stderr] Caused by:
[INFO] [stderr]   process didn't exit successfully: `/opt/rustwide/rustup-home/toolchains/1.100.0-beta.1-x86_64-unknown-linux-gnu/bin/rustc --crate-name tokio --edition=2021 /opt/rustwide/cargo-home/registry/src/index.crates.io-1949cf8c6b5b557f/tokio-1.52.3/src/lib.rs --error-format=json --json=diagnostic-rendered-ansi,artifacts,future-incompat,unused-externs-silent --crate-type lib --emit=dep-info,metadata,link -C embed-bitcode=no -C debuginfo=2 --cfg 'feature="bytes"' --cfg 'feature="default"' --cfg 'feature="fs"' --cfg 'feature="full"' --cfg 'feature="io-std"' --cfg 'feature="io-util"' --cfg 'feature="libc"' --cfg 'feature="macros"' --cfg 'feature="mio"' --cfg 'feature="net"' --cfg 'feature="parking_lot"' --cfg 'feature="process"' --cfg 'feature="rt"' --cfg 'feature="rt-multi-thread"' --cfg 'feature="signal"' --cfg 'feature="signal-hook-registry"' --cfg 'feature="socket2"' --cfg 'feature="sync"' --cfg 'feature="time"' --cfg 'feature="tokio-macros"' --check-cfg 'cfg(docsrs,test)' --check-cfg 'cfg(feature, values("bytes", "default", "fs", "full", "io-std", "io-uring", "io-util", "libc", "macros", "mio", "net", "parking_lot", "process", "rt", "rt-multi-thread", "signal", "signal-hook-registry", "socket2", "sync", "taskdump", "test-util", "time", "tokio-macros", "tracing", "windows-sys"))' -C metadata=95e9fcd38701c147 -C extra-filename=-272e69d7e8e5bea4 --out-dir /opt/rustwide/target/debug/build/tokio/272e69d7e8e5bea4/out -L dependency=/opt/rustwide/target/debug/build/cfg-if/83060ec5685761ae/out -L dependency=/opt/rustwide/target/debug/build/errno/40a43d7c8a9b8122/out -L dependency=/opt/rustwide/target/debug/build/libc/612664c2206eec43/out -L dependency=/opt/rustwide/target/debug/build/lock_api/16d46fed645f7bff/out -L dependency=/opt/rustwide/target/debug/build/parking_lot_core/5e24cd45ccdd397e/out -L dependency=/opt/rustwide/target/debug/build/scopeguard/7ec2214574194454/out -L dependency=/opt/rustwide/target/debug/build/smallvec/26c6fbd2a6f7d14d/out --extern bytes=/opt/rustwide/target/debug/build/bytes/8d3fe75014eb498b/out/libbytes-8d3fe75014eb498b.rmeta --extern libc=/opt/rustwide/target/debug/build/libc/612664c2206eec43/out/liblibc-612664c2206eec43.rmeta --extern mio=/opt/rustwide/target/debug/build/mio/43415d66e2ceb9f1/out/libmio-43415d66e2ceb9f1.rmeta --extern parking_lot=/opt/rustwide/target/debug/build/parking_lot/1bfbfcf697977e62/out/libparking_lot-1bfbfcf697977e62.rmeta --extern pin_project_lite=/opt/rustwide/target/debug/build/pin-project-lite/0a15d51c77964692/out/libpin_project_lite-0a15d51c77964692.rmeta --extern signal_hook_registry=/opt/rustwide/target/debug/build/signal-hook-registry/97fb91977beb15cc/out/libsignal_hook_registry-97fb91977beb15cc.rmeta --extern socket2=/opt/rustwide/target/debug/build/socket2/73b9b85db3553b3d/out/libsocket2-73b9b85db3553b3d.rmeta --extern tokio_macros=/opt/rustwide/target/debug/build/tokio-macros/d4213108afca8a98/out/libtokio_macros-d4213108afca8a98.so --cap-lints allow --cap-lints=warn --force-warn=unused_crate_dependencies` (signal: 9, SIGKILL: kill)
[INFO] [stderr] warning: build failed, waiting for other jobs to finish...
[INFO] [stderr] error: could not compile `tauri-utils` (lib)
[INFO] [stderr] 
[INFO] [stderr] Caused by:
[INFO] [stderr]   process didn't exit successfully: `/opt/rustwide/rustup-home/toolchains/1.100.0-beta.1-x86_64-unknown-linux-gnu/bin/rustc --crate-name tauri_utils --edition=2021 /opt/rustwide/cargo-home/registry/src/index.crates.io-1949cf8c6b5b557f/tauri-utils-2.9.3/src/lib.rs --error-format=json --json=diagnostic-rendered-ansi,artifacts,future-incompat,unused-externs-silent --crate-type lib --emit=dep-info,metadata,link -C embed-bitcode=no --cfg 'feature="brotli"' --cfg 'feature="build-2"' --cfg 'feature="cargo_metadata"' --cfg 'feature="compression"' --cfg 'feature="html-manipulation-2"' --cfg 'feature="proc-macro2"' --cfg 'feature="quote"' --cfg 'feature="resources"' --cfg 'feature="schema"' --cfg 'feature="schemars"' --cfg 'feature="swift-rs"' --cfg 'feature="walkdir"' --check-cfg 'cfg(docsrs,test)' --check-cfg 'cfg(feature, values("aes-gcm", "brotli", "build", "build-2", "cargo_metadata", "compression", "config-json5", "config-toml", "getrandom", "html-manipulation", "html-manipulation-2", "isolation", "json5", "proc-macro2", "process-relaunch-dangerous-allow-symlink-macos", "quote", "resources", "schema", "schemars", "serialize-to-javascript", "swift-rs", "walkdir"))' -C metadata=6f2c4fdf3764e65b -C extra-filename=-ee8a8f83ada0b203 --out-dir /opt/rustwide/target/debug/build/tauri-utils/ee8a8f83ada0b203/out -L dependency=/opt/rustwide/target/debug/build/aho-corasick/879963fcf148ece0/out -L dependency=/opt/rustwide/target/debug/build/alloc-no-stdlib/118b0458ceca2dd8/out -L dependency=/opt/rustwide/target/debug/build/alloc-stdlib/2bf48dffacb1c5e4/out -L dependency=/opt/rustwide/target/debug/build/base64/32787b0325ea6df8/out -L dependency=/opt/rustwide/target/debug/build/bit-set/2e19b3a6572bd068/out -L dependency=/opt/rustwide/target/debug/build/bit-vec/ca31cd2ea93439e2/out -L dependency=/opt/rustwide/target/debug/build/bitflags/331140ce91c8b58d/out -L dependency=/opt/rustwide/target/debug/build/brotli-decompressor/3fcb0aef182122aa/out -L dependency=/opt/rustwide/target/debug/build/byteorder/8f59b6d1bfdaa844/out -L dependency=/opt/rustwide/target/debug/build/bytes/8d3fe75014eb498b/out -L dependency=/opt/rustwide/target/debug/build/camino/c1cb7cbce0c3c27c/out -L dependency=/opt/rustwide/target/debug/build/cargo-platform/4e764473627d7834/out -L dependency=/opt/rustwide/target/debug/build/cfb/252316c3369b41bd/out -L dependency=/opt/rustwide/target/debug/build/cfg-if/83060ec5685761ae/out -L dependency=/opt/rustwide/target/debug/build/cssparser-macros/75512f0ce05afe42/out -L dependency=/opt/rustwide/target/debug/build/cssparser/480f4b0603053272/out -L dependency=/opt/rustwide/target/debug/build/ctor-proc-macro/8db57b1573bd93a7/out -L dependency=/opt/rustwide/target/debug/build/deranged/131d43187e2329b6/out -L dependency=/opt/rustwide/target/debug/build/derive_more-impl/5fee21b3eb844756/out -L dependency=/opt/rustwide/target/debug/build/derive_more/0d389804635777a4/out -L dependency=/opt/rustwide/target/debug/build/displaydoc/cb6342143874aa5c/out -L dependency=/opt/rustwide/target/debug/build/dtoa-short/40ca6f0d587a3a5f/out -L dependency=/opt/rustwide/target/debug/build/dtoa/fa9c3f840185ea6f/out -L dependency=/opt/rustwide/target/debug/build/dyn-clone/9971acc73d44548d/out -L dependency=/opt/rustwide/target/debug/build/equivalent/6a754676e6af62ae/out -L dependency=/opt/rustwide/target/debug/build/erased-serde/201aba9953f577f9/out -L dependency=/opt/rustwide/target/debug/build/fnv/79e2cbfbe03dcd16/out -L dependency=/opt/rustwide/target/debug/build/foldhash/7d6917c2c939871d/out -L dependency=/opt/rustwide/target/debug/build/form_urlencoded/579ae6e2a17c05c6/out -L dependency=/opt/rustwide/target/debug/build/getrandom/c13452f45e7d3932/out -L dependency=/opt/rustwide/target/debug/build/hashbrown/9b040956490bb1cf/out -L dependency=/opt/rustwide/target/debug/build/hashbrown/d7214d631586fd51/out -L dependency=/opt/rustwide/target/debug/build/html5ever/914486562c0fe1b8/out -L dependency=/opt/rustwide/target/debug/build/icu_collections/0978644415bfaa33/out -L dependency=/opt/rustwide/target/debug/build/icu_locale_core/66c706aef10ca001/out -L dependency=/opt/rustwide/target/debug/build/icu_normalizer/031e331f0f5b3351/out -L dependency=/opt/rustwide/target/debug/build/icu_normalizer_data/8fea05bee0bb4e49/out -L dependency=/opt/rustwide/target/debug/build/icu_properties/e2a0ea1f46f60c59/out -L dependency=/opt/rustwide/target/debug/build/icu_properties_data/e6cf238fc98dd59d/out -L dependency=/opt/rustwide/target/debug/build/icu_provider/e4e7473ab7993a71/out -L dependency=/opt/rustwide/target/debug/build/idna/f66675d5b6aaced2/out -L dependency=/opt/rustwide/target/debug/build/idna_adapter/1996e6f028331504/out -L dependency=/opt/rustwide/target/debug/build/indexmap/b92bb9c25241b995/out -L dependency=/opt/rustwide/target/debug/build/indexmap/cb35d03ee73c1bdb/out -L dependency=/opt/rustwide/target/debug/build/itoa/5de11b3b23bfe572/out -L dependency=/opt/rustwide/target/debug/build/jsonptr/0c954ced2f222017/out -L dependency=/opt/rustwide/target/debug/build/libc/612664c2206eec43/out -L dependency=/opt/rustwide/target/debug/build/litemap/dc288f07f8f61193/out -L dependency=/opt/rustwide/target/debug/build/lock_api/16d46fed645f7bff/out -L dependency=/opt/rustwide/target/debug/build/log/8cf4e7719eca0054/out -L dependency=/opt/rustwide/target/debug/build/markup5ever/e9f2377d9ce046dc/out -L dependency=/opt/rustwide/target/debug/build/memchr/2857f5b45a031ab1/out -L dependency=/opt/rustwide/target/debug/build/new_debug_unreachable/c347c22f0fe0d4e9/out -L dependency=/opt/rustwide/target/debug/build/num-conv/8bd7073c84ef42cd/out -L dependency=/opt/rustwide/target/debug/build/parking_lot/23171ef424f9ea08/out -L dependency=/opt/rustwide/target/debug/build/parking_lot_core/506500040fa1a609/out -L dependency=/opt/rustwide/target/debug/build/percent-encoding/2279354c34ea27c0/out -L dependency=/opt/rustwide/target/debug/build/phf/2d1218c13bc019d8/out -L dependency=/opt/rustwide/target/debug/build/phf_macros/3de4499b5d5a62d3/out -L dependency=/opt/rustwide/target/debug/build/phf_shared/342b0527af40e75b/out -L dependency=/opt/rustwide/target/debug/build/potential_utf/5c5d7cc2182f765a/out -L dependency=/opt/rustwide/target/debug/build/powerfmt/f6019a2766e431f7/out -L dependency=/opt/rustwide/target/debug/build/precomputed-hash/2c7b3e88d98445c8/out -L dependency=/opt/rustwide/target/debug/build/proc-macro2/7778ddc57a533162/out -L dependency=/opt/rustwide/target/debug/build/quick-xml/cff26079fa80bd22/out -L dependency=/opt/rustwide/target/debug/build/regex-automata/a49529364cfb6768/out -L dependency=/opt/rustwide/target/debug/build/regex-syntax/801391c65a42f645/out -L dependency=/opt/rustwide/target/debug/build/regex/f5ecc2d3c2494973/out -L dependency=/opt/rustwide/target/debug/build/rustc-hash/488abaea0f7aa267/out -L dependency=/opt/rustwide/target/debug/build/same-file/ff49545450c0b63c/out -L dependency=/opt/rustwide/target/debug/build/schemars_derive/3a33c666b319dd67/out -L dependency=/opt/rustwide/target/debug/build/scopeguard/7ec2214574194454/out -L dependency=/opt/rustwide/target/debug/build/selectors/8c6b27ef8417f63d/out -L dependency=/opt/rustwide/target/debug/build/semver/0bd5000c29c8388e/out -L dependency=/opt/rustwide/target/debug/build/serde/4a6174b3e04ee5cb/out -L dependency=/opt/rustwide/target/debug/build/serde_core/a89777585d3a857e/out -L dependency=/opt/rustwide/target/debug/build/serde_derive/4e39142fc5fccaf9/out -L dependency=/opt/rustwide/target/debug/build/serde_json/7942b6ac56919959/out -L dependency=/opt/rustwide/target/debug/build/serde_spanned/56537f0394b387cf/out -L dependency=/opt/rustwide/target/debug/build/serde_with_macros/70ddac7580153147/out -L dependency=/opt/rustwide/target/debug/build/servo_arc/52ad72cdea410c99/out -L dependency=/opt/rustwide/target/debug/build/siphasher/b16e808df37ae9fc/out -L dependency=/opt/rustwide/target/debug/build/smallvec/1af273d7b833aab4/out -L dependency=/opt/rustwide/target/debug/build/stable_deref_trait/a9b0d14a12564ec0/out -L dependency=/opt/rustwide/target/debug/build/string_cache/119fa0b1f02836af/out -L dependency=/opt/rustwide/target/debug/build/tendril/40db61b03f6e987a/out -L dependency=/opt/rustwide/target/debug/build/thiserror-impl/45d55daed23928d2/out -L dependency=/opt/rustwide/target/debug/build/thiserror-impl/dc333d2bb9b68a01/out -L dependency=/opt/rustwide/target/debug/build/thiserror/055333cd38fecc56/out -L dependency=/opt/rustwide/target/debug/build/thiserror/5d4d8d7a25b860f2/out -L dependency=/opt/rustwide/target/debug/build/time-core/87cddcae4f761596/out -L dependency=/opt/rustwide/target/debug/build/time/7040d33f26920be2/out -L dependency=/opt/rustwide/target/debug/build/tinystr/141f3ee4593ebfa1/out -L dependency=/opt/rustwide/target/debug/build/toml_datetime/344ed10fa4edde4e/out -L dependency=/opt/rustwide/target/debug/build/toml_parser/1453eb3fd1b49bc2/out -L dependency=/opt/rustwide/target/debug/build/toml_writer/47509d156ef4ceb3/out -L dependency=/opt/rustwide/target/debug/build/typeid/f817466d1cfd48b6/out -L dependency=/opt/rustwide/target/debug/build/unic-char-property/9ce012fe8d0b5d14/out -L dependency=/opt/rustwide/target/debug/build/unic-char-range/8e1d66dda6c5c77f/out -L dependency=/opt/rustwide/target/debug/build/unic-common/a65df4a110d91abe/out -L dependency=/opt/rustwide/target/debug/build/unic-ucd-ident/297d0f65cba7d027/out -L dependency=/opt/rustwide/target/debug/build/unic-ucd-version/0b9ee98f0d6b7b81/out -L dependency=/opt/rustwide/target/debug/build/unicode-ident/86faa6b6bcc5b157/out -L dependency=/opt/rustwide/target/debug/build/url/f3e93fcc768c803d/out -L dependency=/opt/rustwide/target/debug/build/utf-8/f44b62ffab5c1f72/out -L dependency=/opt/rustwide/target/debug/build/utf8_iter/51566bbad89f3a68/out -L dependency=/opt/rustwide/target/debug/build/uuid/6cfe02f2f5c50717/out -L dependency=/opt/rustwide/target/debug/build/web_atoms/ab286dc4e3ab13c1/out -L dependency=/opt/rustwide/target/debug/build/winnow/9d06211f1e0cca51/out -L dependency=/opt/rustwide/target/debug/build/writeable/48b3e52227924bb5/out -L dependency=/opt/rustwide/target/debug/build/yoke-derive/010ad26a78819ae2/out -L dependency=/opt/rustwide/target/debug/build/yoke/4cbd80fcaf8252e3/out -L dependency=/opt/rustwide/target/debug/build/zerofrom-derive/0819820fa6675ec5/out -L dependency=/opt/rustwide/target/debug/build/zerofrom/0b9ccfb7296714a7/out -L dependency=/opt/rustwide/target/debug/build/zerotrie/c9b799e8ef2f9bad/out -L dependency=/opt/rustwide/target/debug/build/zerovec-derive/98b6bff8d71c44e0/out -L dependency=/opt/rustwide/target/debug/build/zerovec/2b6a894653a53274/out -L dependency=/opt/rustwide/target/debug/build/zmij/ef63f1da73704b4c/out --extern anyhow=/opt/rustwide/target/debug/build/anyhow/9e4c44ac98d8e4ea/out/libanyhow-9e4c44ac98d8e4ea.rmeta --extern brotli=/opt/rustwide/target/debug/build/brotli/9004ffa54ddc0af7/out/libbrotli-9004ffa54ddc0af7.rmeta --extern cargo_metadata=/opt/rustwide/target/debug/build/cargo_metadata/592fa1831762f2f0/out/libcargo_metadata-592fa1831762f2f0.rmeta --extern ctor=/opt/rustwide/target/debug/build/ctor/562b784f462e86dc/out/libctor-562b784f462e86dc.rmeta --extern dom_query=/opt/rustwide/target/debug/build/dom_query/77875941092f9365/out/libdom_query-77875941092f9365.rmeta --extern dunce=/opt/rustwide/target/debug/build/dunce/5dff5fddf59c9eea/out/libdunce-5dff5fddf59c9eea.rmeta --extern glob=/opt/rustwide/target/debug/build/glob/7748687a416caec7/out/libglob-7748687a416caec7.rmeta --extern http=/opt/rustwide/target/debug/build/http/faa531d1f5c77dc0/out/libhttp-faa531d1f5c77dc0.rmeta --extern infer=/opt/rustwide/target/debug/build/infer/0407fa7c32dca6e4/out/libinfer-0407fa7c32dca6e4.rmeta --extern json_patch=/opt/rustwide/target/debug/build/json-patch/dada7769cde891b2/out/libjson_patch-dada7769cde891b2.rmeta --extern log=/opt/rustwide/target/debug/build/log/8cf4e7719eca0054/out/liblog-8cf4e7719eca0054.rmeta --extern memchr=/opt/rustwide/target/debug/build/memchr/2857f5b45a031ab1/out/libmemchr-2857f5b45a031ab1.rmeta --extern phf=/opt/rustwide/target/debug/build/phf/2d1218c13bc019d8/out/libphf-2d1218c13bc019d8.rmeta --extern plist=/opt/rustwide/target/debug/build/plist/35337ea7e8b94fab/out/libplist-35337ea7e8b94fab.rmeta --extern proc_macro2=/opt/rustwide/target/debug/build/proc-macro2/7778ddc57a533162/out/libproc_macro2-7778ddc57a533162.rmeta --extern quote=/opt/rustwide/target/debug/build/quote/f781900f499f3d5f/out/libquote-f781900f499f3d5f.rmeta --extern regex=/opt/rustwide/target/debug/build/regex/f5ecc2d3c2494973/out/libregex-f5ecc2d3c2494973.rmeta --extern schemars=/opt/rustwide/target/debug/build/schemars/a0d2f28d1c0cf489/out/libschemars-a0d2f28d1c0cf489.rmeta --extern semver=/opt/rustwide/target/debug/build/semver/0bd5000c29c8388e/out/libsemver-0bd5000c29c8388e.rmeta --extern serde=/opt/rustwide/target/debug/build/serde/4a6174b3e04ee5cb/out/libserde-4a6174b3e04ee5cb.rmeta --extern serde_untagged=/opt/rustwide/target/debug/build/serde-untagged/60338a44d23ef960/out/libserde_untagged-60338a44d23ef960.rmeta --extern serde_json=/opt/rustwide/target/debug/build/serde_json/7942b6ac56919959/out/libserde_json-7942b6ac56919959.rmeta --extern serde_with=/opt/rustwide/target/debug/build/serde_with/ba07c7e9b97e485e/out/libserde_with-ba07c7e9b97e485e.rmeta --extern thiserror=/opt/rustwide/target/debug/build/thiserror/5d4d8d7a25b860f2/out/libthiserror-5d4d8d7a25b860f2.rmeta --extern toml=/opt/rustwide/target/debug/build/toml/80b8b16adac8a843/out/libtoml-80b8b16adac8a843.rmeta --extern url=/opt/rustwide/target/debug/build/url/f3e93fcc768c803d/out/liburl-f3e93fcc768c803d.rmeta --extern urlpattern=/opt/rustwide/target/debug/build/urlpattern/0b9dbf1625bb5168/out/liburlpattern-0b9dbf1625bb5168.rmeta --extern uuid=/opt/rustwide/target/debug/build/uuid/6cfe02f2f5c50717/out/libuuid-6cfe02f2f5c50717.rmeta --extern walkdir=/opt/rustwide/target/debug/build/walkdir/7cc6f300a6f0bf06/out/libwalkdir-7cc6f300a6f0bf06.rmeta --cap-lints allow --cap-lints=warn --force-warn=unused_crate_dependencies` (signal: 9, SIGKILL: kill)
[INFO] [stderr] error: could not compile `tauri-utils` (lib)
[INFO] [stderr] 
[INFO] [stderr] Caused by:
[INFO] [stderr]   process didn't exit successfully: `/opt/rustwide/rustup-home/toolchains/1.100.0-beta.1-x86_64-unknown-linux-gnu/bin/rustc --crate-name tauri_utils --edition=2021 /opt/rustwide/cargo-home/registry/src/index.crates.io-1949cf8c6b5b557f/tauri-utils-2.9.3/src/lib.rs --error-format=json --json=diagnostic-rendered-ansi,artifacts,future-incompat,unused-externs-silent --crate-type lib --emit=dep-info,metadata,link -C embed-bitcode=no -C debuginfo=2 --cfg 'feature="brotli"' --cfg 'feature="compression"' --cfg 'feature="resources"' --cfg 'feature="walkdir"' --check-cfg 'cfg(docsrs,test)' --check-cfg 'cfg(feature, values("aes-gcm", "brotli", "build", "build-2", "cargo_metadata", "compression", "config-json5", "config-toml", "getrandom", "html-manipulation", "html-manipulation-2", "isolation", "json5", "proc-macro2", "process-relaunch-dangerous-allow-symlink-macos", "quote", "resources", "schema", "schemars", "serialize-to-javascript", "swift-rs", "walkdir"))' -C metadata=47a86ded1d9cd860 -C extra-filename=-ecda6ba7240d7599 --out-dir /opt/rustwide/target/debug/build/tauri-utils/ecda6ba7240d7599/out -L dependency=/opt/rustwide/target/debug/build/aho-corasick/879963fcf148ece0/out -L dependency=/opt/rustwide/target/debug/build/alloc-no-stdlib/118b0458ceca2dd8/out -L dependency=/opt/rustwide/target/debug/build/alloc-stdlib/2bf48dffacb1c5e4/out -L dependency=/opt/rustwide/target/debug/build/base64/32787b0325ea6df8/out -L dependency=/opt/rustwide/target/debug/build/brotli-decompressor/3fcb0aef182122aa/out -L dependency=/opt/rustwide/target/debug/build/byteorder/8f59b6d1bfdaa844/out -L dependency=/opt/rustwide/target/debug/build/bytes/8d3fe75014eb498b/out -L dependency=/opt/rustwide/target/debug/build/cfb/10b2f1fb50425fb7/out -L dependency=/opt/rustwide/target/debug/build/cfg-if/83060ec5685761ae/out -L dependency=/opt/rustwide/target/debug/build/ctor-proc-macro/8db57b1573bd93a7/out -L dependency=/opt/rustwide/target/debug/build/deranged/131d43187e2329b6/out -L dependency=/opt/rustwide/target/debug/build/displaydoc/cb6342143874aa5c/out -L dependency=/opt/rustwide/target/debug/build/equivalent/6a754676e6af62ae/out -L dependency=/opt/rustwide/target/debug/build/erased-serde/5b3e8bfb630a7795/out -L dependency=/opt/rustwide/target/debug/build/fnv/79e2cbfbe03dcd16/out -L dependency=/opt/rustwide/target/debug/build/form_urlencoded/98cc7da289c29f13/out -L dependency=/opt/rustwide/target/debug/build/getrandom/c13452f45e7d3932/out -L dependency=/opt/rustwide/target/debug/build/hashbrown/d7214d631586fd51/out -L dependency=/opt/rustwide/target/debug/build/icu_collections/ed6bf0d44e914794/out -L dependency=/opt/rustwide/target/debug/build/icu_locale_core/d209514eb295afd6/out -L dependency=/opt/rustwide/target/debug/build/icu_normalizer/c98e3ca7f9a834a1/out -L dependency=/opt/rustwide/target/debug/build/icu_normalizer_data/8fea05bee0bb4e49/out -L dependency=/opt/rustwide/target/debug/build/icu_properties/1688612871e5866f/out -L dependency=/opt/rustwide/target/debug/build/icu_properties_data/e6cf238fc98dd59d/out -L dependency=/opt/rustwide/target/debug/build/icu_provider/bd34d6c4e4ff9ed4/out -L dependency=/opt/rustwide/target/debug/build/idna/16453ae54383b44a/out -L dependency=/opt/rustwide/target/debug/build/idna_adapter/8663e30d6d0f4b8a/out -L dependency=/opt/rustwide/target/debug/build/indexmap/b92bb9c25241b995/out -L dependency=/opt/rustwide/target/debug/build/itoa/5de11b3b23bfe572/out -L dependency=/opt/rustwide/target/debug/build/jsonptr/66c28f9b01a2456a/out -L dependency=/opt/rustwide/target/debug/build/libc/612664c2206eec43/out -L dependency=/opt/rustwide/target/debug/build/litemap/dc288f07f8f61193/out -L dependency=/opt/rustwide/target/debug/build/memchr/2857f5b45a031ab1/out -L dependency=/opt/rustwide/target/debug/build/num-conv/8bd7073c84ef42cd/out -L dependency=/opt/rustwide/target/debug/build/percent-encoding/fa055ecaa1e57cfa/out -L dependency=/opt/rustwide/target/debug/build/phf_macros/3de4499b5d5a62d3/out -L dependency=/opt/rustwide/target/debug/build/phf_shared/aff62bb2023023c3/out -L dependency=/opt/rustwide/target/debug/build/potential_utf/67370254a1697365/out -L dependency=/opt/rustwide/target/debug/build/powerfmt/f6019a2766e431f7/out -L dependency=/opt/rustwide/target/debug/build/quick-xml/cff26079fa80bd22/out -L dependency=/opt/rustwide/target/debug/build/regex-automata/a49529364cfb6768/out -L dependency=/opt/rustwide/target/debug/build/regex-syntax/801391c65a42f645/out -L dependency=/opt/rustwide/target/debug/build/regex/f5ecc2d3c2494973/out -L dependency=/opt/rustwide/target/debug/build/same-file/ff49545450c0b63c/out -L dependency=/opt/rustwide/target/debug/build/serde/9500e44d58b69851/out -L dependency=/opt/rustwide/target/debug/build/serde_core/49c5f0449f9ff544/out -L dependency=/opt/rustwide/target/debug/build/serde_derive/4e39142fc5fccaf9/out -L dependency=/opt/rustwide/target/debug/build/serde_json/530e3a4c46110a26/out -L dependency=/opt/rustwide/target/debug/build/serde_spanned/43576ea237d6b340/out -L dependency=/opt/rustwide/target/debug/build/serde_with_macros/70ddac7580153147/out -L dependency=/opt/rustwide/target/debug/build/siphasher/b16e808df37ae9fc/out -L dependency=/opt/rustwide/target/debug/build/smallvec/26c6fbd2a6f7d14d/out -L dependency=/opt/rustwide/target/debug/build/stable_deref_trait/63cbf3f3d3f94e56/out -L dependency=/opt/rustwide/target/debug/build/thiserror-impl/45d55daed23928d2/out -L dependency=/opt/rustwide/target/debug/build/thiserror-impl/dc333d2bb9b68a01/out -L dependency=/opt/rustwide/target/debug/build/thiserror/055333cd38fecc56/out -L dependency=/opt/rustwide/target/debug/build/time-core/87cddcae4f761596/out -L dependency=/opt/rustwide/target/debug/build/time-macros/f213cfecbd58f65c/out -L dependency=/opt/rustwide/target/debug/build/time/456255c25a266fc9/out -L dependency=/opt/rustwide/target/debug/build/tinystr/691106dd893298f7/out -L dependency=/opt/rustwide/target/debug/build/toml_datetime/a5a7ee431c7754df/out -L dependency=/opt/rustwide/target/debug/build/toml_parser/1453eb3fd1b49bc2/out -L dependency=/opt/rustwide/target/debug/build/toml_writer/47509d156ef4ceb3/out -L dependency=/opt/rustwide/target/debug/build/typeid/f817466d1cfd48b6/out -L dependency=/opt/rustwide/target/debug/build/unic-char-property/9ce012fe8d0b5d14/out -L dependency=/opt/rustwide/target/debug/build/unic-char-range/8e1d66dda6c5c77f/out -L dependency=/opt/rustwide/target/debug/build/unic-common/a65df4a110d91abe/out -L dependency=/opt/rustwide/target/debug/build/unic-ucd-ident/297d0f65cba7d027/out -L dependency=/opt/rustwide/target/debug/build/unic-ucd-version/0b9ee98f0d6b7b81/out -L dependency=/opt/rustwide/target/debug/build/url/5ca119efd258a829/out -L dependency=/opt/rustwide/target/debug/build/utf8_iter/51566bbad89f3a68/out -L dependency=/opt/rustwide/target/debug/build/uuid/d3360fcfc3b1d2cc/out -L dependency=/opt/rustwide/target/debug/build/winnow/9d06211f1e0cca51/out -L dependency=/opt/rustwide/target/debug/build/writeable/48b3e52227924bb5/out -L dependency=/opt/rustwide/target/debug/build/yoke-derive/010ad26a78819ae2/out -L dependency=/opt/rustwide/target/debug/build/yoke/3ccb31d9a2c0cbf0/out -L dependency=/opt/rustwide/target/debug/build/zerofrom-derive/0819820fa6675ec5/out -L dependency=/opt/rustwide/target/debug/build/zerofrom/0b9ccfb7296714a7/out -L dependency=/opt/rustwide/target/debug/build/zerotrie/9f0102e441c5f23a/out -L dependency=/opt/rustwide/target/debug/build/zerovec-derive/98b6bff8d71c44e0/out -L dependency=/opt/rustwide/target/debug/build/zerovec/7c1a2275a8f6ad17/out -L dependency=/opt/rustwide/target/debug/build/zmij/ef63f1da73704b4c/out --extern anyhow=/opt/rustwide/target/debug/build/anyhow/9e4c44ac98d8e4ea/out/libanyhow-9e4c44ac98d8e4ea.rmeta --extern brotli=/opt/rustwide/target/debug/build/brotli/9004ffa54ddc0af7/out/libbrotli-9004ffa54ddc0af7.rmeta --extern ctor=/opt/rustwide/target/debug/build/ctor/562b784f462e86dc/out/libctor-562b784f462e86dc.rmeta --extern dunce=/opt/rustwide/target/debug/build/dunce/5dff5fddf59c9eea/out/libdunce-5dff5fddf59c9eea.rmeta --extern glob=/opt/rustwide/target/debug/build/glob/7748687a416caec7/out/libglob-7748687a416caec7.rmeta --extern http=/opt/rustwide/target/debug/build/http/faa531d1f5c77dc0/out/libhttp-faa531d1f5c77dc0.rmeta --extern infer=/opt/rustwide/target/debug/build/infer/099f833641dd146c/out/libinfer-099f833641dd146c.rmeta --extern json_patch=/opt/rustwide/target/debug/build/json-patch/9836817af60249e3/out/libjson_patch-9836817af60249e3.rmeta --extern log=/opt/rustwide/target/debug/build/log/8cf4e7719eca0054/out/liblog-8cf4e7719eca0054.rmeta --extern memchr=/opt/rustwide/target/debug/build/memchr/2857f5b45a031ab1/out/libmemchr-2857f5b45a031ab1.rmeta --extern phf=/opt/rustwide/target/debug/build/phf/cabfc88261cdd7a0/out/libphf-cabfc88261cdd7a0.rmeta --extern plist=/opt/rustwide/target/debug/build/plist/ae1fef027ebac7b1/out/libplist-ae1fef027ebac7b1.rmeta --extern regex=/opt/rustwide/target/debug/build/regex/f5ecc2d3c2494973/out/libregex-f5ecc2d3c2494973.rmeta --extern semver=/opt/rustwide/target/debug/build/semver/f2ab12e28ce3f339/out/libsemver-f2ab12e28ce3f339.rmeta --extern serde=/opt/rustwide/target/debug/build/serde/9500e44d58b69851/out/libserde-9500e44d58b69851.rmeta --extern serde_untagged=/opt/rustwide/target/debug/build/serde-untagged/48ee415ec52fb66c/out/libserde_untagged-48ee415ec52fb66c.rmeta --extern serde_json=/opt/rustwide/target/debug/build/serde_json/530e3a4c46110a26/out/libserde_json-530e3a4c46110a26.rmeta --extern serde_with=/opt/rustwide/target/debug/build/serde_with/20c654fe764a0634/out/libserde_with-20c654fe764a0634.rmeta --extern thiserror=/opt/rustwide/target/debug/build/thiserror/5d4d8d7a25b860f2/out/libthiserror-5d4d8d7a25b860f2.rmeta --extern toml=/opt/rustwide/target/debug/build/toml/50dc340c8662f73d/out/libtoml-50dc340c8662f73d.rmeta --extern url=/opt/rustwide/target/debug/build/url/5ca119efd258a829/out/liburl-5ca119efd258a829.rmeta --extern urlpattern=/opt/rustwide/target/debug/build/urlpattern/7eb3b5c12326234f/out/liburlpattern-7eb3b5c12326234f.rmeta --extern uuid=/opt/rustwide/target/debug/build/uuid/d3360fcfc3b1d2cc/out/libuuid-d3360fcfc3b1d2cc.rmeta --extern walkdir=/opt/rustwide/target/debug/build/walkdir/7cc6f300a6f0bf06/out/libwalkdir-7cc6f300a6f0bf06.rmeta --cap-lints allow --cap-lints=warn --force-warn=unused_crate_dependencies` (signal: 9, SIGKILL: kill)
[INFO] [stderr] error: could not compile `glib-macros` (lib)
[INFO] [stderr] 
[INFO] [stderr] Caused by:
[INFO] [stderr]   process didn't exit successfully: `/opt/rustwide/rustup-home/toolchains/1.100.0-beta.1-x86_64-unknown-linux-gnu/bin/rustc --crate-name glib_macros --edition=2021 /opt/rustwide/cargo-home/registry/src/index.crates.io-1949cf8c6b5b557f/glib-macros-0.18.5/src/lib.rs --error-format=json --json=diagnostic-rendered-ansi,artifacts,future-incompat,unused-externs-silent --crate-type proc-macro --emit=dep-info,link -C prefer-dynamic -C embed-bitcode=no --check-cfg 'cfg(docsrs,test)' --check-cfg 'cfg(feature, values())' -C metadata=cb09e7dbb0aaab43 -C extra-filename=-b6110faca88cb738 --out-dir /opt/rustwide/target/debug/build/glib-macros/b6110faca88cb738/out -L dependency=/opt/rustwide/target/debug/build/equivalent/6a754676e6af62ae/out -L dependency=/opt/rustwide/target/debug/build/hashbrown/d7214d631586fd51/out -L dependency=/opt/rustwide/target/debug/build/indexmap/b92bb9c25241b995/out -L dependency=/opt/rustwide/target/debug/build/proc-macro-error-attr/d97edd760836beef/out -L dependency=/opt/rustwide/target/debug/build/proc-macro2/7778ddc57a533162/out -L dependency=/opt/rustwide/target/debug/build/quote/f781900f499f3d5f/out -L dependency=/opt/rustwide/target/debug/build/serde/4a6174b3e04ee5cb/out -L dependency=/opt/rustwide/target/debug/build/serde_core/a89777585d3a857e/out -L dependency=/opt/rustwide/target/debug/build/serde_derive/4e39142fc5fccaf9/out -L dependency=/opt/rustwide/target/debug/build/serde_spanned/0f4a1de1d88cf0f0/out -L dependency=/opt/rustwide/target/debug/build/syn/41872b57e0512c72/out -L dependency=/opt/rustwide/target/debug/build/toml_datetime/26ed92d05ee4c893/out -L dependency=/opt/rustwide/target/debug/build/toml_edit/d37f270d7aac1ff7/out -L dependency=/opt/rustwide/target/debug/build/unicode-ident/86faa6b6bcc5b157/out -L dependency=/opt/rustwide/target/debug/build/winnow/4b7dbe030654a059/out --extern heck=/opt/rustwide/target/debug/build/heck/7ebb34bba86af95c/out/libheck-7ebb34bba86af95c.rlib --extern proc_macro_crate=/opt/rustwide/target/debug/build/proc-macro-crate/078aa5919d13e288/out/libproc_macro_crate-078aa5919d13e288.rlib --extern proc_macro_error=/opt/rustwide/target/debug/build/proc-macro-error/903c111d3783a68c/out/libproc_macro_error-903c111d3783a68c.rlib --extern proc_macro2=/opt/rustwide/target/debug/build/proc-macro2/7778ddc57a533162/out/libproc_macro2-7778ddc57a533162.rlib --extern quote=/opt/rustwide/target/debug/build/quote/f781900f499f3d5f/out/libquote-f781900f499f3d5f.rlib --extern syn=/opt/rustwide/target/debug/build/syn/b46800a115b3c235/out/libsyn-b46800a115b3c235.rlib --extern proc_macro --cap-lints allow --cap-lints=warn --force-warn=unused_crate_dependencies` (signal: 9, SIGKILL: kill)
[INFO] [stderr] warning: unrar-ng-sys@0.7.7: c++: fatal error: Killed signal terminated program cc1plus
[INFO] [stderr] warning: unrar-ng-sys@0.7.7: compilation terminated.
[INFO] [stderr] warning: unrar-ng-sys@0.7.7: ToolExecError: command did not execute successfully (status code exit status: 1): LC_ALL="C" "c++" "-O2" "-ffunction-sections" "-fdata-sections" "-fPIC" "-g" "-gdwarf-4" "-fno-omit-frame-pointer" "-m64" "-std=c++14" "-w" "-fPIC" "-Wno-switch" "-Wno-parentheses" "-Wno-macro-redefined" "-Wno-dangling-else" "-Wno-logical-op-parentheses" "-Wno-unused-parameter" "-Wno-unused-variable" "-Wno-unused-function" "-Wno-missing-braces" "-Wno-unknown-pragmas" "-Wno-deprecated-declarations" "-D_FILE_OFFSET_BITS=64" "-D_LARGEFILE_SOURCE" "-DRAR_SMP" "-DRARDLL" "-DUNRAR_NG_FORCE_UTF8" "-o" "/opt/rustwide/target/debug/build/unrar-ng-sys/d01c0ed57939a007/out/0934600a39780889-smallfn.o" "-c" "vendor/unrar/smallfn.cpp"cargo:rerun-if-env-changed=CXX_x86_64-unknown-linux-gnu
[INFO] [stderr] warning: unrar-ng-sys@0.7.7: c++: fatal error: Killed signal terminated program cc1plus
[INFO] [stderr] warning: unrar-ng-sys@0.7.7: compilation terminated.
[INFO] [stderr] warning: unrar-ng-sys@0.7.7: ToolExecError: command did not execute successfully (status code exit status: 1): LC_ALL="C" "c++" "-O2" "-ffunction-sections" "-fdata-sections" "-fPIC" "-g" "-gdwarf-4" "-fno-omit-frame-pointer" "-m64" "-std=c++14" "-w" "-fPIC" "-Wno-switch" "-Wno-parentheses" "-Wno-macro-redefined" "-Wno-dangling-else" "-Wno-logical-op-parentheses" "-Wno-unused-parameter" "-Wno-unused-variable" "-Wno-unused-function" "-Wno-missing-braces" "-Wno-unknown-pragmas" "-Wno-deprecated-declarations" "-D_FILE_OFFSET_BITS=64" "-D_LARGEFILE_SOURCE" "-DRAR_SMP" "-DRARDLL" "-DUNRAR_NG_FORCE_UTF8" "-o" "/opt/rustwide/target/debug/build/unrar-ng-sys/d01c0ed57939a007/out/0934600a39780889-global.o" "-c" "vendor/unrar/global.cpp"cargo:rerun-if-env-changed=CXX_x86_64-unknown-linux-gnu
[INFO] [stderr] warning: unrar-ng-sys@0.7.7: c++: fatal error: Killed signal terminated program cc1plus
[INFO] [stderr] warning: unrar-ng-sys@0.7.7: compilation terminated.
[INFO] [stderr] warning: unrar-ng-sys@0.7.7: ToolExecError: command did not execute successfully (status code exit status: 1): LC_ALL="C" "c++" "-O2" "-ffunction-sections" "-fdata-sections" "-fPIC" "-g" "-gdwarf-4" "-fno-omit-frame-pointer" "-m64" "-std=c++14" "-w" "-fPIC" "-Wno-switch" "-Wno-parentheses" "-Wno-macro-redefined" "-Wno-dangling-else" "-Wno-logical-op-parentheses" "-Wno-unused-parameter" "-Wno-unused-variable" "-Wno-unused-function" "-Wno-missing-braces" "-Wno-unknown-pragmas" "-Wno-deprecated-declarations" "-D_FILE_OFFSET_BITS=64" "-D_LARGEFILE_SOURCE" "-DRAR_SMP" "-DRARDLL" "-DUNRAR_NG_FORCE_UTF8" "-o" "/opt/rustwide/target/debug/build/unrar-ng-sys/d01c0ed57939a007/out/0934600a39780889-file.o" "-c" "vendor/unrar/file.cpp"cargo:warning=c++: fatal error: Killed signal terminated program cc1plus
[INFO] [stderr] warning: unrar-ng-sys@0.7.7: compilation terminated.
[INFO] [stderr] warning: unrar-ng-sys@0.7.7: ToolExecError: command did not execute successfully (status code exit status: 1): LC_ALL="C" "c++" "-O2" "-ffunction-sections" "-fdata-sections" "-fPIC" "-g" "-gdwarf-4" "-fno-omit-frame-pointer" "-m64" "-std=c++14" "-w" "-fPIC" "-Wno-switch" "-Wno-parentheses" "-Wno-macro-redefined" "-Wno-dangling-else" "-Wno-logical-op-parentheses" "-Wno-unused-parameter" "-Wno-unused-variable" "-Wno-unused-function" "-Wno-missing-braces" "-Wno-unknown-pragmas" "-Wno-deprecated-declarations" "-D_FILE_OFFSET_BITS=64" "-D_LARGEFILE_SOURCE" "-DRAR_SMP" "-DRARDLL" "-DUNRAR_NG_FORCE_UTF8" "-o" "/opt/rustwide/target/debug/build/unrar-ng-sys/d01c0ed57939a007/out/0934600a39780889-filefn.o" "-c" "vendor/unrar/filefn.cpp"cargo:warning=c++: fatal error: Killed signal terminated program cc1plus
[INFO] [stderr] warning: unrar-ng-sys@0.7.7: compilation terminated.
[INFO] [stderr] warning: unrar-ng-sys@0.7.7: ToolExecError: command did not execute successfully (status code exit status: 1): LC_ALL="C" "c++" "-O2" "-ffunction-sections" "-fdata-sections" "-fPIC" "-g" "-gdwarf-4" "-fno-omit-frame-pointer" "-m64" "-std=c++14" "-w" "-fPIC" "-Wno-switch" "-Wno-parentheses" "-Wno-macro-redefined" "-Wno-dangling-else" "-Wno-logical-op-parentheses" "-Wno-unused-parameter" "-Wno-unused-variable" "-Wno-unused-function" "-Wno-missing-braces" "-Wno-unknown-pragmas" "-Wno-deprecated-declarations" "-D_FILE_OFFSET_BITS=64" "-D_LARGEFILE_SOURCE" "-DRAR_SMP" "-DRARDLL" "-DUNRAR_NG_FORCE_UTF8" "-o" "/opt/rustwide/target/debug/build/unrar-ng-sys/d01c0ed57939a007/out/0934600a39780889-arcread.o" "-c" "vendor/unrar/arcread.cpp"cargo:rerun-if-env-changed=CXX_x86_64-unknown-linux-gnu
[INFO] [stderr] warning: unrar-ng-sys@0.7.7: c++: fatal error: Killed signal terminated program cc1plus
[INFO] [stderr] warning: unrar-ng-sys@0.7.7: compilation terminated.
[INFO] [stderr] warning: unrar-ng-sys@0.7.7: ToolExecError: command did not execute successfully (status code exit status: 1): LC_ALL="C" "c++" "-O2" "-ffunction-sections" "-fdata-sections" "-fPIC" "-g" "-gdwarf-4" "-fno-omit-frame-pointer" "-m64" "-std=c++14" "-w" "-fPIC" "-Wno-switch" "-Wno-parentheses" "-Wno-macro-redefined" "-Wno-dangling-else" "-Wno-logical-op-parentheses" "-Wno-unused-parameter" "-Wno-unused-variable" "-Wno-unused-function" "-Wno-missing-braces" "-Wno-unknown-pragmas" "-Wno-deprecated-declarations" "-D_FILE_OFFSET_BITS=64" "-D_LARGEFILE_SOURCE" "-DRAR_SMP" "-DRARDLL" "-DUNRAR_NG_FORCE_UTF8" "-o" "/opt/rustwide/target/debug/build/unrar-ng-sys/d01c0ed57939a007/out/0934600a39780889-unicode.o" "-c" "vendor/unrar/unicode.cpp"cargo:rerun-if-env-changed=CXX_x86_64-unknown-linux-gnu
[INFO] [stderr] warning: unrar-ng-sys@0.7.7: c++: fatal error: Killed signal terminated program cc1plus
[INFO] [stderr] warning: unrar-ng-sys@0.7.7: compilation terminated.
[INFO] [stderr] warning: unrar-ng-sys@0.7.7: ToolExecError: command did not execute successfully (status code exit status: 1): LC_ALL="C" "c++" "-O2" "-ffunction-sections" "-fdata-sections" "-fPIC" "-g" "-gdwarf-4" "-fno-omit-frame-pointer" "-m64" "-std=c++14" "-w" "-fPIC" "-Wno-switch" "-Wno-parentheses" "-Wno-macro-redefined" "-Wno-dangling-else" "-Wno-logical-op-parentheses" "-Wno-unused-parameter" "-Wno-unused-variable" "-Wno-unused-function" "-Wno-missing-braces" "-Wno-unknown-pragmas" "-Wno-deprecated-declarations" "-D_FILE_OFFSET_BITS=64" "-D_LARGEFILE_SOURCE" "-DRAR_SMP" "-DRARDLL" "-DUNRAR_NG_FORCE_UTF8" "-o" "/opt/rustwide/target/debug/build/unrar-ng-sys/d01c0ed57939a007/out/0934600a39780889-archive.o" "-c" "vendor/unrar/archive.cpp"cargo:warning=c++: fatal error: Killed signal terminated program cc1plus
[INFO] [stderr] warning: unrar-ng-sys@0.7.7: compilation terminated.
[INFO] [stderr] warning: unrar-ng-sys@0.7.7: ToolExecError: command did not execute successfully (status code exit status: 1): LC_ALL="C" "c++" "-O2" "-ffunction-sections" "-fdata-sections" "-fPIC" "-g" "-gdwarf-4" "-fno-omit-frame-pointer" "-m64" "-std=c++14" "-w" "-fPIC" "-Wno-switch" "-Wno-parentheses" "-Wno-macro-redefined" "-Wno-dangling-else" "-Wno-logical-op-parentheses" "-Wno-unused-parameter" "-Wno-unused-variable" "-Wno-unused-function" "-Wno-missing-braces" "-Wno-unknown-pragmas" "-Wno-deprecated-declarations" "-D_FILE_OFFSET_BITS=64" "-D_LARGEFILE_SOURCE" "-DRAR_SMP" "-DRARDLL" "-DUNRAR_NG_FORCE_UTF8" "-o" "/opt/rustwide/target/debug/build/unrar-ng-sys/d01c0ed57939a007/out/0934600a39780889-system.o" "-c" "vendor/unrar/system.cpp"cargo:rerun-if-env-changed=CXX_x86_64-unknown-linux-gnu
[INFO] [stderr] warning: unrar-ng-sys@0.7.7: c++: fatal error: Killed signal terminated program cc1plus
[INFO] [stderr] warning: unrar-ng-sys@0.7.7: compilation terminated.
[INFO] [stderr] warning: unrar-ng-sys@0.7.7: ToolExecError: command did not execute successfully (status code exit status: 1): LC_ALL="C" "c++" "-O2" "-ffunction-sections" "-fdata-sections" "-fPIC" "-g" "-gdwarf-4" "-fno-omit-frame-pointer" "-m64" "-std=c++14" "-w" "-fPIC" "-Wno-switch" "-Wno-parentheses" "-Wno-macro-redefined" "-Wno-dangling-else" "-Wno-logical-op-parentheses" "-Wno-unused-parameter" "-Wno-unused-variable" "-Wno-unused-function" "-Wno-missing-braces" "-Wno-unknown-pragmas" "-Wno-deprecated-declarations" "-D_FILE_OFFSET_BITS=64" "-D_LARGEFILE_SOURCE" "-DRAR_SMP" "-DRARDLL" "-DUNRAR_NG_FORCE_UTF8" "-o" "/opt/rustwide/target/debug/build/unrar-ng-sys/d01c0ed57939a007/out/0934600a39780889-filcreat.o" "-c" "vendor/unrar/filcreat.cpp"cargo:warning=c++: fatal error: Killed signal terminated program cc1plus
[INFO] [stderr] warning: unrar-ng-sys@0.7.7: compilation terminated.
[INFO] [stderr] warning: unrar-ng-sys@0.7.7: ToolExecError: command did not execute successfully (status code exit status: 1): LC_ALL="C" "c++" "-O2" "-ffunction-sections" "-fdata-sections" "-fPIC" "-g" "-gdwarf-4" "-fno-omit-frame-pointer" "-m64" "-std=c++14" "-w" "-fPIC" "-Wno-switch" "-Wno-parentheses" "-Wno-macro-redefined" "-Wno-dangling-else" "-Wno-logical-op-parentheses" "-Wno-unused-parameter" "-Wno-unused-variable" "-Wno-unused-function" "-Wno-missing-braces" "-Wno-unknown-pragmas" "-Wno-deprecated-declarations" "-D_FILE_OFFSET_BITS=64" "-D_LARGEFILE_SOURCE" "-DRAR_SMP" "-DRARDLL" "-DUNRAR_NG_FORCE_UTF8" "-o" "/opt/rustwide/target/debug/build/unrar-ng-sys/d01c0ed57939a007/out/0934600a39780889-encname.o" "-c" "vendor/unrar/encname.cpp"cargo:rerun-if-env-changed=CXX_x86_64-unknown-linux-gnu
[INFO] [stderr] warning: unrar-ng-sys@0.7.7: c++: fatal error: Killed signal terminated program cc1plus
[INFO] [stderr] warning: unrar-ng-sys@0.7.7: compilation terminated.
[INFO] [stderr] warning: unrar-ng-sys@0.7.7: ToolExecError: command did not execute successfully (status code exit status: 1): LC_ALL="C" "c++" "-O2" "-ffunction-sections" "-fdata-sections" "-fPIC" "-g" "-gdwarf-4" "-fno-omit-frame-pointer" "-m64" "-std=c++14" "-w" "-fPIC" "-Wno-switch" "-Wno-parentheses" "-Wno-macro-redefined" "-Wno-dangling-else" "-Wno-logical-op-parentheses" "-Wno-unused-parameter" "-Wno-unused-variable" "-Wno-unused-function" "-Wno-missing-braces" "-Wno-unknown-pragmas" "-Wno-deprecated-declarations" "-D_FILE_OFFSET_BITS=64" "-D_LARGEFILE_SOURCE" "-DRAR_SMP" "-DRARDLL" "-DUNRAR_NG_FORCE_UTF8" "-o" "/opt/rustwide/target/debug/build/unrar-ng-sys/d01c0ed57939a007/out/0934600a39780889-crypt.o" "-c" "vendor/unrar/crypt.cpp"cargo:warning=c++: fatal error: Killed signal terminated program cc1plus
[INFO] [stderr] warning: unrar-ng-sys@0.7.7: compilation terminated.
[INFO] [stderr] warning: unrar-ng-sys@0.7.7: ToolExecError: command did not execute successfully (status code exit status: 1): LC_ALL="C" "c++" "-O2" "-ffunction-sections" "-fdata-sections" "-fPIC" "-g" "-gdwarf-4" "-fno-omit-frame-pointer" "-m64" "-std=c++14" "-w" "-fPIC" "-Wno-switch" "-Wno-parentheses" "-Wno-macro-redefined" "-Wno-dangling-else" "-Wno-logical-op-parentheses" "-Wno-unused-parameter" "-Wno-unused-variable" "-Wno-unused-function" "-Wno-missing-braces" "-Wno-unknown-pragmas" "-Wno-deprecated-declarations" "-D_FILE_OFFSET_BITS=64" "-D_LARGEFILE_SOURCE" "-DRAR_SMP" "-DRARDLL" "-DUNRAR_NG_FORCE_UTF8" "-o" "/opt/rustwide/target/debug/build/unrar-ng-sys/d01c0ed57939a007/out/0934600a39780889-crc.o" "-c" "vendor/unrar/crc.cpp"cargo:rerun-if-env-changed=CXX_x86_64-unknown-linux-gnu
[INFO] [stderr] warning: unrar-ng-sys@0.7.7: c++: fatal error: Killed signal terminated program cc1plus
[INFO] [stderr] warning: unrar-ng-sys@0.7.7: compilation terminated.
[INFO] [stderr] warning: unrar-ng-sys@0.7.7: ToolExecError: command did not execute successfully (status code exit status: 1): LC_ALL="C" "c++" "-O2" "-ffunction-sections" "-fdata-sections" "-fPIC" "-g" "-gdwarf-4" "-fno-omit-frame-pointer" "-m64" "-std=c++14" "-w" "-fPIC" "-Wno-switch" "-Wno-parentheses" "-Wno-macro-redefined" "-Wno-dangling-else" "-Wno-logical-op-parentheses" "-Wno-unused-parameter" "-Wno-unused-variable" "-Wno-unused-function" "-Wno-missing-braces" "-Wno-unknown-pragmas" "-Wno-deprecated-declarations" "-D_FILE_OFFSET_BITS=64" "-D_LARGEFILE_SOURCE" "-DRAR_SMP" "-DRARDLL" "-DUNRAR_NG_FORCE_UTF8" "-o" "/opt/rustwide/target/debug/build/unrar-ng-sys/d01c0ed57939a007/out/0934600a39780889-rawread.o" "-c" "vendor/unrar/rawread.cpp"cargo:warning=c++: fatal error: Killed signal terminated program cc1plus
[INFO] [stderr] warning: unrar-ng-sys@0.7.7: compilation terminated.
[INFO] [stderr] warning: unrar-ng-sys@0.7.7: ToolExecError: command did not execute successfully (status code exit status: 1): LC_ALL="C" "c++" "-O2" "-ffunction-sections" "-fdata-sections" "-fPIC" "-g" "-gdwarf-4" "-fno-omit-frame-pointer" "-m64" "-std=c++14" "-w" "-fPIC" "-Wno-switch" "-Wno-parentheses" "-Wno-macro-redefined" "-Wno-dangling-else" "-Wno-logical-op-parentheses" "-Wno-unused-parameter" "-Wno-unused-variable" "-Wno-unused-function" "-Wno-missing-braces" "-Wno-unknown-pragmas" "-Wno-deprecated-declarations" "-D_FILE_OFFSET_BITS=64" "-D_LARGEFILE_SOURCE" "-DRAR_SMP" "-DRARDLL" "-DUNRAR_NG_FORCE_UTF8" "-o" "/opt/rustwide/target/debug/build/unrar-ng-sys/d01c0ed57939a007/out/0934600a39780889-match.o" "-c" "vendor/unrar/match.cpp"cargo:warning=c++: fatal error: Killed signal terminated program cc1plus
[INFO] [stderr] warning: unrar-ng-sys@0.7.7: compilation terminated.
[INFO] [stderr] warning: unrar-ng-sys@0.7.7: ToolExecError: command did not execute successfully (status code exit status: 1): LC_ALL="C" "c++" "-O2" "-ffunction-sections" "-fdata-sections" "-fPIC" "-g" "-gdwarf-4" "-fno-omit-frame-pointer" "-m64" "-std=c++14" "-w" "-fPIC" "-Wno-switch" "-Wno-parentheses" "-Wno-macro-redefined" "-Wno-dangling-else" "-Wno-logical-op-parentheses" "-Wno-unused-parameter" "-Wno-unused-variable" "-Wno-unused-function" "-Wno-missing-braces" "-Wno-unknown-pragmas" "-Wno-deprecated-declarations" "-D_FILE_OFFSET_BITS=64" "-D_LARGEFILE_SOURCE" "-DRAR_SMP" "-DRARDLL" "-DUNRAR_NG_FORCE_UTF8" "-o" "/opt/rustwide/target/debug/build/unrar-ng-sys/d01c0ed57939a007/out/0934600a39780889-timefn.o" "-c" "vendor/unrar/timefn.cpp"cargo:warning=c++: fatal error: Killed signal terminated program cc1plus
[INFO] [stderr] warning: unrar-ng-sys@0.7.7: compilation terminated.
[INFO] [stderr] warning: unrar-ng-sys@0.7.7: ToolExecError: command did not execute successfully (status code exit status: 1): LC_ALL="C" "c++" "-O2" "-ffunction-sections" "-fdata-sections" "-fPIC" "-g" "-gdwarf-4" "-fno-omit-frame-pointer" "-m64" "-std=c++14" "-w" "-fPIC" "-Wno-switch" "-Wno-parentheses" "-Wno-macro-redefined" "-Wno-dangling-else" "-Wno-logical-op-parentheses" "-Wno-unused-parameter" "-Wno-unused-variable" "-Wno-unused-function" "-Wno-missing-braces" "-Wno-unknown-pragmas" "-Wno-deprecated-declarations" "-D_FILE_OFFSET_BITS=64" "-D_LARGEFILE_SOURCE" "-DRAR_SMP" "-DRARDLL" "-DUNRAR_NG_FORCE_UTF8" "-o" "/opt/rustwide/target/debug/build/unrar-ng-sys/d01c0ed57939a007/out/0934600a39780889-options.o" "-c" "vendor/unrar/options.cpp"cargo:warning=c++: fatal error: Killed signal terminated program cc1plus
[INFO] [stderr] warning: unrar-ng-sys@0.7.7: compilation terminated.
[INFO] [stderr] warning: unrar-ng-sys@0.7.7: ToolExecError: command did not execute successfully (status code exit status: 1): LC_ALL="C" "c++" "-O2" "-ffunction-sections" "-fdata-sections" "-fPIC" "-g" "-gdwarf-4" "-fno-omit-frame-pointer" "-m64" "-std=c++14" "-w" "-fPIC" "-Wno-switch" "-Wno-parentheses" "-Wno-macro-redefined" "-Wno-dangling-else" "-Wno-logical-op-parentheses" "-Wno-unused-parameter" "-Wno-unused-variable" "-Wno-unused-function" "-Wno-missing-braces" "-Wno-unknown-pragmas" "-Wno-deprecated-declarations" "-D_FILE_OFFSET_BITS=64" "-D_LARGEFILE_SOURCE" "-DRAR_SMP" "-DRARDLL" "-DUNRAR_NG_FORCE_UTF8" "-o" "/opt/rustwide/target/debug/build/unrar-ng-sys/d01c0ed57939a007/out/0934600a39780889-rarvm.o" "-c" "vendor/unrar/rarvm.cpp"cargo:warning=c++: fatal error: Killed signal terminated program cc1plus
[INFO] [stderr] warning: unrar-ng-sys@0.7.7: compilation terminated.
[INFO] [stderr] warning: unrar-ng-sys@0.7.7: ToolExecError: command did not execute successfully (status code exit status: 1): LC_ALL="C" "c++" "-O2" "-ffunction-sections" "-fdata-sections" "-fPIC" "-g" "-gdwarf-4" "-fno-omit-frame-pointer" "-m64" "-std=c++14" "-w" "-fPIC" "-Wno-switch" "-Wno-parentheses" "-Wno-macro-redefined" "-Wno-dangling-else" "-Wno-logical-op-parentheses" "-Wno-unused-parameter" "-Wno-unused-variable" "-Wno-unused-function" "-Wno-missing-braces" "-Wno-unknown-pragmas" "-Wno-deprecated-declarations" "-D_FILE_OFFSET_BITS=64" "-D_LARGEFILE_SOURCE" "-DRAR_SMP" "-DRARDLL" "-DUNRAR_NG_FORCE_UTF8" "-o" "/opt/rustwide/target/debug/build/unrar-ng-sys/d01c0ed57939a007/out/0934600a39780889-secpassword.o" "-c" "vendor/unrar/secpassword.cpp"cargo:rerun-if-env-changed=CXX_x86_64-unknown-linux-gnu
[INFO] [stderr] warning: unrar-ng-sys@0.7.7: c++: fatal error: Killed signal terminated program cc1plus
[INFO] [stderr] warning: unrar-ng-sys@0.7.7: compilation terminated.
[INFO] [stderr] warning: unrar-ng-sys@0.7.7: ToolExecError: command did not execute successfully (status code exit status: 1): LC_ALL="C" "c++" "-O2" "-ffunction-sections" "-fdata-sections" "-fPIC" "-g" "-gdwarf-4" "-fno-omit-frame-pointer" "-m64" "-std=c++14" "-w" "-fPIC" "-Wno-switch" "-Wno-parentheses" "-Wno-macro-redefined" "-Wno-dangling-else" "-Wno-logical-op-parentheses" "-Wno-unused-parameter" "-Wno-unused-variable" "-Wno-unused-function" "-Wno-missing-braces" "-Wno-unknown-pragmas" "-Wno-deprecated-declarations" "-D_FILE_OFFSET_BITS=64" "-D_LARGEFILE_SOURCE" "-DRAR_SMP" "-DRARDLL" "-DUNRAR_NG_FORCE_UTF8" "-o" "/opt/rustwide/target/debug/build/unrar-ng-sys/d01c0ed57939a007/out/0934600a39780889-rdwrfn.o" "-c" "vendor/unrar/rdwrfn.cpp"cargo:warning=c++: fatal error: Killed signal terminated program cc1plus
[INFO] [stderr] warning: unrar-ng-sys@0.7.7: compilation terminated.
[INFO] [stderr] warning: unrar-ng-sys@0.7.7: ToolExecError: command did not execute successfully (status code exit status: 1): LC_ALL="C" "c++" "-O2" "-ffunction-sections" "-fdata-sections" "-fPIC" "-g" "-gdwarf-4" "-fno-omit-frame-pointer" "-m64" "-std=c++14" "-w" "-fPIC" "-Wno-switch" "-Wno-parentheses" "-Wno-macro-redefined" "-Wno-dangling-else" "-Wno-logical-op-parentheses" "-Wno-unused-parameter" "-Wno-unused-variable" "-Wno-unused-function" "-Wno-missing-braces" "-Wno-unknown-pragmas" "-Wno-deprecated-declarations" "-D_FILE_OFFSET_BITS=64" "-D_LARGEFILE_SOURCE" "-DRAR_SMP" "-DRARDLL" "-DUNRAR_NG_FORCE_UTF8" "-o" "/opt/rustwide/target/debug/build/unrar-ng-sys/d01c0ed57939a007/out/0934600a39780889-consio.o" "-c" "vendor/unrar/consio.cpp"cargo:warning=c++: fatal error: Killed signal terminated program cc1plus
[INFO] [stderr] warning: unrar-ng-sys@0.7.7: compilation terminated.
[INFO] [stderr] warning: unrar-ng-sys@0.7.7: ToolExecError: command did not execute successfully (status code exit status: 1): LC_ALL="C" "c++" "-O2" "-ffunction-sections" "-fdata-sections" "-fPIC" "-g" "-gdwarf-4" "-fno-omit-frame-pointer" "-m64" "-std=c++14" "-w" "-fPIC" "-Wno-switch" "-Wno-parentheses" "-Wno-macro-redefined" "-Wno-dangling-else" "-Wno-logical-op-parentheses" "-Wno-unused-parameter" "-Wno-unused-variable" "-Wno-unused-function" "-Wno-missing-braces" "-Wno-unknown-pragmas" "-Wno-deprecated-declarations" "-D_FILE_OFFSET_BITS=64" "-D_LARGEFILE_SOURCE" "-DRAR_SMP" "-DRARDLL" "-DUNRAR_NG_FORCE_UTF8" "-o" "/opt/rustwide/target/debug/build/unrar-ng-sys/d01c0ed57939a007/out/0934600a39780889-errhnd.o" "-c" "vendor/unrar/errhnd.cpp"cargo:warning=c++: fatal error: Killed signal terminated program cc1plus
[INFO] [stderr] warning: unrar-ng-sys@0.7.7: compilation terminated.
[INFO] [stderr] warning: unrar-ng-sys@0.7.7: ToolExecError: command did not execute successfully (status code exit status: 1): LC_ALL="C" "c++" "-O2" "-ffunction-sections" "-fdata-sections" "-fPIC" "-g" "-gdwarf-4" "-fno-omit-frame-pointer" "-m64" "-std=c++14" "-w" "-fPIC" "-Wno-switch" "-Wno-parentheses" "-Wno-macro-redefined" "-Wno-dangling-else" "-Wno-logical-op-parentheses" "-Wno-unused-parameter" "-Wno-unused-variable" "-Wno-unused-function" "-Wno-missing-braces" "-Wno-unknown-pragmas" "-Wno-deprecated-declarations" "-D_FILE_OFFSET_BITS=64" "-D_LARGEFILE_SOURCE" "-DRAR_SMP" "-DRARDLL" "-DUNRAR_NG_FORCE_UTF8" "-o" "/opt/rustwide/target/debug/build/unrar-ng-sys/d01c0ed57939a007/out/0934600a39780889-rijndael.o" "-c" "vendor/unrar/rijndael.cpp"cargo:warning=c++: fatal error: Killed signal terminated program cc1plus
[INFO] [stderr] warning: unrar-ng-sys@0.7.7: compilation terminated.
[INFO] [stderr] warning: unrar-ng-sys@0.7.7: ToolExecError: command did not execute successfully (status code exit status: 1): LC_ALL="C" "c++" "-O2" "-ffunction-sections" "-fdata-sections" "-fPIC" "-g" "-gdwarf-4" "-fno-omit-frame-pointer" "-m64" "-std=c++14" "-w" "-fPIC" "-Wno-switch" "-Wno-parentheses" "-Wno-macro-redefined" "-Wno-dangling-else" "-Wno-logical-op-parentheses" "-Wno-unused-parameter" "-Wno-unused-variable" "-Wno-unused-function" "-Wno-missing-braces" "-Wno-unknown-pragmas" "-Wno-deprecated-declarations" "-D_FILE_OFFSET_BITS=64" "-D_LARGEFILE_SOURCE" "-DRAR_SMP" "-DRARDLL" "-DUNRAR_NG_FORCE_UTF8" "-o" "/opt/rustwide/target/debug/build/unrar-ng-sys/d01c0ed57939a007/out/0934600a39780889-getbits.o" "-c" "vendor/unrar/getbits.cpp"cargo:warning=c++: fatal error: Killed signal terminated program cc1plus
[INFO] [stderr] warning: unrar-ng-sys@0.7.7: compilation terminated.
[INFO] [stderr] warning: unrar-ng-sys@0.7.7: ToolExecError: command did not execute successfully (status code exit status: 1): LC_ALL="C" "c++" "-O2" "-ffunction-sections" "-fdata-sections" "-fPIC" "-g" "-gdwarf-4" "-fno-omit-frame-pointer" "-m64" "-std=c++14" "-w" "-fPIC" "-Wno-switch" "-Wno-parentheses" "-Wno-macro-redefined" "-Wno-dangling-else" "-Wno-logical-op-parentheses" "-Wno-unused-parameter" "-Wno-unused-variable" "-Wno-unused-function" "-Wno-missing-braces" "-Wno-unknown-pragmas" "-Wno-deprecated-declarations" "-D_FILE_OFFSET_BITS=64" "-D_LARGEFILE_SOURCE" "-DRAR_SMP" "-DRARDLL" "-DUNRAR_NG_FORCE_UTF8" "-o" "/opt/rustwide/target/debug/build/unrar-ng-sys/d01c0ed57939a007/out/0934600a39780889-sha1.o" "-c" "vendor/unrar/sha1.cpp"cargo:rerun-if-env-changed=CXX_x86_64-unknown-linux-gnu
[INFO] [stderr] warning: unrar-ng-sys@0.7.7: c++: fatal error: Killed signal terminated program cc1plus
[INFO] [stderr] warning: unrar-ng-sys@0.7.7: compilation terminated.
[INFO] [stderr] warning: unrar-ng-sys@0.7.7: ToolExecError: command did not execute successfully (status code exit status: 1): LC_ALL="C" "c++" "-O2" "-ffunction-sections" "-fdata-sections" "-fPIC" "-g" "-gdwarf-4" "-fno-omit-frame-pointer" "-m64" "-std=c++14" "-w" "-fPIC" "-Wno-switch" "-Wno-parentheses" "-Wno-macro-redefined" "-Wno-dangling-else" "-Wno-logical-op-parentheses" "-Wno-unused-parameter" "-Wno-unused-variable" "-Wno-unused-function" "-Wno-missing-braces" "-Wno-unknown-pragmas" "-Wno-deprecated-declarations" "-D_FILE_OFFSET_BITS=64" "-D_LARGEFILE_SOURCE" "-DRAR_SMP" "-DRARDLL" "-DUNRAR_NG_FORCE_UTF8" "-o" "/opt/rustwide/target/debug/build/unrar-ng-sys/d01c0ed57939a007/out/0934600a39780889-blake2s.o" "-c" "vendor/unrar/blake2s.cpp"cargo:warning=c++: fatal error: Killed signal terminated program cc1plus
[INFO] [stderr] warning: unrar-ng-sys@0.7.7: compilation terminated.
[INFO] [stderr] warning: unrar-ng-sys@0.7.7: ToolExecError: command did not execute successfully (status code exit status: 1): LC_ALL="C" "c++" "-O2" "-ffunction-sections" "-fdata-sections" "-fPIC" "-g" "-gdwarf-4" "-fno-omit-frame-pointer" "-m64" "-std=c++14" "-w" "-fPIC" "-Wno-switch" "-Wno-parentheses" "-Wno-macro-redefined" "-Wno-dangling-else" "-Wno-logical-op-parentheses" "-Wno-unused-parameter" "-Wno-unused-variable" "-Wno-unused-function" "-Wno-missing-braces" "-Wno-unknown-pragmas" "-Wno-deprecated-declarations" "-D_FILE_OFFSET_BITS=64" "-D_LARGEFILE_SOURCE" "-DRAR_SMP" "-DRARDLL" "-DUNRAR_NG_FORCE_UTF8" "-o" "/opt/rustwide/target/debug/build/unrar-ng-sys/d01c0ed57939a007/out/0934600a39780889-hash.o" "-c" "vendor/unrar/hash.cpp"cargo:warning=c++: fatal error: Killed signal terminated program cc1plus
[INFO] [stderr] warning: unrar-ng-sys@0.7.7: compilation terminated.
[INFO] [stderr] warning: unrar-ng-sys@0.7.7: ToolExecError: command did not execute successfully (status code exit status: 1): LC_ALL="C" "c++" "-O2" "-ffunction-sections" "-fdata-sections" "-fPIC" "-g" "-gdwarf-4" "-fno-omit-frame-pointer" "-m64" "-std=c++14" "-w" "-fPIC" "-Wno-switch" "-Wno-parentheses" "-Wno-macro-redefined" "-Wno-dangling-else" "-Wno-logical-op-parentheses" "-Wno-unused-parameter" "-Wno-unused-variable" "-Wno-unused-function" "-Wno-missing-braces" "-Wno-unknown-pragmas" "-Wno-deprecated-declarations" "-D_FILE_OFFSET_BITS=64" "-D_LARGEFILE_SOURCE" "-DRAR_SMP" "-DRARDLL" "-DUNRAR_NG_FORCE_UTF8" "-o" "/opt/rustwide/target/debug/build/unrar-ng-sys/d01c0ed57939a007/out/0934600a39780889-extinfo.o" "-c" "vendor/unrar/extinfo.cpp"cargo:rerun-if-env-changed=CXX_x86_64-unknown-linux-gnu
[INFO] [stderr] warning: unrar-ng-sys@0.7.7: c++: fatal error: Killed signal terminated program cc1plus
[INFO] [stderr] warning: unrar-ng-sys@0.7.7: compilation terminated.
[INFO] [stderr] warning: unrar-ng-sys@0.7.7: ToolExecError: command did not execute successfully (status code exit status: 1): LC_ALL="C" "c++" "-O2" "-ffunction-sections" "-fdata-sections" "-fPIC" "-g" "-gdwarf-4" "-fno-omit-frame-pointer" "-m64" "-std=c++14" "-w" "-fPIC" "-Wno-switch" "-Wno-parentheses" "-Wno-macro-redefined" "-Wno-dangling-else" "-Wno-logical-op-parentheses" "-Wno-unused-parameter" "-Wno-unused-variable" "-Wno-unused-function" "-Wno-missing-braces" "-Wno-unknown-pragmas" "-Wno-deprecated-declarations" "-D_FILE_OFFSET_BITS=64" "-D_LARGEFILE_SOURCE" "-DRAR_SMP" "-DRARDLL" "-DUNRAR_NG_FORCE_UTF8" "-o" "/opt/rustwide/target/debug/build/unrar-ng-sys/d01c0ed57939a007/out/0934600a39780889-sha256.o" "-c" "vendor/unrar/sha256.cpp"cargo:warning=c++: fatal error: Killed signal terminated program cc1plus
[INFO] [stderr] warning: unrar-ng-sys@0.7.7: compilation terminated.
[INFO] [stderr] warning: unrar-ng-sys@0.7.7: ToolExecError: command did not execute successfully (status code exit status: 1): LC_ALL="C" "c++" "-O2" "-ffunction-sections" "-fdata-sections" "-fPIC" "-g" "-gdwarf-4" "-fno-omit-frame-pointer" "-m64" "-std=c++14" "-w" "-fPIC" "-Wno-switch" "-Wno-parentheses" "-Wno-macro-redefined" "-Wno-dangling-else" "-Wno-logical-op-parentheses" "-Wno-unused-parameter" "-Wno-unused-variable" "-Wno-unused-function" "-Wno-missing-braces" "-Wno-unknown-pragmas" "-Wno-deprecated-declarations" "-D_FILE_OFFSET_BITS=64" "-D_LARGEFILE_SOURCE" "-DRAR_SMP" "-DRARDLL" "-DUNRAR_NG_FORCE_UTF8" "-o" "/opt/rustwide/target/debug/build/unrar-ng-sys/d01c0ed57939a007/out/0934600a39780889-unpack.o" "-c" "vendor/unrar/unpack.cpp"cargo:warning=c++: fatal error: Killed signal terminated program cc1plus
[INFO] [stderr] warning: unrar-ng-sys@0.7.7: compilation terminated.
[INFO] [stderr] warning: unrar-ng-sys@0.7.7: ToolExecError: command did not execute successfully (status code exit status: 1): LC_ALL="C" "c++" "-O2" "-ffunction-sections" "-fdata-sections" "-fPIC" "-g" "-gdwarf-4" "-fno-omit-frame-pointer" "-m64" "-std=c++14" "-w" "-fPIC" "-Wno-switch" "-Wno-parentheses" "-Wno-macro-redefined" "-Wno-dangling-else" "-Wno-logical-op-parentheses" "-Wno-unused-parameter" "-Wno-unused-variable" "-Wno-unused-function" "-Wno-missing-braces" "-Wno-unknown-pragmas" "-Wno-deprecated-declarations" "-D_FILE_OFFSET_BITS=64" "-D_LARGEFILE_SOURCE" "-DRAR_SMP" "-DRARDLL" "-DUNRAR_NG_FORCE_UTF8" "-o" "/opt/rustwide/target/debug/build/unrar-ng-sys/d01c0ed57939a007/out/0934600a39780889-headers.o" "-c" "vendor/unrar/headers.cpp"cargo:warning=c++: fatal error: Killed signal terminated program cc1plus
[INFO] [stderr] warning: unrar-ng-sys@0.7.7: compilation terminated.
[INFO] [stderr] warning: unrar-ng-sys@0.7.7: ToolExecError: command did not execute successfully (status code exit status: 1): LC_ALL="C" "c++" "-O2" "-ffunction-sections" "-fdata-sections" "-fPIC" "-g" "-gdwarf-4" "-fno-omit-frame-pointer" "-m64" "-std=c++14" "-w" "-fPIC" "-Wno-switch" "-Wno-parentheses" "-Wno-macro-redefined" "-Wno-dangling-else" "-Wno-logical-op-parentheses" "-Wno-unused-parameter" "-Wno-unused-variable" "-Wno-unused-function" "-Wno-missing-braces" "-Wno-unknown-pragmas" "-Wno-deprecated-declarations" "-D_FILE_OFFSET_BITS=64" "-D_LARGEFILE_SOURCE" "-DRAR_SMP" "-DRARDLL" "-DUNRAR_NG_FORCE_UTF8" "-o" "/opt/rustwide/target/debug/build/unrar-ng-sys/d01c0ed57939a007/out/0934600a39780889-extract.o" "-c" "vendor/unrar/extract.cpp"cargo:warning=c++: fatal error: Killed signal terminated program cc1plus
[INFO] [stderr] warning: unrar-ng-sys@0.7.7: compilation terminated.
[INFO] [stderr] warning: unrar-ng-sys@0.7.7: ToolExecError: command did not execute successfully (status code exit status: 1): LC_ALL="C" "c++" "-O2" "-ffunction-sections" "-fdata-sections" "-fPIC" "-g" "-gdwarf-4" "-fno-omit-frame-pointer" "-m64" "-std=c++14" "-w" "-fPIC" "-Wno-switch" "-Wno-parentheses" "-Wno-macro-redefined" "-Wno-dangling-else" "-Wno-logical-op-parentheses" "-Wno-unused-parameter" "-Wno-unused-variable" "-Wno-unused-function" "-Wno-missing-braces" "-Wno-unknown-pragmas" "-Wno-deprecated-declarations" "-D_FILE_OFFSET_BITS=64" "-D_LARGEFILE_SOURCE" "-DRAR_SMP" "-DRARDLL" "-DUNRAR_NG_FORCE_UTF8" "-o" "/opt/rustwide/target/debug/build/unrar-ng-sys/d01c0ed57939a007/out/0934600a39780889-volume.o" "-c" "vendor/unrar/volume.cpp"cargo:warning=c++: fatal error: Killed signal terminated program cc1plus
[INFO] [stderr] warning: unrar-ng-sys@0.7.7: compilation terminated.
[INFO] [stderr] warning: unrar-ng-sys@0.7.7: ToolExecError: command did not execute successfully (status code exit status: 1): LC_ALL="C" "c++" "-O2" "-ffunction-sections" "-fdata-sections" "-fPIC" "-g" "-gdwarf-4" "-fno-omit-frame-pointer" "-m64" "-std=c++14" "-w" "-fPIC" "-Wno-switch" "-Wno-parentheses" "-Wno-macro-redefined" "-Wno-dangling-else" "-Wno-logical-op-parentheses" "-Wno-unused-parameter" "-Wno-unused-variable" "-Wno-unused-function" "-Wno-missing-braces" "-Wno-unknown-pragmas" "-Wno-deprecated-declarations" "-D_FILE_OFFSET_BITS=64" "-D_LARGEFILE_SOURCE" "-DRAR_SMP" "-DRARDLL" "-DUNRAR_NG_FORCE_UTF8" "-o" "/opt/rustwide/target/debug/build/unrar-ng-sys/d01c0ed57939a007/out/0934600a39780889-list.o" "-c" "vendor/unrar/list.cpp"cargo:warning=c++: fatal error: Killed signal terminated program cc1plus
[INFO] [stderr] warning: unrar-ng-sys@0.7.7: compilation terminated.
[INFO] [stderr] warning: unrar-ng-sys@0.7.7: ToolExecError: command did not execute successfully (status code exit status: 1): LC_ALL="C" "c++" "-O2" "-ffunction-sections" "-fdata-sections" "-fPIC" "-g" "-gdwarf-4" "-fno-omit-frame-pointer" "-m64" "-std=c++14" "-w" "-fPIC" "-Wno-switch" "-Wno-parentheses" "-Wno-macro-redefined" "-Wno-dangling-else" "-Wno-logical-op-parentheses" "-Wno-unused-parameter" "-Wno-unused-variable" "-Wno-unused-function" "-Wno-missing-braces" "-Wno-unknown-pragmas" "-Wno-deprecated-declarations" "-D_FILE_OFFSET_BITS=64" "-D_LARGEFILE_SOURCE" "-DRAR_SMP" "-DRARDLL" "-DUNRAR_NG_FORCE_UTF8" "-o" "/opt/rustwide/target/debug/build/unrar-ng-sys/d01c0ed57939a007/out/0934600a39780889-find.o" "-c" "vendor/unrar/find.cpp"cargo:warning=c++: fatal error: Killed signal terminated program cc1plus
[INFO] [stderr] warning: unrar-ng-sys@0.7.7: compilation terminated.
[INFO] [stderr] warning: unrar-ng-sys@0.7.7: ToolExecError: command did not execute successfully (status code exit status: 1): LC_ALL="C" "c++" "-O2" "-ffunction-sections" "-fdata-sections" "-fPIC" "-g" "-gdwarf-4" "-fno-omit-frame-pointer" "-m64" "-std=c++14" "-w" "-fPIC" "-Wno-switch" "-Wno-parentheses" "-Wno-macro-redefined" "-Wno-dangling-else" "-Wno-logical-op-parentheses" "-Wno-unused-parameter" "-Wno-unused-variable" "-Wno-unused-function" "-Wno-missing-braces" "-Wno-unknown-pragmas" "-Wno-deprecated-declarations" "-D_FILE_OFFSET_BITS=64" "-D_LARGEFILE_SOURCE" "-DRAR_SMP" "-DRARDLL" "-DUNRAR_NG_FORCE_UTF8" "-o" "/opt/rustwide/target/debug/build/unrar-ng-sys/d01c0ed57939a007/out/0934600a39780889-threadpool.o" "-c" "vendor/unrar/threadpool.cpp"cargo:warning=c++: fatal error: Killed signal terminated program cc1plus
[INFO] [stderr] warning: unrar-ng-sys@0.7.7: compilation terminated.
[INFO] [stderr] warning: unrar-ng-sys@0.7.7: ToolExecError: command did not execute successfully (status code exit status: 1): LC_ALL="C" "c++" "-O2" "-ffunction-sections" "-fdata-sections" "-fPIC" "-g" "-gdwarf-4" "-fno-omit-frame-pointer" "-m64" "-std=c++14" "-w" "-fPIC" "-Wno-switch" "-Wno-parentheses" "-Wno-macro-redefined" "-Wno-dangling-else" "-Wno-logical-op-parentheses" "-Wno-unused-parameter" "-Wno-unused-variable" "-Wno-unused-function" "-Wno-missing-braces" "-Wno-unknown-pragmas" "-Wno-deprecated-declarations" "-D_FILE_OFFSET_BITS=64" "-D_LARGEFILE_SOURCE" "-DRAR_SMP" "-DRARDLL" "-DUNRAR_NG_FORCE_UTF8" "-o" "/opt/rustwide/target/debug/build/unrar-ng-sys/d01c0ed57939a007/out/0934600a39780889-filestr.o" "-c" "vendor/unrar/filestr.cpp"
[INFO] [stderr] error: failed to run custom build command for `unrar-ng-sys v0.7.7`
[INFO] [stderr] note: To improve backtraces for build dependencies, set the CARGO_PROFILE_DEV_BUILD_OVERRIDE_DEBUG=true environment variable to enable debug information generation.
[INFO] [stderr] 
[INFO] [stderr] Caused by:
[INFO] [stderr]   process didn't exit successfully: `/opt/rustwide/target/debug/build/unrar-ng-sys/856271b440920af5/out/build_script_build` (exit status: 1)
[INFO] [stderr]   --- stdout
[INFO] [stderr]   cargo:rerun-if-changed=vendor/unrar
[INFO] [stderr]   cargo:rustc-link-lib=pthread
[INFO] [stderr]   cargo:rerun-if-env-changed=CC_FORCE_DISABLE
[INFO] [stderr]   CC_FORCE_DISABLE = None
[INFO] [stderr]   cargo:rerun-if-env-changed=CXX_x86_64-unknown-linux-gnu
[INFO] [stderr]   CXX_x86_64-unknown-linux-gnu = None
[INFO] [stderr]   cargo:rerun-if-env-changed=CXX_x86_64_unknown_linux_gnu
[INFO] [stderr]   CXX_x86_64_unknown_linux_gnu = None
[INFO] [stderr]   cargo:rerun-if-env-changed=HOST_CXX
[INFO] [stderr]   HOST_CXX = None
[INFO] [stderr]   cargo:rerun-if-env-changed=CXX
[INFO] [stderr]   CXX = None
[INFO] [stderr]   cargo:rerun-if-env-changed=CC_ENABLE_DEBUG_OUTPUT
[INFO] [stderr]   cargo:rerun-if-env-changed=CRATE_CC_NO_DEFAULTS
[INFO] [stderr]   CRATE_CC_NO_DEFAULTS = None
[INFO] [stderr]   cargo:rerun-if-env-changed=CXXFLAGS
[INFO] [stderr]   CXXFLAGS = None
[INFO] [stderr]   cargo:rerun-if-env-changed=HOST_CXXFLAGS
[INFO] [stderr]   HOST_CXXFLAGS = None
[INFO] [stderr]   cargo:rerun-if-env-changed=CXXFLAGS_x86_64_unknown_linux_gnu
[INFO] [stderr]   CXXFLAGS_x86_64_unknown_linux_gnu = None
[INFO] [stderr]   cargo:rerun-if-env-changed=CXXFLAGS_x86_64-unknown-linux-gnu
[INFO] [stderr]   CXXFLAGS_x86_64-unknown-linux-gnu = None
[INFO] [stderr]   cargo:rerun-if-env-changed=CC_ENABLE_DEBUG_OUTPUT
[INFO] [stderr]   cargo:rerun-if-env-changed=CRATE_CC_NO_DEFAULTS
[INFO] [stderr]   CRATE_CC_NO_DEFAULTS = None
[INFO] [stderr]   cargo:rerun-if-env-changed=CXXFLAGS
[INFO] [stderr]   CXXFLAGS = None
[INFO] [stderr]   cargo:rerun-if-env-changed=HOST_CXXFLAGS
[INFO] [stderr]   HOST_CXXFLAGS = None
[INFO] [stderr]   cargo:rerun-if-env-changed=CXXFLAGS_x86_64_unknown_linux_gnu
[INFO] [stderr]   CXXFLAGS_x86_64_unknown_linux_gnu = None
[INFO] [stderr]   cargo:rerun-if-env-changed=CXXFLAGS_x86_64-unknown-linux-gnu
[INFO] [stderr]   CXXFLAGS_x86_64-unknown-linux-gnu = None
[INFO] [stderr]   cargo:rerun-if-env-changed=CC_ENABLE_DEBUG_OUTPUT
[INFO] [stderr]   cargo:rerun-if-env-changed=CRATE_CC_NO_DEFAULTS
[INFO] [stderr]   CRATE_CC_NO_DEFAULTS = None
[INFO] [stderr]   cargo:rerun-if-env-changed=CXXFLAGS
[INFO] [stderr]   CXXFLAGS = None
[INFO] [stderr]   cargo:rerun-if-env-changed=HOST_CXXFLAGS
[INFO] [stderr]   HOST_CXXFLAGS = None
[INFO] [stderr]   cargo:rerun-if-env-changed=CXXFLAGS_x86_64_unknown_linux_gnu
[INFO] [stderr]   CXXFLAGS_x86_64_unknown_linux_gnu = None
[INFO] [stderr]   cargo:rerun-if-env-changed=CXXFLAGS_x86_64-unknown-linux-gnu
[INFO] [stderr]   CXXFLAGS_x86_64-unknown-linux-gnu = None
[INFO] [stderr]   cargo:rerun-if-env-changed=CC_ENABLE_DEBUG_OUTPUT
[INFO] [stderr]   cargo:rerun-if-env-changed=CRATE_CC_NO_DEFAULTS
[INFO] [stderr]   CRATE_CC_NO_DEFAULTS = None
[INFO] [stderr]   cargo:rerun-if-env-changed=CXXFLAGS
[INFO] [stderr]   CXXFLAGS = None
[INFO] [stderr]   cargo:rerun-if-env-changed=HOST_CXXFLAGS
[INFO] [stderr]   HOST_CXXFLAGS = None
[INFO] [stderr]   cargo:rerun-if-env-changed=CXXFLAGS_x86_64_unknown_linux_gnu
[INFO] [stderr]   CXXFLAGS_x86_64_unknown_linux_gnu = None
[INFO] [stderr]   cargo:rerun-if-env-changed=CXXFLAGS_x86_64-unknown-linux-gnu
[INFO] [stderr]   CXXFLAGS_x86_64-unknown-linux-gnu = None
[INFO] [stderr]   cargo:rerun-if-env-changed=CC_ENABLE_DEBUG_OUTPUT
[INFO] [stderr]   cargo:rerun-if-env-changed=CRATE_CC_NO_DEFAULTS
[INFO] [stderr]   CRATE_CC_NO_DEFAULTS = None
[INFO] [stderr]   cargo:rerun-if-env-changed=CXXFLAGS
[INFO] [stderr]   CXXFLAGS = None
[INFO] [stderr]   cargo:rerun-if-env-changed=HOST_CXXFLAGS
[INFO] [stderr]   HOST_CXXFLAGS = None
[INFO] [stderr]   cargo:rerun-if-env-changed=CXXFLAGS_x86_64_unknown_linux_gnu
[INFO] [stderr]   CXXFLAGS_x86_64_unknown_linux_gnu = None
[INFO] [stderr]   cargo:rerun-if-env-changed=CXXFLAGS_x86_64-unknown-linux-gnu
[INFO] [stderr]   CXXFLAGS_x86_64-unknown-linux-gnu = None
[INFO] [stderr]   cargo:rerun-if-env-changed=CC_ENABLE_DEBUG_OUTPUT
[INFO] [stderr]   cargo:rerun-if-env-changed=CRATE_CC_NO_DEFAULTS
[INFO] [stderr]   CRATE_CC_NO_DEFAULTS = None
[INFO] [stderr]   cargo:rerun-if-env-changed=CXXFLAGS
[INFO] [stderr]   CXXFLAGS = None
[INFO] [stderr]   cargo:rerun-if-env-changed=HOST_CXXFLAGS
[INFO] [stderr]   HOST_CXXFLAGS = None
[INFO] [stderr]   cargo:rerun-if-env-changed=CXXFLAGS_x86_64_unknown_linux_gnu
[INFO] [stderr]   CXXFLAGS_x86_64_unknown_linux_gnu = None
[INFO] [stderr]   cargo:rerun-if-env-changed=CXXFLAGS_x86_64-unknown-linux-gnu
[INFO] [stderr]   CXXFLAGS_x86_64-unknown-linux-gnu = None
[INFO] [stderr]   cargo:rerun-if-env-changed=CC_ENABLE_DEBUG_OUTPUT
[INFO] [stderr]   cargo:rerun-if-env-changed=CRATE_CC_NO_DEFAULTS
[INFO] [stderr]   CRATE_CC_NO_DEFAULTS = None
[INFO] [stderr]   cargo:rerun-if-env-changed=CXXFLAGS
[INFO] [stderr]   CXXFLAGS = None
[INFO] [stderr]   cargo:rerun-if-env-changed=HOST_CXXFLAGS
[INFO] [stderr]   HOST_CXXFLAGS = None
[INFO] [stderr]   cargo:rerun-if-env-changed=CXXFLAGS_x86_64_unknown_linux_gnu
[INFO] [stderr]   CXXFLAGS_x86_64_unknown_linux_gnu = None
[INFO] [stderr]   cargo:rerun-if-env-changed=CXXFLAGS_x86_64-unknown-linux-gnu
[INFO] [stderr]   CXXFLAGS_x86_64-unknown-linux-gnu = None
[INFO] [stderr]   cargo:rerun-if-env-changed=CC_ENABLE_DEBUG_OUTPUT
[INFO] [stderr]   cargo:rerun-if-env-changed=CRATE_CC_NO_DEFAULTS
[INFO] [stderr]   CRATE_CC_NO_DEFAULTS = None
[INFO] [stderr]   cargo:rerun-if-env-changed=CXXFLAGS
[INFO] [stderr]   CXXFLAGS = None
[INFO] [stderr]   cargo:rerun-if-env-changed=HOST_CXXFLAGS
[INFO] [stderr]   HOST_CXXFLAGS = None
[INFO] [stderr]   cargo:rerun-if-env-changed=CXXFLAGS_x86_64_unknown_linux_gnu
[INFO] [stderr]   CXXFLAGS_x86_64_unknown_linux_gnu = None
[INFO] [stderr]   cargo:rerun-if-env-changed=CXXFLAGS_x86_64-unknown-linux-gnu
[INFO] [stderr]   CXXFLAGS_x86_64-unknown-linux-gnu = None
[INFO] [stderr]   cargo:rerun-if-env-changed=CC_ENABLE_DEBUG_OUTPUT
[INFO] [stderr]   cargo:rerun-if-env-changed=CRATE_CC_NO_DEFAULTS
[INFO] [stderr]   CRATE_CC_NO_DEFAULTS = None
[INFO] [stderr]   cargo:rerun-if-env-changed=CXXFLAGS
[INFO] [stderr]   CXXFLAGS = None
[INFO] [stderr]   cargo:rerun-if-env-changed=HOST_CXXFLAGS
[INFO] [stderr]   HOST_CXXFLAGS = None
[INFO] [stderr]   cargo:rerun-if-env-changed=CXXFLAGS_x86_64_unknown_linux_gnu
[INFO] [stderr]   CXXFLAGS_x86_64_unknown_linux_gnu = None
[INFO] [stderr]   cargo:rerun-if-env-changed=CXXFLAGS_x86_64-unknown-linux-gnu
[INFO] [stderr]   CXXFLAGS_x86_64-unknown-linux-gnu = None
[INFO] [stderr]   cargo:rerun-if-env-changed=CC_ENABLE_DEBUG_OUTPUT
[INFO] [stderr]   cargo:rerun-if-env-changed=CRATE_CC_NO_DEFAULTS
[INFO] [stderr]   CRATE_CC_NO_DEFAULTS = None
[INFO] [stderr]   cargo:rerun-if-env-changed=CXXFLAGS
[INFO] [stderr]   CXXFLAGS = None
[INFO] [stderr]   cargo:rerun-if-env-changed=HOST_CXXFLAGS
[INFO] [stderr]   HOST_CXXFLAGS = None
[INFO] [stderr]   cargo:rerun-if-env-changed=CXXFLAGS_x86_64_unknown_linux_gnu
[INFO] [stderr]   CXXFLAGS_x86_64_unknown_linux_gnu = None
[INFO] [stderr]   cargo:rerun-if-env-changed=CXXFLAGS_x86_64-unknown-linux-gnu
[INFO] [stderr]   CXXFLAGS_x86_64-unknown-linux-gnu = None
[INFO] [stderr]   cargo:rerun-if-env-changed=CC_ENABLE_DEBUG_OUTPUT
[INFO] [stderr]   cargo:rerun-if-env-changed=CRATE_CC_NO_DEFAULTS
[INFO] [stderr]   CRATE_CC_NO_DEFAULTS = None
[INFO] [stderr]   cargo:rerun-if-env-changed=CXXFLAGS
[INFO] [stderr]   CXXFLAGS = None
[INFO] [stderr]   cargo:rerun-if-env-changed=HOST_CXXFLAGS
[INFO] [stderr]   HOST_CXXFLAGS = None
[INFO] [stderr]   cargo:rerun-if-env-changed=CXXFLAGS_x86_64_unknown_linux_gnu
[INFO] [stderr]   CXXFLAGS_x86_64_unknown_linux_gnu = None
[INFO] [stderr]   cargo:rerun-if-env-changed=CXXFLAGS_x86_64-unknown-linux-gnu
[INFO] [stderr]   CXXFLAGS_x86_64-unknown-linux-gnu = None
[INFO] [stderr]   cargo:rerun-if-env-changed=CC_ENABLE_DEBUG_OUTPUT
[INFO] [stderr]   cargo:rerun-if-env-changed=CRATE_CC_NO_DEFAULTS
[INFO] [stderr]   CRATE_CC_NO_DEFAULTS = None
[INFO] [stderr]   cargo:rerun-if-env-changed=CXXFLAGS
[INFO] [stderr]   CXXFLAGS = None
[INFO] [stderr]   cargo:rerun-if-env-changed=HOST_CXXFLAGS
[INFO] [stderr]   HOST_CXXFLAGS = None
[INFO] [stderr]   cargo:rerun-if-env-changed=CXXFLAGS_x86_64_unknown_linux_gnu
[INFO] [stderr]   CXXFLAGS_x86_64_unknown_linux_gnu = None
[INFO] [stderr]   cargo:rerun-if-env-changed=CXXFLAGS_x86_64-unknown-linux-gnu
[INFO] [stderr]   CXXFLAGS_x86_64-unknown-linux-gnu = None
[INFO] [stderr]   cargo:rerun-if-env-changed=CC_ENABLE_DEBUG_OUTPUT
[INFO] [stderr]   cargo:rerun-if-env-changed=CRATE_CC_NO_DEFAULTS
[INFO] [stderr]   CRATE_CC_NO_DEFAULTS = None
[INFO] [stderr]   cargo:rerun-if-env-changed=CXXFLAGS
[INFO] [stderr]   CXXFLAGS = None
[INFO] [stderr]   cargo:rerun-if-env-changed=HOST_CXXFLAGS
[INFO] [stderr]   HOST_CXXFLAGS = None
[INFO] [stderr]   cargo:rerun-if-env-changed=CXXFLAGS_x86_64_unknown_linux_gnu
[INFO] [stderr]   CXXFLAGS_x86_64_unknown_linux_gnu = None
[INFO] [stderr]   cargo:rerun-if-env-changed=CXXFLAGS_x86_64-unknown-linux-gnu
[INFO] [stderr]   CXXFLAGS_x86_64-unknown-linux-gnu = None
[INFO] [stderr]   cargo:rerun-if-env-changed=CC_ENABLE_DEBUG_OUTPUT
[INFO] [stderr]   cargo:rerun-if-env-changed=CRATE_CC_NO_DEFAULTS
[INFO] [stderr]   CRATE_CC_NO_DEFAULTS = None
[INFO] [stderr]   cargo:rerun-if-env-changed=CXXFLAGS
[INFO] [stderr]   CXXFLAGS = None
[INFO] [stderr]   cargo:rerun-if-env-changed=HOST_CXXFLAGS
[INFO] [stderr]   HOST_CXXFLAGS = None
[INFO] [stderr]   cargo:rerun-if-env-changed=CXXFLAGS_x86_64_unknown_linux_gnu
[INFO] [stderr]   CXXFLAGS_x86_64_unknown_linux_gnu = None
[INFO] [stderr]   cargo:rerun-if-env-changed=CXXFLAGS_x86_64-unknown-linux-gnu
[INFO] [stderr]   CXXFLAGS_x86_64-unknown-linux-gnu = None
[INFO] [stderr]   cargo:rerun-if-env-changed=CXX_x86_64-unknown-linux-gnu
[INFO] [stderr]   CXX_x86_64-unknown-linux-gnu = None
[INFO] [stderr]   cargo:rerun-if-env-changed=CXX_x86_64_unknown_linux_gnu
[INFO] [stderr]   CXX_x86_64_unknown_linux_gnu = None
[INFO] [stderr]   cargo:rerun-if-env-changed=HOST_CXX
[INFO] [stderr]   HOST_CXX = None
[INFO] [stderr]   cargo:rerun-if-env-changed=CXX
[INFO] [stderr]   CXX = None
[INFO] [stderr]   cargo:rerun-if-env-changed=CRATE_CC_NO_DEFAULTS
[INFO] [stderr]   CRATE_CC_NO_DEFAULTS = None
[INFO] [stderr]   cargo:rerun-if-env-changed=CXXFLAGS
[INFO] [stderr]   CXXFLAGS = None
[INFO] [stderr]   cargo:rerun-if-env-changed=HOST_CXXFLAGS
[INFO] [stderr]   HOST_CXXFLAGS = None
[INFO] [stderr]   cargo:rerun-if-env-changed=CXXFLAGS_x86_64_unknown_linux_gnu
[INFO] [stderr]   CXXFLAGS_x86_64_unknown_linux_gnu = None
[INFO] [stderr]   cargo:rerun-if-env-changed=CXXFLAGS_x86_64-unknown-linux-gnu
[INFO] [stderr]   CXXFLAGS_x86_64-unknown-linux-gnu = None
[INFO] [stderr]   cargo:rerun-if-env-changed=CXX_x86_64-unknown-linux-gnu
[INFO] [stderr]   CXX_x86_64-unknown-linux-gnu = None
[INFO] [stderr]   cargo:rerun-if-env-changed=CXX_x86_64_unknown_linux_gnu
[INFO] [stderr]   CXX_x86_64_unknown_linux_gnu = None
[INFO] [stderr]   cargo:rerun-if-env-changed=HOST_CXX
[INFO] [stderr]   HOST_CXX = None
[INFO] [stderr]   cargo:rerun-if-env-changed=CXX
[INFO] [stderr]   CXX = None
[INFO] [stderr]   cargo:rerun-if-env-changed=CRATE_CC_NO_DEFAULTS
[INFO] [stderr]   CRATE_CC_NO_DEFAULTS = None
[INFO] [stderr]   cargo:rerun-if-env-changed=CXXFLAGS
[INFO] [stderr]   CXXFLAGS = None
[INFO] [stderr]   cargo:rerun-if-env-changed=HOST_CXXFLAGS
[INFO] [stderr]   HOST_CXXFLAGS = None
[INFO] [stderr]   cargo:rerun-if-env-changed=CXXFLAGS_x86_64_unknown_linux_gnu
[INFO] [stderr]   CXXFLAGS_x86_64_unknown_linux_gnu = None
[INFO] [stderr]   cargo:rerun-if-env-changed=CXXFLAGS_x86_64-unknown-linux-gnu
[INFO] [stderr]   CXXFLAGS_x86_64-unknown-linux-gnu = None
[INFO] [stderr]   cargo:rerun-if-env-changed=CXX_x86_64-unknown-linux-gnu
[INFO] [stderr]   CXX_x86_64-unknown-linux-gnu = None
[INFO] [stderr]   cargo:rerun-if-env-changed=CXX_x86_64_unknown_linux_gnu
[INFO] [stderr]   CXX_x86_64_unknown_linux_gnu = None
[INFO] [stderr]   cargo:rerun-if-env-changed=HOST_CXX
[INFO] [stderr]   HOST_CXX = None
[INFO] [stderr]   cargo:rerun-if-env-changed=CXX
[INFO] [stderr]   CXX = None
[INFO] [stderr]   cargo:rerun-if-env-changed=CRATE_CC_NO_DEFAULTS
[INFO] [stderr]   CRATE_CC_NO_DEFAULTS = None
[INFO] [stderr]   cargo:rerun-if-env-changed=CXXFLAGS
[INFO] [stderr]   CXXFLAGS = None
[INFO] [stderr]   cargo:rerun-if-env-changed=HOST_CXXFLAGS
[INFO] [stderr]   HOST_CXXFLAGS = None
[INFO] [stderr]   cargo:rerun-if-env-changed=CXXFLAGS_x86_64_unknown_linux_gnu
[INFO] [stderr]   CXXFLAGS_x86_64_unknown_linux_gnu = None
[INFO] [stderr]   cargo:rerun-if-env-changed=CXXFLAGS_x86_64-unknown-linux-gnu
[INFO] [stderr]   CXXFLAGS_x86_64-unknown-linux-gnu = None
[INFO] [stderr]   cargo:rerun-if-env-changed=CXX_x86_64-unknown-linux-gnu
[INFO] [stderr]   CXX_x86_64-unknown-linux-gnu = None
[INFO] [stderr]   cargo:rerun-if-env-changed=CXX_x86_64_unknown_linux_gnu
[INFO] [stderr]   CXX_x86_64_unknown_linux_gnu = None
[INFO] [stderr]   cargo:rerun-if-env-changed=HOST_CXX
[INFO] [stderr]   HOST_CXX = None
[INFO] [stderr]   cargo:rerun-if-env-changed=CXX
[INFO] [stderr]   CXX = None
[INFO] [stderr]   cargo:rerun-if-env-changed=CRATE_CC_NO_DEFAULTS
[INFO] [stderr]   CRATE_CC_NO_DEFAULTS = None
[INFO] [stderr]   cargo:rerun-if-env-changed=CXXFLAGS
[INFO] [stderr]   CXXFLAGS = None
[INFO] [stderr]   cargo:rerun-if-env-changed=HOST_CXXFLAGS
[INFO] [stderr]   HOST_CXXFLAGS = None
[INFO] [stderr]   cargo:rerun-if-env-changed=CXXFLAGS_x86_64_unknown_linux_gnu
[INFO] [stderr]   CXXFLAGS_x86_64_unknown_linux_gnu = None
[INFO] [stderr]   cargo:rerun-if-env-changed=CXXFLAGS_x86_64-unknown-linux-gnu
[INFO] [stderr]   CXXFLAGS_x86_64-unknown-linux-gnu = None
[INFO] [stderr]   cargo:rerun-if-env-changed=CXX_x86_64-unknown-linux-gnu
[INFO] [stderr]   CXX_x86_64-unknown-linux-gnu = None
[INFO] [stderr]   cargo:rerun-if-env-changed=CXX_x86_64_unknown_linux_gnu
[INFO] [stderr]   CXX_x86_64_unknown_linux_gnu = None
[INFO] [stderr]   cargo:rerun-if-env-changed=HOST_CXX
[INFO] [stderr]   HOST_CXX = None
[INFO] [stderr]   cargo:rerun-if-env-changed=CXX
[INFO] [stderr]   CXX = None
[INFO] [stderr]   cargo:rerun-if-env-changed=CRATE_CC_NO_DEFAULTS
[INFO] [stderr]   CRATE_CC_NO_DEFAULTS = None
[INFO] [stderr]   cargo:rerun-if-env-changed=CXXFLAGS
[INFO] [stderr]   CXXFLAGS = None
[INFO] [stderr]   cargo:rerun-if-env-changed=HOST_CXXFLAGS
[INFO] [stderr]   HOST_CXXFLAGS = None
[INFO] [stderr]   cargo:rerun-if-env-changed=CXXFLAGS_x86_64_unknown_linux_gnu
[INFO] [stderr]   CXXFLAGS_x86_64_unknown_linux_gnu = None
[INFO] [stderr]   cargo:rerun-if-env-changed=CXXFLAGS_x86_64-unknown-linux-gnu
[INFO] [stderr]   CXXFLAGS_x86_64-unknown-linux-gnu = None
[INFO] [stderr]   cargo:rerun-if-env-changed=CXX_x86_64-unknown-linux-gnu
[INFO] [stderr]   CXX_x86_64-unknown-linux-gnu = None
[INFO] [stderr]   cargo:rerun-if-env-changed=CXX_x86_64_unknown_linux_gnu
[INFO] [stderr]   CXX_x86_64_unknown_linux_gnu = None
[INFO] [stderr]   cargo:rerun-if-env-changed=HOST_CXX
[INFO] [stderr]   HOST_CXX = None
[INFO] [stderr]   cargo:rerun-if-env-changed=CXX
[INFO] [stderr]   CXX = None
[INFO] [stderr]   cargo:rerun-if-env-changed=CRATE_CC_NO_DEFAULTS
[INFO] [stderr]   CRATE_CC_NO_DEFAULTS = None
[INFO] [stderr]   cargo:rerun-if-env-changed=CXXFLAGS
[INFO] [stderr]   CXXFLAGS = None
[INFO] [stderr]   cargo:rerun-if-env-changed=HOST_CXXFLAGS
[INFO] [stderr]   HOST_CXXFLAGS = None
[INFO] [stderr]   cargo:rerun-if-env-changed=CXXFLAGS_x86_64_unknown_linux_gnu
[INFO] [stderr]   CXXFLAGS_x86_64_unknown_linux_gnu = None
[INFO] [stderr]   cargo:rerun-if-env-changed=CXXFLAGS_x86_64-unknown-linux-gnu
[INFO] [stderr]   CXXFLAGS_x86_64-unknown-linux-gnu = None
[INFO] [stderr]   cargo:rerun-if-env-changed=CXX_x86_64-unknown-linux-gnu
[INFO] [stderr]   CXX_x86_64-unknown-linux-gnu = None
[INFO] [stderr]   cargo:rerun-if-env-changed=CXX_x86_64_unknown_linux_gnu
[INFO] [stderr]   CXX_x86_64_unknown_linux_gnu = None
[INFO] [stderr]   cargo:rerun-if-env-changed=HOST_CXX
[INFO] [stderr]   HOST_CXX = None
[INFO] [stderr]   cargo:rerun-if-env-changed=CXX
[INFO] [stderr]   CXX = None
[INFO] [stderr]   cargo:rerun-if-env-changed=CRATE_CC_NO_DEFAULTS
[INFO] [stderr]   CRATE_CC_NO_DEFAULTS = None
[INFO] [stderr]   cargo:rerun-if-env-changed=CXXFLAGS
[INFO] [stderr]   CXXFLAGS = None
[INFO] [stderr]   cargo:rerun-if-env-changed=HOST_CXXFLAGS
[INFO] [stderr]   HOST_CXXFLAGS = None
[INFO] [stderr]   cargo:rerun-if-env-changed=CXXFLAGS_x86_64_unknown_linux_gnu
[INFO] [stderr]   CXXFLAGS_x86_64_unknown_linux_gnu = None
[INFO] [stderr]   cargo:rerun-if-env-changed=CXXFLAGS_x86_64-unknown-linux-gnu
[INFO] [stderr]   CXXFLAGS_x86_64-unknown-linux-gnu = None
[INFO] [stderr]   cargo:rerun-if-env-changed=CXX_x86_64-unknown-linux-gnu
[INFO] [stderr]   CXX_x86_64-unknown-linux-gnu = None
[INFO] [stderr]   cargo:rerun-if-env-changed=CXX_x86_64_unknown_linux_gnu
[INFO] [stderr]   CXX_x86_64_unknown_linux_gnu = None
[INFO] [stderr]   cargo:rerun-if-env-changed=HOST_CXX
[INFO] [stderr]   HOST_CXX = None
[INFO] [stderr]   cargo:rerun-if-env-changed=CXX
[INFO] [stderr]   CXX = None
[INFO] [stderr]   cargo:rerun-if-env-changed=CRATE_CC_NO_DEFAULTS
[INFO] [stderr]   CRATE_CC_NO_DEFAULTS = None
[INFO] [stderr]   cargo:rerun-if-env-changed=CXXFLAGS
[INFO] [stderr]   CXXFLAGS = None
[INFO] [stderr]   cargo:rerun-if-env-changed=HOST_CXXFLAGS
[INFO] [stderr]   HOST_CXXFLAGS = None
[INFO] [stderr]   cargo:rerun-if-env-changed=CXXFLAGS_x86_64_unknown_linux_gnu
[INFO] [stderr]   CXXFLAGS_x86_64_unknown_linux_gnu = None
[INFO] [stderr]   cargo:rerun-if-env-changed=CXXFLAGS_x86_64-unknown-linux-gnu
[INFO] [stderr]   CXXFLAGS_x86_64-unknown-linux-gnu = None
[INFO] [stderr]   cargo:rerun-if-env-changed=CXX_x86_64-unknown-linux-gnu
[INFO] [stderr]   CXX_x86_64-unknown-linux-gnu = None
[INFO] [stderr]   cargo:rerun-if-env-changed=CXX_x86_64_unknown_linux_gnu
[INFO] [stderr]   CXX_x86_64_unknown_linux_gnu = None
[INFO] [stderr]   cargo:rerun-if-env-changed=HOST_CXX
[INFO] [stderr]   HOST_CXX = None
[INFO] [stderr]   cargo:rerun-if-env-changed=CXX
[INFO] [stderr]   CXX = None
[INFO] [stderr]   cargo:rerun-if-env-changed=CRATE_CC_NO_DEFAULTS
[INFO] [stderr]   CRATE_CC_NO_DEFAULTS = None
[INFO] [stderr]   cargo:rerun-if-env-changed=CXXFLAGS
[INFO] [stderr]   CXXFLAGS = None
[INFO] [stderr]   cargo:rerun-if-env-changed=HOST_CXXFLAGS
[INFO] [stderr]   HOST_CXXFLAGS = None
[INFO] [stderr]   cargo:rerun-if-env-changed=CXXFLAGS_x86_64_unknown_linux_gnu
[INFO] [stderr]   CXXFLAGS_x86_64_unknown_linux_gnu = None
[INFO] [stderr]   cargo:rerun-if-env-changed=CXXFLAGS_x86_64-unknown-linux-gnu
[INFO] [stderr]   CXXFLAGS_x86_64-unknown-linux-gnu = None
[INFO] [stderr]   cargo:rerun-if-env-changed=CXX_x86_64-unknown-linux-gnu
[INFO] [stderr]   CXX_x86_64-unknown-linux-gnu = None
[INFO] [stderr]   cargo:rerun-if-env-changed=CXX_x86_64_unknown_linux_gnu
[INFO] [stderr]   CXX_x86_64_unknown_linux_gnu = None
[INFO] [stderr]   cargo:rerun-if-env-changed=HOST_CXX
[INFO] [stderr]   HOST_CXX = None
[INFO] [stderr]   cargo:rerun-if-env-changed=CXX
[INFO] [stderr]   CXX = None
[INFO] [stderr]   cargo:rerun-if-env-changed=CRATE_CC_NO_DEFAULTS
[INFO] [stderr]   CRATE_CC_NO_DEFAULTS = None
[INFO] [stderr]   cargo:rerun-if-env-changed=CXXFLAGS
[INFO] [stderr]   CXXFLAGS = None
[INFO] [stderr]   cargo:rerun-if-env-changed=HOST_CXXFLAGS
[INFO] [stderr]   HOST_CXXFLAGS = None
[INFO] [stderr]   cargo:rerun-if-env-changed=CXXFLAGS_x86_64_unknown_linux_gnu
[INFO] [stderr]   CXXFLAGS_x86_64_unknown_linux_gnu = None
[INFO] [stderr]   cargo:rerun-if-env-changed=CXXFLAGS_x86_64-unknown-linux-gnu
[INFO] [stderr]   CXXFLAGS_x86_64-unknown-linux-gnu = None
[INFO] [stderr]   cargo:rerun-if-env-changed=CXX_x86_64-unknown-linux-gnu
[INFO] [stderr]   CXX_x86_64-unknown-linux-gnu = None
[INFO] [stderr]   cargo:rerun-if-env-changed=CXX_x86_64_unknown_linux_gnu
[INFO] [stderr]   CXX_x86_64_unknown_linux_gnu = None
[INFO] [stderr]   cargo:rerun-if-env-changed=HOST_CXX
[INFO] [stderr]   HOST_CXX = None
[INFO] [stderr]   cargo:rerun-if-env-changed=CXX
[INFO] [stderr]   CXX = None
[INFO] [stderr]   cargo:rerun-if-env-changed=CRATE_CC_NO_DEFAULTS
[INFO] [stderr]   CRATE_CC_NO_DEFAULTS = None
[INFO] [stderr]   cargo:rerun-if-env-changed=CXXFLAGS
[INFO] [stderr]   CXXFLAGS = None
[INFO] [stderr]   cargo:rerun-if-env-changed=HOST_CXXFLAGS
[INFO] [stderr]   HOST_CXXFLAGS = None
[INFO] [stderr]   cargo:rerun-if-env-changed=CXXFLAGS_x86_64_unknown_linux_gnu
[INFO] [stderr]   CXXFLAGS_x86_64_unknown_linux_gnu = None
[INFO] [stderr]   cargo:rerun-if-env-changed=CXXFLAGS_x86_64-unknown-linux-gnu
[INFO] [stderr]   CXXFLAGS_x86_64-unknown-linux-gnu = None
[INFO] [stderr]   cargo:rerun-if-env-changed=CXX_x86_64-unknown-linux-gnu
[INFO] [stderr]   CXX_x86_64-unknown-linux-gnu = None
[INFO] [stderr]   cargo:rerun-if-env-changed=CXX_x86_64_unknown_linux_gnu
[INFO] [stderr]   CXX_x86_64_unknown_linux_gnu = None
[INFO] [stderr]   cargo:rerun-if-env-changed=HOST_CXX
[INFO] [stderr]   HOST_CXX = None
[INFO] [stderr]   cargo:rerun-if-env-changed=CXX
[INFO] [stderr]   CXX = None
[INFO] [stderr]   cargo:rerun-if-env-changed=CRATE_CC_NO_DEFAULTS
[INFO] [stderr]   CRATE_CC_NO_DEFAULTS = None
[INFO] [stderr]   cargo:rerun-if-env-changed=CXXFLAGS
[INFO] [stderr]   CXXFLAGS = None
[INFO] [stderr]   cargo:rerun-if-env-changed=HOST_CXXFLAGS
[INFO] [stderr]   HOST_CXXFLAGS = None
[INFO] [stderr]   cargo:rerun-if-env-changed=CXXFLAGS_x86_64_unknown_linux_gnu
[INFO] [stderr]   CXXFLAGS_x86_64_unknown_linux_gnu = None
[INFO] [stderr]   cargo:rerun-if-env-changed=CXXFLAGS_x86_64-unknown-linux-gnu
[INFO] [stderr]   CXXFLAGS_x86_64-unknown-linux-gnu = None
[INFO] [stderr]   cargo:rerun-if-env-changed=CXX_x86_64-unknown-linux-gnu
[INFO] [stderr]   CXX_x86_64-unknown-linux-gnu = None
[INFO] [stderr]   cargo:rerun-if-env-changed=CXX_x86_64_unknown_linux_gnu
[INFO] [stderr]   CXX_x86_64_unknown_linux_gnu = None
[INFO] [stderr]   cargo:rerun-if-env-changed=HOST_CXX
[INFO] [stderr]   HOST_CXX = None
[INFO] [stderr]   cargo:rerun-if-env-changed=CXX
[INFO] [stderr]   CXX = None
[INFO] [stderr]   cargo:rerun-if-env-changed=CRATE_CC_NO_DEFAULTS
[INFO] [stderr]   CRATE_CC_NO_DEFAULTS = None
[INFO] [stderr]   cargo:rerun-if-env-changed=CXXFLAGS
[INFO] [stderr]   CXXFLAGS = None
[INFO] [stderr]   cargo:rerun-if-env-changed=HOST_CXXFLAGS
[INFO] [stderr]   HOST_CXXFLAGS = None
[INFO] [stderr]   cargo:rerun-if-env-changed=CXXFLAGS_x86_64_unknown_linux_gnu
[INFO] [stderr]   CXXFLAGS_x86_64_unknown_linux_gnu = None
[INFO] [stderr]   cargo:rerun-if-env-changed=CXXFLAGS_x86_64-unknown-linux-gnu
[INFO] [stderr]   CXXFLAGS_x86_64-unknown-linux-gnu = None
[INFO] [stderr]   cargo:rerun-if-env-changed=CXX_x86_64-unknown-linux-gnu
[INFO] [stderr]   CXX_x86_64-unknown-linux-gnu = None
[INFO] [stderr]   cargo:rerun-if-env-changed=CXX_x86_64_unknown_linux_gnu
[INFO] [stderr]   CXX_x86_64_unknown_linux_gnu = None
[INFO] [stderr]   cargo:rerun-if-env-changed=HOST_CXX
[INFO] [stderr]   HOST_CXX = None
[INFO] [stderr]   cargo:rerun-if-env-changed=CXX
[INFO] [stderr]   CXX = None
[INFO] [stderr]   cargo:rerun-if-env-changed=CRATE_CC_NO_DEFAULTS
[INFO] [stderr]   CRATE_CC_NO_DEFAULTS = None
[INFO] [stderr]   cargo:rerun-if-env-changed=CXXFLAGS
[INFO] [stderr]   CXXFLAGS = None
[INFO] [stderr]   cargo:rerun-if-env-changed=HOST_CXXFLAGS
[INFO] [stderr]   HOST_CXXFLAGS = None
[INFO] [stderr]   cargo:rerun-if-env-changed=CXXFLAGS_x86_64_unknown_linux_gnu
[INFO] [stderr]   CXXFLAGS_x86_64_unknown_linux_gnu = None
[INFO] [stderr]   cargo:rerun-if-env-changed=CXXFLAGS_x86_64-unknown-linux-gnu
[INFO] [stderr]   CXXFLAGS_x86_64-unknown-linux-gnu = None
[INFO] [stderr]   cargo:rerun-if-env-changed=CXX_x86_64-unknown-linux-gnu
[INFO] [stderr]   CXX_x86_64-unknown-linux-gnu = None
[INFO] [stderr]   cargo:rerun-if-env-changed=CXX_x86_64_unknown_linux_gnu
[INFO] [stderr]   CXX_x86_64_unknown_linux_gnu = None
[INFO] [stderr]   cargo:rerun-if-env-changed=HOST_CXX
[INFO] [stderr]   HOST_CXX = None
[INFO] [stderr]   cargo:rerun-if-env-changed=CXX
[INFO] [stderr]   CXX = None
[INFO] [stderr]   cargo:rerun-if-env-changed=CRATE_CC_NO_DEFAULTS
[INFO] [stderr]   CRATE_CC_NO_DEFAULTS = None
[INFO] [stderr]   cargo:rerun-if-env-changed=CXXFLAGS
[INFO] [stderr]   CXXFLAGS = None
[INFO] [stderr]   cargo:rerun-if-env-changed=HOST_CXXFLAGS
[INFO] [stderr]   HOST_CXXFLAGS = None
[INFO] [stderr]   cargo:rerun-if-env-changed=CXXFLAGS_x86_64_unknown_linux_gnu
[INFO] [stderr]   CXXFLAGS_x86_64_unknown_linux_gnu = None
[INFO] [stderr]   cargo:rerun-if-env-changed=CXXFLAGS_x86_64-unknown-linux-gnu
[INFO] [stderr]   CXXFLAGS_x86_64-unknown-linux-gnu = None
[INFO] [stderr]   cargo:rerun-if-env-changed=CXX_x86_64-unknown-linux-gnu
[INFO] [stderr]   CXX_x86_64-unknown-linux-gnu = None
[INFO] [stderr]   cargo:rerun-if-env-changed=CXX_x86_64_unknown_linux_gnu
[INFO] [stderr]   CXX_x86_64_unknown_linux_gnu = None
[INFO] [stderr]   cargo:rerun-if-env-changed=HOST_CXX
[INFO] [stderr]   HOST_CXX = None
[INFO] [stderr]   cargo:rerun-if-env-changed=CXX
[INFO] [stderr]   CXX = None
[INFO] [stderr]   cargo:rerun-if-env-changed=CRATE_CC_NO_DEFAULTS
[INFO] [stderr]   CRATE_CC_NO_DEFAULTS = None
[INFO] [stderr]   cargo:rerun-if-env-changed=CXXFLAGS
[INFO] [stderr]   CXXFLAGS = None
[INFO] [stderr]   cargo:rerun-if-env-changed=HOST_CXXFLAGS
[INFO] [stderr]   HOST_CXXFLAGS = None
[INFO] [stderr]   cargo:rerun-if-env-changed=CXXFLAGS_x86_64_unknown_linux_gnu
[INFO] [stderr]   CXXFLAGS_x86_64_unknown_linux_gnu = None
[INFO] [stderr]   cargo:rerun-if-env-changed=CXXFLAGS_x86_64-unknown-linux-gnu
[INFO] [stderr]   CXXFLAGS_x86_64-unknown-linux-gnu = None
[INFO] [stderr]   cargo:rerun-if-env-changed=CXX_x86_64-unknown-linux-gnu
[INFO] [stderr]   CXX_x86_64-unknown-linux-gnu = None
[INFO] [stderr]   cargo:rerun-if-env-changed=CXX_x86_64_unknown_linux_gnu
[INFO] [stderr]   CXX_x86_64_unknown_linux_gnu = None
[INFO] [stderr]   cargo:rerun-if-env-changed=HOST_CXX
[INFO] [stderr]   HOST_CXX = None
[INFO] [stderr]   cargo:rerun-if-env-changed=CXX
[INFO] [stderr]   CXX = None
[INFO] [stderr]   cargo:rerun-if-env-changed=CRATE_CC_NO_DEFAULTS
[INFO] [stderr]   CRATE_CC_NO_DEFAULTS = None
[INFO] [stderr]   cargo:rerun-if-env-changed=CXXFLAGS
[INFO] [stderr]   CXXFLAGS = None
[INFO] [stderr]   cargo:rerun-if-env-changed=HOST_CXXFLAGS
[INFO] [stderr]   HOST_CXXFLAGS = None
[INFO] [stderr]   cargo:rerun-if-env-changed=CXXFLAGS_x86_64_unknown_linux_gnu
[INFO] [stderr]   CXXFLAGS_x86_64_unknown_linux_gnu = None
[INFO] [stderr]   cargo:rerun-if-env-changed=CXXFLAGS_x86_64-unknown-linux-gnu
[INFO] [stderr]   CXXFLAGS_x86_64-unknown-linux-gnu = None
[INFO] [stderr]   cargo:rerun-if-env-changed=CXX_x86_64-unknown-linux-gnu
[INFO] [stderr]   CXX_x86_64-unknown-linux-gnu = None
[INFO] [stderr]   cargo:rerun-if-env-changed=CXX_x86_64_unknown_linux_gnu
[INFO] [stderr]   CXX_x86_64_unknown_linux_gnu = None
[INFO] [stderr]   cargo:rerun-if-env-changed=HOST_CXX
[INFO] [stderr]   HOST_CXX = None
[INFO] [stderr]   cargo:rerun-if-env-changed=CXX
[INFO] [stderr]   CXX = None
[INFO] [stderr]   cargo:rerun-if-env-changed=CRATE_CC_NO_DEFAULTS
[INFO] [stderr]   CRATE_CC_NO_DEFAULTS = None
[INFO] [stderr]   cargo:rerun-if-env-changed=CXXFLAGS
[INFO] [stderr]   CXXFLAGS = None
[INFO] [stderr]   cargo:rerun-if-env-changed=HOST_CXXFLAGS
[INFO] [stderr]   HOST_CXXFLAGS = None
[INFO] [stderr]   cargo:rerun-if-env-changed=CXXFLAGS_x86_64_unknown_linux_gnu
[INFO] [stderr]   CXXFLAGS_x86_64_unknown_linux_gnu = None
[INFO] [stderr]   cargo:rerun-if-env-changed=CXXFLAGS_x86_64-unknown-linux-gnu
[INFO] [stderr]   CXXFLAGS_x86_64-unknown-linux-gnu = None
[INFO] [stderr]   cargo:rerun-if-env-changed=CXX_x86_64-unknown-linux-gnu
[INFO] [stderr]   CXX_x86_64-unknown-linux-gnu = None
[INFO] [stderr]   cargo:rerun-if-env-changed=CXX_x86_64_unknown_linux_gnu
[INFO] [stderr]   CXX_x86_64_unknown_linux_gnu = None
[INFO] [stderr]   cargo:rerun-if-env-changed=HOST_CXX
[INFO] [stderr]   HOST_CXX = None
[INFO] [stderr]   cargo:rerun-if-env-changed=CXX
[INFO] [stderr]   CXX = None
[INFO] [stderr]   cargo:rerun-if-env-changed=CRATE_CC_NO_DEFAULTS
[INFO] [stderr]   CRATE_CC_NO_DEFAULTS = None
[INFO] [stderr]   cargo:rerun-if-env-changed=CXXFLAGS
[INFO] [stderr]   CXXFLAGS = None
[INFO] [stderr]   cargo:rerun-if-env-changed=HOST_CXXFLAGS
[INFO] [stderr]   HOST_CXXFLAGS = None
[INFO] [stderr]   cargo:rerun-if-env-changed=CXXFLAGS_x86_64_unknown_linux_gnu
[INFO] [stderr]   CXXFLAGS_x86_64_unknown_linux_gnu = None
[INFO] [stderr]   cargo:rerun-if-env-changed=CXXFLAGS_x86_64-unknown-linux-gnu
[INFO] [stderr]   CXXFLAGS_x86_64-unknown-linux-gnu = None
[INFO] [stderr]   cargo:warning=c++: fatal error: Killed signal terminated program cc1plus
[INFO] [stderr]   cargo:warning=compilation terminated.
[INFO] [stderr]   exit status: 0
[INFO] [stderr]   exit status: 0
[INFO] [stderr]   exit status: 0
[INFO] [stderr]   exit status: 1
[INFO] [stderr]   cargo:warning=ToolExecError: command did not execute successfully (status code exit status: 1): LC_ALL="C" "c++" "-O2" "-ffunction-sections" "-fdata-sections" "-fPIC" "-g" "-gdwarf-4" "-fno-omit-frame-pointer" "-m64" "-std=c++14" "-w" "-fPIC" "-Wno-switch" "-Wno-parentheses" "-Wno-macro-redefined" "-Wno-dangling-else" "-Wno-logical-op-parentheses" "-Wno-unused-parameter" "-Wno-unused-variable" "-Wno-unused-function" "-Wno-missing-braces" "-Wno-unknown-pragmas" "-Wno-deprecated-declarations" "-D_FILE_OFFSET_BITS=64" "-D_LARGEFILE_SOURCE" "-DRAR_SMP" "-DRARDLL" "-DUNRAR_NG_FORCE_UTF8" "-o" "/opt/rustwide/target/debug/build/unrar-ng-sys/d01c0ed57939a007/out/0934600a39780889-smallfn.o" "-c" "vendor/unrar/smallfn.cpp"cargo:rerun-if-env-changed=CXX_x86_64-unknown-linux-gnu
[INFO] [stderr]   CXX_x86_64-unknown-linux-gnu = None
[INFO] [stderr]   cargo:rerun-if-env-changed=CXX_x86_64_unknown_linux_gnu
[INFO] [stderr]   CXX_x86_64_unknown_linux_gnu = None
[INFO] [stderr]   cargo:rerun-if-env-changed=HOST_CXX
[INFO] [stderr]   HOST_CXX = None
[INFO] [stderr]   cargo:rerun-if-env-changed=CXX
[INFO] [stderr]   CXX = None
[INFO] [stderr]   cargo:rerun-if-env-changed=CRATE_CC_NO_DEFAULTS
[INFO] [stderr]   CRATE_CC_NO_DEFAULTS = None
[INFO] [stderr]   cargo:rerun-if-env-changed=CXXFLAGS
[INFO] [stderr]   CXXFLAGS = None
[INFO] [stderr]   cargo:rerun-if-env-changed=HOST_CXXFLAGS
[INFO] [stderr]   HOST_CXXFLAGS = None
[INFO] [stderr]   cargo:rerun-if-env-changed=CXXFLAGS_x86_64_unknown_linux_gnu
[INFO] [stderr]   CXXFLAGS_x86_64_unknown_linux_gnu = None
[INFO] [stderr]   cargo:rerun-if-env-changed=CXXFLAGS_x86_64-unknown-linux-gnu
[INFO] [stderr]   CXXFLAGS_x86_64-unknown-linux-gnu = None
[INFO] [stderr]   cargo:warning=c++: fatal error: Killed signal terminated program cc1plus
[INFO] [stderr]   cargo:warning=compilation terminated.
[INFO] [stderr] 
[INFO] [stderr]   exit status: 1
[INFO] [stderr]   cargo:warning=ToolExecError: command did not execute successfully (status code exit status: 1): LC_ALL="C" "c++" "-O2" "-ffunction-sections" "-fdata-sections" "-fPIC" "-g" "-gdwarf-4" "-fno-omit-frame-pointer" "-m64" "-std=c++14" "-w" "-fPIC" "-Wno-switch" "-Wno-parentheses" "-Wno-macro-redefined" "-Wno-dangling-else" "-Wno-logical-op-parentheses" "-Wno-unused-parameter" "-Wno-unused-variable" "-Wno-unused-function" "-Wno-missing-braces" "-Wno-unknown-pragmas" "-Wno-deprecated-declarations" "-D_FILE_OFFSET_BITS=64" "-D_LARGEFILE_SOURCE" "-DRAR_SMP" "-DRARDLL" "-DUNRAR_NG_FORCE_UTF8" "-o" "/opt/rustwide/target/debug/build/unrar-ng-sys/d01c0ed57939a007/out/0934600a39780889-global.o" "-c" "vendor/unrar/global.cpp"cargo:rerun-if-env-changed=CXX_x86_64-unknown-linux-gnu
[INFO] [stderr]   CXX_x86_64-unknown-linux-gnu = None
[INFO] [stderr]   cargo:rerun-if-env-changed=CXX_x86_64_unknown_linux_gnu
[INFO] [stderr]   CXX_x86_64_unknown_linux_gnu = None
[INFO] [stderr]   cargo:rerun-if-env-changed=HOST_CXX
[INFO] [stderr]   HOST_CXX = None
[INFO] [stderr]   cargo:rerun-if-env-changed=CXX
[INFO] [stderr]   CXX = None
[INFO] [stderr]   cargo:rerun-if-env-changed=CRATE_CC_NO_DEFAULTS
[INFO] [stderr]   CRATE_CC_NO_DEFAULTS = None
[INFO] [stderr]   cargo:rerun-if-env-changed=CXXFLAGS
[INFO] [stderr]   CXXFLAGS = None
[INFO] [stderr]   cargo:rerun-if-env-changed=HOST_CXXFLAGS
[INFO] [stderr]   HOST_CXXFLAGS = None
[INFO] [stderr]   cargo:rerun-if-env-changed=CXXFLAGS_x86_64_unknown_linux_gnu
[INFO] [stderr]   CXXFLAGS_x86_64_unknown_linux_gnu = None
[INFO] [stderr]   cargo:rerun-if-env-changed=CXXFLAGS_x86_64-unknown-linux-gnu
[INFO] [stderr]   CXXFLAGS_x86_64-unknown-linux-gnu = None
[INFO] [stderr]   cargo:warning=c++: fatal error: Killed signal terminated program cc1plus
[INFO] [stderr]   cargo:warning=compilation terminated.
[INFO] [stderr] 
[INFO] [stderr]   exit status: 1
[INFO] [stderr]   cargo:warning=ToolExecError: command did not execute successfully (status code exit status: 1): LC_ALL="C" "c++" "-O2" "-ffunction-sections" "-fdata-sections" "-fPIC" "-g" "-gdwarf-4" "-fno-omit-frame-pointer" "-m64" "-std=c++14" "-w" "-fPIC" "-Wno-switch" "-Wno-parentheses" "-Wno-macro-redefined" "-Wno-dangling-else" "-Wno-logical-op-parentheses" "-Wno-unused-parameter" "-Wno-unused-variable" "-Wno-unused-function" "-Wno-missing-braces" "-Wno-unknown-pragmas" "-Wno-deprecated-declarations" "-D_FILE_OFFSET_BITS=64" "-D_LARGEFILE_SOURCE" "-DRAR_SMP" "-DRARDLL" "-DUNRAR_NG_FORCE_UTF8" "-o" "/opt/rustwide/target/debug/build/unrar-ng-sys/d01c0ed57939a007/out/0934600a39780889-file.o" "-c" "vendor/unrar/file.cpp"cargo:warning=c++: fatal error: Killed signal terminated program cc1plus
[INFO] [stderr]   cargo:warning=compilation terminated.
[INFO] [stderr] 
[INFO] [stderr]   exit status: 1
[INFO] [stderr]   cargo:warning=ToolExecError: command did not execute successfully (status code exit status: 1): LC_ALL="C" "c++" "-O2" "-ffunction-sections" "-fdata-sections" "-fPIC" "-g" "-gdwarf-4" "-fno-omit-frame-pointer" "-m64" "-std=c++14" "-w" "-fPIC" "-Wno-switch" "-Wno-parentheses" "-Wno-macro-redefined" "-Wno-dangling-else" "-Wno-logical-op-parentheses" "-Wno-unused-parameter" "-Wno-unused-variable" "-Wno-unused-function" "-Wno-missing-braces" "-Wno-unknown-pragmas" "-Wno-deprecated-declarations" "-D_FILE_OFFSET_BITS=64" "-D_LARGEFILE_SOURCE" "-DRAR_SMP" "-DRARDLL" "-DUNRAR_NG_FORCE_UTF8" "-o" "/opt/rustwide/target/debug/build/unrar-ng-sys/d01c0ed57939a007/out/0934600a39780889-filefn.o" "-c" "vendor/unrar/filefn.cpp"cargo:warning=c++: fatal error: Killed signal terminated program cc1plus
[INFO] [stderr]   cargo:warning=compilation terminated.
[INFO] [stderr] 
[INFO] [stderr]   exit status: 1
[INFO] [stderr]   cargo:warning=ToolExecError: command did not execute successfully (status code exit status: 1): LC_ALL="C" "c++" "-O2" "-ffunction-sections" "-fdata-sections" "-fPIC" "-g" "-gdwarf-4" "-fno-omit-frame-pointer" "-m64" "-std=c++14" "-w" "-fPIC" "-Wno-switch" "-Wno-parentheses" "-Wno-macro-redefined" "-Wno-dangling-else" "-Wno-logical-op-parentheses" "-Wno-unused-parameter" "-Wno-unused-variable" "-Wno-unused-function" "-Wno-missing-braces" "-Wno-unknown-pragmas" "-Wno-deprecated-declarations" "-D_FILE_OFFSET_BITS=64" "-D_LARGEFILE_SOURCE" "-DRAR_SMP" "-DRARDLL" "-DUNRAR_NG_FORCE_UTF8" "-o" "/opt/rustwide/target/debug/build/unrar-ng-sys/d01c0ed57939a007/out/0934600a39780889-arcread.o" "-c" "vendor/unrar/arcread.cpp"cargo:rerun-if-env-changed=CXX_x86_64-unknown-linux-gnu
[INFO] [stderr]   CXX_x86_64-unknown-linux-gnu = None
[INFO] [stderr]   cargo:rerun-if-env-changed=CXX_x86_64_unknown_linux_gnu
[INFO] [stderr]   CXX_x86_64_unknown_linux_gnu = None
[INFO] [stderr]   cargo:rerun-if-env-changed=HOST_CXX
[INFO] [stderr]   HOST_CXX = None
[INFO] [stderr]   cargo:rerun-if-env-changed=CXX
[INFO] [stderr]   CXX = None
[INFO] [stderr]   cargo:rerun-if-env-changed=CRATE_CC_NO_DEFAULTS
[INFO] [stderr]   CRATE_CC_NO_DEFAULTS = None
[INFO] [stderr]   cargo:rerun-if-env-changed=CXXFLAGS
[INFO] [stderr]   CXXFLAGS = None
[INFO] [stderr]   cargo:rerun-if-env-changed=HOST_CXXFLAGS
[INFO] [stderr]   HOST_CXXFLAGS = None
[INFO] [stderr]   cargo:rerun-if-env-changed=CXXFLAGS_x86_64_unknown_linux_gnu
[INFO] [stderr]   CXXFLAGS_x86_64_unknown_linux_gnu = None
[INFO] [stderr]   cargo:rerun-if-env-changed=CXXFLAGS_x86_64-unknown-linux-gnu
[INFO] [stderr]   CXXFLAGS_x86_64-unknown-linux-gnu = None
[INFO] [stderr]   cargo:rerun-if-env-changed=CXX_x86_64-unknown-linux-gnu
[INFO] [stderr]   CXX_x86_64-unknown-linux-gnu = None
[INFO] [stderr]   cargo:rerun-if-env-changed=CXX_x86_64_unknown_linux_gnu
[INFO] [stderr]   CXX_x86_64_unknown_linux_gnu = None
[INFO] [stderr]   cargo:rerun-if-env-changed=HOST_CXX
[INFO] [stderr]   HOST_CXX = None
[INFO] [stderr]   cargo:rerun-if-env-changed=CXX
[INFO] [stderr]   CXX = None
[INFO] [stderr]   cargo:rerun-if-env-changed=CRATE_CC_NO_DEFAULTS
[INFO] [stderr]   CRATE_CC_NO_DEFAULTS = None
[INFO] [stderr]   cargo:rerun-if-env-changed=CXXFLAGS
[INFO] [stderr]   CXXFLAGS = None
[INFO] [stderr]   cargo:rerun-if-env-changed=HOST_CXXFLAGS
[INFO] [stderr]   HOST_CXXFLAGS = None
[INFO] [stderr]   cargo:rerun-if-env-changed=CXXFLAGS_x86_64_unknown_linux_gnu
[INFO] [stderr]   CXXFLAGS_x86_64_unknown_linux_gnu = None
[INFO] [stderr]   cargo:rerun-if-env-changed=CXXFLAGS_x86_64-unknown-linux-gnu
[INFO] [stderr]   CXXFLAGS_x86_64-unknown-linux-gnu = None
[INFO] [stderr]   cargo:rerun-if-env-changed=CXX_x86_64-unknown-linux-gnu
[INFO] [stderr]   CXX_x86_64-unknown-linux-gnu = None
[INFO] [stderr]   cargo:rerun-if-env-changed=CXX_x86_64_unknown_linux_gnu
[INFO] [stderr]   CXX_x86_64_unknown_linux_gnu = None
[INFO] [stderr]   cargo:rerun-if-env-changed=HOST_CXX
[INFO] [stderr]   HOST_CXX = None
[INFO] [stderr]   cargo:rerun-if-env-changed=CXX
[INFO] [stderr]   CXX = None
[INFO] [stderr]   cargo:rerun-if-env-changed=CRATE_CC_NO_DEFAULTS
[INFO] [stderr]   CRATE_CC_NO_DEFAULTS = None
[INFO] [stderr]   cargo:rerun-if-env-changed=CXXFLAGS
[INFO] [stderr]   CXXFLAGS = None
[INFO] [stderr]   cargo:rerun-if-env-changed=HOST_CXXFLAGS
[INFO] [stderr]   HOST_CXXFLAGS = None
[INFO] [stderr]   cargo:rerun-if-env-changed=CXXFLAGS_x86_64_unknown_linux_gnu
[INFO] [stderr]   CXXFLAGS_x86_64_unknown_linux_gnu = None
[INFO] [stderr]   cargo:rerun-if-env-changed=CXXFLAGS_x86_64-unknown-linux-gnu
[INFO] [stderr]   CXXFLAGS_x86_64-unknown-linux-gnu = None
[INFO] [stderr]   cargo:warning=c++: fatal error: Killed signal terminated program cc1plus
[INFO] [stderr]   cargo:warning=compilation terminated.
[INFO] [stderr] 
[INFO] [stderr]   exit status: 1
[INFO] [stderr]   cargo:warning=ToolExecError: command did not execute successfully (status code exit status: 1): LC_ALL="C" "c++" "-O2" "-ffunction-sections" "-fdata-sections" "-fPIC" "-g" "-gdwarf-4" "-fno-omit-frame-pointer" "-m64" "-std=c++14" "-w" "-fPIC" "-Wno-switch" "-Wno-parentheses" "-Wno-macro-redefined" "-Wno-dangling-else" "-Wno-logical-op-parentheses" "-Wno-unused-parameter" "-Wno-unused-variable" "-Wno-unused-function" "-Wno-missing-braces" "-Wno-unknown-pragmas" "-Wno-deprecated-declarations" "-D_FILE_OFFSET_BITS=64" "-D_LARGEFILE_SOURCE" "-DRAR_SMP" "-DRARDLL" "-DUNRAR_NG_FORCE_UTF8" "-o" "/opt/rustwide/target/debug/build/unrar-ng-sys/d01c0ed57939a007/out/0934600a39780889-unicode.o" "-c" "vendor/unrar/unicode.cpp"cargo:rerun-if-env-changed=CXX_x86_64-unknown-linux-gnu
[INFO] [stderr]   CXX_x86_64-unknown-linux-gnu = None
[INFO] [stderr]   cargo:rerun-if-env-changed=CXX_x86_64_unknown_linux_gnu
[INFO] [stderr]   CXX_x86_64_unknown_linux_gnu = None
[INFO] [stderr]   cargo:rerun-if-env-changed=HOST_CXX
[INFO] [stderr]   HOST_CXX = None
[INFO] [stderr]   cargo:rerun-if-env-changed=CXX
[INFO] [stderr]   CXX = None
[INFO] [stderr]   cargo:rerun-if-env-changed=CRATE_CC_NO_DEFAULTS
[INFO] [stderr]   CRATE_CC_NO_DEFAULTS = None
[INFO] [stderr]   cargo:rerun-if-env-changed=CXXFLAGS
[INFO] [stderr]   CXXFLAGS = None
[INFO] [stderr]   cargo:rerun-if-env-changed=HOST_CXXFLAGS
[INFO] [stderr]   HOST_CXXFLAGS = None
[INFO] [stderr]   cargo:rerun-if-env-changed=CXXFLAGS_x86_64_unknown_linux_gnu
[INFO] [stderr]   CXXFLAGS_x86_64_unknown_linux_gnu = None
[INFO] [stderr]   cargo:rerun-if-env-changed=CXXFLAGS_x86_64-unknown-linux-gnu
[INFO] [stderr]   CXXFLAGS_x86_64-unknown-linux-gnu = None
[INFO] [stderr]   cargo:warning=c++: fatal error: Killed signal terminated program cc1plus
[INFO] [stderr]   cargo:warning=compilation terminated.
[INFO] [stderr] 
[INFO] [stderr]   exit status: 1
[INFO] [stderr]   cargo:warning=ToolExecError: command did not execute successfully (status code exit status: 1): LC_ALL="C" "c++" "-O2" "-ffunction-sections" "-fdata-sections" "-fPIC" "-g" "-gdwarf-4" "-fno-omit-frame-pointer" "-m64" "-std=c++14" "-w" "-fPIC" "-Wno-switch" "-Wno-parentheses" "-Wno-macro-redefined" "-Wno-dangling-else" "-Wno-logical-op-parentheses" "-Wno-unused-parameter" "-Wno-unused-variable" "-Wno-unused-function" "-Wno-missing-braces" "-Wno-unknown-pragmas" "-Wno-deprecated-declarations" "-D_FILE_OFFSET_BITS=64" "-D_LARGEFILE_SOURCE" "-DRAR_SMP" "-DRARDLL" "-DUNRAR_NG_FORCE_UTF8" "-o" "/opt/rustwide/target/debug/build/unrar-ng-sys/d01c0ed57939a007/out/0934600a39780889-archive.o" "-c" "vendor/unrar/archive.cpp"cargo:warning=c++: fatal error: Killed signal terminated program cc1plus
[INFO] [stderr]   cargo:warning=compilation terminated.
[INFO] [stderr] 
[INFO] [stderr]   exit status: 1
[INFO] [stderr]   cargo:warning=ToolExecError: command did not execute successfully (status code exit status: 1): LC_ALL="C" "c++" "-O2" "-ffunction-sections" "-fdata-sections" "-fPIC" "-g" "-gdwarf-4" "-fno-omit-frame-pointer" "-m64" "-std=c++14" "-w" "-fPIC" "-Wno-switch" "-Wno-parentheses" "-Wno-macro-redefined" "-Wno-dangling-else" "-Wno-logical-op-parentheses" "-Wno-unused-parameter" "-Wno-unused-variable" "-Wno-unused-function" "-Wno-missing-braces" "-Wno-unknown-pragmas" "-Wno-deprecated-declarations" "-D_FILE_OFFSET_BITS=64" "-D_LARGEFILE_SOURCE" "-DRAR_SMP" "-DRARDLL" "-DUNRAR_NG_FORCE_UTF8" "-o" "/opt/rustwide/target/debug/build/unrar-ng-sys/d01c0ed57939a007/out/0934600a39780889-system.o" "-c" "vendor/unrar/system.cpp"cargo:rerun-if-env-changed=CXX_x86_64-unknown-linux-gnu
[INFO] [stderr]   CXX_x86_64-unknown-linux-gnu = None
[INFO] [stderr]   cargo:rerun-if-env-changed=CXX_x86_64_unknown_linux_gnu
[INFO] [stderr]   CXX_x86_64_unknown_linux_gnu = None
[INFO] [stderr]   cargo:rerun-if-env-changed=HOST_CXX
[INFO] [stderr]   HOST_CXX = None
[INFO] [stderr]   cargo:rerun-if-env-changed=CXX
[INFO] [stderr]   CXX = None
[INFO] [stderr]   cargo:rerun-if-env-changed=CRATE_CC_NO_DEFAULTS
[INFO] [stderr]   CRATE_CC_NO_DEFAULTS = None
[INFO] [stderr]   cargo:rerun-if-env-changed=CXXFLAGS
[INFO] [stderr]   CXXFLAGS = None
[INFO] [stderr]   cargo:rerun-if-env-changed=HOST_CXXFLAGS
[INFO] [stderr]   HOST_CXXFLAGS = None
[INFO] [stderr]   cargo:rerun-if-env-changed=CXXFLAGS_x86_64_unknown_linux_gnu
[INFO] [stderr]   CXXFLAGS_x86_64_unknown_linux_gnu = None
[INFO] [stderr]   cargo:rerun-if-env-changed=CXXFLAGS_x86_64-unknown-linux-gnu
[INFO] [stderr]   CXXFLAGS_x86_64-unknown-linux-gnu = None
[INFO] [stderr]   cargo:rerun-if-env-changed=CXX_x86_64-unknown-linux-gnu
[INFO] [stderr]   CXX_x86_64-unknown-linux-gnu = None
[INFO] [stderr]   cargo:rerun-if-env-changed=CXX_x86_64_unknown_linux_gnu
[INFO] [stderr]   CXX_x86_64_unknown_linux_gnu = None
[INFO] [stderr]   cargo:rerun-if-env-changed=HOST_CXX
[INFO] [stderr]   HOST_CXX = None
[INFO] [stderr]   cargo:rerun-if-env-changed=CXX
[INFO] [stderr]   CXX = None
[INFO] [stderr]   cargo:rerun-if-env-changed=CRATE_CC_NO_DEFAULTS
[INFO] [stderr]   CRATE_CC_NO_DEFAULTS = None
[INFO] [stderr]   cargo:rerun-if-env-changed=CXXFLAGS
[INFO] [stderr]   CXXFLAGS = None
[INFO] [stderr]   cargo:rerun-if-env-changed=HOST_CXXFLAGS
[INFO] [stderr]   HOST_CXXFLAGS = None
[INFO] [stderr]   cargo:rerun-if-env-changed=CXXFLAGS_x86_64_unknown_linux_gnu
[INFO] [stderr]   CXXFLAGS_x86_64_unknown_linux_gnu = None
[INFO] [stderr]   cargo:rerun-if-env-changed=CXXFLAGS_x86_64-unknown-linux-gnu
[INFO] [stderr]   CXXFLAGS_x86_64-unknown-linux-gnu = None
[INFO] [stderr]   cargo:warning=c++: fatal error: Killed signal terminated program cc1plus
[INFO] [stderr]   cargo:warning=compilation terminated.
[INFO] [stderr] 
[INFO] [stderr]   exit status: 1
[INFO] [stderr]   cargo:warning=ToolExecError: command did not execute successfully (status code exit status: 1): LC_ALL="C" "c++" "-O2" "-ffunction-sections" "-fdata-sections" "-fPIC" "-g" "-gdwarf-4" "-fno-omit-frame-pointer" "-m64" "-std=c++14" "-w" "-fPIC" "-Wno-switch" "-Wno-parentheses" "-Wno-macro-redefined" "-Wno-dangling-else" "-Wno-logical-op-parentheses" "-Wno-unused-parameter" "-Wno-unused-variable" "-Wno-unused-function" "-Wno-missing-braces" "-Wno-unknown-pragmas" "-Wno-deprecated-declarations" "-D_FILE_OFFSET_BITS=64" "-D_LARGEFILE_SOURCE" "-DRAR_SMP" "-DRARDLL" "-DUNRAR_NG_FORCE_UTF8" "-o" "/opt/rustwide/target/debug/build/unrar-ng-sys/d01c0ed57939a007/out/0934600a39780889-filcreat.o" "-c" "vendor/unrar/filcreat.cpp"cargo:warning=c++: fatal error: Killed signal terminated program cc1plus
[INFO] [stderr]   cargo:warning=compilation terminated.
[INFO] [stderr] 
[INFO] [stderr]   exit status: 1
[INFO] [stderr]   cargo:warning=ToolExecError: command did not execute successfully (status code exit status: 1): LC_ALL="C" "c++" "-O2" "-ffunction-sections" "-fdata-sections" "-fPIC" "-g" "-gdwarf-4" "-fno-omit-frame-pointer" "-m64" "-std=c++14" "-w" "-fPIC" "-Wno-switch" "-Wno-parentheses" "-Wno-macro-redefined" "-Wno-dangling-else" "-Wno-logical-op-parentheses" "-Wno-unused-parameter" "-Wno-unused-variable" "-Wno-unused-function" "-Wno-missing-braces" "-Wno-unknown-pragmas" "-Wno-deprecated-declarations" "-D_FILE_OFFSET_BITS=64" "-D_LARGEFILE_SOURCE" "-DRAR_SMP" "-DRARDLL" "-DUNRAR_NG_FORCE_UTF8" "-o" "/opt/rustwide/target/debug/build/unrar-ng-sys/d01c0ed57939a007/out/0934600a39780889-encname.o" "-c" "vendor/unrar/encname.cpp"cargo:rerun-if-env-changed=CXX_x86_64-unknown-linux-gnu
[INFO] [stderr]   CXX_x86_64-unknown-linux-gnu = None
[INFO] [stderr]   cargo:rerun-if-env-changed=CXX_x86_64_unknown_linux_gnu
[INFO] [stderr]   CXX_x86_64_unknown_linux_gnu = None
[INFO] [stderr]   cargo:rerun-if-env-changed=HOST_CXX
[INFO] [stderr]   HOST_CXX = None
[INFO] [stderr]   cargo:rerun-if-env-changed=CXX
[INFO] [stderr]   CXX = None
[INFO] [stderr]   cargo:rerun-if-env-changed=CRATE_CC_NO_DEFAULTS
[INFO] [stderr]   CRATE_CC_NO_DEFAULTS = None
[INFO] [stderr]   cargo:rerun-if-env-changed=CXXFLAGS
[INFO] [stderr]   CXXFLAGS = None
[INFO] [stderr]   cargo:rerun-if-env-changed=HOST_CXXFLAGS
[INFO] [stderr]   HOST_CXXFLAGS = None
[INFO] [stderr]   cargo:rerun-if-env-changed=CXXFLAGS_x86_64_unknown_linux_gnu
[INFO] [stderr]   CXXFLAGS_x86_64_unknown_linux_gnu = None
[INFO] [stderr]   cargo:rerun-if-env-changed=CXXFLAGS_x86_64-unknown-linux-gnu
[INFO] [stderr]   CXXFLAGS_x86_64-unknown-linux-gnu = None
[INFO] [stderr]   cargo:rerun-if-env-changed=CXX_x86_64-unknown-linux-gnu
[INFO] [stderr]   CXX_x86_64-unknown-linux-gnu = None
[INFO] [stderr]   cargo:rerun-if-env-changed=CXX_x86_64_unknown_linux_gnu
[INFO] [stderr]   CXX_x86_64_unknown_linux_gnu = None
[INFO] [stderr]   cargo:rerun-if-env-changed=HOST_CXX
[INFO] [stderr]   HOST_CXX = None
[INFO] [stderr]   cargo:rerun-if-env-changed=CXX
[INFO] [stderr]   CXX = None
[INFO] [stderr]   cargo:rerun-if-env-changed=CRATE_CC_NO_DEFAULTS
[INFO] [stderr]   CRATE_CC_NO_DEFAULTS = None
[INFO] [stderr]   cargo:rerun-if-env-changed=CXXFLAGS
[INFO] [stderr]   CXXFLAGS = None
[INFO] [stderr]   cargo:rerun-if-env-changed=HOST_CXXFLAGS
[INFO] [stderr]   HOST_CXXFLAGS = None
[INFO] [stderr]   cargo:rerun-if-env-changed=CXXFLAGS_x86_64_unknown_linux_gnu
[INFO] [stderr]   CXXFLAGS_x86_64_unknown_linux_gnu = None
[INFO] [stderr]   cargo:rerun-if-env-changed=CXXFLAGS_x86_64-unknown-linux-gnu
[INFO] [stderr]   CXXFLAGS_x86_64-unknown-linux-gnu = None
[INFO] [stderr]   cargo:warning=c++: fatal error: Killed signal terminated program cc1plus
[INFO] [stderr]   cargo:warning=compilation terminated.
[INFO] [stderr] 
[INFO] [stderr]   exit status: 1
[INFO] [stderr]   cargo:warning=ToolExecError: command did not execute successfully (status code exit status: 1): LC_ALL="C" "c++" "-O2" "-ffunction-sections" "-fdata-sections" "-fPIC" "-g" "-gdwarf-4" "-fno-omit-frame-pointer" "-m64" "-std=c++14" "-w" "-fPIC" "-Wno-switch" "-Wno-parentheses" "-Wno-macro-redefined" "-Wno-dangling-else" "-Wno-logical-op-parentheses" "-Wno-unused-parameter" "-Wno-unused-variable" "-Wno-unused-function" "-Wno-missing-braces" "-Wno-unknown-pragmas" "-Wno-deprecated-declarations" "-D_FILE_OFFSET_BITS=64" "-D_LARGEFILE_SOURCE" "-DRAR_SMP" "-DRARDLL" "-DUNRAR_NG_FORCE_UTF8" "-o" "/opt/rustwide/target/debug/build/unrar-ng-sys/d01c0ed57939a007/out/0934600a39780889-crypt.o" "-c" "vendor/unrar/crypt.cpp"cargo:warning=c++: fatal error: Killed signal terminated program cc1plus
[INFO] [stderr]   cargo:warning=compilation terminated.
[INFO] [stderr] 
[INFO] [stderr]   exit status: 1
[INFO] [stderr]   cargo:warning=ToolExecError: command did not execute successfully (status code exit status: 1): LC_ALL="C" "c++" "-O2" "-ffunction-sections" "-fdata-sections" "-fPIC" "-g" "-gdwarf-4" "-fno-omit-frame-pointer" "-m64" "-std=c++14" "-w" "-fPIC" "-Wno-switch" "-Wno-parentheses" "-Wno-macro-redefined" "-Wno-dangling-else" "-Wno-logical-op-parentheses" "-Wno-unused-parameter" "-Wno-unused-variable" "-Wno-unused-function" "-Wno-missing-braces" "-Wno-unknown-pragmas" "-Wno-deprecated-declarations" "-D_FILE_OFFSET_BITS=64" "-D_LARGEFILE_SOURCE" "-DRAR_SMP" "-DRARDLL" "-DUNRAR_NG_FORCE_UTF8" "-o" "/opt/rustwide/target/debug/build/unrar-ng-sys/d01c0ed57939a007/out/0934600a39780889-crc.o" "-c" "vendor/unrar/crc.cpp"cargo:rerun-if-env-changed=CXX_x86_64-unknown-linux-gnu
[INFO] [stderr]   CXX_x86_64-unknown-linux-gnu = None
[INFO] [stderr]   cargo:rerun-if-env-changed=CXX_x86_64_unknown_linux_gnu
[INFO] [stderr]   CXX_x86_64_unknown_linux_gnu = None
[INFO] [stderr]   cargo:rerun-if-env-changed=HOST_CXX
[INFO] [stderr]   HOST_CXX = None
[INFO] [stderr]   cargo:rerun-if-env-changed=CXX
[INFO] [stderr]   CXX = None
[INFO] [stderr]   cargo:rerun-if-env-changed=CRATE_CC_NO_DEFAULTS
[INFO] [stderr]   CRATE_CC_NO_DEFAULTS = None
[INFO] [stderr]   cargo:rerun-if-env-changed=CXXFLAGS
[INFO] [stderr]   CXXFLAGS = None
[INFO] [stderr]   cargo:rerun-if-env-changed=HOST_CXXFLAGS
[INFO] [stderr]   HOST_CXXFLAGS = None
[INFO] [stderr]   cargo:rerun-if-env-changed=CXXFLAGS_x86_64_unknown_linux_gnu
[INFO] [stderr]   CXXFLAGS_x86_64_unknown_linux_gnu = None
[INFO] [stderr]   cargo:rerun-if-env-changed=CXXFLAGS_x86_64-unknown-linux-gnu
[INFO] [stderr]   CXXFLAGS_x86_64-unknown-linux-gnu = None
[INFO] [stderr]   cargo:rerun-if-env-changed=CXX_x86_64-unknown-linux-gnu
[INFO] [stderr]   CXX_x86_64-unknown-linux-gnu = None
[INFO] [stderr]   cargo:rerun-if-env-changed=CXX_x86_64_unknown_linux_gnu
[INFO] [stderr]   CXX_x86_64_unknown_linux_gnu = None
[INFO] [stderr]   cargo:rerun-if-env-changed=HOST_CXX
[INFO] [stderr]   HOST_CXX = None
[INFO] [stderr]   cargo:rerun-if-env-changed=CXX
[INFO] [stderr]   CXX = None
[INFO] [stderr]   cargo:rerun-if-env-changed=CRATE_CC_NO_DEFAULTS
[INFO] [stderr]   CRATE_CC_NO_DEFAULTS = None
[INFO] [stderr]   cargo:rerun-if-env-changed=CXXFLAGS
[INFO] [stderr]   CXXFLAGS = None
[INFO] [stderr]   cargo:rerun-if-env-changed=HOST_CXXFLAGS
[INFO] [stderr]   HOST_CXXFLAGS = None
[INFO] [stderr]   cargo:rerun-if-env-changed=CXXFLAGS_x86_64_unknown_linux_gnu
[INFO] [stderr]   CXXFLAGS_x86_64_unknown_linux_gnu = None
[INFO] [stderr]   cargo:rerun-if-env-changed=CXXFLAGS_x86_64-unknown-linux-gnu
[INFO] [stderr]   CXXFLAGS_x86_64-unknown-linux-gnu = None
[INFO] [stderr]   cargo:warning=c++: fatal error: Killed signal terminated program cc1plus
[INFO] [stderr]   cargo:warning=compilation terminated.
[INFO] [stderr] 
[INFO] [stderr]   exit status: 1
[INFO] [stderr]   cargo:warning=ToolExecError: command did not execute successfully (status code exit status: 1): LC_ALL="C" "c++" "-O2" "-ffunction-sections" "-fdata-sections" "-fPIC" "-g" "-gdwarf-4" "-fno-omit-frame-pointer" "-m64" "-std=c++14" "-w" "-fPIC" "-Wno-switch" "-Wno-parentheses" "-Wno-macro-redefined" "-Wno-dangling-else" "-Wno-logical-op-parentheses" "-Wno-unused-parameter" "-Wno-unused-variable" "-Wno-unused-function" "-Wno-missing-braces" "-Wno-unknown-pragmas" "-Wno-deprecated-declarations" "-D_FILE_OFFSET_BITS=64" "-D_LARGEFILE_SOURCE" "-DRAR_SMP" "-DRARDLL" "-DUNRAR_NG_FORCE_UTF8" "-o" "/opt/rustwide/target/debug/build/unrar-ng-sys/d01c0ed57939a007/out/0934600a39780889-rawread.o" "-c" "vendor/unrar/rawread.cpp"cargo:warning=c++: fatal error: Killed signal terminated program cc1plus
[INFO] [stderr]   cargo:warning=compilation terminated.
[INFO] [stderr] 
[INFO] [stderr]   exit status: 1
[INFO] [stderr]   cargo:warning=ToolExecError: command did not execute successfully (status code exit status: 1): LC_ALL="C" "c++" "-O2" "-ffunction-sections" "-fdata-sections" "-fPIC" "-g" "-gdwarf-4" "-fno-omit-frame-pointer" "-m64" "-std=c++14" "-w" "-fPIC" "-Wno-switch" "-Wno-parentheses" "-Wno-macro-redefined" "-Wno-dangling-else" "-Wno-logical-op-parentheses" "-Wno-unused-parameter" "-Wno-unused-variable" "-Wno-unused-function" "-Wno-missing-braces" "-Wno-unknown-pragmas" "-Wno-deprecated-declarations" "-D_FILE_OFFSET_BITS=64" "-D_LARGEFILE_SOURCE" "-DRAR_SMP" "-DRARDLL" "-DUNRAR_NG_FORCE_UTF8" "-o" "/opt/rustwide/target/debug/build/unrar-ng-sys/d01c0ed57939a007/out/0934600a39780889-match.o" "-c" "vendor/unrar/match.cpp"cargo:warning=c++: fatal error: Killed signal terminated program cc1plus
[INFO] [stderr]   cargo:warning=compilation terminated.
[INFO] [stderr] 
[INFO] [stderr]   exit status: 1
[INFO] [stderr]   cargo:warning=ToolExecError: command did not execute successfully (status code exit status: 1): LC_ALL="C" "c++" "-O2" "-ffunction-sections" "-fdata-sections" "-fPIC" "-g" "-gdwarf-4" "-fno-omit-frame-pointer" "-m64" "-std=c++14" "-w" "-fPIC" "-Wno-switch" "-Wno-parentheses" "-Wno-macro-redefined" "-Wno-dangling-else" "-Wno-logical-op-parentheses" "-Wno-unused-parameter" "-Wno-unused-variable" "-Wno-unused-function" "-Wno-missing-braces" "-Wno-unknown-pragmas" "-Wno-deprecated-declarations" "-D_FILE_OFFSET_BITS=64" "-D_LARGEFILE_SOURCE" "-DRAR_SMP" "-DRARDLL" "-DUNRAR_NG_FORCE_UTF8" "-o" "/opt/rustwide/target/debug/build/unrar-ng-sys/d01c0ed57939a007/out/0934600a39780889-timefn.o" "-c" "vendor/unrar/timefn.cpp"cargo:warning=c++: fatal error: Killed signal terminated program cc1plus
[INFO] [stderr]   cargo:warning=compilation terminated.
[INFO] [stderr] 
[INFO] [stderr]   exit status: 1
[INFO] [stderr]   cargo:warning=ToolExecError: command did not execute successfully (status code exit status: 1): LC_ALL="C" "c++" "-O2" "-ffunction-sections" "-fdata-sections" "-fPIC" "-g" "-gdwarf-4" "-fno-omit-frame-pointer" "-m64" "-std=c++14" "-w" "-fPIC" "-Wno-switch" "-Wno-parentheses" "-Wno-macro-redefined" "-Wno-dangling-else" "-Wno-logical-op-parentheses" "-Wno-unused-parameter" "-Wno-unused-variable" "-Wno-unused-function" "-Wno-missing-braces" "-Wno-unknown-pragmas" "-Wno-deprecated-declarations" "-D_FILE_OFFSET_BITS=64" "-D_LARGEFILE_SOURCE" "-DRAR_SMP" "-DRARDLL" "-DUNRAR_NG_FORCE_UTF8" "-o" "/opt/rustwide/target/debug/build/unrar-ng-sys/d01c0ed57939a007/out/0934600a39780889-options.o" "-c" "vendor/unrar/options.cpp"cargo:warning=c++: fatal error: Killed signal terminated program cc1plus
[INFO] [stderr]   cargo:warning=compilation terminated.
[INFO] [stderr] 
[INFO] [stderr]   exit status: 1
[INFO] [stderr]   cargo:warning=ToolExecError: command did not execute successfully (status code exit status: 1): LC_ALL="C" "c++" "-O2" "-ffunction-sections" "-fdata-sections" "-fPIC" "-g" "-gdwarf-4" "-fno-omit-frame-pointer" "-m64" "-std=c++14" "-w" "-fPIC" "-Wno-switch" "-Wno-parentheses" "-Wno-macro-redefined" "-Wno-dangling-else" "-Wno-logical-op-parentheses" "-Wno-unused-parameter" "-Wno-unused-variable" "-Wno-unused-function" "-Wno-missing-braces" "-Wno-unknown-pragmas" "-Wno-deprecated-declarations" "-D_FILE_OFFSET_BITS=64" "-D_LARGEFILE_SOURCE" "-DRAR_SMP" "-DRARDLL" "-DUNRAR_NG_FORCE_UTF8" "-o" "/opt/rustwide/target/debug/build/unrar-ng-sys/d01c0ed57939a007/out/0934600a39780889-rarvm.o" "-c" "vendor/unrar/rarvm.cpp"cargo:warning=c++: fatal error: Killed signal terminated program cc1plus
[INFO] [stderr]   cargo:warning=compilation terminated.
[INFO] [stderr] 
[INFO] [stderr]   exit status: 1
[INFO] [stderr]   cargo:warning=ToolExecError: command did not execute successfully (status code exit status: 1): LC_ALL="C" "c++" "-O2" "-ffunction-sections" "-fdata-sections" "-fPIC" "-g" "-gdwarf-4" "-fno-omit-frame-pointer" "-m64" "-std=c++14" "-w" "-fPIC" "-Wno-switch" "-Wno-parentheses" "-Wno-macro-redefined" "-Wno-dangling-else" "-Wno-logical-op-parentheses" "-Wno-unused-parameter" "-Wno-unused-variable" "-Wno-unused-function" "-Wno-missing-braces" "-Wno-unknown-pragmas" "-Wno-deprecated-declarations" "-D_FILE_OFFSET_BITS=64" "-D_LARGEFILE_SOURCE" "-DRAR_SMP" "-DRARDLL" "-DUNRAR_NG_FORCE_UTF8" "-o" "/opt/rustwide/target/debug/build/unrar-ng-sys/d01c0ed57939a007/out/0934600a39780889-secpassword.o" "-c" "vendor/unrar/secpassword.cpp"cargo:rerun-if-env-changed=CXX_x86_64-unknown-linux-gnu
[INFO] [stderr]   CXX_x86_64-unknown-linux-gnu = None
[INFO] [stderr]   cargo:rerun-if-env-changed=CXX_x86_64_unknown_linux_gnu
[INFO] [stderr]   CXX_x86_64_unknown_linux_gnu = None
[INFO] [stderr]   cargo:rerun-if-env-changed=HOST_CXX
[INFO] [stderr]   HOST_CXX = None
[INFO] [stderr]   cargo:rerun-if-env-changed=CXX
[INFO] [stderr]   CXX = None
[INFO] [stderr]   cargo:rerun-if-env-changed=CRATE_CC_NO_DEFAULTS
[INFO] [stderr]   CRATE_CC_NO_DEFAULTS = None
[INFO] [stderr]   cargo:rerun-if-env-changed=CXXFLAGS
[INFO] [stderr]   CXXFLAGS = None
[INFO] [stderr]   cargo:rerun-if-env-changed=HOST_CXXFLAGS
[INFO] [stderr]   HOST_CXXFLAGS = None
[INFO] [stderr]   cargo:rerun-if-env-changed=CXXFLAGS_x86_64_unknown_linux_gnu
[INFO] [stderr]   CXXFLAGS_x86_64_unknown_linux_gnu = None
[INFO] [stderr]   cargo:rerun-if-env-changed=CXXFLAGS_x86_64-unknown-linux-gnu
[INFO] [stderr]   CXXFLAGS_x86_64-unknown-linux-gnu = None
[INFO] [stderr]   cargo:rerun-if-env-changed=CXX_x86_64-unknown-linux-gnu
[INFO] [stderr]   CXX_x86_64-unknown-linux-gnu = None
[INFO] [stderr]   cargo:rerun-if-env-changed=CXX_x86_64_unknown_linux_gnu
[INFO] [stderr]   CXX_x86_64_unknown_linux_gnu = None
[INFO] [stderr]   cargo:rerun-if-env-changed=HOST_CXX
[INFO] [stderr]   HOST_CXX = None
[INFO] [stderr]   cargo:rerun-if-env-changed=CXX
[INFO] [stderr]   CXX = None
[INFO] [stderr]   cargo:rerun-if-env-changed=CRATE_CC_NO_DEFAULTS
[INFO] [stderr]   CRATE_CC_NO_DEFAULTS = None
[INFO] [stderr]   cargo:rerun-if-env-changed=CXXFLAGS
[INFO] [stderr]   CXXFLAGS = None
[INFO] [stderr]   cargo:rerun-if-env-changed=HOST_CXXFLAGS
[INFO] [stderr]   HOST_CXXFLAGS = None
[INFO] [stderr]   cargo:rerun-if-env-changed=CXXFLAGS_x86_64_unknown_linux_gnu
[INFO] [stderr]   CXXFLAGS_x86_64_unknown_linux_gnu = None
[INFO] [stderr]   cargo:rerun-if-env-changed=CXXFLAGS_x86_64-unknown-linux-gnu
[INFO] [stderr]   CXXFLAGS_x86_64-unknown-linux-gnu = None
[INFO] [stderr]   cargo:rerun-if-env-changed=CXX_x86_64-unknown-linux-gnu
[INFO] [stderr]   CXX_x86_64-unknown-linux-gnu = None
[INFO] [stderr]   cargo:rerun-if-env-changed=CXX_x86_64_unknown_linux_gnu
[INFO] [stderr]   CXX_x86_64_unknown_linux_gnu = None
[INFO] [stderr]   cargo:rerun-if-env-changed=HOST_CXX
[INFO] [stderr]   HOST_CXX = None
[INFO] [stderr]   cargo:rerun-if-env-changed=CXX
[INFO] [stderr]   CXX = None
[INFO] [stderr]   cargo:rerun-if-env-changed=CRATE_CC_NO_DEFAULTS
[INFO] [stderr]   CRATE_CC_NO_DEFAULTS = None
[INFO] [stderr]   cargo:rerun-if-env-changed=CXXFLAGS
[INFO] [stderr]   CXXFLAGS = None
[INFO] [stderr]   cargo:rerun-if-env-changed=HOST_CXXFLAGS
[INFO] [stderr]   HOST_CXXFLAGS = None
[INFO] [stderr]   cargo:rerun-if-env-changed=CXXFLAGS_x86_64_unknown_linux_gnu
[INFO] [stderr]   CXXFLAGS_x86_64_unknown_linux_gnu = None
[INFO] [stderr]   cargo:rerun-if-env-changed=CXXFLAGS_x86_64-unknown-linux-gnu
[INFO] [stderr]   CXXFLAGS_x86_64-unknown-linux-gnu = None
[INFO] [stderr]   cargo:rerun-if-env-changed=CXX_x86_64-unknown-linux-gnu
[INFO] [stderr]   CXX_x86_64-unknown-linux-gnu = None
[INFO] [stderr]   cargo:rerun-if-env-changed=CXX_x86_64_unknown_linux_gnu
[INFO] [stderr]   CXX_x86_64_unknown_linux_gnu = None
[INFO] [stderr]   cargo:rerun-if-env-changed=HOST_CXX
[INFO] [stderr]   HOST_CXX = None
[INFO] [stderr]   cargo:rerun-if-env-changed=CXX
[INFO] [stderr]   CXX = None
[INFO] [stderr]   cargo:rerun-if-env-changed=CRATE_CC_NO_DEFAULTS
[INFO] [stderr]   CRATE_CC_NO_DEFAULTS = None
[INFO] [stderr]   cargo:rerun-if-env-changed=CXXFLAGS
[INFO] [stderr]   CXXFLAGS = None
[INFO] [stderr]   cargo:rerun-if-env-changed=HOST_CXXFLAGS
[INFO] [stderr]   HOST_CXXFLAGS = None
[INFO] [stderr]   cargo:rerun-if-env-changed=CXXFLAGS_x86_64_unknown_linux_gnu
[INFO] [stderr]   CXXFLAGS_x86_64_unknown_linux_gnu = None
[INFO] [stderr]   cargo:rerun-if-env-changed=CXXFLAGS_x86_64-unknown-linux-gnu
[INFO] [stderr]   CXXFLAGS_x86_64-unknown-linux-gnu = None
[INFO] [stderr]   cargo:rerun-if-env-changed=CXX_x86_64-unknown-linux-gnu
[INFO] [stderr]   CXX_x86_64-unknown-linux-gnu = None
[INFO] [stderr]   cargo:rerun-if-env-changed=CXX_x86_64_unknown_linux_gnu
[INFO] [stderr]   CXX_x86_64_unknown_linux_gnu = None
[INFO] [stderr]   cargo:rerun-if-env-changed=HOST_CXX
[INFO] [stderr]   HOST_CXX = None
[INFO] [stderr]   cargo:rerun-if-env-changed=CXX
[INFO] [stderr]   CXX = None
[INFO] [stderr]   cargo:rerun-if-env-changed=CRATE_CC_NO_DEFAULTS
[INFO] [stderr]   CRATE_CC_NO_DEFAULTS = None
[INFO] [stderr]   cargo:rerun-if-env-changed=CXXFLAGS
[INFO] [stderr]   CXXFLAGS = None
[INFO] [stderr]   cargo:rerun-if-env-changed=HOST_CXXFLAGS
[INFO] [stderr]   HOST_CXXFLAGS = None
[INFO] [stderr]   cargo:rerun-if-env-changed=CXXFLAGS_x86_64_unknown_linux_gnu
[INFO] [stderr]   CXXFLAGS_x86_64_unknown_linux_gnu = None
[INFO] [stderr]   cargo:rerun-if-env-changed=CXXFLAGS_x86_64-unknown-linux-gnu
[INFO] [stderr]   CXXFLAGS_x86_64-unknown-linux-gnu = None
[INFO] [stderr]   cargo:rerun-if-env-changed=CXX_x86_64-unknown-linux-gnu
[INFO] [stderr]   CXX_x86_64-unknown-linux-gnu = None
[INFO] [stderr]   cargo:rerun-if-env-changed=CXX_x86_64_unknown_linux_gnu
[INFO] [stderr]   CXX_x86_64_unknown_linux_gnu = None
[INFO] [stderr]   cargo:rerun-if-env-changed=HOST_CXX
[INFO] [stderr]   HOST_CXX = None
[INFO] [stderr]   cargo:rerun-if-env-changed=CXX
[INFO] [stderr]   CXX = None
[INFO] [stderr]   cargo:rerun-if-env-changed=CRATE_CC_NO_DEFAULTS
[INFO] [stderr]   CRATE_CC_NO_DEFAULTS = None
[INFO] [stderr]   cargo:rerun-if-env-changed=CXXFLAGS
[INFO] [stderr]   CXXFLAGS = None
[INFO] [stderr]   cargo:rerun-if-env-changed=HOST_CXXFLAGS
[INFO] [stderr]   HOST_CXXFLAGS = None
[INFO] [stderr]   cargo:rerun-if-env-changed=CXXFLAGS_x86_64_unknown_linux_gnu
[INFO] [stderr]   CXXFLAGS_x86_64_unknown_linux_gnu = None
[INFO] [stderr]   cargo:rerun-if-env-changed=CXXFLAGS_x86_64-unknown-linux-gnu
[INFO] [stderr]   CXXFLAGS_x86_64-unknown-linux-gnu = None
[INFO] [stderr]   cargo:warning=c++: fatal error: Killed signal terminated program cc1plus
[INFO] [stderr]   cargo:warning=compilation terminated.
[INFO] [stderr] 
[INFO] [stderr]   exit status: 1
[INFO] [stderr]   cargo:warning=ToolExecError: command did not execute successfully (status code exit status: 1): LC_ALL="C" "c++" "-O2" "-ffunction-sections" "-fdata-sections" "-fPIC" "-g" "-gdwarf-4" "-fno-omit-frame-pointer" "-m64" "-std=c++14" "-w" "-fPIC" "-Wno-switch" "-Wno-parentheses" "-Wno-macro-redefined" "-Wno-dangling-else" "-Wno-logical-op-parentheses" "-Wno-unused-parameter" "-Wno-unused-variable" "-Wno-unused-function" "-Wno-missing-braces" "-Wno-unknown-pragmas" "-Wno-deprecated-declarations" "-D_FILE_OFFSET_BITS=64" "-D_LARGEFILE_SOURCE" "-DRAR_SMP" "-DRARDLL" "-DUNRAR_NG_FORCE_UTF8" "-o" "/opt/rustwide/target/debug/build/unrar-ng-sys/d01c0ed57939a007/out/0934600a39780889-rdwrfn.o" "-c" "vendor/unrar/rdwrfn.cpp"cargo:warning=c++: fatal error: Killed signal terminated program cc1plus
[INFO] [stderr]   cargo:warning=compilation terminated.
[INFO] [stderr] 
[INFO] [stderr]   exit status: 1
[INFO] [stderr]   cargo:warning=ToolExecError: command did not execute successfully (status code exit status: 1): LC_ALL="C" "c++" "-O2" "-ffunction-sections" "-fdata-sections" "-fPIC" "-g" "-gdwarf-4" "-fno-omit-frame-pointer" "-m64" "-std=c++14" "-w" "-fPIC" "-Wno-switch" "-Wno-parentheses" "-Wno-macro-redefined" "-Wno-dangling-else" "-Wno-logical-op-parentheses" "-Wno-unused-parameter" "-Wno-unused-variable" "-Wno-unused-function" "-Wno-missing-braces" "-Wno-unknown-pragmas" "-Wno-deprecated-declarations" "-D_FILE_OFFSET_BITS=64" "-D_LARGEFILE_SOURCE" "-DRAR_SMP" "-DRARDLL" "-DUNRAR_NG_FORCE_UTF8" "-o" "/opt/rustwide/target/debug/build/unrar-ng-sys/d01c0ed57939a007/out/0934600a39780889-consio.o" "-c" "vendor/unrar/consio.cpp"cargo:warning=c++: fatal error: Killed signal terminated program cc1plus
[INFO] [stderr]   cargo:warning=compilation terminated.
[INFO] [stderr] 
[INFO] [stderr]   exit status: 1
[INFO] [stderr]   cargo:warning=ToolExecError: command did not execute successfully (status code exit status: 1): LC_ALL="C" "c++" "-O2" "-ffunction-sections" "-fdata-sections" "-fPIC" "-g" "-gdwarf-4" "-fno-omit-frame-pointer" "-m64" "-std=c++14" "-w" "-fPIC" "-Wno-switch" "-Wno-parentheses" "-Wno-macro-redefined" "-Wno-dangling-else" "-Wno-logical-op-parentheses" "-Wno-unused-parameter" "-Wno-unused-variable" "-Wno-unused-function" "-Wno-missing-braces" "-Wno-unknown-pragmas" "-Wno-deprecated-declarations" "-D_FILE_OFFSET_BITS=64" "-D_LARGEFILE_SOURCE" "-DRAR_SMP" "-DRARDLL" "-DUNRAR_NG_FORCE_UTF8" "-o" "/opt/rustwide/target/debug/build/unrar-ng-sys/d01c0ed57939a007/out/0934600a39780889-errhnd.o" "-c" "vendor/unrar/errhnd.cpp"cargo:warning=c++: fatal error: Killed signal terminated program cc1plus
[INFO] [stderr]   cargo:warning=compilation terminated.
[INFO] [stderr] 
[INFO] [stderr]   exit status: 1
[INFO] [stderr]   cargo:warning=ToolExecError: command did not execute successfully (status code exit status: 1): LC_ALL="C" "c++" "-O2" "-ffunction-sections" "-fdata-sections" "-fPIC" "-g" "-gdwarf-4" "-fno-omit-frame-pointer" "-m64" "-std=c++14" "-w" "-fPIC" "-Wno-switch" "-Wno-parentheses" "-Wno-macro-redefined" "-Wno-dangling-else" "-Wno-logical-op-parentheses" "-Wno-unused-parameter" "-Wno-unused-variable" "-Wno-unused-function" "-Wno-missing-braces" "-Wno-unknown-pragmas" "-Wno-deprecated-declarations" "-D_FILE_OFFSET_BITS=64" "-D_LARGEFILE_SOURCE" "-DRAR_SMP" "-DRARDLL" "-DUNRAR_NG_FORCE_UTF8" "-o" "/opt/rustwide/target/debug/build/unrar-ng-sys/d01c0ed57939a007/out/0934600a39780889-rijndael.o" "-c" "vendor/unrar/rijndael.cpp"cargo:warning=c++: fatal error: Killed signal terminated program cc1plus
[INFO] [stderr]   cargo:warning=compilation terminated.
[INFO] [stderr] 
[INFO] [stderr]   exit status: 1
[INFO] [stderr]   cargo:warning=ToolExecError: command did not execute successfully (status code exit status: 1): LC_ALL="C" "c++" "-O2" "-ffunction-sections" "-fdata-sections" "-fPIC" "-g" "-gdwarf-4" "-fno-omit-frame-pointer" "-m64" "-std=c++14" "-w" "-fPIC" "-Wno-switch" "-Wno-parentheses" "-Wno-macro-redefined" "-Wno-dangling-else" "-Wno-logical-op-parentheses" "-Wno-unused-parameter" "-Wno-unused-variable" "-Wno-unused-function" "-Wno-missing-braces" "-Wno-unknown-pragmas" "-Wno-deprecated-declarations" "-D_FILE_OFFSET_BITS=64" "-D_LARGEFILE_SOURCE" "-DRAR_SMP" "-DRARDLL" "-DUNRAR_NG_FORCE_UTF8" "-o" "/opt/rustwide/target/debug/build/unrar-ng-sys/d01c0ed57939a007/out/0934600a39780889-getbits.o" "-c" "vendor/unrar/getbits.cpp"cargo:warning=c++: fatal error: Killed signal terminated program cc1plus
[INFO] [stderr]   cargo:warning=compilation terminated.
[INFO] [stderr] 
[INFO] [stderr]   exit status: 1
[INFO] [stderr]   cargo:warning=ToolExecError: command did not execute successfully (status code exit status: 1): LC_ALL="C" "c++" "-O2" "-ffunction-sections" "-fdata-sections" "-fPIC" "-g" "-gdwarf-4" "-fno-omit-frame-pointer" "-m64" "-std=c++14" "-w" "-fPIC" "-Wno-switch" "-Wno-parentheses" "-Wno-macro-redefined" "-Wno-dangling-else" "-Wno-logical-op-parentheses" "-Wno-unused-parameter" "-Wno-unused-variable" "-Wno-unused-function" "-Wno-missing-braces" "-Wno-unknown-pragmas" "-Wno-deprecated-declarations" "-D_FILE_OFFSET_BITS=64" "-D_LARGEFILE_SOURCE" "-DRAR_SMP" "-DRARDLL" "-DUNRAR_NG_FORCE_UTF8" "-o" "/opt/rustwide/target/debug/build/unrar-ng-sys/d01c0ed57939a007/out/0934600a39780889-sha1.o" "-c" "vendor/unrar/sha1.cpp"cargo:rerun-if-env-changed=CXX_x86_64-unknown-linux-gnu
[INFO] [stderr]   CXX_x86_64-unknown-linux-gnu = None
[INFO] [stderr]   cargo:rerun-if-env-changed=CXX_x86_64_unknown_linux_gnu
[INFO] [stderr]   CXX_x86_64_unknown_linux_gnu = None
[INFO] [stderr]   cargo:rerun-if-env-changed=HOST_CXX
[INFO] [stderr]   HOST_CXX = None
[INFO] [stderr]   cargo:rerun-if-env-changed=CXX
[INFO] [stderr]   CXX = None
[INFO] [stderr]   cargo:rerun-if-env-changed=CRATE_CC_NO_DEFAULTS
[INFO] [stderr]   CRATE_CC_NO_DEFAULTS = None
[INFO] [stderr]   cargo:rerun-if-env-changed=CXXFLAGS
[INFO] [stderr]   CXXFLAGS = None
[INFO] [stderr]   cargo:rerun-if-env-changed=HOST_CXXFLAGS
[INFO] [stderr]   HOST_CXXFLAGS = None
[INFO] [stderr]   cargo:rerun-if-env-changed=CXXFLAGS_x86_64_unknown_linux_gnu
[INFO] [stderr]   CXXFLAGS_x86_64_unknown_linux_gnu = None
[INFO] [stderr]   cargo:rerun-if-env-changed=CXXFLAGS_x86_64-unknown-linux-gnu
[INFO] [stderr]   CXXFLAGS_x86_64-unknown-linux-gnu = None
[INFO] [stderr]   cargo:rerun-if-env-changed=CXX_x86_64-unknown-linux-gnu
[INFO] [stderr]   CXX_x86_64-unknown-linux-gnu = None
[INFO] [stderr]   cargo:rerun-if-env-changed=CXX_x86_64_unknown_linux_gnu
[INFO] [stderr]   CXX_x86_64_unknown_linux_gnu = None
[INFO] [stderr]   cargo:rerun-if-env-changed=HOST_CXX
[INFO] [stderr]   HOST_CXX = None
[INFO] [stderr]   cargo:rerun-if-env-changed=CXX
[INFO] [stderr]   CXX = None
[INFO] [stderr]   cargo:rerun-if-env-changed=CRATE_CC_NO_DEFAULTS
[INFO] [stderr]   CRATE_CC_NO_DEFAULTS = None
[INFO] [stderr]   cargo:rerun-if-env-changed=CXXFLAGS
[INFO] [stderr]   CXXFLAGS = None
[INFO] [stderr]   cargo:rerun-if-env-changed=HOST_CXXFLAGS
[INFO] [stderr]   HOST_CXXFLAGS = None
[INFO] [stderr]   cargo:rerun-if-env-changed=CXXFLAGS_x86_64_unknown_linux_gnu
[INFO] [stderr]   CXXFLAGS_x86_64_unknown_linux_gnu = None
[INFO] [stderr]   cargo:rerun-if-env-changed=CXXFLAGS_x86_64-unknown-linux-gnu
[INFO] [stderr]   CXXFLAGS_x86_64-unknown-linux-gnu = None
[INFO] [stderr]   cargo:rerun-if-env-changed=CXX_x86_64-unknown-linux-gnu
[INFO] [stderr]   CXX_x86_64-unknown-linux-gnu = None
[INFO] [stderr]   cargo:rerun-if-env-changed=CXX_x86_64_unknown_linux_gnu
[INFO] [stderr]   CXX_x86_64_unknown_linux_gnu = None
[INFO] [stderr]   cargo:rerun-if-env-changed=HOST_CXX
[INFO] [stderr]   HOST_CXX = None
[INFO] [stderr]   cargo:rerun-if-env-changed=CXX
[INFO] [stderr]   CXX = None
[INFO] [stderr]   cargo:rerun-if-env-changed=CRATE_CC_NO_DEFAULTS
[INFO] [stderr]   CRATE_CC_NO_DEFAULTS = None
[INFO] [stderr]   cargo:rerun-if-env-changed=CXXFLAGS
[INFO] [stderr]   CXXFLAGS = None
[INFO] [stderr]   cargo:rerun-if-env-changed=HOST_CXXFLAGS
[INFO] [stderr]   HOST_CXXFLAGS = None
[INFO] [stderr]   cargo:rerun-if-env-changed=CXXFLAGS_x86_64_unknown_linux_gnu
[INFO] [stderr]   CXXFLAGS_x86_64_unknown_linux_gnu = None
[INFO] [stderr]   cargo:rerun-if-env-changed=CXXFLAGS_x86_64-unknown-linux-gnu
[INFO] [stderr]   CXXFLAGS_x86_64-unknown-linux-gnu = None
[INFO] [stderr]   cargo:rerun-if-env-changed=CXX_x86_64-unknown-linux-gnu
[INFO] [stderr]   CXX_x86_64-unknown-linux-gnu = None
[INFO] [stderr]   cargo:rerun-if-env-changed=CXX_x86_64_unknown_linux_gnu
[INFO] [stderr]   CXX_x86_64_unknown_linux_gnu = None
[INFO] [stderr]   cargo:rerun-if-env-changed=HOST_CXX
[INFO] [stderr]   HOST_CXX = None
[INFO] [stderr]   cargo:rerun-if-env-changed=CXX
[INFO] [stderr]   CXX = None
[INFO] [stderr]   cargo:rerun-if-env-changed=CRATE_CC_NO_DEFAULTS
[INFO] [stderr]   CRATE_CC_NO_DEFAULTS = None
[INFO] [stderr]   cargo:rerun-if-env-changed=CXXFLAGS
[INFO] [stderr]   CXXFLAGS = None
[INFO] [stderr]   cargo:rerun-if-env-changed=HOST_CXXFLAGS
[INFO] [stderr]   HOST_CXXFLAGS = None
[INFO] [stderr]   cargo:rerun-if-env-changed=CXXFLAGS_x86_64_unknown_linux_gnu
[INFO] [stderr]   CXXFLAGS_x86_64_unknown_linux_gnu = None
[INFO] [stderr]   cargo:rerun-if-env-changed=CXXFLAGS_x86_64-unknown-linux-gnu
[INFO] [stderr]   CXXFLAGS_x86_64-unknown-linux-gnu = None
[INFO] [stderr]   cargo:rerun-if-env-changed=CXX_x86_64-unknown-linux-gnu
[INFO] [stderr]   CXX_x86_64-unknown-linux-gnu = None
[INFO] [stderr]   cargo:rerun-if-env-changed=CXX_x86_64_unknown_linux_gnu
[INFO] [stderr]   CXX_x86_64_unknown_linux_gnu = None
[INFO] [stderr]   cargo:rerun-if-env-changed=HOST_CXX
[INFO] [stderr]   HOST_CXX = None
[INFO] [stderr]   cargo:rerun-if-env-changed=CXX
[INFO] [stderr]   CXX = None
[INFO] [stderr]   cargo:rerun-if-env-changed=CRATE_CC_NO_DEFAULTS
[INFO] [stderr]   CRATE_CC_NO_DEFAULTS = None
[INFO] [stderr]   cargo:rerun-if-env-changed=CXXFLAGS
[INFO] [stderr]   CXXFLAGS = None
[INFO] [stderr]   cargo:rerun-if-env-changed=HOST_CXXFLAGS
[INFO] [stderr]   HOST_CXXFLAGS = None
[INFO] [stderr]   cargo:rerun-if-env-changed=CXXFLAGS_x86_64_unknown_linux_gnu
[INFO] [stderr]   CXXFLAGS_x86_64_unknown_linux_gnu = None
[INFO] [stderr]   cargo:rerun-if-env-changed=CXXFLAGS_x86_64-unknown-linux-gnu
[INFO] [stderr]   CXXFLAGS_x86_64-unknown-linux-gnu = None
[INFO] [stderr]   cargo:rerun-if-env-changed=CXX_x86_64-unknown-linux-gnu
[INFO] [stderr]   CXX_x86_64-unknown-linux-gnu = None
[INFO] [stderr]   cargo:rerun-if-env-changed=CXX_x86_64_unknown_linux_gnu
[INFO] [stderr]   CXX_x86_64_unknown_linux_gnu = None
[INFO] [stderr]   cargo:rerun-if-env-changed=HOST_CXX
[INFO] [stderr]   HOST_CXX = None
[INFO] [stderr]   cargo:rerun-if-env-changed=CXX
[INFO] [stderr]   CXX = None
[INFO] [stderr]   cargo:rerun-if-env-changed=CRATE_CC_NO_DEFAULTS
[INFO] [stderr]   CRATE_CC_NO_DEFAULTS = None
[INFO] [stderr]   cargo:rerun-if-env-changed=CXXFLAGS
[INFO] [stderr]   CXXFLAGS = None
[INFO] [stderr]   cargo:rerun-if-env-changed=HOST_CXXFLAGS
[INFO] [stderr]   HOST_CXXFLAGS = None
[INFO] [stderr]   cargo:rerun-if-env-changed=CXXFLAGS_x86_64_unknown_linux_gnu
[INFO] [stderr]   CXXFLAGS_x86_64_unknown_linux_gnu = None
[INFO] [stderr]   cargo:rerun-if-env-changed=CXXFLAGS_x86_64-unknown-linux-gnu
[INFO] [stderr]   CXXFLAGS_x86_64-unknown-linux-gnu = None
[INFO] [stderr]   cargo:warning=c++: fatal error: Killed signal terminated program cc1plus
[INFO] [stderr]   cargo:warning=compilation terminated.
[INFO] [stderr] 
[INFO] [stderr]   exit status: 1
[INFO] [stderr]   cargo:warning=ToolExecError: command did not execute successfully (status code exit status: 1): LC_ALL="C" "c++" "-O2" "-ffunction-sections" "-fdata-sections" "-fPIC" "-g" "-gdwarf-4" "-fno-omit-frame-pointer" "-m64" "-std=c++14" "-w" "-fPIC" "-Wno-switch" "-Wno-parentheses" "-Wno-macro-redefined" "-Wno-dangling-else" "-Wno-logical-op-parentheses" "-Wno-unused-parameter" "-Wno-unused-variable" "-Wno-unused-function" "-Wno-missing-braces" "-Wno-unknown-pragmas" "-Wno-deprecated-declarations" "-D_FILE_OFFSET_BITS=64" "-D_LARGEFILE_SOURCE" "-DRAR_SMP" "-DRARDLL" "-DUNRAR_NG_FORCE_UTF8" "-o" "/opt/rustwide/target/debug/build/unrar-ng-sys/d01c0ed57939a007/out/0934600a39780889-blake2s.o" "-c" "vendor/unrar/blake2s.cpp"cargo:warning=c++: fatal error: Killed signal terminated program cc1plus
[INFO] [stderr]   cargo:warning=compilation terminated.
[INFO] [stderr] 
[INFO] [stderr]   exit status: 1
[INFO] [stderr]   cargo:warning=ToolExecError: command did not execute successfully (status code exit status: 1): LC_ALL="C" "c++" "-O2" "-ffunction-sections" "-fdata-sections" "-fPIC" "-g" "-gdwarf-4" "-fno-omit-frame-pointer" "-m64" "-std=c++14" "-w" "-fPIC" "-Wno-switch" "-Wno-parentheses" "-Wno-macro-redefined" "-Wno-dangling-else" "-Wno-logical-op-parentheses" "-Wno-unused-parameter" "-Wno-unused-variable" "-Wno-unused-function" "-Wno-missing-braces" "-Wno-unknown-pragmas" "-Wno-deprecated-declarations" "-D_FILE_OFFSET_BITS=64" "-D_LARGEFILE_SOURCE" "-DRAR_SMP" "-DRARDLL" "-DUNRAR_NG_FORCE_UTF8" "-o" "/opt/rustwide/target/debug/build/unrar-ng-sys/d01c0ed57939a007/out/0934600a39780889-hash.o" "-c" "vendor/unrar/hash.cpp"cargo:warning=c++: fatal error: Killed signal terminated program cc1plus
[INFO] [stderr]   cargo:warning=compilation terminated.
[INFO] [stderr] 
[INFO] [stderr]   exit status: 1
[INFO] [stderr]   cargo:warning=ToolExecError: command did not execute successfully (status code exit status: 1): LC_ALL="C" "c++" "-O2" "-ffunction-sections" "-fdata-sections" "-fPIC" "-g" "-gdwarf-4" "-fno-omit-frame-pointer" "-m64" "-std=c++14" "-w" "-fPIC" "-Wno-switch" "-Wno-parentheses" "-Wno-macro-redefined" "-Wno-dangling-else" "-Wno-logical-op-parentheses" "-Wno-unused-parameter" "-Wno-unused-variable" "-Wno-unused-function" "-Wno-missing-braces" "-Wno-unknown-pragmas" "-Wno-deprecated-declarations" "-D_FILE_OFFSET_BITS=64" "-D_LARGEFILE_SOURCE" "-DRAR_SMP" "-DRARDLL" "-DUNRAR_NG_FORCE_UTF8" "-o" "/opt/rustwide/target/debug/build/unrar-ng-sys/d01c0ed57939a007/out/0934600a39780889-extinfo.o" "-c" "vendor/unrar/extinfo.cpp"cargo:rerun-if-env-changed=CXX_x86_64-unknown-linux-gnu
[INFO] [stderr]   CXX_x86_64-unknown-linux-gnu = None
[INFO] [stderr]   cargo:rerun-if-env-changed=CXX_x86_64_unknown_linux_gnu
[INFO] [stderr]   CXX_x86_64_unknown_linux_gnu = None
[INFO] [stderr]   cargo:rerun-if-env-changed=HOST_CXX
[INFO] [stderr]   HOST_CXX = None
[INFO] [stderr]   cargo:rerun-if-env-changed=CXX
[INFO] [stderr]   CXX = None
[INFO] [stderr]   cargo:rerun-if-env-changed=CRATE_CC_NO_DEFAULTS
[INFO] [stderr]   CRATE_CC_NO_DEFAULTS = None
[INFO] [stderr]   cargo:rerun-if-env-changed=CXXFLAGS
[INFO] [stderr]   CXXFLAGS = None
[INFO] [stderr]   cargo:rerun-if-env-changed=HOST_CXXFLAGS
[INFO] [stderr]   HOST_CXXFLAGS = None
[INFO] [stderr]   cargo:rerun-if-env-changed=CXXFLAGS_x86_64_unknown_linux_gnu
[INFO] [stderr]   CXXFLAGS_x86_64_unknown_linux_gnu = None
[INFO] [stderr]   cargo:rerun-if-env-changed=CXXFLAGS_x86_64-unknown-linux-gnu
[INFO] [stderr]   CXXFLAGS_x86_64-unknown-linux-gnu = None
[INFO] [stderr]   cargo:rerun-if-env-changed=CXX_x86_64-unknown-linux-gnu
[INFO] [stderr]   CXX_x86_64-unknown-linux-gnu = None
[INFO] [stderr]   cargo:rerun-if-env-changed=CXX_x86_64_unknown_linux_gnu
[INFO] [stderr]   CXX_x86_64_unknown_linux_gnu = None
[INFO] [stderr]   cargo:rerun-if-env-changed=HOST_CXX
[INFO] [stderr]   HOST_CXX = None
[INFO] [stderr]   cargo:rerun-if-env-changed=CXX
[INFO] [stderr]   CXX = None
[INFO] [stderr]   cargo:rerun-if-env-changed=CRATE_CC_NO_DEFAULTS
[INFO] [stderr]   CRATE_CC_NO_DEFAULTS = None
[INFO] [stderr]   cargo:rerun-if-env-changed=CXXFLAGS
[INFO] [stderr]   CXXFLAGS = None
[INFO] [stderr]   cargo:rerun-if-env-changed=HOST_CXXFLAGS
[INFO] [stderr]   HOST_CXXFLAGS = None
[INFO] [stderr]   cargo:rerun-if-env-changed=CXXFLAGS_x86_64_unknown_linux_gnu
[INFO] [stderr]   CXXFLAGS_x86_64_unknown_linux_gnu = None
[INFO] [stderr]   cargo:rerun-if-env-changed=CXXFLAGS_x86_64-unknown-linux-gnu
[INFO] [stderr]   CXXFLAGS_x86_64-unknown-linux-gnu = None
[INFO] [stderr]   cargo:warning=c++: fatal error: Killed signal terminated program cc1plus
[INFO] [stderr]   cargo:warning=compilation terminated.
[INFO] [stderr] 
[INFO] [stderr]   exit status: 1
[INFO] [stderr]   cargo:warning=ToolExecError: command did not execute successfully (status code exit status: 1): LC_ALL="C" "c++" "-O2" "-ffunction-sections" "-fdata-sections" "-fPIC" "-g" "-gdwarf-4" "-fno-omit-frame-pointer" "-m64" "-std=c++14" "-w" "-fPIC" "-Wno-switch" "-Wno-parentheses" "-Wno-macro-redefined" "-Wno-dangling-else" "-Wno-logical-op-parentheses" "-Wno-unused-parameter" "-Wno-unused-variable" "-Wno-unused-function" "-Wno-missing-braces" "-Wno-unknown-pragmas" "-Wno-deprecated-declarations" "-D_FILE_OFFSET_BITS=64" "-D_LARGEFILE_SOURCE" "-DRAR_SMP" "-DRARDLL" "-DUNRAR_NG_FORCE_UTF8" "-o" "/opt/rustwide/target/debug/build/unrar-ng-sys/d01c0ed57939a007/out/0934600a39780889-sha256.o" "-c" "vendor/unrar/sha256.cpp"cargo:warning=c++: fatal error: Killed signal terminated program cc1plus
[INFO] [stderr]   cargo:warning=compilation terminated.
[INFO] [stderr] 
[INFO] [stderr]   exit status: 1
[INFO] [stderr]   cargo:warning=ToolExecError: command did not execute successfully (status code exit status: 1): LC_ALL="C" "c++" "-O2" "-ffunction-sections" "-fdata-sections" "-fPIC" "-g" "-gdwarf-4" "-fno-omit-frame-pointer" "-m64" "-std=c++14" "-w" "-fPIC" "-Wno-switch" "-Wno-parentheses" "-Wno-macro-redefined" "-Wno-dangling-else" "-Wno-logical-op-parentheses" "-Wno-unused-parameter" "-Wno-unused-variable" "-Wno-unused-function" "-Wno-missing-braces" "-Wno-unknown-pragmas" "-Wno-deprecated-declarations" "-D_FILE_OFFSET_BITS=64" "-D_LARGEFILE_SOURCE" "-DRAR_SMP" "-DRARDLL" "-DUNRAR_NG_FORCE_UTF8" "-o" "/opt/rustwide/target/debug/build/unrar-ng-sys/d01c0ed57939a007/out/0934600a39780889-unpack.o" "-c" "vendor/unrar/unpack.cpp"cargo:warning=c++: fatal error: Killed signal terminated program cc1plus
[INFO] [stderr]   cargo:warning=compilation terminated.
[INFO] [stderr] 
[INFO] [stderr]   exit status: 1
[INFO] [stderr]   cargo:warning=ToolExecError: command did not execute successfully (status code exit status: 1): LC_ALL="C" "c++" "-O2" "-ffunction-sections" "-fdata-sections" "-fPIC" "-g" "-gdwarf-4" "-fno-omit-frame-pointer" "-m64" "-std=c++14" "-w" "-fPIC" "-Wno-switch" "-Wno-parentheses" "-Wno-macro-redefined" "-Wno-dangling-else" "-Wno-logical-op-parentheses" "-Wno-unused-parameter" "-Wno-unused-variable" "-Wno-unused-function" "-Wno-missing-braces" "-Wno-unknown-pragmas" "-Wno-deprecated-declarations" "-D_FILE_OFFSET_BITS=64" "-D_LARGEFILE_SOURCE" "-DRAR_SMP" "-DRARDLL" "-DUNRAR_NG_FORCE_UTF8" "-o" "/opt/rustwide/target/debug/build/unrar-ng-sys/d01c0ed57939a007/out/0934600a39780889-headers.o" "-c" "vendor/unrar/headers.cpp"cargo:warning=c++: fatal error: Killed signal terminated program cc1plus
[INFO] [stderr]   cargo:warning=compilation terminated.
[INFO] [stderr] 
[INFO] [stderr]   exit status: 1
[INFO] [stderr]   cargo:warning=ToolExecError: command did not execute successfully (status code exit status: 1): LC_ALL="C" "c++" "-O2" "-ffunction-sections" "-fdata-sections" "-fPIC" "-g" "-gdwarf-4" "-fno-omit-frame-pointer" "-m64" "-std=c++14" "-w" "-fPIC" "-Wno-switch" "-Wno-parentheses" "-Wno-macro-redefined" "-Wno-dangling-else" "-Wno-logical-op-parentheses" "-Wno-unused-parameter" "-Wno-unused-variable" "-Wno-unused-function" "-Wno-missing-braces" "-Wno-unknown-pragmas" "-Wno-deprecated-declarations" "-D_FILE_OFFSET_BITS=64" "-D_LARGEFILE_SOURCE" "-DRAR_SMP" "-DRARDLL" "-DUNRAR_NG_FORCE_UTF8" "-o" "/opt/rustwide/target/debug/build/unrar-ng-sys/d01c0ed57939a007/out/0934600a39780889-extract.o" "-c" "vendor/unrar/extract.cpp"cargo:warning=c++: fatal error: Killed signal terminated program cc1plus
[INFO] [stderr]   cargo:warning=compilation terminated.
[INFO] [stderr] 
[INFO] [stderr]   exit status: 1
[INFO] [stderr]   cargo:warning=ToolExecError: command did not execute successfully (status code exit status: 1): LC_ALL="C" "c++" "-O2" "-ffunction-sections" "-fdata-sections" "-fPIC" "-g" "-gdwarf-4" "-fno-omit-frame-pointer" "-m64" "-std=c++14" "-w" "-fPIC" "-Wno-switch" "-Wno-parentheses" "-Wno-macro-redefined" "-Wno-dangling-else" "-Wno-logical-op-parentheses" "-Wno-unused-parameter" "-Wno-unused-variable" "-Wno-unused-function" "-Wno-missing-braces" "-Wno-unknown-pragmas" "-Wno-deprecated-declarations" "-D_FILE_OFFSET_BITS=64" "-D_LARGEFILE_SOURCE" "-DRAR_SMP" "-DRARDLL" "-DUNRAR_NG_FORCE_UTF8" "-o" "/opt/rustwide/target/debug/build/unrar-ng-sys/d01c0ed57939a007/out/0934600a39780889-volume.o" "-c" "vendor/unrar/volume.cpp"cargo:warning=c++: fatal error: Killed signal terminated program cc1plus
[INFO] [stderr]   cargo:warning=compilation terminated.
[INFO] [stderr] 
[INFO] [stderr]   exit status: 1
[INFO] [stderr]   cargo:warning=ToolExecError: command did not execute successfully (status code exit status: 1): LC_ALL="C" "c++" "-O2" "-ffunction-sections" "-fdata-sections" "-fPIC" "-g" "-gdwarf-4" "-fno-omit-frame-pointer" "-m64" "-std=c++14" "-w" "-fPIC" "-Wno-switch" "-Wno-parentheses" "-Wno-macro-redefined" "-Wno-dangling-else" "-Wno-logical-op-parentheses" "-Wno-unused-parameter" "-Wno-unused-variable" "-Wno-unused-function" "-Wno-missing-braces" "-Wno-unknown-pragmas" "-Wno-deprecated-declarations" "-D_FILE_OFFSET_BITS=64" "-D_LARGEFILE_SOURCE" "-DRAR_SMP" "-DRARDLL" "-DUNRAR_NG_FORCE_UTF8" "-o" "/opt/rustwide/target/debug/build/unrar-ng-sys/d01c0ed57939a007/out/0934600a39780889-list.o" "-c" "vendor/unrar/list.cpp"cargo:warning=c++: fatal error: Killed signal terminated program cc1plus
[INFO] [stderr]   cargo:warning=compilation terminated.
[INFO] [stderr] 
[INFO] [stderr]   exit status: 1
[INFO] [stderr]   cargo:warning=ToolExecError: command did not execute successfully (status code exit status: 1): LC_ALL="C" "c++" "-O2" "-ffunction-sections" "-fdata-sections" "-fPIC" "-g" "-gdwarf-4" "-fno-omit-frame-pointer" "-m64" "-std=c++14" "-w" "-fPIC" "-Wno-switch" "-Wno-parentheses" "-Wno-macro-redefined" "-Wno-dangling-else" "-Wno-logical-op-parentheses" "-Wno-unused-parameter" "-Wno-unused-variable" "-Wno-unused-function" "-Wno-missing-braces" "-Wno-unknown-pragmas" "-Wno-deprecated-declarations" "-D_FILE_OFFSET_BITS=64" "-D_LARGEFILE_SOURCE" "-DRAR_SMP" "-DRARDLL" "-DUNRAR_NG_FORCE_UTF8" "-o" "/opt/rustwide/target/debug/build/unrar-ng-sys/d01c0ed57939a007/out/0934600a39780889-find.o" "-c" "vendor/unrar/find.cpp"cargo:warning=c++: fatal error: Killed signal terminated program cc1plus
[INFO] [stderr]   cargo:warning=compilation terminated.
[INFO] [stderr] 
[INFO] [stderr]   exit status: 1
[INFO] [stderr]   cargo:warning=ToolExecError: command did not execute successfully (status code exit status: 1): LC_ALL="C" "c++" "-O2" "-ffunction-sections" "-fdata-sections" "-fPIC" "-g" "-gdwarf-4" "-fno-omit-frame-pointer" "-m64" "-std=c++14" "-w" "-fPIC" "-Wno-switch" "-Wno-parentheses" "-Wno-macro-redefined" "-Wno-dangling-else" "-Wno-logical-op-parentheses" "-Wno-unused-parameter" "-Wno-unused-variable" "-Wno-unused-function" "-Wno-missing-braces" "-Wno-unknown-pragmas" "-Wno-deprecated-declarations" "-D_FILE_OFFSET_BITS=64" "-D_LARGEFILE_SOURCE" "-DRAR_SMP" "-DRARDLL" "-DUNRAR_NG_FORCE_UTF8" "-o" "/opt/rustwide/target/debug/build/unrar-ng-sys/d01c0ed57939a007/out/0934600a39780889-threadpool.o" "-c" "vendor/unrar/threadpool.cpp"cargo:warning=c++: fatal error: Killed signal terminated program cc1plus
[INFO] [stderr]   cargo:warning=compilation terminated.
[INFO] [stderr] 
[INFO] [stderr]   exit status: 1
[INFO] [stderr]   cargo:warning=ToolExecError: command did not execute successfully (status code exit status: 1): LC_ALL="C" "c++" "-O2" "-ffunction-sections" "-fdata-sections" "-fPIC" "-g" "-gdwarf-4" "-fno-omit-frame-pointer" "-m64" "-std=c++14" "-w" "-fPIC" "-Wno-switch" "-Wno-parentheses" "-Wno-macro-redefined" "-Wno-dangling-else" "-Wno-logical-op-parentheses" "-Wno-unused-parameter" "-Wno-unused-variable" "-Wno-unused-function" "-Wno-missing-braces" "-Wno-unknown-pragmas" "-Wno-deprecated-declarations" "-D_FILE_OFFSET_BITS=64" "-D_LARGEFILE_SOURCE" "-DRAR_SMP" "-DRARDLL" "-DUNRAR_NG_FORCE_UTF8" "-o" "/opt/rustwide/target/debug/build/unrar-ng-sys/d01c0ed57939a007/out/0934600a39780889-filestr.o" "-c" "vendor/unrar/filestr.cpp"
[INFO] [stderr]   exit status: 0
[INFO] [stderr]   exit status: 0
[INFO] [stderr]   exit status: 0
[INFO] [stderr]   exit status: 0
[INFO] [stderr]   exit status: 0
[INFO] [stderr]   exit status: 0
[INFO] [stderr]   exit status: 0
[INFO] [stderr] 
[INFO] [stderr]   --- stderr
[INFO] [stderr] 
[INFO] [stderr] 
[INFO] [stderr]   error occurred in cc-rs: command did not execute successfully (status code exit status: 1): LC_ALL="C" "c++" "-O2" "-ffunction-sections" "-fdata-sections" "-fPIC" "-g" "-gdwarf-4" "-fno-omit-frame-pointer" "-m64" "-std=c++14" "-w" "-fPIC" "-Wno-switch" "-Wno-parentheses" "-Wno-macro-redefined" "-Wno-dangling-else" "-Wno-logical-op-parentheses" "-Wno-unused-parameter" "-Wno-unused-variable" "-Wno-unused-function" "-Wno-missing-braces" "-Wno-unknown-pragmas" "-Wno-deprecated-declarations" "-D_FILE_OFFSET_BITS=64" "-D_LARGEFILE_SOURCE" "-DRAR_SMP" "-DRARDLL" "-DUNRAR_NG_FORCE_UTF8" "-o" "/opt/rustwide/target/debug/build/unrar-ng-sys/d01c0ed57939a007/out/0934600a39780889-filestr.o" "-c" "vendor/unrar/filestr.cpp"
[INFO] [stderr] 
[INFO] [stderr] 
[INFO] running `Command { std: "docker" "inspect" "72f7b231dfc0aab0671556be114d17b93ada2bbbea07c1eee33c781f57938c7d", kill_on_drop: false }`
[INFO] running `Command { std: "docker" "rm" "-f" "72f7b231dfc0aab0671556be114d17b93ada2bbbea07c1eee33c781f57938c7d", kill_on_drop: false }`
[INFO] [stdout] 72f7b231dfc0aab0671556be114d17b93ada2bbbea07c1eee33c781f57938c7d
