[INFO] fetching crate win-open 0.1.2...
[INFO] testing win-open-0.1.2 against 1.100.0-beta.1 for beta-1.100-2
[INFO] extracting crate win-open 0.1.2 into /workspace/builds/worker-6-tc2/source
[INFO] started tweaking crates.io crate win-open 0.1.2
[INFO] finished tweaking crates.io crate win-open 0.1.2
[INFO] tweaked toml for crates.io crate win-open 0.1.2 written to /workspace/builds/worker-6-tc2/source/Cargo.toml
[INFO] validating manifest of crates.io crate win-open 0.1.2 on toolchain 1.100.0-beta.1
[INFO] running `Command { std: CARGO_HOME="/workspace/cargo-home" RUSTUP_HOME="/workspace/rustup-home" "/workspace/cargo-home/bin/cargo" "+1.100.0-beta.1" "metadata" "--manifest-path" "Cargo.toml" "--no-deps", kill_on_drop: false }`
[INFO] crate crates.io crate win-open 0.1.2 already has a lockfile, it will not be regenerated
[INFO] running `Command { std: CARGO_HOME="/workspace/cargo-home" RUSTUP_HOME="/workspace/rustup-home" "/workspace/cargo-home/bin/cargo" "+1.100.0-beta.1" "fetch" "--manifest-path" "Cargo.toml", kill_on_drop: false }`
[INFO] [stderr] warning: `package.homepage` is redundant with `package.repository`
[INFO] [stderr]   --> Cargo.toml:27:12
[INFO] [stderr]    |
[INFO] [stderr] 27 | homepage = "https://github.com/win-rs/win-open"
[INFO] [stderr]    |            ^^^^^^^^^^^^^^^^^^^^^^^^^^^^^^^^^^^^
[INFO] [stderr] ...
[INFO] [stderr] 33 | repository = "https://github.com/win-rs/win-open"
[INFO] [stderr]    |              ------------------------------------
[INFO] [stderr]    |
[INFO] [stderr]    = note: `cargo::redundant_homepage` is set to `warn` by default
[INFO] [stderr] help: consider removing `package.homepage`
[INFO] [stderr] warning: `win-open` (manifest) generated 1 warning
[INFO] [stderr]     Blocking waiting for file lock on package cache
[INFO] [stderr]     Blocking waiting for file lock on package cache
[INFO] running `Command { std: "docker" "create" "-v" "/var/lib/crater-agent-workspace/builds/worker-6-tc2/source:/opt/rustwide/workdir:ro,Z" "-v" "/var/lib/crater-agent-workspace/builds/worker-6-tc2/target:/opt/rustwide/target:rw,Z" "-v" "/var/lib/crater-agent-workspace/cargo-home:/opt/rustwide/cargo-home:ro,Z" "-v" "/var/lib/crater-agent-workspace/rustup-home:/opt/rustwide/rustup-home:ro,Z" "-m" "1610612736" "--network" "none" "ghcr.io/rust-lang/crates-build-env/linux@sha256:3111399a4047eeb3a02b7a90e478d715f38a8c6669b5c4b49d30a17385265909" "sleep" "infinity", kill_on_drop: false }`
[INFO] [stdout] 3712128d0e27d14e64c9b935c8d90c072474ed069032040eac51b17c29ec84df
[INFO] running `Command { std: "docker" "start" "3712128d0e27d14e64c9b935c8d90c072474ed069032040eac51b17c29ec84df", kill_on_drop: false }`
[INFO] running `Command { std: "docker" "inspect" "3712128d0e27d14e64c9b935c8d90c072474ed069032040eac51b17c29ec84df", kill_on_drop: false }`
[INFO] running `Command { std: "docker" "exec" "-e" "SOURCE_DIR=/opt/rustwide/workdir" "-e" "CARGO_HOME=/opt/rustwide/cargo-home" "-e" "RUSTUP_HOME=/opt/rustwide/rustup-home" "-e" "CARGO_TARGET_DIR=/opt/rustwide/target" "-w" "/opt/rustwide/workdir" "--user" "0:0" "3712128d0e27d14e64c9b935c8d90c072474ed069032040eac51b17c29ec84df" "/opt/rustwide/cargo-home/bin/cargo" "+1.100.0-beta.1" "metadata" "--no-deps" "--format-version=1", kill_on_drop: false }`
[INFO] running `Command { std: "docker" "inspect" "3712128d0e27d14e64c9b935c8d90c072474ed069032040eac51b17c29ec84df", kill_on_drop: false }`
[INFO] running `Command { std: "docker" "exec" "-e" "SOURCE_DIR=/opt/rustwide/workdir" "-e" "CARGO_HOME=/opt/rustwide/cargo-home" "-e" "RUSTUP_HOME=/opt/rustwide/rustup-home" "-e" "CARGO_TARGET_DIR=/opt/rustwide/target" "-e" "CARGO_INCREMENTAL=0" "-e" "RUST_BACKTRACE=full" "-e" "RUSTFLAGS=--cap-lints=warn" "-e" "RUSTDOCFLAGS=--cap-lints=warn" "-w" "/opt/rustwide/workdir" "--user" "0:0" "3712128d0e27d14e64c9b935c8d90c072474ed069032040eac51b17c29ec84df" "/opt/rustwide/cargo-home/bin/cargo" "+1.100.0-beta.1" "build" "--frozen" "--message-format=json", kill_on_drop: false }`
[INFO] [stderr] warning: `package.homepage` is redundant with `package.repository`
[INFO] [stderr]   --> Cargo.toml:27:12
[INFO] [stderr]    |
[INFO] [stderr] 27 | homepage = "https://github.com/win-rs/win-open"
[INFO] [stderr]    |            ^^^^^^^^^^^^^^^^^^^^^^^^^^^^^^^^^^^^
[INFO] [stderr] ...
[INFO] [stderr] 33 | repository = "https://github.com/win-rs/win-open"
[INFO] [stderr]    |              ------------------------------------
[INFO] [stderr]    |
[INFO] [stderr]    = note: `cargo::redundant_homepage` is set to `warn` by default
[INFO] [stderr] help: consider removing `package.homepage`
[INFO] [stderr] warning: `win-open` (manifest) generated 1 warning
[INFO] [stderr]    Compiling win-open v0.1.2 (/opt/rustwide/workdir)
[INFO] [stdout] error: open is not supported on this platform
[INFO] [stdout]   --> src/lib.rs:71:1
[INFO] [stdout]    |
[INFO] [stdout] 71 | compile_error!("open is not supported on this platform");
[INFO] [stdout]    | ^^^^^^^^^^^^^^^^^^^^^^^^^^^^^^^^^^^^^^^^^^^^^^^^^^^^^^^^
[INFO] [stdout] 
[INFO] [stdout] 
[INFO] [stdout] error[E0433]: cannot find `windows` in `os`
[INFO] [stdout]   --> src/lib.rs:75:9
[INFO] [stdout]    |
[INFO] [stdout] 75 |     os::windows::process::CommandExt as WinCommandExt,
[INFO] [stdout]    |         ^^^^^^^ could not find `windows` in `os`
[INFO] [stdout]    |
[INFO] [stdout] note: found an item that was configured out
[INFO] [stdout]   --> /rustc/e3feeb59cd1bdd011a2bfcc0747b55125d9b8527/library/std/src/os/mod.rs:62:4
[INFO] [stdout]    |
[INFO] [stdout]    = note: the item is gated behind the `windows` feature
[INFO] [stdout] 
[INFO] [stdout] 
[INFO] [stdout] error[E0433]: cannot find `windows` in `os`
[INFO] [stdout]    --> src/lib.rs:402:22
[INFO] [stdout]     |
[INFO] [stdout] 402 |         use std::os::windows::process::CommandExt;
[INFO] [stdout]     |                      ^^^^^^^ could not find `windows` in `os`
[INFO] [stdout]     |
[INFO] [stdout] note: found an item that was configured out
[INFO] [stdout]    --> /rustc/e3feeb59cd1bdd011a2bfcc0747b55125d9b8527/library/std/src/os/mod.rs:62:4
[INFO] [stdout]     |
[INFO] [stdout]     = note: the item is gated behind the `windows` feature
[INFO] [stdout] 
[INFO] [stdout] 
[INFO] [stdout] error[E0599]: no method named `creation_flags` found for mutable reference `&mut Command` in the current scope
[INFO] [stdout]    --> src/lib.rs:177:14
[INFO] [stdout]     |
[INFO] [stdout] 172 |         "pwsh" => cmd
[INFO] [stdout] 173 |             .arg("-NoProfile")
[INFO] [stdout] 174 |             .arg("-Command")
[INFO] [stdout] 175 |             .arg("Start-Process")
[INFO] [stdout] 176 |             .arg(wrap_in_quotes(path.as_ref()))
[INFO] [stdout] 177 |             .creation_flags(CREATE_NO_WINDOW),
[INFO] [stdout]     |              ^^^^^^^^^^^^^^ method not found in `&mut Command`
[INFO] [stdout] 
[INFO] [stdout] 
[INFO] [stdout] error[E0599]: no method named `creation_flags` found for mutable reference `&mut Command` in the current scope
[INFO] [stdout]    --> src/lib.rs:181:14
[INFO] [stdout]     |
[INFO] [stdout] 178 |         "nu" => cmd
[INFO] [stdout] 179 |             .arg("-c")
[INFO] [stdout] 180 |             .arg(format!("open {}", wrap_in_quotes_string(path.as_ref())))
[INFO] [stdout] 181 |             .creation_flags(CREATE_NO_WINDOW),
[INFO] [stdout]     |              ^^^^^^^^^^^^^^ method not found in `&mut Command`
[INFO] [stdout] 
[INFO] [stdout] 
[INFO] [stdout] error[E0599]: no method named `raw_arg` found for mutable reference `&mut Command` in the current scope
[INFO] [stdout]    --> src/lib.rs:185:14
[INFO] [stdout]     |
[INFO] [stdout] 182 |         "cmd" => cmd
[INFO] [stdout] 183 |             .arg("/c")
[INFO] [stdout] 184 |             .arg("start")
[INFO] [stdout] 185 |             .raw_arg("\"\"")
[INFO] [stdout]     |              ^^^^^^^ method not found in `&mut Command`
[INFO] [stdout] 
[INFO] [stdout] 
[INFO] [stdout] error[E0599]: no method named `creation_flags` found for mutable reference `&mut Command` in the current scope
[INFO] [stdout]    --> src/lib.rs:215:14
[INFO] [stdout]     |
[INFO] [stdout] 209 |         "pwsh" => cmd
[INFO] [stdout] 210 |             .arg("-NoProfile")
[INFO] [stdout] 211 |             .arg("-Command")
[INFO] [stdout] 212 |             .arg("Start-Process")
[INFO] [stdout] 213 |             .arg(wrap_in_quotes(path.as_ref()))
[INFO] [stdout] 214 |             .arg(wrap_in_quotes(app.into()))
[INFO] [stdout] 215 |             .creation_flags(CREATE_NO_WINDOW),
[INFO] [stdout]     |              ^^^^^^^^^^^^^^ method not found in `&mut Command`
[INFO] [stdout] 
[INFO] [stdout] 
[INFO] [stdout] error[E0599]: no method named `creation_flags` found for mutable reference `&mut Command` in the current scope
[INFO] [stdout]    --> src/lib.rs:223:14
[INFO] [stdout]     |
[INFO] [stdout] 216 |         "nu" => cmd
[INFO] [stdout] 217 |             .arg("-c")
[INFO] [stdout] 218 |             .arg(format!(
[INFO] [stdout] 219 |                 "open {} {}",
[INFO] [stdout] 220 |                 wrap_in_quotes_string(path.as_ref()),
[INFO] [stdout] 221 |                 wrap_in_quotes_string(app.into())
[INFO] [stdout] 222 |             ))
[INFO] [stdout] 223 |             .creation_flags(CREATE_NO_WINDOW),
[INFO] [stdout]     |              ^^^^^^^^^^^^^^ method not found in `&mut Command`
[INFO] [stdout] 
[INFO] [stdout] 
[INFO] [stdout] error[E0599]: no method named `raw_arg` found for mutable reference `&mut Command` in the current scope
[INFO] [stdout]    --> src/lib.rs:227:14
[INFO] [stdout]     |
[INFO] [stdout] 224 |         "cmd" => cmd
[INFO] [stdout] 225 |             .arg("/c")
[INFO] [stdout] 226 |             .arg("start")
[INFO] [stdout] 227 |             .raw_arg("\"\"")
[INFO] [stdout]     |              ^^^^^^^ method not found in `&mut Command`
[INFO] [stdout] 
[INFO] [stdout] 
[INFO] [stdout] error[E0599]: no method named `creation_flags` found for mutable reference `&mut Command` in the current scope
[INFO] [stdout]    --> src/lib.rs:405:14
[INFO] [stdout]     |
[INFO] [stdout] 405 |         self.creation_flags(CREATE_NEW_PROCESS_GROUP | CREATE_NO_WINDOW);
[INFO] [stdout]     |              ^^^^^^^^^^^^^^ method not found in `&mut Command`
[INFO] [stdout] 
[INFO] [stdout] 
[INFO] [stdout] Some errors have detailed explanations: E0433, E0599.
[INFO] [stdout] 
[INFO] [stdout] For more information about an error, try `rustc --explain E0433`.
[INFO] [stdout] 
[INFO] [stderr] error: could not compile `win-open` (lib) due to 10 previous errors
[INFO] running `Command { std: "docker" "inspect" "3712128d0e27d14e64c9b935c8d90c072474ed069032040eac51b17c29ec84df", kill_on_drop: false }`
[INFO] running `Command { std: "docker" "rm" "-f" "3712128d0e27d14e64c9b935c8d90c072474ed069032040eac51b17c29ec84df", kill_on_drop: false }`
[INFO] [stdout] 3712128d0e27d14e64c9b935c8d90c072474ed069032040eac51b17c29ec84df
