[INFO] fetching crate win-gsmtc 0.1.0...
[INFO] testing win-gsmtc-0.1.0 against 1.100.0-beta.1 for beta-1.100-2
[INFO] extracting crate win-gsmtc 0.1.0 into /workspace/builds/worker-5-tc2/source
[INFO] started tweaking crates.io crate win-gsmtc 0.1.0
[INFO] finished tweaking crates.io crate win-gsmtc 0.1.0
[INFO] tweaked toml for crates.io crate win-gsmtc 0.1.0 written to /workspace/builds/worker-5-tc2/source/Cargo.toml
[INFO] validating manifest of crates.io crate win-gsmtc 0.1.0 on toolchain 1.100.0-beta.1
[INFO] running `Command { std: CARGO_HOME="/workspace/cargo-home" RUSTUP_HOME="/workspace/rustup-home" "/workspace/cargo-home/bin/cargo" "+1.100.0-beta.1" "metadata" "--manifest-path" "Cargo.toml" "--no-deps", kill_on_drop: false }`
[INFO] crate crates.io crate win-gsmtc 0.1.0 already has a lockfile, it will not be regenerated
[INFO] running `Command { std: CARGO_HOME="/workspace/cargo-home" RUSTUP_HOME="/workspace/rustup-home" "/workspace/cargo-home/bin/cargo" "+1.100.0-beta.1" "fetch" "--manifest-path" "Cargo.toml", kill_on_drop: false }`
[INFO] running `Command { std: "docker" "create" "-v" "/var/lib/crater-agent-workspace/builds/worker-5-tc2/source:/opt/rustwide/workdir:ro,Z" "-v" "/var/lib/crater-agent-workspace/builds/worker-5-tc2/target:/opt/rustwide/target:rw,Z" "-v" "/var/lib/crater-agent-workspace/cargo-home:/opt/rustwide/cargo-home:ro,Z" "-v" "/var/lib/crater-agent-workspace/rustup-home:/opt/rustwide/rustup-home:ro,Z" "-m" "1610612736" "--network" "none" "ghcr.io/rust-lang/crates-build-env/linux@sha256:3111399a4047eeb3a02b7a90e478d715f38a8c6669b5c4b49d30a17385265909" "sleep" "infinity", kill_on_drop: false }`
[INFO] [stdout] 1457cbf4393fccd6275cf9cebc63d131f3cc6d35d2d13171c412d63f67e80a24
[INFO] running `Command { std: "docker" "start" "1457cbf4393fccd6275cf9cebc63d131f3cc6d35d2d13171c412d63f67e80a24", kill_on_drop: false }`
[INFO] running `Command { std: "docker" "inspect" "1457cbf4393fccd6275cf9cebc63d131f3cc6d35d2d13171c412d63f67e80a24", kill_on_drop: false }`
[INFO] running `Command { std: "docker" "exec" "-e" "SOURCE_DIR=/opt/rustwide/workdir" "-e" "CARGO_HOME=/opt/rustwide/cargo-home" "-e" "RUSTUP_HOME=/opt/rustwide/rustup-home" "-e" "CARGO_TARGET_DIR=/opt/rustwide/target" "-w" "/opt/rustwide/workdir" "--user" "0:0" "1457cbf4393fccd6275cf9cebc63d131f3cc6d35d2d13171c412d63f67e80a24" "/opt/rustwide/cargo-home/bin/cargo" "+1.100.0-beta.1" "metadata" "--no-deps" "--format-version=1", kill_on_drop: false }`
[INFO] running `Command { std: "docker" "inspect" "1457cbf4393fccd6275cf9cebc63d131f3cc6d35d2d13171c412d63f67e80a24", kill_on_drop: false }`
[INFO] running `Command { std: "docker" "exec" "-e" "SOURCE_DIR=/opt/rustwide/workdir" "-e" "CARGO_HOME=/opt/rustwide/cargo-home" "-e" "RUSTUP_HOME=/opt/rustwide/rustup-home" "-e" "CARGO_TARGET_DIR=/opt/rustwide/target" "-e" "CARGO_INCREMENTAL=0" "-e" "RUST_BACKTRACE=full" "-e" "RUSTFLAGS=--cap-lints=warn" "-e" "RUSTDOCFLAGS=--cap-lints=warn" "-w" "/opt/rustwide/workdir" "--user" "0:0" "1457cbf4393fccd6275cf9cebc63d131f3cc6d35d2d13171c412d63f67e80a24" "/opt/rustwide/cargo-home/bin/cargo" "+1.100.0-beta.1" "build" "--frozen" "--message-format=json", kill_on_drop: false }`
[INFO] [stderr]    Compiling proc-macro2 v1.0.54
[INFO] [stderr]    Compiling quote v1.0.26
[INFO] [stderr]    Compiling unicode-ident v1.0.8
[INFO] [stderr]    Compiling windows_x86_64_gnu v0.48.0
[INFO] [stderr]    Compiling autocfg v1.1.0
[INFO] [stderr]    Compiling pin-project-lite v0.2.9
[INFO] [stderr]    Compiling once_cell v1.17.1
[INFO] [stderr]    Compiling windows-targets v0.48.0
[INFO] [stderr]    Compiling windows v0.48.0
[INFO] [stderr]    Compiling tracing-core v0.1.30
[INFO] [stderr]    Compiling tokio v1.28.0
[INFO] [stderr]    Compiling syn v2.0.12
[INFO] [stderr]    Compiling tokio-macros v2.1.0
[INFO] [stderr]    Compiling tracing-attributes v0.1.24
[INFO] [stderr]    Compiling tracing v0.1.38
[INFO] [stderr]    Compiling win-gsmtc v0.1.0 (/opt/rustwide/workdir)
[INFO] [stderr]     Finished `dev` profile [unoptimized + debuginfo] target(s) in 4.87s
[INFO] running `Command { std: "docker" "inspect" "1457cbf4393fccd6275cf9cebc63d131f3cc6d35d2d13171c412d63f67e80a24", kill_on_drop: false }`
[INFO] running `Command { std: "docker" "exec" "-e" "SOURCE_DIR=/opt/rustwide/workdir" "-e" "CARGO_HOME=/opt/rustwide/cargo-home" "-e" "RUSTUP_HOME=/opt/rustwide/rustup-home" "-e" "CARGO_TARGET_DIR=/opt/rustwide/target" "-e" "CARGO_INCREMENTAL=0" "-e" "RUST_BACKTRACE=full" "-e" "RUSTFLAGS=--cap-lints=warn" "-e" "RUSTDOCFLAGS=--cap-lints=warn" "-w" "/opt/rustwide/workdir" "--user" "0:0" "1457cbf4393fccd6275cf9cebc63d131f3cc6d35d2d13171c412d63f67e80a24" "/opt/rustwide/cargo-home/bin/cargo" "+1.100.0-beta.1" "test" "--frozen" "--no-run" "--message-format=json", kill_on_drop: false }`
[INFO] [stderr]    Compiling libc v0.2.140
[INFO] [stderr]    Compiling log v0.4.17
[INFO] [stderr]    Compiling smallvec v1.10.0
[INFO] [stderr]    Compiling tracing-core v0.1.30
[INFO] [stderr]    Compiling tokio v1.28.0
[INFO] [stderr]    Compiling regex-automata v0.1.10
[INFO] [stderr]    Compiling thread_local v1.1.7
[INFO] [stderr]    Compiling sharded-slab v0.1.4
[INFO] [stderr]    Compiling regex v1.7.3
[INFO] [stderr]    Compiling tracing v0.1.38
[INFO] [stderr]    Compiling tracing-log v0.1.3
[INFO] [stderr]    Compiling num_cpus v1.15.0
[INFO] [stderr]    Compiling matchers v0.1.0
[INFO] [stderr]    Compiling tracing-subscriber v0.3.17
[INFO] [stderr]    Compiling win-gsmtc v0.1.0 (/opt/rustwide/workdir)
[INFO] [stdout] error: linking with `cc` failed: exit status: 1
[INFO] [stdout]   |
[INFO] [stdout]   = note:  "cc" "-m64" "/opt/rustwide/target/debug/build/win-gsmtc/5a0ec31d08d35a33/out/rustcdDf2b9/symbols.o" "<4 object files omitted>" "-Wl,--as-needed" "-Wl,-Bstatic" "/opt/rustwide/target/debug/build/tracing-subscriber/47462bd838ba6c12/out/libtracing_subscriber-47462bd838ba6c12.rlib" "/opt/rustwide/target/debug/build/smallvec/4517414d4f20efb1/out/libsmallvec-4517414d4f20efb1.rlib" "/opt/rustwide/target/debug/build/nu-ansi-term/ef093e3d876aec99/out/libnu_ansi_term-ef093e3d876aec99.rlib" "/opt/rustwide/target/debug/build/overload/447f2db329e02fd7/out/liboverload-447f2db329e02fd7.rlib" "/opt/rustwide/target/debug/build/sharded-slab/29ce2944b70f477f/out/libsharded_slab-29ce2944b70f477f.rlib" "/opt/rustwide/target/debug/build/matchers/82bff9e1b6f2fbd8/out/libmatchers-82bff9e1b6f2fbd8.rlib" "/opt/rustwide/target/debug/build/regex-automata/a3cd0ab7d90c5f68/out/libregex_automata-a3cd0ab7d90c5f68.rlib" "/opt/rustwide/target/debug/build/regex/5c49d76f03840df7/out/libregex-5c49d76f03840df7.rlib" "/opt/rustwide/target/debug/build/regex-syntax/893772d02d5263ca/out/libregex_syntax-893772d02d5263ca.rlib" "/opt/rustwide/target/debug/build/thread_local/0c8ef117e77177b9/out/libthread_local-0c8ef117e77177b9.rlib" "/opt/rustwide/target/debug/build/tracing-log/5e5616d05f52a1c8/out/libtracing_log-5e5616d05f52a1c8.rlib" "/opt/rustwide/target/debug/build/log/db64831fa30f0a98/out/liblog-db64831fa30f0a98.rlib" "/opt/rustwide/target/debug/build/cfg-if/3e7fc4e38d4a72b5/out/libcfg_if-3e7fc4e38d4a72b5.rlib" "/opt/rustwide/target/debug/build/lazy_static/af860367908b8176/out/liblazy_static-af860367908b8176.rlib" "/opt/rustwide/target/debug/build/win-gsmtc/02ae2adc3fcc02e2/out/libgsmtc-02ae2adc3fcc02e2.rlib" "/opt/rustwide/target/debug/build/tap/37e510577f660e8b/out/libtap-37e510577f660e8b.rlib" "/opt/rustwide/target/debug/build/tracing/b43ead5ebb1267bb/out/libtracing-b43ead5ebb1267bb.rlib" "/opt/rustwide/target/debug/build/tracing-core/6d5ea8aef4f0d823/out/libtracing_core-6d5ea8aef4f0d823.rlib" "/opt/rustwide/target/debug/build/once_cell/d2ec766eecdc7a51/out/libonce_cell-d2ec766eecdc7a51.rlib" "/opt/rustwide/target/debug/build/tokio/adc001937e43d5a2/out/libtokio-adc001937e43d5a2.rlib" "/opt/rustwide/target/debug/build/num_cpus/cb8f58417d1f9e89/out/libnum_cpus-cb8f58417d1f9e89.rlib" "/opt/rustwide/target/debug/build/libc/6a5ffbe6dcf0a7e9/out/liblibc-6a5ffbe6dcf0a7e9.rlib" "/opt/rustwide/target/debug/build/pin-project-lite/6df6c214457c8ca7/out/libpin_project_lite-6df6c214457c8ca7.rlib" "/opt/rustwide/target/debug/build/windows/4c0a8a821cda810f/out/libwindows-4c0a8a821cda810f.rlib" "/opt/rustwide/target/debug/build/windows-targets/180b697a8fa3774b/out/libwindows_targets-180b697a8fa3774b.rlib" "<sysroot>/lib/rustlib/x86_64-unknown-linux-gnu/lib/{libstd-*,libpanic_unwind-*,libobject-*,libmemchr-*,libaddr2line-*,libgimli-*,libcfg_if-*,librustc_demangle-*,libstd_detect-*,libhashbrown-*,librustc_std_workspace_alloc-*,libminiz_oxide-*,libadler2-*,libunwind-*,liblibc-*,librustc_std_workspace_core-*,liballoc-*,libcore-*,libcompiler_builtins-*}.rlib" "-Wl,-Bdynamic" "-lgcc_s" "-lutil" "-lrt" "-lpthread" "-lm" "-ldl" "-lc" "-L" "/opt/rustwide/target/debug/build/win-gsmtc/5a0ec31d08d35a33/out/rustcdDf2b9/raw-dylibs" "-B<sysroot>/lib/rustlib/x86_64-unknown-linux-gnu/bin/gcc-ld" "-fuse-ld=lld" "-Wl,--eh-frame-hdr" "-Wl,-z,noexecstack" "-L" "<sysroot>/lib/rustlib/x86_64-unknown-linux-gnu/lib" "-o" "/opt/rustwide/target/debug/build/win-gsmtc/5a0ec31d08d35a33/out/basic" "-Wl,--gc-sections" "-pie" "-Wl,-z,relro,-z,now" "-nodefaultlibs"
[INFO] [stdout]   = note: some arguments are omitted. use `--verbose` to show all linker arguments
[INFO] [stdout]   = note: rust-lld: error: undefined symbol: RoGetAgileReference
[INFO] [stdout]           >>> referenced by agile_reference.rs:14 (/opt/rustwide/cargo-home/registry/src/index.crates.io-1949cf8c6b5b557f/windows-0.48.0/src/core/agile_reference.rs:14)
[INFO] [stdout]           >>>               gsmtc-02ae2adc3fcc02e2.gsmtc.f9f99bf088648e9a-cgu.4.rcgu.o:(<windows::core::agile_reference::AgileReference<windows::Windows::Media::Control::GlobalSystemMediaTransportControlsSession>>::new) in archive /opt/rustwide/target/debug/build/win-gsmtc/02ae2adc3fcc02e2/out/libgsmtc-02ae2adc3fcc02e2.rlib
[INFO] [stdout]           
[INFO] [stdout]           rust-lld: error: undefined symbol: FormatMessageW
[INFO] [stdout]           >>> referenced by hresult.rs:89 (src/core/hresult.rs:89)
[INFO] [stdout]           >>>               windows-4c0a8a821cda810f.windows.4327d9e774c16a50-cgu.06.rcgu.o:(<windows::core::hresult::HRESULT>::message) in archive /opt/rustwide/target/debug/build/windows/4c0a8a821cda810f/out/libwindows-4c0a8a821cda810f.rlib
[INFO] [stdout]           
[INFO] [stdout]           rust-lld: error: undefined symbol: CreateEventW
[INFO] [stdout]           >>> referenced by waiter.rs:10 (src/imp/waiter.rs:10)
[INFO] [stdout]           >>>               windows-4c0a8a821cda810f.windows.4327d9e774c16a50-cgu.10.rcgu.o:(<windows::imp::waiter::Waiter>::new) in archive /opt/rustwide/target/debug/build/windows/4c0a8a821cda810f/out/libwindows-4c0a8a821cda810f.rlib
[INFO] [stdout]           
[INFO] [stdout]           rust-lld: error: undefined symbol: SetErrorInfo
[INFO] [stdout]           >>> referenced by error.rs:69 (src/core/error.rs:69)
[INFO] [stdout]           >>>               windows-4c0a8a821cda810f.windows.4327d9e774c16a50-cgu.06.rcgu.o:(<windows::core::hresult::HRESULT as core::convert::From<windows::core::error::Error>>::from) in archive /opt/rustwide/target/debug/build/windows/4c0a8a821cda810f/out/libwindows-4c0a8a821cda810f.rlib
[INFO] [stdout]           
[INFO] [stdout]           rust-lld: error: undefined symbol: SetEvent
[INFO] [stdout]           >>> referenced by waiter.rs:28 (src/imp/waiter.rs:28)
[INFO] [stdout]           >>>               windows-4c0a8a821cda810f.windows.4327d9e774c16a50-cgu.10.rcgu.o:(<windows::imp::waiter::WaiterSignaler>::signal) in archive /opt/rustwide/target/debug/build/windows/4c0a8a821cda810f/out/libwindows-4c0a8a821cda810f.rlib
[INFO] [stdout]           
[INFO] [stdout]           rust-lld: error: undefined symbol: WaitForSingleObject
[INFO] [stdout]           >>> referenced by waiter.rs:35 (src/imp/waiter.rs:35)
[INFO] [stdout]           >>>               windows-4c0a8a821cda810f.windows.4327d9e774c16a50-cgu.10.rcgu.o:(<windows::imp::waiter::Waiter as core::ops::drop::Drop>::drop) in archive /opt/rustwide/target/debug/build/windows/4c0a8a821cda810f/out/libwindows-4c0a8a821cda810f.rlib
[INFO] [stdout]           
[INFO] [stdout]           rust-lld: error: undefined symbol: CloseHandle
[INFO] [stdout]           >>> referenced by waiter.rs:36 (src/imp/waiter.rs:36)
[INFO] [stdout]           >>>               windows-4c0a8a821cda810f.windows.4327d9e774c16a50-cgu.10.rcgu.o:(<windows::imp::waiter::Waiter as core::ops::drop::Drop>::drop) in archive /opt/rustwide/target/debug/build/windows/4c0a8a821cda810f/out/libwindows-4c0a8a821cda810f.rlib
[INFO] [stdout]           
[INFO] [stdout]           rust-lld: error: undefined symbol: GetProcessHeap
[INFO] [stdout]           >>> referenced by heap.rs:10 (src/imp/heap.rs:10)
[INFO] [stdout]           >>>               windows-4c0a8a821cda810f.windows.4327d9e774c16a50-cgu.12.rcgu.o:(windows::imp::heap::heap_alloc) in archive /opt/rustwide/target/debug/build/windows/4c0a8a821cda810f/out/libwindows-4c0a8a821cda810f.rlib
[INFO] [stdout]           >>> referenced by heap.rs:34 (src/imp/heap.rs:34)
[INFO] [stdout]           >>>               windows-4c0a8a821cda810f.windows.4327d9e774c16a50-cgu.12.rcgu.o:(windows::imp::heap::heap_free) in archive /opt/rustwide/target/debug/build/windows/4c0a8a821cda810f/out/libwindows-4c0a8a821cda810f.rlib
[INFO] [stdout]           
[INFO] [stdout]           rust-lld: error: undefined symbol: HeapAlloc
[INFO] [stdout]           >>> referenced by heap.rs:10 (src/imp/heap.rs:10)
[INFO] [stdout]           >>>               windows-4c0a8a821cda810f.windows.4327d9e774c16a50-cgu.12.rcgu.o:(windows::imp::heap::heap_alloc) in archive /opt/rustwide/target/debug/build/windows/4c0a8a821cda810f/out/libwindows-4c0a8a821cda810f.rlib
[INFO] [stdout]           
[INFO] [stdout]           rust-lld: error: undefined symbol: HeapFree
[INFO] [stdout]           >>> referenced by heap.rs:34 (src/imp/heap.rs:34)
[INFO] [stdout]           >>>               windows-4c0a8a821cda810f.windows.4327d9e774c16a50-cgu.12.rcgu.o:(windows::imp::heap::heap_free) in archive /opt/rustwide/target/debug/build/windows/4c0a8a821cda810f/out/libwindows-4c0a8a821cda810f.rlib
[INFO] [stdout]           
[INFO] [stdout]           rust-lld: error: undefined symbol: LoadLibraryA
[INFO] [stdout]           >>> referenced by delay_load.rs:11 (src/imp/delay_load.rs:11)
[INFO] [stdout]           >>>               windows-4c0a8a821cda810f.windows.4327d9e774c16a50-cgu.11.rcgu.o:(windows::imp::delay_load::delay_load::<for<'a> extern "system" fn(*mut core::ffi::c_void, &'a windows::core::guid::GUID, *mut *mut core::ffi::c_void) -> windows::core::hresult::HRESULT>) in archive /opt/rustwide/target/debug/build/windows/4c0a8a821cda810f/out/libwindows-4c0a8a821cda810f.rlib
[INFO] [stdout]           >>> referenced by delay_load.rs:11 (src/imp/delay_load.rs:11)
[INFO] [stdout]           >>>               windows-4c0a8a821cda810f.windows.4327d9e774c16a50-cgu.11.rcgu.o:(windows::imp::delay_load::delay_load::<extern "system" fn(windows::core::hresult::HRESULT, *mut core::ffi::c_void) -> i32>) in archive /opt/rustwide/target/debug/build/windows/4c0a8a821cda810f/out/libwindows-4c0a8a821cda810f.rlib
[INFO] [stdout]           >>> referenced by delay_load.rs:11 (src/imp/delay_load.rs:11)
[INFO] [stdout]           >>>               windows-4c0a8a821cda810f.windows.4327d9e774c16a50-cgu.11.rcgu.o:(windows::imp::delay_load::delay_load::<extern "system" fn(*mut core::ffi::c_void, *mut *mut core::ffi::c_void) -> windows::core::hresult::HRESULT>) in archive /opt/rustwide/target/debug/build/windows/4c0a8a821cda810f/out/libwindows-4c0a8a821cda810f.rlib
[INFO] [stdout]           >>> referenced 1 more times
[INFO] [stdout]           
[INFO] [stdout]           rust-lld: error: undefined symbol: GetProcAddress
[INFO] [stdout]           >>> referenced by delay_load.rs:17 (src/imp/delay_load.rs:17)
[INFO] [stdout]           >>>               windows-4c0a8a821cda810f.windows.4327d9e774c16a50-cgu.11.rcgu.o:(windows::imp::delay_load::delay_load::<for<'a> extern "system" fn(*mut core::ffi::c_void, &'a windows::core::guid::GUID, *mut *mut core::ffi::c_void) -> windows::core::hresult::HRESULT>) in archive /opt/rustwide/target/debug/build/windows/4c0a8a821cda810f/out/libwindows-4c0a8a821cda810f.rlib
[INFO] [stdout]           >>> referenced by delay_load.rs:17 (src/imp/delay_load.rs:17)
[INFO] [stdout]           >>>               windows-4c0a8a821cda810f.windows.4327d9e774c16a50-cgu.11.rcgu.o:(windows::imp::delay_load::delay_load::<extern "system" fn(windows::core::hresult::HRESULT, *mut core::ffi::c_void) -> i32>) in archive /opt/rustwide/target/debug/build/windows/4c0a8a821cda810f/out/libwindows-4c0a8a821cda810f.rlib
[INFO] [stdout]           >>> referenced by delay_load.rs:17 (src/imp/delay_load.rs:17)
[INFO] [stdout]           >>>               windows-4c0a8a821cda810f.windows.4327d9e774c16a50-cgu.11.rcgu.o:(windows::imp::delay_load::delay_load::<extern "system" fn(*mut core::ffi::c_void, *mut *mut core::ffi::c_void) -> windows::core::hresult::HRESULT>) in archive /opt/rustwide/target/debug/build/windows/4c0a8a821cda810f/out/libwindows-4c0a8a821cda810f.rlib
[INFO] [stdout]           >>> referenced 1 more times
[INFO] [stdout]           
[INFO] [stdout]           rust-lld: error: undefined symbol: FreeLibrary
[INFO] [stdout]           >>> referenced by delay_load.rs:23 (src/imp/delay_load.rs:23)
[INFO] [stdout]           >>>               windows-4c0a8a821cda810f.windows.4327d9e774c16a50-cgu.11.rcgu.o:(windows::imp::delay_load::delay_load::<for<'a> extern "system" fn(*mut core::ffi::c_void, &'a windows::core::guid::GUID, *mut *mut core::ffi::c_void) -> windows::core::hresult::HRESULT>) in archive /opt/rustwide/target/debug/build/windows/4c0a8a821cda810f/out/libwindows-4c0a8a821cda810f.rlib
[INFO] [stdout]           >>> referenced by delay_load.rs:23 (src/imp/delay_load.rs:23)
[INFO] [stdout]           >>>               windows-4c0a8a821cda810f.windows.4327d9e774c16a50-cgu.11.rcgu.o:(windows::imp::delay_load::delay_load::<extern "system" fn(windows::core::hresult::HRESULT, *mut core::ffi::c_void) -> i32>) in archive /opt/rustwide/target/debug/build/windows/4c0a8a821cda810f/out/libwindows-4c0a8a821cda810f.rlib
[INFO] [stdout]           >>> referenced by delay_load.rs:23 (src/imp/delay_load.rs:23)
[INFO] [stdout]           >>>               windows-4c0a8a821cda810f.windows.4327d9e774c16a50-cgu.11.rcgu.o:(windows::imp::delay_load::delay_load::<extern "system" fn(*mut core::ffi::c_void, *mut *mut core::ffi::c_void) -> windows::core::hresult::HRESULT>) in archive /opt/rustwide/target/debug/build/windows/4c0a8a821cda810f/out/libwindows-4c0a8a821cda810f.rlib
[INFO] [stdout]           >>> referenced 1 more times
[INFO] [stdout]           
[INFO] [stdout]           rust-lld: error: undefined symbol: GetLastError
[INFO] [stdout]           >>> referenced by error.rs:28 (src/core/error.rs:28)
[INFO] [stdout]           >>>               windows-4c0a8a821cda810f.windows.4327d9e774c16a50-cgu.14.rcgu.o:(<windows::core::error::Error>::from_win32) in archive /opt/rustwide/target/debug/build/windows/4c0a8a821cda810f/out/libwindows-4c0a8a821cda810f.rlib
[INFO] [stdout]           
[INFO] [stdout]           rust-lld: error: undefined symbol: SysStringLen
[INFO] [stdout]           >>> referenced by bstr.rs:27 (src/core/strings/bstr.rs:27)
[INFO] [stdout]           >>>               windows-4c0a8a821cda810f.windows.4327d9e774c16a50-cgu.13.rcgu.o:(<windows::core::strings::bstr::BSTR>::len) in archive /opt/rustwide/target/debug/build/windows/4c0a8a821cda810f/out/libwindows-4c0a8a821cda810f.rlib
[INFO] [stdout]           
[INFO] [stdout]           rust-lld: error: undefined symbol: GetErrorInfo
[INFO] [stdout]           >>> referenced by error.rs:154 (src/core/error.rs:154)
[INFO] [stdout]           >>>               windows-4c0a8a821cda810f.windows.4327d9e774c16a50-cgu.14.rcgu.o:(windows::core::error::GetErrorInfo) in archive /opt/rustwide/target/debug/build/windows/4c0a8a821cda810f/out/libwindows-4c0a8a821cda810f.rlib
[INFO] [stdout]           
[INFO] [stdout]           rust-lld: error: undefined symbol: SysFreeString
[INFO] [stdout]           >>> referenced by bstr.rs:154 (src/core/strings/bstr.rs:154)
[INFO] [stdout]           >>>               windows-4c0a8a821cda810f.windows.4327d9e774c16a50-cgu.13.rcgu.o:(<windows::core::strings::bstr::BSTR as core::ops::drop::Drop>::drop) in archive /opt/rustwide/target/debug/build/windows/4c0a8a821cda810f/out/libwindows-4c0a8a821cda810f.rlib
[INFO] [stdout]           collect2: error: ld returned 1 exit status
[INFO] [stdout]           
[INFO] [stdout] 
[INFO] [stdout] 
[INFO] [stderr] error: could not compile `win-gsmtc` (example "basic") due to 1 previous error
[INFO] running `Command { std: "docker" "inspect" "1457cbf4393fccd6275cf9cebc63d131f3cc6d35d2d13171c412d63f67e80a24", kill_on_drop: false }`
[INFO] running `Command { std: "docker" "rm" "-f" "1457cbf4393fccd6275cf9cebc63d131f3cc6d35d2d13171c412d63f67e80a24", kill_on_drop: false }`
[INFO] [stdout] 1457cbf4393fccd6275cf9cebc63d131f3cc6d35d2d13171c412d63f67e80a24
