[INFO] fetching crate wick-wascap 0.3.0...
[INFO] testing wick-wascap-0.3.0 against 1.99.0-beta.8 for beta-1.100-2
[INFO] extracting crate wick-wascap 0.3.0 into /workspace/builds/worker-7-tc1/source
[INFO] started tweaking crates.io crate wick-wascap 0.3.0
[INFO] finished tweaking crates.io crate wick-wascap 0.3.0
[INFO] tweaked toml for crates.io crate wick-wascap 0.3.0 written to /workspace/builds/worker-7-tc1/source/Cargo.toml
[INFO] validating manifest of crates.io crate wick-wascap 0.3.0 on toolchain 1.99.0-beta.8
[INFO] running `Command { std: CARGO_HOME="/workspace/cargo-home" RUSTUP_HOME="/workspace/rustup-home" "/workspace/cargo-home/bin/cargo" "+1.99.0-beta.8" "metadata" "--manifest-path" "Cargo.toml" "--no-deps", kill_on_drop: false }`
[INFO] running `Command { std: CARGO_HOME="/workspace/cargo-home" RUSTUP_HOME="/workspace/rustup-home" "/workspace/cargo-home/bin/cargo" "+1.99.0-beta.8" "generate-lockfile" "--manifest-path" "Cargo.toml", kill_on_drop: false }`
[INFO] [stderr]     Updating crates.io index
[INFO] [stderr]      Locking 113 packages to highest compatible versions
[INFO] [stderr]       Adding base64 v0.21.7 (available: v0.23.1)
[INFO] [stderr]       Adding generic-array v0.14.7 (available: v0.14.9)
[INFO] [stderr]       Adding nkeys v0.3.2 (available: v0.4.5)
[INFO] [stderr]       Adding nuid v0.4.1 (available: v0.6.0)
[INFO] [stderr]       Adding rstest v0.18.2 (available: v0.27.0)
[INFO] [stderr]       Adding thiserror v1.0.69 (available: v2.0.21)
[INFO] [stderr]       Adding wasm-encoder v0.35.0 (available: v0.261.0)
[INFO] [stderr]       Adding wasmparser v0.115.0 (available: v0.261.0)
[INFO] running `Command { std: CARGO_HOME="/workspace/cargo-home" RUSTUP_HOME="/workspace/rustup-home" "/workspace/cargo-home/bin/cargo" "+1.99.0-beta.8" "fetch" "--manifest-path" "Cargo.toml", kill_on_drop: false }`
[INFO] [stderr]     Blocking waiting for file lock on package cache
[INFO] [stderr]  Downloading crates ...
[INFO] [stderr]   Downloaded wick-interface-types v0.17.0
[INFO] [stderr]   Downloaded nkeys v0.3.2
[INFO] [stderr]   Downloaded wasmparser v0.115.0
[INFO] [stderr]   Downloaded nuid v0.4.1
[INFO] [stderr]   Downloaded wasm-encoder v0.35.0
[INFO] [stderr]   Downloaded signatory v0.27.1
[INFO] running `Command { std: "docker" "create" "-v" "/var/lib/crater-agent-workspace/builds/worker-7-tc1/source:/opt/rustwide/workdir:ro,Z" "-v" "/var/lib/crater-agent-workspace/builds/worker-7-tc1/target:/opt/rustwide/target:rw,Z" "-v" "/var/lib/crater-agent-workspace/cargo-home:/opt/rustwide/cargo-home:ro,Z" "-v" "/var/lib/crater-agent-workspace/rustup-home:/opt/rustwide/rustup-home:ro,Z" "-m" "1610612736" "--network" "none" "ghcr.io/rust-lang/crates-build-env/linux@sha256:3111399a4047eeb3a02b7a90e478d715f38a8c6669b5c4b49d30a17385265909" "sleep" "infinity", kill_on_drop: false }`
[INFO] [stdout] 698072454ef666ae5795e9b86cd5455ca5b5ca64c315b7eedf06c3d96d66c737
[INFO] running `Command { std: "docker" "start" "698072454ef666ae5795e9b86cd5455ca5b5ca64c315b7eedf06c3d96d66c737", kill_on_drop: false }`
[INFO] running `Command { std: "docker" "inspect" "698072454ef666ae5795e9b86cd5455ca5b5ca64c315b7eedf06c3d96d66c737", kill_on_drop: false }`
[INFO] running `Command { std: "docker" "exec" "-e" "SOURCE_DIR=/opt/rustwide/workdir" "-e" "CARGO_HOME=/opt/rustwide/cargo-home" "-e" "RUSTUP_HOME=/opt/rustwide/rustup-home" "-e" "CARGO_TARGET_DIR=/opt/rustwide/target" "-w" "/opt/rustwide/workdir" "--user" "0:0" "698072454ef666ae5795e9b86cd5455ca5b5ca64c315b7eedf06c3d96d66c737" "/opt/rustwide/cargo-home/bin/cargo" "+1.99.0-beta.8" "metadata" "--no-deps" "--format-version=1", kill_on_drop: false }`
[INFO] running `Command { std: "docker" "inspect" "698072454ef666ae5795e9b86cd5455ca5b5ca64c315b7eedf06c3d96d66c737", kill_on_drop: false }`
[INFO] running `Command { std: "docker" "exec" "-e" "SOURCE_DIR=/opt/rustwide/workdir" "-e" "CARGO_HOME=/opt/rustwide/cargo-home" "-e" "RUSTUP_HOME=/opt/rustwide/rustup-home" "-e" "CARGO_TARGET_DIR=/opt/rustwide/target" "-e" "CARGO_INCREMENTAL=0" "-e" "RUST_BACKTRACE=full" "-e" "RUSTFLAGS=--cap-lints=warn" "-e" "RUSTDOCFLAGS=--cap-lints=warn" "-w" "/opt/rustwide/workdir" "--user" "0:0" "698072454ef666ae5795e9b86cd5455ca5b5ca64c315b7eedf06c3d96d66c737" "/opt/rustwide/cargo-home/bin/cargo" "+1.99.0-beta.8" "build" "--frozen" "--message-format=json", kill_on_drop: false }`
[INFO] [stderr]    Compiling libc v0.2.190
[INFO] [stderr]    Compiling strsim v0.10.0
[INFO] [stderr]    Compiling semver v1.0.28
[INFO] [stderr]    Compiling base64ct v1.8.3
[INFO] [stderr]    Compiling const-oid v0.9.6
[INFO] [stderr]    Compiling syn v1.0.109
[INFO] [stderr]    Compiling syn v2.0.119
[INFO] [stderr]    Compiling syn v3.0.6
[INFO] [stderr]    Compiling cc v1.6.0
[INFO] [stderr]    Compiling serde_json v1.0.151
[INFO] [stderr]    Compiling cpufeatures v0.3.1
[INFO] [stderr]    Compiling crypto-common v0.1.7
[INFO] [stderr]    Compiling minimal-lexical v0.2.1
[INFO] [stderr]    Compiling data-encoding v2.11.1
[INFO] [stderr]    Compiling tracing-core v0.1.36
[INFO] [stderr]    Compiling wasm-encoder v0.35.0
[INFO] [stderr]    Compiling chacha20 v0.10.2
[INFO] [stderr]    Compiling humantime v2.4.0
[INFO] [stderr]    Compiling digest v0.10.7
[INFO] [stderr]    Compiling pem-rfc7468 v0.7.0
[INFO] [stderr]    Compiling rustc_version v0.4.1
[INFO] [stderr]    Compiling nom v7.1.3
[INFO] [stderr]    Compiling signature v2.2.0
[INFO] [stderr]    Compiling sha2 v0.10.9
[INFO] [stderr]    Compiling curve25519-dalek v4.1.3
[INFO] [stderr]    Compiling der v0.7.10
[INFO] [stderr]    Compiling ed25519 v2.2.3
[INFO] [stderr]    Compiling tracing v0.1.44
[INFO] [stderr]    Compiling wasmparser v0.115.0
[INFO] [stderr]    Compiling base64 v0.21.7
[INFO] [stderr]    Compiling ring v0.17.14
[INFO] [stderr]    Compiling spki v0.7.3
[INFO] [stderr]    Compiling darling_core v0.14.4
[INFO] [stderr]    Compiling pkcs8 v0.10.2
[INFO] [stderr]    Compiling getrandom v0.2.17
[INFO] [stderr]    Compiling getrandom v0.4.3
[INFO] [stderr]    Compiling rand_core v0.6.4
[INFO] [stderr]    Compiling rand v0.10.3
[INFO] [stderr]    Compiling rand_chacha v0.3.1
[INFO] [stderr]    Compiling signatory v0.27.1
[INFO] [stderr]    Compiling serde_derive v1.0.229
[INFO] [stderr]    Compiling serde_repr v0.1.21
[INFO] [stderr]    Compiling curve25519-dalek-derive v0.1.1
[INFO] [stderr]    Compiling thiserror-impl v1.0.69
[INFO] [stderr]    Compiling rand v0.8.8
[INFO] [stderr]    Compiling nuid v0.4.1
[INFO] [stdout] error[E0432]: unresolved import `rand::distributions`
[INFO] [stdout]   --> /opt/rustwide/cargo-home/registry/src/index.crates.io-1949cf8c6b5b557f/nuid-0.4.1/src/lib.rs:19:11
[INFO] [stdout]    |
[INFO] [stdout] 19 | use rand::distributions::Alphanumeric;
[INFO] [stdout]    |           ^^^^^^^^^^^^^ could not find `distributions` in `rand`
[INFO] [stdout] 
[INFO] [stdout] 
[INFO] [stdout] error[E0432]: unresolved import `rand::rngs::OsRng`
[INFO] [stdout]   --> /opt/rustwide/cargo-home/registry/src/index.crates.io-1949cf8c6b5b557f/nuid-0.4.1/src/lib.rs:20:5
[INFO] [stdout]    |
[INFO] [stdout] 20 | use rand::rngs::OsRng;
[INFO] [stdout]    |     ^^^^^^^^^^^^-----
[INFO] [stdout]    |                 |
[INFO] [stdout]    |                 no `OsRng` in `rngs`
[INFO] [stdout] 
[INFO] [stdout] 
[INFO] [stdout] error[E0432]: unresolved import `rand::thread_rng`
[INFO] [stdout]   --> /opt/rustwide/cargo-home/registry/src/index.crates.io-1949cf8c6b5b557f/nuid-0.4.1/src/lib.rs:21:5
[INFO] [stdout]    |
[INFO] [stdout] 21 | use rand::thread_rng;
[INFO] [stdout]    |     ^^^^^^----------
[INFO] [stdout]    |           |
[INFO] [stdout]    |           no `thread_rng` in the root
[INFO] [stdout] 
[INFO] [stdout] 
[INFO] [stdout] For more information about this error, try `rustc --explain E0432`.
[INFO] [stdout] 
[INFO] [stderr] error: could not compile `nuid` (lib) due to 3 previous errors
[INFO] [stderr] warning: build failed, waiting for other jobs to finish...
[INFO] running `Command { std: "docker" "inspect" "698072454ef666ae5795e9b86cd5455ca5b5ca64c315b7eedf06c3d96d66c737", kill_on_drop: false }`
[INFO] running `Command { std: "docker" "rm" "-f" "698072454ef666ae5795e9b86cd5455ca5b5ca64c315b7eedf06c3d96d66c737", kill_on_drop: false }`
[INFO] [stdout] 698072454ef666ae5795e9b86cd5455ca5b5ca64c315b7eedf06c3d96d66c737
