[INFO] fetching crate whatwg_streams 0.1.0-alpha.11...
[INFO] testing whatwg_streams-0.1.0-alpha.11 against 1.99.0-beta.8 for beta-1.100-2
[INFO] extracting crate whatwg_streams 0.1.0-alpha.11 into /workspace/builds/worker-7-tc1/source
[INFO] started tweaking crates.io crate whatwg_streams 0.1.0-alpha.11
[INFO] finished tweaking crates.io crate whatwg_streams 0.1.0-alpha.11
[INFO] tweaked toml for crates.io crate whatwg_streams 0.1.0-alpha.11 written to /workspace/builds/worker-7-tc1/source/Cargo.toml
[INFO] validating manifest of crates.io crate whatwg_streams 0.1.0-alpha.11 on toolchain 1.99.0-beta.8
[INFO] running `Command { std: CARGO_HOME="/workspace/cargo-home" RUSTUP_HOME="/workspace/rustup-home" "/workspace/cargo-home/bin/cargo" "+1.99.0-beta.8" "metadata" "--manifest-path" "Cargo.toml" "--no-deps", kill_on_drop: false }`
[INFO] crate crates.io crate whatwg_streams 0.1.0-alpha.11 already has a lockfile, it will not be regenerated
[INFO] running `Command { std: CARGO_HOME="/workspace/cargo-home" RUSTUP_HOME="/workspace/rustup-home" "/workspace/cargo-home/bin/cargo" "+1.99.0-beta.8" "fetch" "--manifest-path" "Cargo.toml", kill_on_drop: false }`
[INFO] running `Command { std: "docker" "create" "-v" "/var/lib/crater-agent-workspace/builds/worker-7-tc1/source:/opt/rustwide/workdir:ro,Z" "-v" "/var/lib/crater-agent-workspace/builds/worker-7-tc1/target:/opt/rustwide/target:rw,Z" "-v" "/var/lib/crater-agent-workspace/cargo-home:/opt/rustwide/cargo-home:ro,Z" "-v" "/var/lib/crater-agent-workspace/rustup-home:/opt/rustwide/rustup-home:ro,Z" "-m" "1610612736" "--network" "none" "ghcr.io/rust-lang/crates-build-env/linux@sha256:3111399a4047eeb3a02b7a90e478d715f38a8c6669b5c4b49d30a17385265909" "sleep" "infinity", kill_on_drop: false }`
[INFO] [stdout] e35fd7a84d05f61be834dc5960f72c8ee2b855303b73b367fbdcacd400af8d5d
[INFO] running `Command { std: "docker" "start" "e35fd7a84d05f61be834dc5960f72c8ee2b855303b73b367fbdcacd400af8d5d", kill_on_drop: false }`
[INFO] running `Command { std: "docker" "inspect" "e35fd7a84d05f61be834dc5960f72c8ee2b855303b73b367fbdcacd400af8d5d", kill_on_drop: false }`
[INFO] running `Command { std: "docker" "exec" "-e" "SOURCE_DIR=/opt/rustwide/workdir" "-e" "CARGO_HOME=/opt/rustwide/cargo-home" "-e" "RUSTUP_HOME=/opt/rustwide/rustup-home" "-e" "CARGO_TARGET_DIR=/opt/rustwide/target" "-w" "/opt/rustwide/workdir" "--user" "0:0" "e35fd7a84d05f61be834dc5960f72c8ee2b855303b73b367fbdcacd400af8d5d" "/opt/rustwide/cargo-home/bin/cargo" "+1.99.0-beta.8" "metadata" "--no-deps" "--format-version=1", kill_on_drop: false }`
[INFO] running `Command { std: "docker" "inspect" "e35fd7a84d05f61be834dc5960f72c8ee2b855303b73b367fbdcacd400af8d5d", kill_on_drop: false }`
[INFO] running `Command { std: "docker" "exec" "-e" "SOURCE_DIR=/opt/rustwide/workdir" "-e" "CARGO_HOME=/opt/rustwide/cargo-home" "-e" "RUSTUP_HOME=/opt/rustwide/rustup-home" "-e" "CARGO_TARGET_DIR=/opt/rustwide/target" "-e" "CARGO_INCREMENTAL=0" "-e" "RUST_BACKTRACE=full" "-e" "RUSTFLAGS=--cap-lints=warn" "-e" "RUSTDOCFLAGS=--cap-lints=warn" "-w" "/opt/rustwide/workdir" "--user" "0:0" "e35fd7a84d05f61be834dc5960f72c8ee2b855303b73b367fbdcacd400af8d5d" "/opt/rustwide/cargo-home/bin/cargo" "+1.99.0-beta.8" "build" "--frozen" "--message-format=json", kill_on_drop: false }`
[INFO] [stderr]    Compiling futures-sink v0.3.32
[INFO] [stderr]    Compiling futures-core v0.3.32
[INFO] [stderr]    Compiling memchr v2.8.2
[INFO] [stderr]    Compiling bytes v1.12.0
[INFO] [stderr]    Compiling syn v2.0.118
[INFO] [stderr]    Compiling futures-channel v0.3.32
[INFO] [stderr]    Compiling futures-macro v0.3.32
[INFO] [stderr]    Compiling pin-project-internal v1.1.13
[INFO] [stderr]    Compiling pin-project v1.1.13
[INFO] [stderr]    Compiling futures-util v0.3.32
[INFO] [stderr]    Compiling futures-executor v0.3.32
[INFO] [stderr]    Compiling futures v0.3.32
[INFO] [stderr]    Compiling whatwg_streams v0.1.0-alpha.11 (/opt/rustwide/workdir)
[INFO] [stderr]     Finished `dev` profile [unoptimized + debuginfo] target(s) in 11.62s
[INFO] running `Command { std: "docker" "inspect" "e35fd7a84d05f61be834dc5960f72c8ee2b855303b73b367fbdcacd400af8d5d", kill_on_drop: false }`
[INFO] running `Command { std: "docker" "exec" "-e" "SOURCE_DIR=/opt/rustwide/workdir" "-e" "CARGO_HOME=/opt/rustwide/cargo-home" "-e" "RUSTUP_HOME=/opt/rustwide/rustup-home" "-e" "CARGO_TARGET_DIR=/opt/rustwide/target" "-e" "CARGO_INCREMENTAL=0" "-e" "RUST_BACKTRACE=full" "-e" "RUSTFLAGS=--cap-lints=warn" "-e" "RUSTDOCFLAGS=--cap-lints=warn" "-w" "/opt/rustwide/workdir" "--user" "0:0" "e35fd7a84d05f61be834dc5960f72c8ee2b855303b73b367fbdcacd400af8d5d" "/opt/rustwide/cargo-home/bin/cargo" "+1.99.0-beta.8" "test" "--frozen" "--no-run" "--message-format=json", kill_on_drop: false }`
[INFO] [stderr]    Compiling tokio-macros v2.7.0
[INFO] [stderr]    Compiling tokio v1.52.3
[INFO] [stderr]    Compiling whatwg_streams v0.1.0-alpha.11 (/opt/rustwide/workdir)
[INFO] [stdout] error[E0433]: cannot find module or crate `tokio_localset_test` in this scope
[INFO] [stdout]     --> src/streams/readable.rs:3005:7
[INFO] [stdout]      |
[INFO] [stdout] 3005 |     #[tokio_localset_test::localset_test]
[INFO] [stdout]      |       ^^^^^^^^^^^^^^^^^^^ use of unresolved module or unlinked crate `tokio_localset_test`
[INFO] [stdout] 
[INFO] [stdout] 
[INFO] [stdout] error[E0433]: cannot find module or crate `tokio_localset_test` in this scope
[INFO] [stdout]     --> src/streams/readable.rs:3020:7
[INFO] [stdout]      |
[INFO] [stdout] 3020 |     #[tokio_localset_test::localset_test]
[INFO] [stdout]      |       ^^^^^^^^^^^^^^^^^^^ use of unresolved module or unlinked crate `tokio_localset_test`
[INFO] [stdout] 
[INFO] [stdout] 
[INFO] [stdout] error[E0433]: cannot find module or crate `tokio_localset_test` in this scope
[INFO] [stdout]     --> src/streams/readable.rs:3036:7
[INFO] [stdout]      |
[INFO] [stdout] 3036 |     #[tokio_localset_test::localset_test]
[INFO] [stdout]      |       ^^^^^^^^^^^^^^^^^^^ use of unresolved module or unlinked crate `tokio_localset_test`
[INFO] [stdout] 
[INFO] [stdout] 
[INFO] [stdout] error[E0433]: cannot find module or crate `tokio_localset_test` in this scope
[INFO] [stdout]     --> src/streams/readable.rs:3048:7
[INFO] [stdout]      |
[INFO] [stdout] 3048 |     #[tokio_localset_test::localset_test]
[INFO] [stdout]      |       ^^^^^^^^^^^^^^^^^^^ use of unresolved module or unlinked crate `tokio_localset_test`
[INFO] [stdout] 
[INFO] [stdout] 
[INFO] [stdout] error[E0433]: cannot find module or crate `tokio_localset_test` in this scope
[INFO] [stdout]     --> src/streams/readable.rs:3061:7
[INFO] [stdout]      |
[INFO] [stdout] 3061 |     #[tokio_localset_test::localset_test]
[INFO] [stdout]      |       ^^^^^^^^^^^^^^^^^^^ use of unresolved module or unlinked crate `tokio_localset_test`
[INFO] [stdout] 
[INFO] [stdout] 
[INFO] [stdout] error[E0433]: cannot find module or crate `tokio_localset_test` in this scope
[INFO] [stdout]     --> src/streams/readable.rs:3075:7
[INFO] [stdout]      |
[INFO] [stdout] 3075 |     #[tokio_localset_test::localset_test]
[INFO] [stdout]      |       ^^^^^^^^^^^^^^^^^^^ use of unresolved module or unlinked crate `tokio_localset_test`
[INFO] [stdout] 
[INFO] [stdout] 
[INFO] [stdout] error[E0433]: cannot find module or crate `tokio_localset_test` in this scope
[INFO] [stdout]     --> src/streams/readable.rs:3092:7
[INFO] [stdout]      |
[INFO] [stdout] 3092 |     #[tokio_localset_test::localset_test]
[INFO] [stdout]      |       ^^^^^^^^^^^^^^^^^^^ use of unresolved module or unlinked crate `tokio_localset_test`
[INFO] [stdout] 
[INFO] [stdout] 
[INFO] [stdout] error[E0433]: cannot find module or crate `tokio_localset_test` in this scope
[INFO] [stdout]     --> src/streams/readable.rs:3103:7
[INFO] [stdout]      |
[INFO] [stdout] 3103 |     #[tokio_localset_test::localset_test]
[INFO] [stdout]      |       ^^^^^^^^^^^^^^^^^^^ use of unresolved module or unlinked crate `tokio_localset_test`
[INFO] [stdout] 
[INFO] [stdout] 
[INFO] [stdout] error[E0433]: cannot find module or crate `tokio_localset_test` in this scope
[INFO] [stdout]     --> src/streams/readable.rs:3142:7
[INFO] [stdout]      |
[INFO] [stdout] 3142 |     #[tokio_localset_test::localset_test]
[INFO] [stdout]      |       ^^^^^^^^^^^^^^^^^^^ use of unresolved module or unlinked crate `tokio_localset_test`
[INFO] [stdout] 
[INFO] [stdout] 
[INFO] [stdout] error[E0433]: cannot find module or crate `tokio_localset_test` in this scope
[INFO] [stdout]     --> src/streams/readable.rs:3157:7
[INFO] [stdout]      |
[INFO] [stdout] 3157 |     #[tokio_localset_test::localset_test]
[INFO] [stdout]      |       ^^^^^^^^^^^^^^^^^^^ use of unresolved module or unlinked crate `tokio_localset_test`
[INFO] [stdout] 
[INFO] [stdout] 
[INFO] [stdout] error[E0433]: cannot find module or crate `tokio_localset_test` in this scope
[INFO] [stdout]     --> src/streams/readable.rs:3171:7
[INFO] [stdout]      |
[INFO] [stdout] 3171 |     #[tokio_localset_test::localset_test]
[INFO] [stdout]      |       ^^^^^^^^^^^^^^^^^^^ use of unresolved module or unlinked crate `tokio_localset_test`
[INFO] [stdout] 
[INFO] [stdout] 
[INFO] [stdout] error[E0433]: cannot find module or crate `tokio_localset_test` in this scope
[INFO] [stdout]     --> src/streams/readable.rs:3206:7
[INFO] [stdout]      |
[INFO] [stdout] 3206 |     #[tokio_localset_test::localset_test]
[INFO] [stdout]      |       ^^^^^^^^^^^^^^^^^^^ use of unresolved module or unlinked crate `tokio_localset_test`
[INFO] [stdout] 
[INFO] [stdout] 
[INFO] [stdout] error[E0433]: cannot find module or crate `tokio_localset_test` in this scope
[INFO] [stdout]     --> src/streams/readable.rs:3249:7
[INFO] [stdout]      |
[INFO] [stdout] 3249 |     #[tokio_localset_test::localset_test]
[INFO] [stdout]      |       ^^^^^^^^^^^^^^^^^^^ use of unresolved module or unlinked crate `tokio_localset_test`
[INFO] [stdout] 
[INFO] [stdout] 
[INFO] [stdout] error[E0433]: cannot find module or crate `tokio_localset_test` in this scope
[INFO] [stdout]     --> src/streams/readable.rs:3289:7
[INFO] [stdout]      |
[INFO] [stdout] 3289 |     #[tokio_localset_test::localset_test]
[INFO] [stdout]      |       ^^^^^^^^^^^^^^^^^^^ use of unresolved module or unlinked crate `tokio_localset_test`
[INFO] [stdout] 
[INFO] [stdout] 
[INFO] [stdout] error[E0433]: cannot find module or crate `tokio_localset_test` in this scope
[INFO] [stdout]     --> src/streams/readable.rs:3334:7
[INFO] [stdout]      |
[INFO] [stdout] 3334 |     #[tokio_localset_test::localset_test]
[INFO] [stdout]      |       ^^^^^^^^^^^^^^^^^^^ use of unresolved module or unlinked crate `tokio_localset_test`
[INFO] [stdout] 
[INFO] [stdout] 
[INFO] [stdout] error[E0433]: cannot find module or crate `tokio_localset_test` in this scope
[INFO] [stdout]     --> src/streams/readable.rs:3375:7
[INFO] [stdout]      |
[INFO] [stdout] 3375 |     #[tokio_localset_test::localset_test]
[INFO] [stdout]      |       ^^^^^^^^^^^^^^^^^^^ use of unresolved module or unlinked crate `tokio_localset_test`
[INFO] [stdout] 
[INFO] [stdout] 
[INFO] [stdout] error[E0433]: cannot find module or crate `tokio_localset_test` in this scope
[INFO] [stdout]     --> src/streams/readable.rs:3412:7
[INFO] [stdout]      |
[INFO] [stdout] 3412 |     #[tokio_localset_test::localset_test]
[INFO] [stdout]      |       ^^^^^^^^^^^^^^^^^^^ use of unresolved module or unlinked crate `tokio_localset_test`
[INFO] [stdout] 
[INFO] [stdout] 
[INFO] [stdout] error[E0433]: cannot find module or crate `tokio_localset_test` in this scope
[INFO] [stdout]     --> src/streams/readable.rs:3429:7
[INFO] [stdout]      |
[INFO] [stdout] 3429 |     #[tokio_localset_test::localset_test]
[INFO] [stdout]      |       ^^^^^^^^^^^^^^^^^^^ use of unresolved module or unlinked crate `tokio_localset_test`
[INFO] [stdout] 
[INFO] [stdout] 
[INFO] [stdout] error[E0433]: cannot find module or crate `tokio_localset_test` in this scope
[INFO] [stdout]     --> src/streams/readable.rs:3447:7
[INFO] [stdout]      |
[INFO] [stdout] 3447 |     #[tokio_localset_test::localset_test]
[INFO] [stdout]      |       ^^^^^^^^^^^^^^^^^^^ use of unresolved module or unlinked crate `tokio_localset_test`
[INFO] [stdout] 
[INFO] [stdout] 
[INFO] [stdout] error[E0433]: cannot find module or crate `tokio_localset_test` in this scope
[INFO] [stdout]     --> src/streams/readable.rs:3465:7
[INFO] [stdout]      |
[INFO] [stdout] 3465 |     #[tokio_localset_test::localset_test]
[INFO] [stdout]      |       ^^^^^^^^^^^^^^^^^^^ use of unresolved module or unlinked crate `tokio_localset_test`
[INFO] [stdout] 
[INFO] [stdout] 
[INFO] [stdout] error[E0433]: cannot find module or crate `tokio_localset_test` in this scope
[INFO] [stdout]     --> src/streams/readable.rs:3521:7
[INFO] [stdout]      |
[INFO] [stdout] 3521 |     #[tokio_localset_test::localset_test]
[INFO] [stdout]      |       ^^^^^^^^^^^^^^^^^^^ use of unresolved module or unlinked crate `tokio_localset_test`
[INFO] [stdout] 
[INFO] [stdout] 
[INFO] [stdout] error[E0433]: cannot find module or crate `tokio_localset_test` in this scope
[INFO] [stdout]     --> src/streams/readable.rs:3567:7
[INFO] [stdout]      |
[INFO] [stdout] 3567 |     #[tokio_localset_test::localset_test]
[INFO] [stdout]      |       ^^^^^^^^^^^^^^^^^^^ use of unresolved module or unlinked crate `tokio_localset_test`
[INFO] [stdout] 
[INFO] [stdout] 
[INFO] [stdout] error[E0433]: cannot find module or crate `tokio_localset_test` in this scope
[INFO] [stdout]     --> src/streams/readable.rs:3678:7
[INFO] [stdout]      |
[INFO] [stdout] 3678 |     #[tokio_localset_test::localset_test]
[INFO] [stdout]      |       ^^^^^^^^^^^^^^^^^^^ use of unresolved module or unlinked crate `tokio_localset_test`
[INFO] [stdout] 
[INFO] [stdout] 
[INFO] [stdout] error[E0433]: cannot find module or crate `tokio_localset_test` in this scope
[INFO] [stdout]     --> src/streams/readable.rs:3700:7
[INFO] [stdout]      |
[INFO] [stdout] 3700 |     #[tokio_localset_test::localset_test]
[INFO] [stdout]      |       ^^^^^^^^^^^^^^^^^^^ use of unresolved module or unlinked crate `tokio_localset_test`
[INFO] [stdout] 
[INFO] [stdout] 
[INFO] [stdout] error[E0433]: cannot find module or crate `tokio_localset_test` in this scope
[INFO] [stdout]     --> src/streams/readable.rs:3835:7
[INFO] [stdout]      |
[INFO] [stdout] 3835 |     #[tokio_localset_test::localset_test]
[INFO] [stdout]      |       ^^^^^^^^^^^^^^^^^^^ use of unresolved module or unlinked crate `tokio_localset_test`
[INFO] [stdout] 
[INFO] [stdout] 
[INFO] [stdout] error[E0433]: cannot find module or crate `tokio_localset_test` in this scope
[INFO] [stdout]     --> src/streams/readable.rs:3962:7
[INFO] [stdout]      |
[INFO] [stdout] 3962 |     #[tokio_localset_test::localset_test]
[INFO] [stdout]      |       ^^^^^^^^^^^^^^^^^^^ use of unresolved module or unlinked crate `tokio_localset_test`
[INFO] [stdout] 
[INFO] [stdout] 
[INFO] [stdout] error[E0433]: cannot find module or crate `tokio_localset_test` in this scope
[INFO] [stdout]     --> src/streams/readable.rs:4147:7
[INFO] [stdout]      |
[INFO] [stdout] 4147 |     #[tokio_localset_test::localset_test]
[INFO] [stdout]      |       ^^^^^^^^^^^^^^^^^^^ use of unresolved module or unlinked crate `tokio_localset_test`
[INFO] [stdout] 
[INFO] [stdout] 
[INFO] [stdout] error[E0433]: cannot find module or crate `tokio_localset_test` in this scope
[INFO] [stdout]     --> src/streams/readable.rs:4174:7
[INFO] [stdout]      |
[INFO] [stdout] 4174 |     #[tokio_localset_test::localset_test]
[INFO] [stdout]      |       ^^^^^^^^^^^^^^^^^^^ use of unresolved module or unlinked crate `tokio_localset_test`
[INFO] [stdout] 
[INFO] [stdout] 
[INFO] [stdout] error[E0433]: cannot find module or crate `tokio_localset_test` in this scope
[INFO] [stdout]     --> src/streams/readable.rs:4197:7
[INFO] [stdout]      |
[INFO] [stdout] 4197 |     #[tokio_localset_test::localset_test]
[INFO] [stdout]      |       ^^^^^^^^^^^^^^^^^^^ use of unresolved module or unlinked crate `tokio_localset_test`
[INFO] [stdout] 
[INFO] [stdout] 
[INFO] [stdout] error[E0433]: cannot find module or crate `tokio_localset_test` in this scope
[INFO] [stdout]     --> src/streams/readable.rs:4222:7
[INFO] [stdout]      |
[INFO] [stdout] 4222 |     #[tokio_localset_test::localset_test]
[INFO] [stdout]      |       ^^^^^^^^^^^^^^^^^^^ use of unresolved module or unlinked crate `tokio_localset_test`
[INFO] [stdout] 
[INFO] [stdout] 
[INFO] [stdout] error[E0433]: cannot find module or crate `tokio_localset_test` in this scope
[INFO] [stdout]     --> src/streams/readable.rs:4248:7
[INFO] [stdout]      |
[INFO] [stdout] 4248 |     #[tokio_localset_test::localset_test]
[INFO] [stdout]      |       ^^^^^^^^^^^^^^^^^^^ use of unresolved module or unlinked crate `tokio_localset_test`
[INFO] [stdout] 
[INFO] [stdout] 
[INFO] [stdout] error[E0433]: cannot find module or crate `tokio_localset_test` in this scope
[INFO] [stdout]     --> src/streams/readable.rs:4262:7
[INFO] [stdout]      |
[INFO] [stdout] 4262 |     #[tokio_localset_test::localset_test]
[INFO] [stdout]      |       ^^^^^^^^^^^^^^^^^^^ use of unresolved module or unlinked crate `tokio_localset_test`
[INFO] [stdout] 
[INFO] [stdout] 
[INFO] [stdout] error[E0433]: cannot find module or crate `tokio_localset_test` in this scope
[INFO] [stdout]     --> src/streams/readable.rs:4312:7
[INFO] [stdout]      |
[INFO] [stdout] 4312 |     #[tokio_localset_test::localset_test]
[INFO] [stdout]      |       ^^^^^^^^^^^^^^^^^^^ use of unresolved module or unlinked crate `tokio_localset_test`
[INFO] [stdout] 
[INFO] [stdout] 
[INFO] [stdout] error[E0433]: cannot find module or crate `tokio_localset_test` in this scope
[INFO] [stdout]     --> src/streams/readable.rs:4338:7
[INFO] [stdout]      |
[INFO] [stdout] 4338 |     #[tokio_localset_test::localset_test]
[INFO] [stdout]      |       ^^^^^^^^^^^^^^^^^^^ use of unresolved module or unlinked crate `tokio_localset_test`
[INFO] [stdout] 
[INFO] [stdout] 
[INFO] [stdout] error[E0433]: cannot find module or crate `tokio_localset_test` in this scope
[INFO] [stdout]     --> src/streams/readable.rs:4392:7
[INFO] [stdout]      |
[INFO] [stdout] 4392 |     #[tokio_localset_test::localset_test]
[INFO] [stdout]      |       ^^^^^^^^^^^^^^^^^^^ use of unresolved module or unlinked crate `tokio_localset_test`
[INFO] [stdout] 
[INFO] [stdout] 
[INFO] [stdout] error[E0433]: cannot find module or crate `tokio_localset_test` in this scope
[INFO] [stdout]     --> src/streams/readable.rs:4425:7
[INFO] [stdout]      |
[INFO] [stdout] 4425 |     #[tokio_localset_test::localset_test]
[INFO] [stdout]      |       ^^^^^^^^^^^^^^^^^^^ use of unresolved module or unlinked crate `tokio_localset_test`
[INFO] [stdout] 
[INFO] [stdout] 
[INFO] [stdout] error[E0433]: cannot find module or crate `tokio_localset_test` in this scope
[INFO] [stdout]     --> src/streams/readable.rs:4444:7
[INFO] [stdout]      |
[INFO] [stdout] 4444 |     #[tokio_localset_test::localset_test]
[INFO] [stdout]      |       ^^^^^^^^^^^^^^^^^^^ use of unresolved module or unlinked crate `tokio_localset_test`
[INFO] [stdout] 
[INFO] [stdout] 
[INFO] [stdout] error[E0433]: cannot find module or crate `tokio_localset_test` in this scope
[INFO] [stdout]     --> src/streams/readable.rs:4460:7
[INFO] [stdout]      |
[INFO] [stdout] 4460 |     #[tokio_localset_test::localset_test]
[INFO] [stdout]      |       ^^^^^^^^^^^^^^^^^^^ use of unresolved module or unlinked crate `tokio_localset_test`
[INFO] [stdout] 
[INFO] [stdout] 
[INFO] [stdout] error[E0433]: cannot find module or crate `tokio_localset_test` in this scope
[INFO] [stdout]     --> src/streams/readable.rs:4487:7
[INFO] [stdout]      |
[INFO] [stdout] 4487 |     #[tokio_localset_test::localset_test]
[INFO] [stdout]      |       ^^^^^^^^^^^^^^^^^^^ use of unresolved module or unlinked crate `tokio_localset_test`
[INFO] [stdout] 
[INFO] [stdout] 
[INFO] [stdout] error[E0433]: cannot find module or crate `tokio_localset_test` in this scope
[INFO] [stdout]     --> src/streams/readable.rs:4514:7
[INFO] [stdout]      |
[INFO] [stdout] 4514 |     #[tokio_localset_test::localset_test]
[INFO] [stdout]      |       ^^^^^^^^^^^^^^^^^^^ use of unresolved module or unlinked crate `tokio_localset_test`
[INFO] [stdout] 
[INFO] [stdout] 
[INFO] [stdout] error[E0433]: cannot find module or crate `tokio_localset_test` in this scope
[INFO] [stdout]     --> src/streams/readable.rs:4590:7
[INFO] [stdout]      |
[INFO] [stdout] 4590 |     #[tokio_localset_test::localset_test]
[INFO] [stdout]      |       ^^^^^^^^^^^^^^^^^^^ use of unresolved module or unlinked crate `tokio_localset_test`
[INFO] [stdout] 
[INFO] [stdout] 
[INFO] [stdout] error[E0433]: cannot find module or crate `tokio_localset_test` in this scope
[INFO] [stdout]     --> src/streams/readable.rs:4601:7
[INFO] [stdout]      |
[INFO] [stdout] 4601 |     #[tokio_localset_test::localset_test]
[INFO] [stdout]      |       ^^^^^^^^^^^^^^^^^^^ use of unresolved module or unlinked crate `tokio_localset_test`
[INFO] [stdout] 
[INFO] [stdout] 
[INFO] [stdout] error[E0433]: cannot find module or crate `tokio_localset_test` in this scope
[INFO] [stdout]     --> src/streams/readable.rs:4618:7
[INFO] [stdout]      |
[INFO] [stdout] 4618 |     #[tokio_localset_test::localset_test]
[INFO] [stdout]      |       ^^^^^^^^^^^^^^^^^^^ use of unresolved module or unlinked crate `tokio_localset_test`
[INFO] [stdout] 
[INFO] [stdout] 
[INFO] [stdout] error[E0433]: cannot find module or crate `tokio_localset_test` in this scope
[INFO] [stdout]     --> src/streams/readable.rs:4628:7
[INFO] [stdout]      |
[INFO] [stdout] 4628 |     #[tokio_localset_test::localset_test]
[INFO] [stdout]      |       ^^^^^^^^^^^^^^^^^^^ use of unresolved module or unlinked crate `tokio_localset_test`
[INFO] [stdout] 
[INFO] [stdout] 
[INFO] [stdout] error[E0433]: cannot find module or crate `tokio_localset_test` in this scope
[INFO] [stdout]     --> src/streams/readable.rs:4642:7
[INFO] [stdout]      |
[INFO] [stdout] 4642 |     #[tokio_localset_test::localset_test]
[INFO] [stdout]      |       ^^^^^^^^^^^^^^^^^^^ use of unresolved module or unlinked crate `tokio_localset_test`
[INFO] [stdout] 
[INFO] [stdout] 
[INFO] [stdout] error[E0433]: cannot find module or crate `tokio_localset_test` in this scope
[INFO] [stdout]     --> src/streams/readable.rs:4654:7
[INFO] [stdout]      |
[INFO] [stdout] 4654 |     #[tokio_localset_test::localset_test]
[INFO] [stdout]      |       ^^^^^^^^^^^^^^^^^^^ use of unresolved module or unlinked crate `tokio_localset_test`
[INFO] [stdout] 
[INFO] [stdout] 
[INFO] [stdout] error[E0433]: cannot find module or crate `tokio_localset_test` in this scope
[INFO] [stdout]     --> src/streams/readable.rs:4667:7
[INFO] [stdout]      |
[INFO] [stdout] 4667 |     #[tokio_localset_test::localset_test]
[INFO] [stdout]      |       ^^^^^^^^^^^^^^^^^^^ use of unresolved module or unlinked crate `tokio_localset_test`
[INFO] [stdout] 
[INFO] [stdout] 
[INFO] [stdout] error[E0433]: cannot find module or crate `tokio_localset_test` in this scope
[INFO] [stdout]    --> src/streams/transform.rs:868:7
[INFO] [stdout]     |
[INFO] [stdout] 868 |     #[tokio_localset_test::localset_test]
[INFO] [stdout]     |       ^^^^^^^^^^^^^^^^^^^ use of unresolved module or unlinked crate `tokio_localset_test`
[INFO] [stdout] 
[INFO] [stdout] 
[INFO] [stdout] error[E0433]: cannot find module or crate `tokio_localset_test` in this scope
[INFO] [stdout]    --> src/streams/transform.rs:903:7
[INFO] [stdout]     |
[INFO] [stdout] 903 |     #[tokio_localset_test::localset_test]
[INFO] [stdout]     |       ^^^^^^^^^^^^^^^^^^^ use of unresolved module or unlinked crate `tokio_localset_test`
[INFO] [stdout] 
[INFO] [stdout] 
[INFO] [stdout] error[E0433]: cannot find module or crate `tokio_localset_test` in this scope
[INFO] [stdout]    --> src/streams/transform.rs:926:7
[INFO] [stdout]     |
[INFO] [stdout] 926 |     #[tokio_localset_test::localset_test]
[INFO] [stdout]     |       ^^^^^^^^^^^^^^^^^^^ use of unresolved module or unlinked crate `tokio_localset_test`
[INFO] [stdout] 
[INFO] [stdout] 
[INFO] [stdout] error[E0433]: cannot find module or crate `tokio_localset_test` in this scope
[INFO] [stdout]    --> src/streams/transform.rs:951:7
[INFO] [stdout]     |
[INFO] [stdout] 951 |     #[tokio_localset_test::localset_test]
[INFO] [stdout]     |       ^^^^^^^^^^^^^^^^^^^ use of unresolved module or unlinked crate `tokio_localset_test`
[INFO] [stdout] 
[INFO] [stdout] 
[INFO] [stdout] error[E0433]: cannot find module or crate `tokio_localset_test` in this scope
[INFO] [stdout]    --> src/streams/transform.rs:978:7
[INFO] [stdout]     |
[INFO] [stdout] 978 |     #[tokio_localset_test::localset_test]
[INFO] [stdout]     |       ^^^^^^^^^^^^^^^^^^^ use of unresolved module or unlinked crate `tokio_localset_test`
[INFO] [stdout] 
[INFO] [stdout] 
[INFO] [stdout] error[E0433]: cannot find module or crate `tokio_localset_test` in this scope
[INFO] [stdout]    --> src/streams/transform.rs:994:7
[INFO] [stdout]     |
[INFO] [stdout] 994 |     #[tokio_localset_test::localset_test]
[INFO] [stdout]     |       ^^^^^^^^^^^^^^^^^^^ use of unresolved module or unlinked crate `tokio_localset_test`
[INFO] [stdout] 
[INFO] [stdout] 
[INFO] [stdout] error[E0433]: cannot find module or crate `tokio_localset_test` in this scope
[INFO] [stdout]     --> src/streams/transform.rs:1017:7
[INFO] [stdout]      |
[INFO] [stdout] 1017 |     #[tokio_localset_test::localset_test]
[INFO] [stdout]      |       ^^^^^^^^^^^^^^^^^^^ use of unresolved module or unlinked crate `tokio_localset_test`
[INFO] [stdout] 
[INFO] [stdout] 
[INFO] [stdout] error[E0433]: cannot find module or crate `tokio_localset_test` in this scope
[INFO] [stdout]     --> src/streams/transform.rs:1041:7
[INFO] [stdout]      |
[INFO] [stdout] 1041 |     #[tokio_localset_test::localset_test]
[INFO] [stdout]      |       ^^^^^^^^^^^^^^^^^^^ use of unresolved module or unlinked crate `tokio_localset_test`
[INFO] [stdout] 
[INFO] [stdout] 
[INFO] [stdout] error[E0433]: cannot find module or crate `tokio_localset_test` in this scope
[INFO] [stdout]     --> src/streams/transform.rs:1078:7
[INFO] [stdout]      |
[INFO] [stdout] 1078 |     #[tokio_localset_test::localset_test]
[INFO] [stdout]      |       ^^^^^^^^^^^^^^^^^^^ use of unresolved module or unlinked crate `tokio_localset_test`
[INFO] [stdout] 
[INFO] [stdout] 
[INFO] [stdout] error[E0433]: cannot find module or crate `tokio_localset_test` in this scope
[INFO] [stdout]     --> src/streams/transform.rs:1097:7
[INFO] [stdout]      |
[INFO] [stdout] 1097 |     #[tokio_localset_test::localset_test]
[INFO] [stdout]      |       ^^^^^^^^^^^^^^^^^^^ use of unresolved module or unlinked crate `tokio_localset_test`
[INFO] [stdout] 
[INFO] [stdout] 
[INFO] [stdout] error[E0433]: cannot find module or crate `tokio_localset_test` in this scope
[INFO] [stdout]     --> src/streams/transform.rs:1120:7
[INFO] [stdout]      |
[INFO] [stdout] 1120 |     #[tokio_localset_test::localset_test]
[INFO] [stdout]      |       ^^^^^^^^^^^^^^^^^^^ use of unresolved module or unlinked crate `tokio_localset_test`
[INFO] [stdout] 
[INFO] [stdout] 
[INFO] [stdout] error[E0433]: cannot find module or crate `tokio_localset_test` in this scope
[INFO] [stdout]     --> src/streams/transform.rs:1146:7
[INFO] [stdout]      |
[INFO] [stdout] 1146 |     #[tokio_localset_test::localset_test]
[INFO] [stdout]      |       ^^^^^^^^^^^^^^^^^^^ use of unresolved module or unlinked crate `tokio_localset_test`
[INFO] [stdout] 
[INFO] [stdout] 
[INFO] [stdout] error[E0433]: cannot find module or crate `tokio_localset_test` in this scope
[INFO] [stdout]     --> src/streams/transform.rs:1163:7
[INFO] [stdout]      |
[INFO] [stdout] 1163 |     #[tokio_localset_test::localset_test]
[INFO] [stdout]      |       ^^^^^^^^^^^^^^^^^^^ use of unresolved module or unlinked crate `tokio_localset_test`
[INFO] [stdout] 
[INFO] [stdout] 
[INFO] [stdout] error[E0433]: cannot find module or crate `tokio_localset_test` in this scope
[INFO] [stdout]     --> src/streams/writable.rs:1997:7
[INFO] [stdout]      |
[INFO] [stdout] 1997 |     #[tokio_localset_test::localset_test]
[INFO] [stdout]      |       ^^^^^^^^^^^^^^^^^^^ use of unresolved module or unlinked crate `tokio_localset_test`
[INFO] [stdout] 
[INFO] [stdout] 
[INFO] [stdout] error[E0433]: cannot find module or crate `tokio_localset_test` in this scope
[INFO] [stdout]     --> src/streams/writable.rs:2018:7
[INFO] [stdout]      |
[INFO] [stdout] 2018 |     #[tokio_localset_test::localset_test]
[INFO] [stdout]      |       ^^^^^^^^^^^^^^^^^^^ use of unresolved module or unlinked crate `tokio_localset_test`
[INFO] [stdout] 
[INFO] [stdout] 
[INFO] [stdout] error[E0433]: cannot find module or crate `tokio_localset_test` in this scope
[INFO] [stdout]     --> src/streams/writable.rs:2066:7
[INFO] [stdout]      |
[INFO] [stdout] 2066 |     #[tokio_localset_test::localset_test]
[INFO] [stdout]      |       ^^^^^^^^^^^^^^^^^^^ use of unresolved module or unlinked crate `tokio_localset_test`
[INFO] [stdout] 
[INFO] [stdout] 
[INFO] [stdout] error[E0433]: cannot find module or crate `tokio_localset_test` in this scope
[INFO] [stdout]     --> src/streams/writable.rs:2139:7
[INFO] [stdout]      |
[INFO] [stdout] 2139 |     #[tokio_localset_test::localset_test]
[INFO] [stdout]      |       ^^^^^^^^^^^^^^^^^^^ use of unresolved module or unlinked crate `tokio_localset_test`
[INFO] [stdout] 
[INFO] [stdout] 
[INFO] [stdout] error[E0433]: cannot find module or crate `tokio_localset_test` in this scope
[INFO] [stdout]     --> src/streams/writable.rs:2164:7
[INFO] [stdout]      |
[INFO] [stdout] 2164 |     #[tokio_localset_test::localset_test]
[INFO] [stdout]      |       ^^^^^^^^^^^^^^^^^^^ use of unresolved module or unlinked crate `tokio_localset_test`
[INFO] [stdout] 
[INFO] [stdout] 
[INFO] [stdout] error[E0433]: cannot find module or crate `tokio_localset_test` in this scope
[INFO] [stdout]     --> src/streams/writable.rs:2288:7
[INFO] [stdout]      |
[INFO] [stdout] 2288 |     #[tokio_localset_test::localset_test]
[INFO] [stdout]      |       ^^^^^^^^^^^^^^^^^^^ use of unresolved module or unlinked crate `tokio_localset_test`
[INFO] [stdout] 
[INFO] [stdout] 
[INFO] [stdout] error[E0433]: cannot find module or crate `tokio_localset_test` in this scope
[INFO] [stdout]     --> src/streams/writable.rs:2328:7
[INFO] [stdout]      |
[INFO] [stdout] 2328 |     #[tokio_localset_test::localset_test]
[INFO] [stdout]      |       ^^^^^^^^^^^^^^^^^^^ use of unresolved module or unlinked crate `tokio_localset_test`
[INFO] [stdout] 
[INFO] [stdout] 
[INFO] [stdout] error[E0433]: cannot find module or crate `tokio_localset_test` in this scope
[INFO] [stdout]     --> src/streams/writable.rs:2393:7
[INFO] [stdout]      |
[INFO] [stdout] 2393 |     #[tokio_localset_test::localset_test]
[INFO] [stdout]      |       ^^^^^^^^^^^^^^^^^^^ use of unresolved module or unlinked crate `tokio_localset_test`
[INFO] [stdout] 
[INFO] [stdout] 
[INFO] [stdout] error[E0433]: cannot find module or crate `tokio_localset_test` in this scope
[INFO] [stdout]     --> src/streams/writable.rs:2416:7
[INFO] [stdout]      |
[INFO] [stdout] 2416 |     #[tokio_localset_test::localset_test]
[INFO] [stdout]      |       ^^^^^^^^^^^^^^^^^^^ use of unresolved module or unlinked crate `tokio_localset_test`
[INFO] [stdout] 
[INFO] [stdout] 
[INFO] [stdout] error[E0433]: cannot find module or crate `tokio_localset_test` in this scope
[INFO] [stdout]     --> src/streams/writable.rs:2436:7
[INFO] [stdout]      |
[INFO] [stdout] 2436 |     #[tokio_localset_test::localset_test]
[INFO] [stdout]      |       ^^^^^^^^^^^^^^^^^^^ use of unresolved module or unlinked crate `tokio_localset_test`
[INFO] [stdout] 
[INFO] [stdout] 
[INFO] [stdout] error[E0433]: cannot find module or crate `tokio_localset_test` in this scope
[INFO] [stdout]     --> src/streams/writable.rs:2449:7
[INFO] [stdout]      |
[INFO] [stdout] 2449 |     #[tokio_localset_test::localset_test]
[INFO] [stdout]      |       ^^^^^^^^^^^^^^^^^^^ use of unresolved module or unlinked crate `tokio_localset_test`
[INFO] [stdout] 
[INFO] [stdout] 
[INFO] [stdout] error[E0433]: cannot find module or crate `tokio_localset_test` in this scope
[INFO] [stdout]     --> src/streams/writable.rs:2677:7
[INFO] [stdout]      |
[INFO] [stdout] 2677 |     #[tokio_localset_test::localset_test]
[INFO] [stdout]      |       ^^^^^^^^^^^^^^^^^^^ use of unresolved module or unlinked crate `tokio_localset_test`
[INFO] [stdout] 
[INFO] [stdout] 
[INFO] [stdout] error[E0433]: cannot find module or crate `tokio_localset_test` in this scope
[INFO] [stdout]     --> src/streams/writable.rs:2712:7
[INFO] [stdout]      |
[INFO] [stdout] 2712 |     #[tokio_localset_test::localset_test]
[INFO] [stdout]      |       ^^^^^^^^^^^^^^^^^^^ use of unresolved module or unlinked crate `tokio_localset_test`
[INFO] [stdout] 
[INFO] [stdout] 
[INFO] [stdout] error[E0433]: cannot find module or crate `tokio_localset_test` in this scope
[INFO] [stdout]     --> src/streams/writable.rs:2735:7
[INFO] [stdout]      |
[INFO] [stdout] 2735 |     #[tokio_localset_test::localset_test]
[INFO] [stdout]      |       ^^^^^^^^^^^^^^^^^^^ use of unresolved module or unlinked crate `tokio_localset_test`
[INFO] [stdout] 
[INFO] [stdout] 
[INFO] [stdout] error[E0433]: cannot find module or crate `tokio_localset_test` in this scope
[INFO] [stdout]     --> src/streams/writable.rs:2763:7
[INFO] [stdout]      |
[INFO] [stdout] 2763 |     #[tokio_localset_test::localset_test]
[INFO] [stdout]      |       ^^^^^^^^^^^^^^^^^^^ use of unresolved module or unlinked crate `tokio_localset_test`
[INFO] [stdout] 
[INFO] [stdout] 
[INFO] [stdout] error[E0433]: cannot find module or crate `tokio_localset_test` in this scope
[INFO] [stdout]     --> src/streams/writable.rs:2783:7
[INFO] [stdout]      |
[INFO] [stdout] 2783 |     #[tokio_localset_test::localset_test]
[INFO] [stdout]      |       ^^^^^^^^^^^^^^^^^^^ use of unresolved module or unlinked crate `tokio_localset_test`
[INFO] [stdout] 
[INFO] [stdout] 
[INFO] [stdout] error[E0433]: cannot find module or crate `tokio_localset_test` in this scope
[INFO] [stdout]     --> src/streams/writable.rs:2803:7
[INFO] [stdout]      |
[INFO] [stdout] 2803 |     #[tokio_localset_test::localset_test]
[INFO] [stdout]      |       ^^^^^^^^^^^^^^^^^^^ use of unresolved module or unlinked crate `tokio_localset_test`
[INFO] [stdout] 
[INFO] [stdout] 
[INFO] [stdout] error[E0433]: cannot find module or crate `tokio_localset_test` in this scope
[INFO] [stdout]     --> src/streams/writable.rs:2832:7
[INFO] [stdout]      |
[INFO] [stdout] 2832 |     #[tokio_localset_test::localset_test]
[INFO] [stdout]      |       ^^^^^^^^^^^^^^^^^^^ use of unresolved module or unlinked crate `tokio_localset_test`
[INFO] [stdout] 
[INFO] [stdout] 
[INFO] [stdout] error[E0433]: cannot find module or crate `tokio_localset_test` in this scope
[INFO] [stdout]     --> src/streams/writable.rs:2857:7
[INFO] [stdout]      |
[INFO] [stdout] 2857 |     #[tokio_localset_test::localset_test]
[INFO] [stdout]      |       ^^^^^^^^^^^^^^^^^^^ use of unresolved module or unlinked crate `tokio_localset_test`
[INFO] [stdout] 
[INFO] [stdout] 
[INFO] [stdout] error[E0433]: cannot find module or crate `tokio_localset_test` in this scope
[INFO] [stdout]     --> src/streams/writable.rs:2886:7
[INFO] [stdout]      |
[INFO] [stdout] 2886 |     #[tokio_localset_test::localset_test]
[INFO] [stdout]      |       ^^^^^^^^^^^^^^^^^^^ use of unresolved module or unlinked crate `tokio_localset_test`
[INFO] [stdout] 
[INFO] [stdout] 
[INFO] [stdout] error[E0433]: cannot find module or crate `tokio_localset_test` in this scope
[INFO] [stdout]     --> src/streams/writable.rs:2905:7
[INFO] [stdout]      |
[INFO] [stdout] 2905 |     #[tokio_localset_test::localset_test]
[INFO] [stdout]      |       ^^^^^^^^^^^^^^^^^^^ use of unresolved module or unlinked crate `tokio_localset_test`
[INFO] [stdout] 
[INFO] [stdout] 
[INFO] [stdout] error[E0433]: cannot find module or crate `tokio_localset_test` in this scope
[INFO] [stdout]     --> src/streams/writable.rs:2934:7
[INFO] [stdout]      |
[INFO] [stdout] 2934 |     #[tokio_localset_test::localset_test]
[INFO] [stdout]      |       ^^^^^^^^^^^^^^^^^^^ use of unresolved module or unlinked crate `tokio_localset_test`
[INFO] [stdout] 
[INFO] [stdout] 
[INFO] [stdout] error[E0433]: cannot find module or crate `tokio_localset_test` in this scope
[INFO] [stdout]     --> src/streams/writable.rs:3110:7
[INFO] [stdout]      |
[INFO] [stdout] 3110 |     #[tokio_localset_test::localset_test]
[INFO] [stdout]      |       ^^^^^^^^^^^^^^^^^^^ use of unresolved module or unlinked crate `tokio_localset_test`
[INFO] [stdout] 
[INFO] [stdout] 
[INFO] [stdout] error[E0433]: cannot find module or crate `tokio_localset_test` in this scope
[INFO] [stdout]     --> src/streams/writable.rs:3131:7
[INFO] [stdout]      |
[INFO] [stdout] 3131 |     #[tokio_localset_test::localset_test]
[INFO] [stdout]      |       ^^^^^^^^^^^^^^^^^^^ use of unresolved module or unlinked crate `tokio_localset_test`
[INFO] [stdout] 
[INFO] [stdout] 
[INFO] [stdout] error[E0433]: cannot find module or crate `tokio_localset_test` in this scope
[INFO] [stdout]     --> src/streams/writable.rs:3149:7
[INFO] [stdout]      |
[INFO] [stdout] 3149 |     #[tokio_localset_test::localset_test]
[INFO] [stdout]      |       ^^^^^^^^^^^^^^^^^^^ use of unresolved module or unlinked crate `tokio_localset_test`
[INFO] [stdout] 
[INFO] [stdout] 
[INFO] [stdout] error[E0433]: cannot find module or crate `tokio_localset_test` in this scope
[INFO] [stdout]     --> src/streams/writable.rs:3168:7
[INFO] [stdout]      |
[INFO] [stdout] 3168 |     #[tokio_localset_test::localset_test]
[INFO] [stdout]      |       ^^^^^^^^^^^^^^^^^^^ use of unresolved module or unlinked crate `tokio_localset_test`
[INFO] [stdout] 
[INFO] [stdout] 
[INFO] [stdout] error[E0433]: cannot find module or crate `tokio_localset_test` in this scope
[INFO] [stdout]     --> src/streams/writable.rs:3188:7
[INFO] [stdout]      |
[INFO] [stdout] 3188 |     #[tokio_localset_test::localset_test]
[INFO] [stdout]      |       ^^^^^^^^^^^^^^^^^^^ use of unresolved module or unlinked crate `tokio_localset_test`
[INFO] [stdout] 
[INFO] [stdout] 
[INFO] [stdout] error[E0433]: cannot find module or crate `tokio_localset_test` in this scope
[INFO] [stdout]     --> src/streams/writable.rs:3209:7
[INFO] [stdout]      |
[INFO] [stdout] 3209 |     #[tokio_localset_test::localset_test]
[INFO] [stdout]      |       ^^^^^^^^^^^^^^^^^^^ use of unresolved module or unlinked crate `tokio_localset_test`
[INFO] [stdout] 
[INFO] [stdout] 
[INFO] [stdout] error[E0433]: cannot find module or crate `tokio_localset_test` in this scope
[INFO] [stdout]     --> src/streams/writable.rs:3231:7
[INFO] [stdout]      |
[INFO] [stdout] 3231 |     #[tokio_localset_test::localset_test]
[INFO] [stdout]      |       ^^^^^^^^^^^^^^^^^^^ use of unresolved module or unlinked crate `tokio_localset_test`
[INFO] [stdout] 
[INFO] [stdout] 
[INFO] [stdout] error[E0433]: cannot find module or crate `tokio_localset_test` in this scope
[INFO] [stdout]     --> src/streams/writable.rs:3258:7
[INFO] [stdout]      |
[INFO] [stdout] 3258 |     #[tokio_localset_test::localset_test]
[INFO] [stdout]      |       ^^^^^^^^^^^^^^^^^^^ use of unresolved module or unlinked crate `tokio_localset_test`
[INFO] [stdout] 
[INFO] [stdout] 
[INFO] [stdout] error[E0433]: cannot find module or crate `tokio_localset_test` in this scope
[INFO] [stdout]     --> src/streams/writable.rs:3286:7
[INFO] [stdout]      |
[INFO] [stdout] 3286 |     #[tokio_localset_test::localset_test]
[INFO] [stdout]      |       ^^^^^^^^^^^^^^^^^^^ use of unresolved module or unlinked crate `tokio_localset_test`
[INFO] [stdout] 
[INFO] [stdout] 
[INFO] [stdout] error[E0433]: cannot find module or crate `tokio_localset_test` in this scope
[INFO] [stdout]     --> src/streams/writable.rs:3322:7
[INFO] [stdout]      |
[INFO] [stdout] 3322 |     #[tokio_localset_test::localset_test]
[INFO] [stdout]      |       ^^^^^^^^^^^^^^^^^^^ use of unresolved module or unlinked crate `tokio_localset_test`
[INFO] [stdout] 
[INFO] [stdout] 
[INFO] [stdout] error[E0433]: cannot find module or crate `tokio_localset_test` in this scope
[INFO] [stdout]     --> src/streams/writable.rs:3414:7
[INFO] [stdout]      |
[INFO] [stdout] 3414 |     #[tokio_localset_test::localset_test]
[INFO] [stdout]      |       ^^^^^^^^^^^^^^^^^^^ use of unresolved module or unlinked crate `tokio_localset_test`
[INFO] [stdout] 
[INFO] [stdout] 
[INFO] [stdout] error[E0433]: cannot find module or crate `tokio_localset_test` in this scope
[INFO] [stdout]     --> src/streams/writable.rs:3430:7
[INFO] [stdout]      |
[INFO] [stdout] 3430 |     #[tokio_localset_test::localset_test]
[INFO] [stdout]      |       ^^^^^^^^^^^^^^^^^^^ use of unresolved module or unlinked crate `tokio_localset_test`
[INFO] [stdout] 
[INFO] [stdout] 
[INFO] [stdout] error[E0433]: cannot find module or crate `tokio_localset_test` in this scope
[INFO] [stdout]     --> src/streams/writable.rs:3452:7
[INFO] [stdout]      |
[INFO] [stdout] 3452 |     #[tokio_localset_test::localset_test]
[INFO] [stdout]      |       ^^^^^^^^^^^^^^^^^^^ use of unresolved module or unlinked crate `tokio_localset_test`
[INFO] [stdout] 
[INFO] [stdout] 
[INFO] [stdout] error[E0433]: cannot find module or crate `tokio_localset_test` in this scope
[INFO] [stdout]     --> src/streams/writable.rs:3467:7
[INFO] [stdout]      |
[INFO] [stdout] 3467 |     #[tokio_localset_test::localset_test]
[INFO] [stdout]      |       ^^^^^^^^^^^^^^^^^^^ use of unresolved module or unlinked crate `tokio_localset_test`
[INFO] [stdout] 
[INFO] [stdout] 
[INFO] [stdout] warning: unused variable: `cancelled_flag`
[INFO] [stdout]     --> src/streams/readable.rs:3805:13
[INFO] [stdout]      |
[INFO] [stdout] 3805 |         let cancelled_flag = SharedPtr::clone(&source.cancelled);
[INFO] [stdout]      |             ^^^^^^^^^^^^^^ help: if this is intentional, prefix it with an underscore: `_cancelled_flag`
[INFO] [stdout]      |
[INFO] [stdout]      = note: `#[warn(unused_variables)]` (part of `#[warn(unused)]`) on by default
[INFO] [stdout] 
[INFO] [stdout] 
[INFO] [stdout] For more information about this error, try `rustc --explain E0433`.
[INFO] [stdout] 
[INFO] [stderr] error: could not compile `whatwg_streams` (lib test) due to 96 previous errors; 1 warning emitted
[INFO] running `Command { std: "docker" "inspect" "e35fd7a84d05f61be834dc5960f72c8ee2b855303b73b367fbdcacd400af8d5d", kill_on_drop: false }`
[INFO] running `Command { std: "docker" "rm" "-f" "e35fd7a84d05f61be834dc5960f72c8ee2b855303b73b367fbdcacd400af8d5d", kill_on_drop: false }`
[INFO] [stdout] e35fd7a84d05f61be834dc5960f72c8ee2b855303b73b367fbdcacd400af8d5d
