[INFO] fetching crate wgsl-parser 0.5.0...
[INFO] testing wgsl-parser-0.5.0 against 1.100.0-beta.1 for beta-1.100-2
[INFO] extracting crate wgsl-parser 0.5.0 into /workspace/builds/worker-2-tc2/source
[INFO] started tweaking crates.io crate wgsl-parser 0.5.0
[INFO] finished tweaking crates.io crate wgsl-parser 0.5.0
[INFO] tweaked toml for crates.io crate wgsl-parser 0.5.0 written to /workspace/builds/worker-2-tc2/source/Cargo.toml
[INFO] validating manifest of crates.io crate wgsl-parser 0.5.0 on toolchain 1.100.0-beta.1
[INFO] running `Command { std: CARGO_HOME="/workspace/cargo-home" RUSTUP_HOME="/workspace/rustup-home" "/workspace/cargo-home/bin/cargo" "+1.100.0-beta.1" "metadata" "--manifest-path" "Cargo.toml" "--no-deps", kill_on_drop: false }`
[INFO] running `Command { std: CARGO_HOME="/workspace/cargo-home" RUSTUP_HOME="/workspace/rustup-home" "/workspace/cargo-home/bin/cargo" "+1.100.0-beta.1" "generate-lockfile" "--manifest-path" "Cargo.toml", kill_on_drop: false }`
[INFO] [stderr]     Updating crates.io index
[INFO] [stderr]      Locking 115 packages to highest compatible versions
[INFO] [stderr]       Adding criterion v0.3.6 (available: v0.8.2)
[INFO] [stderr]       Adding itertools v0.12.1 (available: v0.15.0)
[INFO] [stderr]       Adding lsp-types v0.95.1 (available: v0.97.0)
[INFO] [stderr]       Adding similar v2.7.0 (available: v3.2.0)
[INFO] running `Command { std: CARGO_HOME="/workspace/cargo-home" RUSTUP_HOME="/workspace/rustup-home" "/workspace/cargo-home/bin/cargo" "+1.100.0-beta.1" "fetch" "--manifest-path" "Cargo.toml", kill_on_drop: false }`
[INFO] running `Command { std: "docker" "create" "-v" "/var/lib/crater-agent-workspace/builds/worker-2-tc2/source:/opt/rustwide/workdir:ro,Z" "-v" "/var/lib/crater-agent-workspace/builds/worker-2-tc2/target:/opt/rustwide/target:rw,Z" "-v" "/var/lib/crater-agent-workspace/cargo-home:/opt/rustwide/cargo-home:ro,Z" "-v" "/var/lib/crater-agent-workspace/rustup-home:/opt/rustwide/rustup-home:ro,Z" "-m" "1610612736" "--network" "none" "ghcr.io/rust-lang/crates-build-env/linux@sha256:3111399a4047eeb3a02b7a90e478d715f38a8c6669b5c4b49d30a17385265909" "sleep" "infinity", kill_on_drop: false }`
[INFO] [stdout] cddb168130a85764a2dad023970dc50d35e12a226a8a5d18050c55fe66f2a364
[INFO] running `Command { std: "docker" "start" "cddb168130a85764a2dad023970dc50d35e12a226a8a5d18050c55fe66f2a364", kill_on_drop: false }`
[INFO] running `Command { std: "docker" "inspect" "cddb168130a85764a2dad023970dc50d35e12a226a8a5d18050c55fe66f2a364", kill_on_drop: false }`
[INFO] running `Command { std: "docker" "exec" "-e" "SOURCE_DIR=/opt/rustwide/workdir" "-e" "CARGO_HOME=/opt/rustwide/cargo-home" "-e" "RUSTUP_HOME=/opt/rustwide/rustup-home" "-e" "CARGO_TARGET_DIR=/opt/rustwide/target" "-w" "/opt/rustwide/workdir" "--user" "0:0" "cddb168130a85764a2dad023970dc50d35e12a226a8a5d18050c55fe66f2a364" "/opt/rustwide/cargo-home/bin/cargo" "+1.100.0-beta.1" "metadata" "--no-deps" "--format-version=1", kill_on_drop: false }`
[INFO] running `Command { std: "docker" "inspect" "cddb168130a85764a2dad023970dc50d35e12a226a8a5d18050c55fe66f2a364", kill_on_drop: false }`
[INFO] running `Command { std: "docker" "exec" "-e" "SOURCE_DIR=/opt/rustwide/workdir" "-e" "CARGO_HOME=/opt/rustwide/cargo-home" "-e" "RUSTUP_HOME=/opt/rustwide/rustup-home" "-e" "CARGO_TARGET_DIR=/opt/rustwide/target" "-e" "CARGO_INCREMENTAL=0" "-e" "RUST_BACKTRACE=full" "-e" "RUSTFLAGS=--cap-lints=warn" "-e" "RUSTDOCFLAGS=--cap-lints=warn" "-w" "/opt/rustwide/workdir" "--user" "0:0" "cddb168130a85764a2dad023970dc50d35e12a226a8a5d18050c55fe66f2a364" "/opt/rustwide/cargo-home/bin/cargo" "+1.100.0-beta.1" "build" "--frozen" "--message-format=json", kill_on_drop: false }`
[INFO] [stderr]    Compiling unicode-ident v1.0.26
[INFO] [stderr]    Compiling syn v1.0.109
[INFO] [stderr]    Compiling libc v0.2.190
[INFO] [stderr]    Compiling anyhow v1.0.104
[INFO] [stderr]    Compiling either v1.19.0
[INFO] [stderr]    Compiling unicode-segmentation v1.13.3
[INFO] [stderr]    Compiling cfg-if v1.0.5
[INFO] [stderr]    Compiling arcstr v1.2.0
[INFO] [stderr]    Compiling proc-macro2 v1.0.107
[INFO] [stderr]    Compiling smallvec v1.16.2
[INFO] [stderr]    Compiling bitflags v2.13.2
[INFO] [stderr]    Compiling itertools v0.12.1
[INFO] [stderr]    Compiling lazy_static v1.5.1
[INFO] [stderr]    Compiling convert_case v0.6.0
[INFO] [stderr]    Compiling quote v1.0.47
[INFO] [stderr]    Compiling parking_lot_core v0.9.12
[INFO] [stderr]    Compiling parking_lot v0.12.5
[INFO] [stderr]    Compiling gramatika-macro v0.6.0
[INFO] [stderr]    Compiling gramatika v0.6.0
[INFO] [stderr]    Compiling wgsl-parser v0.5.0 (/opt/rustwide/workdir)
[INFO] [stderr]     Finished `dev` profile [unoptimized + debuginfo] target(s) in 16.79s
[INFO] running `Command { std: "docker" "inspect" "cddb168130a85764a2dad023970dc50d35e12a226a8a5d18050c55fe66f2a364", kill_on_drop: false }`
[INFO] running `Command { std: "docker" "exec" "-e" "SOURCE_DIR=/opt/rustwide/workdir" "-e" "CARGO_HOME=/opt/rustwide/cargo-home" "-e" "RUSTUP_HOME=/opt/rustwide/rustup-home" "-e" "CARGO_TARGET_DIR=/opt/rustwide/target" "-e" "CARGO_INCREMENTAL=0" "-e" "RUST_BACKTRACE=full" "-e" "RUSTFLAGS=--cap-lints=warn" "-e" "RUSTDOCFLAGS=--cap-lints=warn" "-w" "/opt/rustwide/workdir" "--user" "0:0" "cddb168130a85764a2dad023970dc50d35e12a226a8a5d18050c55fe66f2a364" "/opt/rustwide/cargo-home/bin/cargo" "+1.100.0-beta.1" "test" "--frozen" "--no-run" "--message-format=json", kill_on_drop: false }`
[INFO] [stderr]    Compiling serde_core v1.0.229
[INFO] [stderr]    Compiling crossbeam-utils v0.8.23
[INFO] [stderr]    Compiling crossbeam-epoch v0.9.21
[INFO] [stderr]    Compiling autocfg v1.5.1
[INFO] [stderr]    Compiling crossbeam-deque v0.8.8
[INFO] [stderr]    Compiling memchr v2.8.3
[INFO] [stderr]    Compiling serde v1.0.229
[INFO] [stderr]    Compiling plotters-backend v0.3.7
[INFO] [stderr]    Compiling regex-syntax v0.8.11
[INFO] [stderr]    Compiling textwrap v0.11.0
[INFO] [stderr]    Compiling syn v3.0.6
[INFO] [stderr]    Compiling plotters-svg v0.3.7
[INFO] [stderr]    Compiling itertools v0.10.5
[INFO] [stderr]    Compiling num-traits v0.2.19
[INFO] [stderr]    Compiling csv-core v0.1.13
[INFO] [stderr]    Compiling half v1.8.3
[INFO] [stderr]    Compiling clap v2.34.0
[INFO] [stderr]    Compiling atty v0.2.14
[INFO] [stderr]    Compiling oorandom v11.1.5
[INFO] [stderr]    Compiling rayon-core v1.13.0
[INFO] [stderr]    Compiling similar v2.7.0
[INFO] [stderr]    Compiling regex-automata v0.4.18
[INFO] [stderr]    Compiling criterion-plot v0.4.5
[INFO] [stderr]    Compiling rayon v1.12.0
[INFO] [stderr]    Compiling plotters v0.3.7
[INFO] [stderr]    Compiling serde_derive v1.0.229
[INFO] [stderr]    Compiling serde_json v1.0.151
[INFO] [stderr]    Compiling csv v1.4.0
[INFO] [stderr]    Compiling serde_cbor v0.11.2
[INFO] [stderr]    Compiling regex v1.13.1
[INFO] [stderr]    Compiling tinytemplate v1.2.1
[INFO] [stderr]    Compiling criterion v0.3.6
[INFO] [stderr]    Compiling wgsl-parser v0.5.0 (/opt/rustwide/workdir)
[INFO] [stdout] error: couldn't read `src/tests/../../test-files/shader.wgsl`: No such file or directory (os error 2)
[INFO] [stdout]  --> src/tests/scopes.rs:5:23
[INFO] [stdout]   |
[INFO] [stdout] 5 | const PROGRAM: &str = include_str!("../../test-files/shader.wgsl");
[INFO] [stdout]   |                       ^^^^^^^^^^^^^^^^^^^^^^^^^^^^^^^^^^^^^^^^^^^^
[INFO] [stdout] 
[INFO] [stdout] 
[INFO] [stdout] error: couldn't read `src/tests/../../test-files/shader.wgsl`: No such file or directory (os error 2)
[INFO] [stdout]  --> src/tests/utils.rs:5:23
[INFO] [stdout]   |
[INFO] [stdout] 5 | const PROGRAM: &str = include_str!("../../test-files/shader.wgsl");
[INFO] [stdout]   |                       ^^^^^^^^^^^^^^^^^^^^^^^^^^^^^^^^^^^^^^^^^^^^
[INFO] [stdout] 
[INFO] [stdout] 
[INFO] [stdout] error[E0432]: unresolved import `snapshot`
[INFO] [stdout]  --> src/tests/comment.rs:1:5
[INFO] [stdout]   |
[INFO] [stdout] 1 | use snapshot::{begin_snapshots, snapshot, snapshot_test};
[INFO] [stdout]   |     ^^^^^^^^ use of unresolved module or unlinked crate `snapshot`
[INFO] [stdout]   |
[INFO] [stdout]   = help: if you wanted to use a crate named `snapshot`, use `cargo add snapshot` to add it to your `Cargo.toml`
[INFO] [stdout] 
[INFO] [stdout] 
[INFO] [stdout] error[E0432]: unresolved import `snapshot`
[INFO] [stdout]  --> src/tests/common.rs:1:5
[INFO] [stdout]   |
[INFO] [stdout] 1 | use snapshot::{begin_snapshots, snapshot, snapshot_test};
[INFO] [stdout]   |     ^^^^^^^^ use of unresolved module or unlinked crate `snapshot`
[INFO] [stdout]   |
[INFO] [stdout]   = help: if you wanted to use a crate named `snapshot`, use `cargo add snapshot` to add it to your `Cargo.toml`
[INFO] [stdout] 
[INFO] [stdout] 
[INFO] [stdout] error[E0432]: unresolved import `snapshot`
[INFO] [stdout]  --> src/tests/decl.rs:4:5
[INFO] [stdout]   |
[INFO] [stdout] 4 | use snapshot::{begin_snapshots, snapshot, snapshot_test};
[INFO] [stdout]   |     ^^^^^^^^ use of unresolved module or unlinked crate `snapshot`
[INFO] [stdout]   |
[INFO] [stdout]   = help: if you wanted to use a crate named `snapshot`, use `cargo add snapshot` to add it to your `Cargo.toml`
[INFO] [stdout] 
[INFO] [stdout] 
[INFO] [stdout] error[E0432]: unresolved import `snapshot`
[INFO] [stdout]  --> src/tests/e2e.rs:1:5
[INFO] [stdout]   |
[INFO] [stdout] 1 | use snapshot::{begin_snapshots, snapshot, snapshot_test};
[INFO] [stdout]   |     ^^^^^^^^ use of unresolved module or unlinked crate `snapshot`
[INFO] [stdout]   |
[INFO] [stdout]   = help: if you wanted to use a crate named `snapshot`, use `cargo add snapshot` to add it to your `Cargo.toml`
[INFO] [stdout] 
[INFO] [stdout] 
[INFO] [stdout] error[E0432]: unresolved import `snapshot`
[INFO] [stdout]  --> src/tests/error_recovery.rs:5:5
[INFO] [stdout]   |
[INFO] [stdout] 5 | use snapshot::{begin_snapshots, snapshot, snapshot_test};
[INFO] [stdout]   |     ^^^^^^^^ use of unresolved module or unlinked crate `snapshot`
[INFO] [stdout]   |
[INFO] [stdout]   = help: if you wanted to use a crate named `snapshot`, use `cargo add snapshot` to add it to your `Cargo.toml`
[INFO] [stdout] 
[INFO] [stdout] 
[INFO] [stdout] error[E0432]: unresolved import `snapshot`
[INFO] [stdout]  --> src/tests/expr.rs:1:5
[INFO] [stdout]   |
[INFO] [stdout] 1 | use snapshot::{begin_snapshots, snapshot, snapshot_test};
[INFO] [stdout]   |     ^^^^^^^^ use of unresolved module or unlinked crate `snapshot`
[INFO] [stdout]   |
[INFO] [stdout]   = help: if you wanted to use a crate named `snapshot`, use `cargo add snapshot` to add it to your `Cargo.toml`
[INFO] [stdout] 
[INFO] [stdout] 
[INFO] [stdout] error[E0432]: unresolved import `snapshot`
[INFO] [stdout]  --> src/tests/lexer.rs:1:5
[INFO] [stdout]   |
[INFO] [stdout] 1 | use snapshot::{begin_snapshots, snapshot, snapshot_test};
[INFO] [stdout]   |     ^^^^^^^^ use of unresolved module or unlinked crate `snapshot`
[INFO] [stdout]   |
[INFO] [stdout]   = help: if you wanted to use a crate named `snapshot`, use `cargo add snapshot` to add it to your `Cargo.toml`
[INFO] [stdout] 
[INFO] [stdout] 
[INFO] [stdout] error[E0432]: unresolved import `snapshot`
[INFO] [stdout]  --> src/tests/stmt.rs:1:5
[INFO] [stdout]   |
[INFO] [stdout] 1 | use snapshot::{begin_snapshots, snapshot, snapshot_test};
[INFO] [stdout]   |     ^^^^^^^^ use of unresolved module or unlinked crate `snapshot`
[INFO] [stdout]   |
[INFO] [stdout]   = help: if you wanted to use a crate named `snapshot`, use `cargo add snapshot` to add it to your `Cargo.toml`
[INFO] [stdout] 
[INFO] [stdout] 
[INFO] [stdout] error[E0432]: unresolved import `snapshot`
[INFO] [stdout]  --> src/tests/utils.rs:3:5
[INFO] [stdout]   |
[INFO] [stdout] 3 | use snapshot::{begin_snapshots, snapshot, snapshot_test};
[INFO] [stdout]   |     ^^^^^^^^ use of unresolved module or unlinked crate `snapshot`
[INFO] [stdout]   |
[INFO] [stdout]   = help: if you wanted to use a crate named `snapshot`, use `cargo add snapshot` to add it to your `Cargo.toml`
[INFO] [stdout] 
[INFO] [stdout] 
[INFO] [stdout] warning: unused imports: `SyntaxTree`, `WithComments`, and `WithTokens`
[INFO] [stdout]  --> src/tests/comment.rs:4:10
[INFO] [stdout]   |
[INFO] [stdout] 4 |     utils::{WithComments, WithTokens},
[INFO] [stdout]   |             ^^^^^^^^^^^^  ^^^^^^^^^^
[INFO] [stdout] 5 |     SyntaxTree,
[INFO] [stdout]   |     ^^^^^^^^^^
[INFO] [stdout]   |
[INFO] [stdout]   = note: `#[warn(unused_imports)]` (part of `#[warn(unused)]`) on by default
[INFO] [stdout] 
[INFO] [stdout] 
[INFO] [stdout] warning: unused imports: `common::AttributeList` and `utils::WithTokens`
[INFO] [stdout]  --> src/tests/common.rs:3:13
[INFO] [stdout]   |
[INFO] [stdout] 3 | use crate::{common::AttributeList, utils::WithTokens};
[INFO] [stdout]   |             ^^^^^^^^^^^^^^^^^^^^^  ^^^^^^^^^^^^^^^^^
[INFO] [stdout] 
[INFO] [stdout] 
[INFO] [stdout] warning: unused imports: `WithComments` and `WithTokens`
[INFO] [stdout]   --> src/tests/decl.rs:13:10
[INFO] [stdout]    |
[INFO] [stdout] 13 |     utils::{WithComments, WithTokens},
[INFO] [stdout]    |             ^^^^^^^^^^^^  ^^^^^^^^^^
[INFO] [stdout] 
[INFO] [stdout] 
[INFO] [stdout] warning: unused imports: `SyntaxTree`, `WithComments`, `WithErrors`, and `WithTokens`
[INFO] [stdout]  --> src/tests/e2e.rs:4:10
[INFO] [stdout]   |
[INFO] [stdout] 4 |     utils::{WithComments, WithErrors, WithTokens},
[INFO] [stdout]   |             ^^^^^^^^^^^^  ^^^^^^^^^^  ^^^^^^^^^^
[INFO] [stdout] 5 |     SyntaxTree,
[INFO] [stdout]   |     ^^^^^^^^^^
[INFO] [stdout] 
[INFO] [stdout] 
[INFO] [stdout] warning: unused imports: `SyntaxTree`, `WithComments`, `WithErrors`, and `WithTokens`
[INFO] [stdout]  --> src/tests/error_recovery.rs:2:10
[INFO] [stdout]   |
[INFO] [stdout] 2 |     utils::{WithComments, WithErrors, WithTokens},
[INFO] [stdout]   |             ^^^^^^^^^^^^  ^^^^^^^^^^  ^^^^^^^^^^
[INFO] [stdout] 3 |     SyntaxTree,
[INFO] [stdout]   |     ^^^^^^^^^^
[INFO] [stdout] 
[INFO] [stdout] 
[INFO] [stdout] warning: unused imports: `expr::Expr`, `stmt::Stmt`, and `utils::WithTokens`
[INFO] [stdout]  --> src/tests/expr.rs:3:13
[INFO] [stdout]   |
[INFO] [stdout] 3 | use crate::{expr::Expr, stmt::Stmt, utils::WithTokens};
[INFO] [stdout]   |             ^^^^^^^^^^  ^^^^^^^^^^  ^^^^^^^^^^^^^^^^^
[INFO] [stdout] 
[INFO] [stdout] 
[INFO] [stdout] warning: unused macro definition: `join`
[INFO] [stdout]  --> src/tests/lexer.rs:5:14
[INFO] [stdout]   |
[INFO] [stdout] 5 | macro_rules! join {
[INFO] [stdout]   |              ^^^^
[INFO] [stdout]   |
[INFO] [stdout]   = note: `#[warn(unused_macros)]` (part of `#[warn(unused)]`) on by default
[INFO] [stdout] 
[INFO] [stdout] 
[INFO] [stdout] warning: unused macro definition: `tokens`
[INFO] [stdout]   --> src/tests/lexer.rs:20:14
[INFO] [stdout]    |
[INFO] [stdout] 20 | macro_rules! tokens {
[INFO] [stdout]    |              ^^^^^^
[INFO] [stdout] 
[INFO] [stdout] 
[INFO] [stdout] warning: unused imports: `SyntaxTree`, `stmt::Stmt`, and `utils::WithTokens`
[INFO] [stdout]  --> src/tests/stmt.rs:3:13
[INFO] [stdout]   |
[INFO] [stdout] 3 | use crate::{stmt::Stmt, utils::WithTokens, SyntaxTree};
[INFO] [stdout]   |             ^^^^^^^^^^  ^^^^^^^^^^^^^^^^^  ^^^^^^^^^^
[INFO] [stdout] 
[INFO] [stdout] 
[INFO] [stdout] warning: unused imports: `decl::Decl`, `expr::Expr`, and `utils`
[INFO] [stdout]  --> src/tests/utils.rs:1:13
[INFO] [stdout]   |
[INFO] [stdout] 1 | use crate::{decl::Decl, expr::Expr, utils, ParseStream, SyntaxTree};
[INFO] [stdout]   |             ^^^^^^^^^^  ^^^^^^^^^^  ^^^^^
[INFO] [stdout] 
[INFO] [stdout] 
[INFO] [stdout] For more information about this error, try `rustc --explain E0432`.
[INFO] [stdout] 
[INFO] [stderr] error: could not compile `wgsl-parser` (lib test) due to 11 previous errors; 10 warnings emitted
[INFO] running `Command { std: "docker" "inspect" "cddb168130a85764a2dad023970dc50d35e12a226a8a5d18050c55fe66f2a364", kill_on_drop: false }`
[INFO] running `Command { std: "docker" "rm" "-f" "cddb168130a85764a2dad023970dc50d35e12a226a8a5d18050c55fe66f2a364", kill_on_drop: false }`
[INFO] [stdout] cddb168130a85764a2dad023970dc50d35e12a226a8a5d18050c55fe66f2a364
