[INFO] fetching crate wgrab 0.1.0...
[INFO] testing wgrab-0.1.0 against 1.100.0-beta.1 for beta-1.100-2
[INFO] extracting crate wgrab 0.1.0 into /workspace/builds/worker-7-tc2/source
[INFO] started tweaking crates.io crate wgrab 0.1.0
[INFO] removed 0 missing examples
[INFO] finished tweaking crates.io crate wgrab 0.1.0
[INFO] tweaked toml for crates.io crate wgrab 0.1.0 written to /workspace/builds/worker-7-tc2/source/Cargo.toml
[INFO] validating manifest of crates.io crate wgrab 0.1.0 on toolchain 1.100.0-beta.1
[INFO] running `Command { std: CARGO_HOME="/workspace/cargo-home" RUSTUP_HOME="/workspace/rustup-home" "/workspace/cargo-home/bin/cargo" "+1.100.0-beta.1" "metadata" "--manifest-path" "Cargo.toml" "--no-deps", kill_on_drop: false }`
[INFO] crate crates.io crate wgrab 0.1.0 already has a lockfile, it will not be regenerated
[INFO] running `Command { std: CARGO_HOME="/workspace/cargo-home" RUSTUP_HOME="/workspace/rustup-home" "/workspace/cargo-home/bin/cargo" "+1.100.0-beta.1" "fetch" "--manifest-path" "Cargo.toml", kill_on_drop: false }`
[INFO] [stderr]     Blocking waiting for file lock on package cache
[INFO] [stderr]     Blocking waiting for file lock on package cache
[INFO] running `Command { std: "docker" "create" "-v" "/var/lib/crater-agent-workspace/builds/worker-7-tc2/source:/opt/rustwide/workdir:ro,Z" "-v" "/var/lib/crater-agent-workspace/builds/worker-7-tc2/target:/opt/rustwide/target:rw,Z" "-v" "/var/lib/crater-agent-workspace/cargo-home:/opt/rustwide/cargo-home:ro,Z" "-v" "/var/lib/crater-agent-workspace/rustup-home:/opt/rustwide/rustup-home:ro,Z" "-m" "1610612736" "--network" "none" "ghcr.io/rust-lang/crates-build-env/linux@sha256:3111399a4047eeb3a02b7a90e478d715f38a8c6669b5c4b49d30a17385265909" "sleep" "infinity", kill_on_drop: false }`
[INFO] [stdout] 854931de1c8695389e21669a62b78577e6146134f621bb669ad9fed609420e40
[INFO] running `Command { std: "docker" "start" "854931de1c8695389e21669a62b78577e6146134f621bb669ad9fed609420e40", kill_on_drop: false }`
[INFO] running `Command { std: "docker" "inspect" "854931de1c8695389e21669a62b78577e6146134f621bb669ad9fed609420e40", kill_on_drop: false }`
[INFO] running `Command { std: "docker" "exec" "-e" "SOURCE_DIR=/opt/rustwide/workdir" "-e" "CARGO_HOME=/opt/rustwide/cargo-home" "-e" "RUSTUP_HOME=/opt/rustwide/rustup-home" "-e" "CARGO_TARGET_DIR=/opt/rustwide/target" "-w" "/opt/rustwide/workdir" "--user" "0:0" "854931de1c8695389e21669a62b78577e6146134f621bb669ad9fed609420e40" "/opt/rustwide/cargo-home/bin/cargo" "+1.100.0-beta.1" "metadata" "--no-deps" "--format-version=1", kill_on_drop: false }`
[INFO] running `Command { std: "docker" "inspect" "854931de1c8695389e21669a62b78577e6146134f621bb669ad9fed609420e40", kill_on_drop: false }`
[INFO] running `Command { std: "docker" "exec" "-e" "SOURCE_DIR=/opt/rustwide/workdir" "-e" "CARGO_HOME=/opt/rustwide/cargo-home" "-e" "RUSTUP_HOME=/opt/rustwide/rustup-home" "-e" "CARGO_TARGET_DIR=/opt/rustwide/target" "-e" "CARGO_INCREMENTAL=0" "-e" "RUST_BACKTRACE=full" "-e" "RUSTFLAGS=--cap-lints=warn" "-e" "RUSTDOCFLAGS=--cap-lints=warn" "-w" "/opt/rustwide/workdir" "--user" "0:0" "854931de1c8695389e21669a62b78577e6146134f621bb669ad9fed609420e40" "/opt/rustwide/cargo-home/bin/cargo" "+1.100.0-beta.1" "build" "--frozen" "--message-format=json", kill_on_drop: false }`
[INFO] [stderr]    Compiling futures-core v0.3.32
[INFO] [stderr]    Compiling futures-sink v0.3.32
[INFO] [stderr]    Compiling memchr v2.8.1
[INFO] [stderr]    Compiling futures-task v0.3.32
[INFO] [stderr]    Compiling futures-io v0.3.32
[INFO] [stderr]    Compiling syn v2.0.117
[INFO] [stderr]    Compiling parking_lot_core v0.9.12
[INFO] [stderr]    Compiling futures-channel v0.3.32
[INFO] [stderr]    Compiling parking_lot v0.12.5
[INFO] [stderr]    Compiling futures-macro v0.3.32
[INFO] [stderr]    Compiling futures-util v0.3.32
[INFO] [stderr]    Compiling futures-executor v0.3.32
[INFO] [stderr]    Compiling futures v0.3.32
[INFO] [stderr]    Compiling wgrab v0.1.0 (/opt/rustwide/workdir)
[INFO] [stdout] warning: multiple fields are never read
[INFO] [stdout]    --> src/capture_stream.rs:167:16
[INFO] [stdout]     |
[INFO] [stdout] 166 | pub struct CaptureConfig {
[INFO] [stdout]     |            ------------- fields in this struct
[INFO] [stdout] 167 |     pub(crate) target: Capturable,
[INFO] [stdout]     |                ^^^^^^
[INFO] [stdout] 168 |     pub(crate) output_size: Size,
[INFO] [stdout]     |                ^^^^^^^^^^^
[INFO] [stdout] 169 |     pub(crate) show_cursor: bool,
[INFO] [stdout]     |                ^^^^^^^^^^^
[INFO] [stdout] 170 |     pub(crate) pixel_format: CapturePixelFormat,
[INFO] [stdout]     |                ^^^^^^^^^^^^
[INFO] [stdout] 171 |     pub(crate) capture_audio: Option<AudioCaptureConfig>,
[INFO] [stdout]     |                ^^^^^^^^^^^^^
[INFO] [stdout] 172 |     pub(crate) impl_capture_config: ImplCaptureConfig,
[INFO] [stdout]     |                ^^^^^^^^^^^^^^^^^^^
[INFO] [stdout] 173 |     pub(crate) buffer_count: usize,
[INFO] [stdout]     |                ^^^^^^^^^^^^
[INFO] [stdout]     |
[INFO] [stdout]     = note: `CaptureConfig` has derived impls for the traits `Debug` and `Clone`, but these are intentionally ignored during dead code analysis
[INFO] [stdout]     = note: `#[warn(dead_code)]` (part of `#[warn(unused)]`) on by default
[INFO] [stdout] 
[INFO] [stdout] 
[INFO] [stdout] warning: field `impl_capturable_content_filter` is never read
[INFO] [stdout]   --> src/capturable_content.rs:56:16
[INFO] [stdout]    |
[INFO] [stdout] 50 | pub struct CapturableContentFilter {
[INFO] [stdout]    |            ----------------------- field in this struct
[INFO] [stdout] ...
[INFO] [stdout] 56 |     pub(crate) impl_capturable_content_filter: ImplCapturableContentFilter,
[INFO] [stdout]    |                ^^^^^^^^^^^^^^^^^^^^^^^^^^^^^^
[INFO] [stdout]    |
[INFO] [stdout]    = note: `CapturableContentFilter` has a derived impl for the trait `Clone`, but this is intentionally ignored during dead code analysis
[INFO] [stdout] 
[INFO] [stdout] 
[INFO] [stderr] warning: unused dependency `futures`
[INFO] [stderr]  --> Cargo.toml:5:15
[INFO] [stderr]   |
[INFO] [stderr] 5 | [dependencies.futures]
[INFO] [stderr]   |               ^^^^^^^^
[INFO] [stderr]   |
[INFO] [stderr]   = note: `cargo::unused_dependencies` is set to `warn` by default
[INFO] [stderr] help: consider removing the dependency on `futures`
[INFO] [stderr] warning: unused dependency `parking_lot`
[INFO] [stderr]   --> Cargo.toml:13:15
[INFO] [stderr]    |
[INFO] [stderr] 13 | [dependencies.parking_lot]
[INFO] [stderr]    |               ^^^^^^^^^^^^
[INFO] [stderr]    |
[INFO] [stderr] help: consider removing the dependency on `parking_lot`
[INFO] [stderr] warning: `wgrab` (manifest) generated 2 warnings
[INFO] [stderr]     Finished `dev` profile [unoptimized + debuginfo] target(s) in 7.00s
[INFO] running `Command { std: "docker" "inspect" "854931de1c8695389e21669a62b78577e6146134f621bb669ad9fed609420e40", kill_on_drop: false }`
[INFO] running `Command { std: "docker" "exec" "-e" "SOURCE_DIR=/opt/rustwide/workdir" "-e" "CARGO_HOME=/opt/rustwide/cargo-home" "-e" "RUSTUP_HOME=/opt/rustwide/rustup-home" "-e" "CARGO_TARGET_DIR=/opt/rustwide/target" "-e" "CARGO_INCREMENTAL=0" "-e" "RUST_BACKTRACE=full" "-e" "RUSTFLAGS=--cap-lints=warn" "-e" "RUSTDOCFLAGS=--cap-lints=warn" "-w" "/opt/rustwide/workdir" "--user" "0:0" "854931de1c8695389e21669a62b78577e6146134f621bb669ad9fed609420e40" "/opt/rustwide/cargo-home/bin/cargo" "+1.100.0-beta.1" "test" "--frozen" "--no-run" "--message-format=json", kill_on_drop: false }`
[INFO] [stderr]    Compiling proc-macro2 v1.0.106
[INFO] [stderr]    Compiling cfg_aliases v0.2.1
[INFO] [stderr]    Compiling num-traits v0.2.19
[INFO] [stderr]    Compiling bitflags v2.11.1
[INFO] [stderr]    Compiling thiserror v2.0.18
[INFO] [stderr]    Compiling zerocopy v0.8.50
[INFO] [stderr]    Compiling log v0.4.30
[INFO] [stderr]    Compiling smallvec v1.15.1
[INFO] [stderr]    Compiling bit-vec v0.9.1
[INFO] [stderr]    Compiling ash v0.38.0+1.3.281
[INFO] [stderr]    Compiling unicode-width v0.2.2
[INFO] [stderr]    Compiling indexmap v2.14.0
[INFO] [stderr]    Compiling once_cell v1.21.4
[INFO] [stderr]    Compiling hexf-parse v0.2.1
[INFO] [stderr]    Compiling rustc-hash v1.1.0
[INFO] [stderr]    Compiling hashbrown v0.15.5
[INFO] [stderr]    Compiling naga v29.0.3
[INFO] [stderr]    Compiling wgpu-hal v29.0.3
[INFO] [stderr]    Compiling presser v0.3.1
[INFO] [stderr]    Compiling profiling v1.0.18
[INFO] [stderr]    Compiling spirv v0.4.0+sdk-1.4.341.0
[INFO] [stderr]    Compiling gpu-descriptor-types v0.2.0
[INFO] [stderr]    Compiling renderdoc-sys v1.1.0
[INFO] [stderr]    Compiling wgpu-core v29.0.3
[INFO] [stderr]    Compiling codespan-reporting v0.13.1
[INFO] [stderr]    Compiling litrs v1.0.0
[INFO] [stderr]    Compiling wgpu v29.0.3
[INFO] [stderr]    Compiling static_assertions v1.1.0
[INFO] [stderr]    Compiling pollster v0.4.0
[INFO] [stderr]    Compiling bit-set v0.9.1
[INFO] [stderr]    Compiling parking_lot_core v0.9.12
[INFO] [stderr]    Compiling parking_lot v0.12.5
[INFO] [stderr]    Compiling quote v1.0.45
[INFO] [stderr]    Compiling document-features v0.2.12
[INFO] [stderr]    Compiling gpu-descriptor v0.3.2
[INFO] [stderr]    Compiling syn v2.0.117
[INFO] [stderr]    Compiling ordered-float v5.3.0
[INFO] [stderr]    Compiling thiserror-impl v2.0.18
[INFO] [stderr]    Compiling zerocopy-derive v0.8.50
[INFO] [stderr]    Compiling bytemuck_derive v1.10.2
[INFO] [stderr]    Compiling futures-macro v0.3.32
[INFO] [stderr]    Compiling tokio-macros v2.7.0
[INFO] [stderr]    Compiling tokio v1.52.3
[INFO] [stderr]    Compiling futures-util v0.3.32
[INFO] [stderr]    Compiling bytemuck v1.25.0
[INFO] [stderr]    Compiling wgpu-types v29.0.3
[INFO] [stderr]    Compiling futures-executor v0.3.32
[INFO] [stderr]    Compiling futures v0.3.32
[INFO] [stderr]    Compiling wgrab v0.1.0 (/opt/rustwide/workdir)
[INFO] [stdout] warning: multiple fields are never read
[INFO] [stdout]    --> src/capture_stream.rs:167:16
[INFO] [stdout]     |
[INFO] [stdout] 166 | pub struct CaptureConfig {
[INFO] [stdout]     |            ------------- fields in this struct
[INFO] [stdout] 167 |     pub(crate) target: Capturable,
[INFO] [stdout]     |                ^^^^^^
[INFO] [stdout] 168 |     pub(crate) output_size: Size,
[INFO] [stdout]     |                ^^^^^^^^^^^
[INFO] [stdout] 169 |     pub(crate) show_cursor: bool,
[INFO] [stdout]     |                ^^^^^^^^^^^
[INFO] [stdout] 170 |     pub(crate) pixel_format: CapturePixelFormat,
[INFO] [stdout]     |                ^^^^^^^^^^^^
[INFO] [stdout] 171 |     pub(crate) capture_audio: Option<AudioCaptureConfig>,
[INFO] [stdout]     |                ^^^^^^^^^^^^^
[INFO] [stdout] 172 |     pub(crate) impl_capture_config: ImplCaptureConfig,
[INFO] [stdout]     |                ^^^^^^^^^^^^^^^^^^^
[INFO] [stdout] 173 |     pub(crate) buffer_count: usize,
[INFO] [stdout]     |                ^^^^^^^^^^^^
[INFO] [stdout]     |
[INFO] [stdout]     = note: `CaptureConfig` has derived impls for the traits `Debug` and `Clone`, but these are intentionally ignored during dead code analysis
[INFO] [stdout]     = note: `#[warn(dead_code)]` (part of `#[warn(unused)]`) on by default
[INFO] [stdout] 
[INFO] [stdout] 
[INFO] [stdout] warning: field `impl_capturable_content_filter` is never read
[INFO] [stdout]   --> src/capturable_content.rs:56:16
[INFO] [stdout]    |
[INFO] [stdout] 50 | pub struct CapturableContentFilter {
[INFO] [stdout]    |            ----------------------- field in this struct
[INFO] [stdout] ...
[INFO] [stdout] 56 |     pub(crate) impl_capturable_content_filter: ImplCapturableContentFilter,
[INFO] [stdout]    |                ^^^^^^^^^^^^^^^^^^^^^^^^^^^^^^
[INFO] [stdout]    |
[INFO] [stdout]    = note: `CapturableContentFilter` has a derived impl for the trait `Clone`, but this is intentionally ignored during dead code analysis
[INFO] [stdout] 
[INFO] [stdout] 
[INFO] [stderr]    Compiling half v2.7.1
[INFO] [stderr]    Compiling gpu-allocator v0.28.0
[INFO] [stderr]    Compiling wgpu-naga-bridge v29.0.3
[INFO] [stderr]    Compiling wgpu-core-deps-windows-linux-android v29.0.3
[INFO] [stdout] warning: unused variable: `window`
[INFO] [stdout]   --> examples/platform_extensions.rs:17:13
[INFO] [stdout]    |
[INFO] [stdout] 17 |         for window in content.windows() {
[INFO] [stdout]    |             ^^^^^^ help: if this is intentional, prefix it with an underscore: `_window`
[INFO] [stdout]    |
[INFO] [stdout]    = note: `#[warn(unused_variables)]` (part of `#[warn(unused)]`) on by default
[INFO] [stdout] 
[INFO] [stdout] 
[INFO] [stdout] error[E0432]: unresolved import `wgrab::feature::diagnostic`
[INFO] [stdout]   --> examples/feature_diagnostic.rs:3:22
[INFO] [stdout]    |
[INFO] [stdout]  3 | use wgrab::{feature::diagnostic::FrameDiagnosticExt, prelude::*};
[INFO] [stdout]    |                      ^^^^^^^^^^ could not find `diagnostic` in `feature`
[INFO] [stdout]    |
[INFO] [stdout] note: found an item that was configured out
[INFO] [stdout]   --> src/feature/mod.rs:37:9
[INFO] [stdout]    |
[INFO] [stdout] 36 | #[cfg(feature = "diagnostic")]
[INFO] [stdout]    |       ---------------------- the item is gated behind the `diagnostic` feature
[INFO] [stdout] 37 | pub mod diagnostic;
[INFO] [stdout]    |         ^^^^^^^^^^
[INFO] [stdout] 
[INFO] [stdout] 
[INFO] [stdout] warning: multiple fields are never read
[INFO] [stdout]    --> src/capture_stream.rs:167:16
[INFO] [stdout]     |
[INFO] [stdout] 166 | pub struct CaptureConfig {
[INFO] [stdout]     |            ------------- fields in this struct
[INFO] [stdout] 167 |     pub(crate) target: Capturable,
[INFO] [stdout]     |                ^^^^^^
[INFO] [stdout] 168 |     pub(crate) output_size: Size,
[INFO] [stdout]     |                ^^^^^^^^^^^
[INFO] [stdout] 169 |     pub(crate) show_cursor: bool,
[INFO] [stdout]     |                ^^^^^^^^^^^
[INFO] [stdout] 170 |     pub(crate) pixel_format: CapturePixelFormat,
[INFO] [stdout]     |                ^^^^^^^^^^^^
[INFO] [stdout] 171 |     pub(crate) capture_audio: Option<AudioCaptureConfig>,
[INFO] [stdout]     |                ^^^^^^^^^^^^^
[INFO] [stdout] 172 |     pub(crate) impl_capture_config: ImplCaptureConfig,
[INFO] [stdout]     |                ^^^^^^^^^^^^^^^^^^^
[INFO] [stdout] 173 |     pub(crate) buffer_count: usize,
[INFO] [stdout]     |                ^^^^^^^^^^^^
[INFO] [stdout]     |
[INFO] [stdout]     = note: `CaptureConfig` has derived impls for the traits `Debug` and `Clone`, but these are intentionally ignored during dead code analysis
[INFO] [stdout]     = note: `#[warn(dead_code)]` (part of `#[warn(unused)]`) on by default
[INFO] [stdout] 
[INFO] [stdout] 
[INFO] [stdout] warning: field `impl_capturable_content_filter` is never read
[INFO] [stdout]   --> src/capturable_content.rs:56:16
[INFO] [stdout]    |
[INFO] [stdout] 50 | pub struct CapturableContentFilter {
[INFO] [stdout]    |            ----------------------- field in this struct
[INFO] [stdout] ...
[INFO] [stdout] 56 |     pub(crate) impl_capturable_content_filter: ImplCapturableContentFilter,
[INFO] [stdout]    |                ^^^^^^^^^^^^^^^^^^^^^^^^^^^^^^
[INFO] [stdout]    |
[INFO] [stdout]    = note: `CapturableContentFilter` has a derived impl for the trait `Clone`, but this is intentionally ignored during dead code analysis
[INFO] [stdout] 
[INFO] [stdout] 
[INFO] [stdout] error[E0432]: unresolved import `wgrab::feature::wgpu`
[INFO] [stdout]   --> examples/feature_wgpu.rs:5:21
[INFO] [stdout]    |
[INFO] [stdout]  5 | use wgrab::feature::wgpu::WgpuCaptureConfigExt as _;
[INFO] [stdout]    |                     ^^^^ could not find `wgpu` in `feature`
[INFO] [stdout]    |
[INFO] [stdout] note: found an item that was configured out
[INFO] [stdout]   --> src/feature/mod.rs:28:9
[INFO] [stdout]    |
[INFO] [stdout] 25 | #[cfg(feature = "wgpu")]
[INFO] [stdout]    |       ---------------- the item is gated behind the `wgpu` feature
[INFO] [stdout] ...
[INFO] [stdout] 28 | pub mod wgpu;
[INFO] [stdout]    |         ^^^^
[INFO] [stdout] 
[INFO] [stdout] 
[INFO] [stdout] error[E0432]: unresolved import `wgrab::feature::wgpu`
[INFO] [stdout]   --> examples/feature_wgpu.rs:6:21
[INFO] [stdout]    |
[INFO] [stdout]  6 | use wgrab::feature::wgpu::WgpuVideoFrameExt as _;
[INFO] [stdout]    |                     ^^^^ could not find `wgpu` in `feature`
[INFO] [stdout]    |
[INFO] [stdout] note: found an item that was configured out
[INFO] [stdout]   --> src/feature/mod.rs:28:9
[INFO] [stdout]    |
[INFO] [stdout] 25 | #[cfg(feature = "wgpu")]
[INFO] [stdout]    |       ---------------- the item is gated behind the `wgpu` feature
[INFO] [stdout] ...
[INFO] [stdout] 28 | pub mod wgpu;
[INFO] [stdout]    |         ^^^^
[INFO] [stdout] 
[INFO] [stdout] 
[INFO] [stdout] error[E0599]: no method named `diagnostic` found for struct `VideoFrame` in the current scope
[INFO] [stdout]   --> examples/feature_diagnostic.rs:29:82
[INFO] [stdout]    |
[INFO] [stdout] 29 | ...                   println!("Frame diagnostic: {:?}", frame.diagnostic());
[INFO] [stdout]    |                                                                ^^^^^^^^^^ method not found in `VideoFrame`
[INFO] [stdout] 
[INFO] [stdout] 
[INFO] [stdout] Some errors have detailed explanations: E0432, E0599.
[INFO] [stdout] 
[INFO] [stdout] For more information about an error, try `rustc --explain E0432`.
[INFO] [stdout] 
[INFO] [stderr] error: could not compile `wgrab` (example "feature_diagnostic") due to 2 previous errors
[INFO] [stderr] warning: build failed, waiting for other jobs to finish...
[INFO] [stdout] error[E0433]: cannot find `wgpu` in `feature`
[INFO] [stdout]   --> examples/feature_wgpu.rs:98:75
[INFO] [stdout]    |
[INFO] [stdout] 98 | ...   let wgpu_texture = frame.get_wgpu_texture(wgrab::feature::wgpu::WgpuVideoFramePlaneTexture::Rgba, Some("wgpu video frame"))
[INFO] [stdout]    |                                                                 ^^^^ could not find `wgpu` in `feature`
[INFO] [stdout]    |
[INFO] [stdout] note: found an item that was configured out
[INFO] [stdout]   --> src/feature/mod.rs:28:9
[INFO] [stdout]    |
[INFO] [stdout] 25 | #[cfg(feature = "wgpu")]
[INFO] [stdout]    |       ---------------- the item is gated behind the `wgpu` feature
[INFO] [stdout] ...
[INFO] [stdout] 28 | pub mod wgpu;
[INFO] [stdout]    |         ^^^^
[INFO] [stdout] 
[INFO] [stdout] 
[INFO] [stdout] error[E0560]: struct `wgpu::InstanceDescriptor` has no field named `dx12_shader_compiler`
[INFO] [stdout]   --> examples/feature_wgpu.rs:33:13
[INFO] [stdout]    |
[INFO] [stdout] 33 |             dx12_shader_compiler: wgpu::Dx12Compiler::default(),
[INFO] [stdout]    |             ^^^^^^^^^^^^^^^^^^^^ `wgpu::InstanceDescriptor` does not have this field
[INFO] [stdout]    |
[INFO] [stdout]    = note: available fields are: `backends`, `memory_budget_thresholds`, `backend_options`, `display`
[INFO] [stdout] 
[INFO] [stdout] 
[INFO] [stdout] error[E0560]: struct `wgpu::InstanceDescriptor` has no field named `gles_minor_version`
[INFO] [stdout]   --> examples/feature_wgpu.rs:34:13
[INFO] [stdout]    |
[INFO] [stdout] 34 |             gles_minor_version: wgpu::Gles3MinorVersion::default(),
[INFO] [stdout]    |             ^^^^^^^^^^^^^^^^^^ `wgpu::InstanceDescriptor` does not have this field
[INFO] [stdout]    |
[INFO] [stdout]    = note: available fields are: `backends`, `memory_budget_thresholds`, `backend_options`, `display`
[INFO] [stdout] 
[INFO] [stdout] 
[INFO] [stdout] error[E0063]: missing fields `experimental_features`, `memory_hints` and `trace` in initializer of `DeviceDescriptor<Option<&str>>`
[INFO] [stdout]   --> examples/feature_wgpu.rs:41:70
[INFO] [stdout]    |
[INFO] [stdout] 41 |         let (wgpu_device, wgpu_queue) = wgpu_adapter.request_device(&wgpu::DeviceDescriptor {
[INFO] [stdout]    |                                                                      ^^^^^^^^^^^^^^^^^^^^^^ missing `experimental_features`, `memory_hints` and `trace`
[INFO] [stdout] 
[INFO] [stdout] 
[INFO] [stdout] error[E0061]: this method takes 1 argument but 2 arguments were supplied
[INFO] [stdout]   --> examples/feature_wgpu.rs:41:54
[INFO] [stdout]    |
[INFO] [stdout] 41 |         let (wgpu_device, wgpu_queue) = wgpu_adapter.request_device(&wgpu::DeviceDescriptor {
[INFO] [stdout]    |                                                      ^^^^^^^^^^^^^^
[INFO] [stdout] ...
[INFO] [stdout] 45 |         }, None).await.expect("Expected wgpu device");
[INFO] [stdout]    |            ---- unexpected argument #2 of type `Option<_>`
[INFO] [stdout]    |
[INFO] [stdout] note: method defined here
[INFO] [stdout]   --> /opt/rustwide/cargo-home/registry/src/index.crates.io-1949cf8c6b5b557f/wgpu-29.0.3/src/api/adapter.rs:58:12
[INFO] [stdout]    |
[INFO] [stdout] 58 |     pub fn request_device(
[INFO] [stdout]    |            ^^^^^^^^^^^^^^
[INFO] [stdout] help: remove the extra argument
[INFO] [stdout]    |
[INFO] [stdout] 45 -         }, None).await.expect("Expected wgpu device");
[INFO] [stdout] 45 +         }).await.expect("Expected wgpu device");
[INFO] [stdout]    |
[INFO] [stdout] 
[INFO] [stdout] 
[INFO] [stdout] error[E0599]: no method named `with_wgpu_device` found for struct `wgrab::capture_stream::CaptureConfig` in the current scope
[INFO] [stdout]   --> examples/feature_wgpu.rs:56:14
[INFO] [stdout]    |
[INFO] [stdout] 55 |         let config = CaptureConfig::with_display(display, CapturePixelFormat::Bgra8888)
[INFO] [stdout] 56 |             .with_wgpu_device(gfx.clone())
[INFO] [stdout]    |              ^^^^^^^^^^^^^^^^ method not found in `wgrab::capture_stream::CaptureConfig`
[INFO] [stdout] 
[INFO] [stdout] 
[INFO] [stdout] error[E0599]: no method named `get_wgpu_texture` found for struct `wgrab::frame::VideoFrame` in the current scope
[INFO] [stdout]   --> examples/feature_wgpu.rs:98:42
[INFO] [stdout]    |
[INFO] [stdout] 98 | ...   let wgpu_texture = frame.get_wgpu_texture(wgrab::feature::wgpu::WgpuVideoFramePlaneTexture::Rgba, Some("wgpu video frame"))
[INFO] [stdout]    |                                ^^^^^^^^^^^^^^^^ method not found in `wgrab::frame::VideoFrame`
[INFO] [stdout] 
[INFO] [stdout] 
[INFO] [stdout] Some errors have detailed explanations: E0061, E0063, E0432, E0433, E0560, E0599.
[INFO] [stdout] 
[INFO] [stdout] For more information about an error, try `rustc --explain E0061`.
[INFO] [stdout] 
[INFO] [stderr] error: could not compile `wgrab` (example "feature_wgpu") due to 9 previous errors
[INFO] [stderr] warning: unused dependency `futures`
[INFO] [stderr]   --> Cargo.toml:16:19
[INFO] [stderr]    |
[INFO] [stderr] 16 | [dev-dependencies.futures]
[INFO] [stderr]    |                   ^^^^^^^^
[INFO] [stderr]    |
[INFO] [stderr]    = note: `cargo::unused_dependencies` is set to `warn` by default
[INFO] [stderr] help: consider removing the dependency on `futures`
[INFO] [stderr] help: to still use for development builds, move to `dev-dependencies`
[INFO] [stderr] warning: unused dependency `futures`
[INFO] [stderr]  --> Cargo.toml:5:15
[INFO] [stderr]   |
[INFO] [stderr] 5 | [dependencies.futures]
[INFO] [stderr]   |               ^^^^^^^^
[INFO] [stderr]   |
[INFO] [stderr] help: consider removing the dependency on `futures`
[INFO] [stderr] help: to still use for development builds, move to `dev-dependencies`
[INFO] [stderr] warning: unused dependency `parking_lot`
[INFO] [stderr]   --> Cargo.toml:13:15
[INFO] [stderr]    |
[INFO] [stderr] 13 | [dependencies.parking_lot]
[INFO] [stderr]    |               ^^^^^^^^^^^^
[INFO] [stderr]    |
[INFO] [stderr] help: consider removing the dependency on `parking_lot`
[INFO] [stderr] warning: `wgrab` (manifest) generated 3 warnings
[INFO] running `Command { std: "docker" "inspect" "854931de1c8695389e21669a62b78577e6146134f621bb669ad9fed609420e40", kill_on_drop: false }`
[INFO] running `Command { std: "docker" "rm" "-f" "854931de1c8695389e21669a62b78577e6146134f621bb669ad9fed609420e40", kill_on_drop: false }`
[INFO] [stdout] 854931de1c8695389e21669a62b78577e6146134f621bb669ad9fed609420e40
